This is the mail archive of the
gcc-testresults@gcc.gnu.org
mailing list for the GCC project.
Results for 4.5.0 20090606 (experimental) [trunk revision 148238] (GCC) testsuite on x86_64-unknown-linux-gnu
- From: hjl at gnu-26 dot sc dot intel dot com (H.J. Lu (Intel64))
- To: gcc-testresults at gcc dot gnu dot org
- Date: Sat, 6 Jun 2009 18:55:44 -0700 (PDT)
- Subject: Results for 4.5.0 20090606 (experimental) [trunk revision 148238] (GCC) testsuite on x86_64-unknown-linux-gnu
LAST_UPDATED: Sat Jun 6 23:20:54 UTC 2009 (revision 148238)
Native configuration is x86_64-unknown-linux-gnu
=== gcc tests ===
Running target unix/-m32
XPASS: gcc.dg/Warray-bounds.c (test for warnings, line 59)
XPASS: gcc.dg/Warray-bounds.c (test for warnings, line 65)
XPASS: gcc.dg/struct/wo_prof_array_through_pointer.c scan-ipa-dump ipa_struct_reorg "Number of structures to transform is 1"
FAIL: gcc.dg/vect/pr25413.c scan-tree-dump-times vect "vectorized 1 loops" 0
FAIL: gcc.dg/vect/pr25413.c scan-tree-dump-times vect "vector alignment may not be reachable" 1
FAIL: gcc.dg/vect/pr25413.c scan-tree-dump-times vect "not vectorized: unsupported unaligned store" 1
FAIL: gcc.dg/vect/vect-58.c scan-tree-dump-times vect "Vectorizing an unaligned access" 0
FAIL: gcc.dg/vect/vect-58.c scan-tree-dump-times vect "Alignment of access forced using peeling" 1
FAIL: gcc.dg/vect/vect-88.c scan-tree-dump-times vect "Vectorizing an unaligned access" 0
FAIL: gcc.dg/vect/vect-88.c scan-tree-dump-times vect "Alignment of access forced using peeling" 1
FAIL: gcc.dg/vect/no-section-anchors-vect-66.c scan-tree-dump-times vect "Vectorizing an unaligned access" 0
FAIL: gcc.dg/vect/no-section-anchors-vect-66.c scan-tree-dump-times vect "Alignment of access forced using peeling" 1
=== gcc Summary for unix/-m32 ===
# of expected passes 57681
# of unexpected failures 9
# of unexpected successes 3
# of expected failures 189
# of unsupported tests 459
Running target unix
XPASS: gcc.dg/Warray-bounds.c (test for warnings, line 59)
XPASS: gcc.dg/Warray-bounds.c (test for warnings, line 65)
XPASS: gcc.dg/struct/wo_prof_array_through_pointer.c scan-ipa-dump ipa_struct_reorg "Number of structures to transform is 1"
FAIL: gcc.dg/tree-prof/bb-reorg.c compilation, -fprofile-use -D_PROFILE_USE
UNRESOLVED: gcc.dg/tree-prof/bb-reorg.c execution, -fprofile-use -D_PROFILE_USE
FAIL: gcc.dg/tree-prof/pr34999.c compilation, -fprofile-use -D_PROFILE_USE
UNRESOLVED: gcc.dg/tree-prof/pr34999.c execution, -fprofile-use -D_PROFILE_USE
FAIL: gcc.dg/vect/vect-58.c scan-tree-dump-times vect "Vectorizing an unaligned access" 0
FAIL: gcc.dg/vect/vect-58.c scan-tree-dump-times vect "Alignment of access forced using peeling" 1
FAIL: gcc.dg/vect/vect-88.c scan-tree-dump-times vect "Vectorizing an unaligned access" 0
FAIL: gcc.dg/vect/vect-88.c scan-tree-dump-times vect "Alignment of access forced using peeling" 1
FAIL: gcc.dg/vect/no-section-anchors-vect-66.c scan-tree-dump-times vect "Vectorizing an unaligned access" 0
FAIL: gcc.dg/vect/no-section-anchors-vect-66.c scan-tree-dump-times vect "Alignment of access forced using peeling" 1
=== gcc Summary for unix ===
# of expected passes 57334
# of unexpected failures 8
# of unexpected successes 3
# of expected failures 190
# of unresolved testcases 2
# of unsupported tests 747
=== gcc Summary ===
# of expected passes 115015
# of unexpected failures 17
# of unexpected successes 6
# of expected failures 379
# of unresolved testcases 2
# of unsupported tests 1206
/export/build/gnu/gcc/build-x86_64-linux/gcc/xgcc version 4.5.0 20090606 (experimental) [trunk revision 148238] (GCC)
=== gfortran tests ===
Running target unix/-m32
=== gfortran Summary for unix/-m32 ===
# of expected passes 30621
# of expected failures 20
# of unsupported tests 105
Running target unix
=== gfortran Summary for unix ===
# of expected passes 30752
# of expected failures 20
# of unsupported tests 44
=== gfortran Summary ===
# of expected passes 61373
# of expected failures 40
# of unsupported tests 149
/export/build/gnu/gcc/build-x86_64-linux/gcc/testsuite/gfortran/../../gfortran version 4.5.0 20090606 (experimental) [trunk revision 148238] (GCC)
=== g++ tests ===
Running target unix/-m32
=== g++ Summary for unix/-m32 ===
# of expected passes 20103
# of expected failures 144
# of unsupported tests 102
Running target unix
=== g++ Summary for unix ===
# of expected passes 19780
# of expected failures 144
# of unsupported tests 252
=== g++ Summary ===
# of expected passes 39883
# of expected failures 288
# of unsupported tests 354
/export/build/gnu/gcc/build-x86_64-linux/gcc/testsuite/g++/../../g++ version 4.5.0 20090606 (experimental) [trunk revision 148238] (GCC)
=== objc tests ===
Running target unix/-m32
=== objc Summary for unix/-m32 ===
# of expected passes 1873
# of expected failures 7
# of unsupported tests 24
Running target unix
=== objc Summary for unix ===
# of expected passes 1865
# of expected failures 15
# of unsupported tests 24
=== objc Summary ===
# of expected passes 3738
# of expected failures 22
# of unsupported tests 48
/export/build/gnu/gcc/build-x86_64-linux/gcc/xgcc version 4.5.0 20090606 (experimental) [trunk revision 148238] (GCC)
=== libffi tests ===
Running target unix/-m32
=== libffi Summary for unix/-m32 ===
# of expected passes 1389
# of unsupported tests 10
Running target unix
=== libffi Summary for unix ===
# of expected passes 1389
# of unsupported tests 10
=== libffi Summary ===
# of expected passes 2778
# of unsupported tests 20
=== libgomp tests ===
Running target unix/-m32
=== libgomp Summary for unix/-m32 ===
# of expected passes 2408
Running target unix
=== libgomp Summary for unix ===
# of expected passes 2408
=== libgomp Summary ===
# of expected passes 4816
=== libjava tests ===
Running target unix/-m32
=== libjava Summary for unix/-m32 ===
# of expected passes 2574
Running target unix
=== libjava Summary for unix ===
# of expected passes 2574
=== libjava Summary ===
# of expected passes 5148
=== libmudflap tests ===
Running target unix/-m32
FAIL: libmudflap.c/fail17-frag.c (-static) (test for excess errors)
FAIL: libmudflap.c/fail23-frag.c (-static) (test for excess errors)
FAIL: libmudflap.c/fail25-frag.c (-static) (test for excess errors)
FAIL: libmudflap.c/fail4-frag.c (-static) (test for excess errors)
FAIL: libmudflap.c/fail5-frag.c (-static) (test for excess errors)
FAIL: libmudflap.c/fail6-frag.c (-static) (test for excess errors)
FAIL: libmudflap.c/fail7-frag.c (-static) (test for excess errors)
FAIL: libmudflap.c/fail8-frag.c (-static) (test for excess errors)
FAIL: libmudflap.c/fail9-frag.c (-static) (test for excess errors)
FAIL: libmudflap.c/heap-scalestress.c (-static) (test for excess errors)
FAIL: libmudflap.c/hook-allocstuff.c (-static) (test for excess errors)
FAIL: libmudflap.c/pass-stratcliff.c (-static) (test for excess errors)
FAIL: libmudflap.c/pass30-frag.c (-static) (test for excess errors)
FAIL: libmudflap.c/pass30-frag.c (-static) (test for excess errors)
FAIL: libmudflap.c/pass4-frag.c (-static) (test for excess errors)
FAIL: libmudflap.c/pass4-frag.c (-static) (test for excess errors)
FAIL: libmudflap.c/pass45-frag.c (-static) (test for excess errors)
FAIL: libmudflap.c/pass45-frag.c (-static) (test for excess errors)
FAIL: libmudflap.c/pass46-frag.c (-static) (test for excess errors)
FAIL: libmudflap.c/pass46-frag.c (-static) (test for excess errors)
FAIL: libmudflap.c/pass47-frag.c (-static) (test for excess errors)
FAIL: libmudflap.c/pass47-frag.c (-static) (test for excess errors)
FAIL: libmudflap.c/pass49-frag.c (-static) (test for excess errors)
FAIL: libmudflap.c/pass49-frag.c (-static) (test for excess errors)
FAIL: libmudflap.c/pass5-frag.c (-static) (test for excess errors)
FAIL: libmudflap.c/pass5-frag.c (-static) (test for excess errors)
FAIL: libmudflap.c/pass51-frag.c (-static) (test for excess errors)
FAIL: libmudflap.c/pass51-frag.c (-static) (test for excess errors)
FAIL: libmudflap.c/pass52-frag.c (-static) (test for excess errors)
FAIL: libmudflap.c/pass52-frag.c (-static) (test for excess errors)
FAIL: libmudflap.c/pass6-frag.c (-static) (test for excess errors)
FAIL: libmudflap.c/pass6-frag.c (-static) (test for excess errors)
FAIL: libmudflap.c/pass7-frag.c (-static) (test for excess errors)
FAIL: libmudflap.c/pass7-frag.c (-static) (test for excess errors)
FAIL: libmudflap.c/pass8-frag.c (-static) (test for excess errors)
FAIL: libmudflap.c/pass8-frag.c (-static) (test for excess errors)
FAIL: libmudflap.c/pass9-frag.c (-static) (test for excess errors)
FAIL: libmudflap.c/pass9-frag.c (-static) (test for excess errors)
FAIL: libmudflap.c++/pass41-frag.cxx execution test
FAIL: libmudflap.c++/fail24-frag.cxx (-static) (test for excess errors)
FAIL: libmudflap.c++/pass31-frag.cxx (-static) (test for excess errors)
FAIL: libmudflap.c++/pass41-frag.cxx (-static) execution test
FAIL: libmudflap.c++/pass41-frag.cxx ( -O) execution test
FAIL: libmudflap.c++/pass41-frag.cxx (-O2) execution test
FAIL: libmudflap.c++/pass41-frag.cxx (-O3) execution test
FAIL: libmudflap.cth/pass37-frag.c (-static -DSTATIC) (test for excess errors)
FAIL: libmudflap.cth/pass37-frag.c (-static -DSTATIC) execution test
FAIL: libmudflap.cth/pass37-frag.c (-static -DSTATIC) output pattern test
FAIL: libmudflap.cth/pass37-frag.c (-static -DSTATIC) (rerun 1) execution test
FAIL: libmudflap.cth/pass37-frag.c (-static -DSTATIC) (rerun 1) output pattern test
FAIL: libmudflap.cth/pass37-frag.c (-static -DSTATIC) (rerun 2) execution test
FAIL: libmudflap.cth/pass37-frag.c (-static -DSTATIC) (rerun 2) output pattern test
FAIL: libmudflap.cth/pass37-frag.c (-static -DSTATIC) (rerun 3) execution test
FAIL: libmudflap.cth/pass37-frag.c (-static -DSTATIC) (rerun 3) output pattern test
FAIL: libmudflap.cth/pass37-frag.c (-static -DSTATIC) (rerun 4) execution test
FAIL: libmudflap.cth/pass37-frag.c (-static -DSTATIC) (rerun 4) output pattern test
FAIL: libmudflap.cth/pass37-frag.c (-static -DSTATIC) (rerun 5) execution test
FAIL: libmudflap.cth/pass37-frag.c (-static -DSTATIC) (rerun 5) output pattern test
FAIL: libmudflap.cth/pass37-frag.c (-static -DSTATIC) (rerun 6) execution test
FAIL: libmudflap.cth/pass37-frag.c (-static -DSTATIC) (rerun 6) output pattern test
FAIL: libmudflap.cth/pass37-frag.c (-static -DSTATIC) (rerun 7) execution test
FAIL: libmudflap.cth/pass37-frag.c (-static -DSTATIC) (rerun 7) output pattern test
FAIL: libmudflap.cth/pass37-frag.c (-static -DSTATIC) (rerun 8) execution test
FAIL: libmudflap.cth/pass37-frag.c (-static -DSTATIC) (rerun 8) output pattern test
FAIL: libmudflap.cth/pass37-frag.c (-static -DSTATIC) (rerun 9) execution test
FAIL: libmudflap.cth/pass37-frag.c (-static -DSTATIC) (rerun 9) output pattern test
FAIL: libmudflap.cth/pass37-frag.c (-static -DSTATIC) (rerun 10) execution test
FAIL: libmudflap.cth/pass37-frag.c (-static -DSTATIC) (rerun 10) output pattern test
FAIL: libmudflap.cth/pass37-frag.c (-static -DSTATIC) (rerun 11) execution test
FAIL: libmudflap.cth/pass37-frag.c (-static -DSTATIC) (rerun 11) output pattern test
FAIL: libmudflap.cth/pass37-frag.c (-static -DSTATIC) (rerun 12) execution test
FAIL: libmudflap.cth/pass37-frag.c (-static -DSTATIC) (rerun 12) output pattern test
FAIL: libmudflap.cth/pass37-frag.c (-static -DSTATIC) (rerun 13) execution test
FAIL: libmudflap.cth/pass37-frag.c (-static -DSTATIC) (rerun 13) output pattern test
FAIL: libmudflap.cth/pass37-frag.c (-static -DSTATIC) (rerun 14) execution test
FAIL: libmudflap.cth/pass37-frag.c (-static -DSTATIC) (rerun 14) output pattern test
FAIL: libmudflap.cth/pass37-frag.c (-static -DSTATIC) (rerun 15) execution test
FAIL: libmudflap.cth/pass37-frag.c (-static -DSTATIC) (rerun 15) output pattern test
FAIL: libmudflap.cth/pass37-frag.c (-static -DSTATIC) (rerun 16) execution test
FAIL: libmudflap.cth/pass37-frag.c (-static -DSTATIC) (rerun 16) output pattern test
FAIL: libmudflap.cth/pass37-frag.c (-static -DSTATIC) (rerun 17) execution test
FAIL: libmudflap.cth/pass37-frag.c (-static -DSTATIC) (rerun 17) output pattern test
FAIL: libmudflap.cth/pass37-frag.c (-static -DSTATIC) (rerun 18) execution test
FAIL: libmudflap.cth/pass37-frag.c (-static -DSTATIC) (rerun 18) output pattern test
FAIL: libmudflap.cth/pass37-frag.c (-static -DSTATIC) (rerun 19) execution test
FAIL: libmudflap.cth/pass37-frag.c (-static -DSTATIC) (rerun 19) output pattern test
FAIL: libmudflap.cth/pass39-frag.c (-static -DSTATIC) (test for excess errors)
FAIL: libmudflap.cth/pass39-frag.c (-static -DSTATIC) execution test
FAIL: libmudflap.cth/pass39-frag.c (-static -DSTATIC) output pattern test
FAIL: libmudflap.cth/pass39-frag.c (-static -DSTATIC) (rerun 1) execution test
FAIL: libmudflap.cth/pass39-frag.c (-static -DSTATIC) (rerun 1) output pattern test
FAIL: libmudflap.cth/pass39-frag.c (-static -DSTATIC) (rerun 2) execution test
FAIL: libmudflap.cth/pass39-frag.c (-static -DSTATIC) (rerun 2) output pattern test
FAIL: libmudflap.cth/pass39-frag.c (-static -DSTATIC) (rerun 3) execution test
FAIL: libmudflap.cth/pass39-frag.c (-static -DSTATIC) (rerun 3) output pattern test
FAIL: libmudflap.cth/pass39-frag.c (-static -DSTATIC) (rerun 4) execution test
FAIL: libmudflap.cth/pass39-frag.c (-static -DSTATIC) (rerun 4) output pattern test
FAIL: libmudflap.cth/pass39-frag.c (-static -DSTATIC) (rerun 5) execution test
FAIL: libmudflap.cth/pass39-frag.c (-static -DSTATIC) (rerun 5) output pattern test
FAIL: libmudflap.cth/pass39-frag.c (-static -DSTATIC) (rerun 6) execution test
FAIL: libmudflap.cth/pass39-frag.c (-static -DSTATIC) (rerun 6) output pattern test
FAIL: libmudflap.cth/pass39-frag.c (-static -DSTATIC) (rerun 7) execution test
FAIL: libmudflap.cth/pass39-frag.c (-static -DSTATIC) (rerun 7) output pattern test
FAIL: libmudflap.cth/pass39-frag.c (-static -DSTATIC) (rerun 8) execution test
FAIL: libmudflap.cth/pass39-frag.c (-static -DSTATIC) (rerun 8) output pattern test
FAIL: libmudflap.cth/pass39-frag.c (-static -DSTATIC) (rerun 9) execution test
FAIL: libmudflap.cth/pass39-frag.c (-static -DSTATIC) (rerun 9) output pattern test
FAIL: libmudflap.cth/pass39-frag.c (-static -DSTATIC) (rerun 10) execution test
FAIL: libmudflap.cth/pass39-frag.c (-static -DSTATIC) (rerun 10) output pattern test
FAIL: libmudflap.cth/pass39-frag.c (-static -DSTATIC) (rerun 11) execution test
FAIL: libmudflap.cth/pass39-frag.c (-static -DSTATIC) (rerun 11) output pattern test
FAIL: libmudflap.cth/pass39-frag.c (-static -DSTATIC) (rerun 12) execution test
FAIL: libmudflap.cth/pass39-frag.c (-static -DSTATIC) (rerun 12) output pattern test
FAIL: libmudflap.cth/pass39-frag.c (-static -DSTATIC) (rerun 13) execution test
FAIL: libmudflap.cth/pass39-frag.c (-static -DSTATIC) (rerun 13) output pattern test
FAIL: libmudflap.cth/pass39-frag.c (-static -DSTATIC) (rerun 14) execution test
FAIL: libmudflap.cth/pass39-frag.c (-static -DSTATIC) (rerun 14) output pattern test
FAIL: libmudflap.cth/pass39-frag.c (-static -DSTATIC) (rerun 15) execution test
FAIL: libmudflap.cth/pass39-frag.c (-static -DSTATIC) (rerun 15) output pattern test
FAIL: libmudflap.cth/pass39-frag.c (-static -DSTATIC) (rerun 16) execution test
FAIL: libmudflap.cth/pass39-frag.c (-static -DSTATIC) (rerun 16) output pattern test
FAIL: libmudflap.cth/pass39-frag.c (-static -DSTATIC) (rerun 17) execution test
FAIL: libmudflap.cth/pass39-frag.c (-static -DSTATIC) (rerun 17) output pattern test
FAIL: libmudflap.cth/pass39-frag.c (-static -DSTATIC) (rerun 18) execution test
FAIL: libmudflap.cth/pass39-frag.c (-static -DSTATIC) (rerun 18) output pattern test
FAIL: libmudflap.cth/pass39-frag.c (-static -DSTATIC) (rerun 19) execution test
FAIL: libmudflap.cth/pass39-frag.c (-static -DSTATIC) (rerun 19) output pattern test
FAIL: libmudflap.cth/pass40-frag.c (-static -DSTATIC) (test for excess errors)
FAIL: libmudflap.cth/pass40-frag.c (-static -DSTATIC) execution test
FAIL: libmudflap.cth/pass40-frag.c (-static -DSTATIC) output pattern test
FAIL: libmudflap.cth/pass59-frag.c (-static -DSTATIC) (test for excess errors)
FAIL: libmudflap.cth/pass59-frag.c (-static -DSTATIC) execution test
FAIL: libmudflap.cth/pass59-frag.c (-static -DSTATIC) output pattern test
=== libmudflap Summary for unix/-m32 ===
# of expected passes 1761
# of unexpected failures 133
Running target unix
FAIL: libmudflap.c/fail17-frag.c (-static) (test for excess errors)
FAIL: libmudflap.c/fail23-frag.c (-static) (test for excess errors)
FAIL: libmudflap.c/fail25-frag.c (-static) (test for excess errors)
FAIL: libmudflap.c/fail4-frag.c (-static) (test for excess errors)
FAIL: libmudflap.c/fail5-frag.c (-static) (test for excess errors)
FAIL: libmudflap.c/fail6-frag.c (-static) (test for excess errors)
FAIL: libmudflap.c/fail7-frag.c (-static) (test for excess errors)
FAIL: libmudflap.c/fail8-frag.c (-static) (test for excess errors)
FAIL: libmudflap.c/fail9-frag.c (-static) (test for excess errors)
FAIL: libmudflap.c/heap-scalestress.c (-static) (test for excess errors)
FAIL: libmudflap.c/hook-allocstuff.c (-static) (test for excess errors)
FAIL: libmudflap.c/pass-stratcliff.c (-static) (test for excess errors)
FAIL: libmudflap.c/pass30-frag.c (-static) (test for excess errors)
FAIL: libmudflap.c/pass30-frag.c (-static) (test for excess errors)
FAIL: libmudflap.c/pass4-frag.c (-static) (test for excess errors)
FAIL: libmudflap.c/pass4-frag.c (-static) (test for excess errors)
FAIL: libmudflap.c/pass45-frag.c (-static) (test for excess errors)
FAIL: libmudflap.c/pass45-frag.c (-static) (test for excess errors)
FAIL: libmudflap.c/pass46-frag.c (-static) (test for excess errors)
FAIL: libmudflap.c/pass46-frag.c (-static) (test for excess errors)
FAIL: libmudflap.c/pass47-frag.c (-static) (test for excess errors)
FAIL: libmudflap.c/pass47-frag.c (-static) (test for excess errors)
FAIL: libmudflap.c/pass49-frag.c (-static) (test for excess errors)
FAIL: libmudflap.c/pass49-frag.c (-static) (test for excess errors)
FAIL: libmudflap.c/pass5-frag.c (-static) (test for excess errors)
FAIL: libmudflap.c/pass5-frag.c (-static) (test for excess errors)
FAIL: libmudflap.c/pass51-frag.c (-static) (test for excess errors)
FAIL: libmudflap.c/pass51-frag.c (-static) (test for excess errors)
FAIL: libmudflap.c/pass52-frag.c (-static) (test for excess errors)
FAIL: libmudflap.c/pass52-frag.c (-static) (test for excess errors)
FAIL: libmudflap.c/pass6-frag.c (-static) (test for excess errors)
FAIL: libmudflap.c/pass6-frag.c (-static) (test for excess errors)
FAIL: libmudflap.c/pass7-frag.c (-static) (test for excess errors)
FAIL: libmudflap.c/pass7-frag.c (-static) (test for excess errors)
FAIL: libmudflap.c/pass8-frag.c (-static) (test for excess errors)
FAIL: libmudflap.c/pass8-frag.c (-static) (test for excess errors)
FAIL: libmudflap.c/pass9-frag.c (-static) (test for excess errors)
FAIL: libmudflap.c/pass9-frag.c (-static) (test for excess errors)
FAIL: libmudflap.c++/pass41-frag.cxx execution test
FAIL: libmudflap.c++/fail24-frag.cxx (-static) (test for excess errors)
FAIL: libmudflap.c++/pass31-frag.cxx (-static) (test for excess errors)
FAIL: libmudflap.c++/pass41-frag.cxx (-static) execution test
FAIL: libmudflap.c++/pass41-frag.cxx ( -O) execution test
FAIL: libmudflap.c++/pass41-frag.cxx (-O2) execution test
FAIL: libmudflap.c++/pass41-frag.cxx (-O3) execution test
FAIL: libmudflap.cth/pass37-frag.c (-static -DSTATIC) (test for excess errors)
FAIL: libmudflap.cth/pass39-frag.c (-static -DSTATIC) (test for excess errors)
FAIL: libmudflap.cth/pass40-frag.c (-static -DSTATIC) (test for excess errors)
FAIL: libmudflap.cth/pass59-frag.c (-static -DSTATIC) (test for excess errors)
=== libmudflap Summary for unix ===
# of expected passes 1845
# of unexpected failures 49
=== libmudflap Summary ===
# of expected passes 3606
# of unexpected failures 182
=== libstdc++ tests ===
Running target unix/-m32
XPASS: 26_numerics/headers/cmath/c99_classification_macros_c.cc (test for excess errors)
FAIL: ext/pb_ds/regression/hash_data_map_rand.cc execution test
FAIL: ext/pb_ds/regression/hash_no_data_map_rand.cc execution test
FAIL: ext/pb_ds/regression/list_update_no_data_map_rand.cc execution test
FAIL: ext/pb_ds/regression/tree_data_map_rand.cc execution test
FAIL: ext/pb_ds/regression/tree_no_data_map_rand.cc execution test
WARNING: program timed out.
FAIL: ext/pb_ds/regression/trie_data_map_rand.cc execution test
FAIL: ext/pb_ds/regression/trie_no_data_map_rand.cc execution test
=== libstdc++ Summary for unix/-m32 ===
# of expected passes 6726
# of unexpected failures 7
# of unexpected successes 1
# of expected failures 81
# of unsupported tests 24
Running target unix
XPASS: 26_numerics/headers/cmath/c99_classification_macros_c.cc (test for excess errors)
FAIL: ext/pb_ds/regression/hash_data_map_rand.cc execution test
FAIL: ext/pb_ds/regression/hash_no_data_map_rand.cc execution test
FAIL: ext/pb_ds/regression/list_update_data_map_rand.cc execution test
FAIL: ext/pb_ds/regression/list_update_no_data_map_rand.cc execution test
FAIL: ext/pb_ds/regression/priority_queue_rand.cc execution test
FAIL: ext/pb_ds/regression/tree_data_map_rand.cc execution test
FAIL: ext/pb_ds/regression/tree_no_data_map_rand.cc execution test
WARNING: program timed out.
FAIL: ext/pb_ds/regression/trie_data_map_rand.cc execution test
WARNING: program timed out.
FAIL: ext/pb_ds/regression/trie_no_data_map_rand.cc execution test
=== libstdc++ Summary for unix ===
# of expected passes 6741
# of unexpected failures 9
# of unexpected successes 1
# of expected failures 81
# of unsupported tests 15
=== libstdc++ Summary ===
# of expected passes 13467
# of unexpected failures 16
# of unexpected successes 2
# of expected failures 162
# of unsupported tests 39
Compiler version: 4.5.0 20090606 (experimental) [trunk revision 148238] (GCC)
Platform: x86_64-unknown-linux-gnu
configure flags: --enable-clocale=gnu --with-system-zlib --enable-checking=assert --with-demangler-in-ld --enable-shared --enable-threads=posix --enable-haifa --prefix=/usr/gcc-4.5 --with-local-prefix=/usr/local