This is the mail archive of the
gcc-testresults@gcc.gnu.org
mailing list for the GCC project.
Results for 4.4.1 20090603 (prerelease) [gcc-4_4-branch revision 148156] (GCC) testsuite on hppa-unknown-linux-gnu
- From: dave at gsyprf11 dot external dot hp dot com (John David Anglin)
- To: dave dot anglin at nrc-cnrc dot gc dot ca, gcc-testresults at gcc dot gnu dot org
- Date: Fri, 5 Jun 2009 13:15:52 -0700 (PDT)
- Subject: Results for 4.4.1 20090603 (prerelease) [gcc-4_4-branch revision 148156] (GCC) testsuite on hppa-unknown-linux-gnu
LAST_UPDATED: Wed Jun 3 23:45:29 UTC 2009 (revision 148156)
=== acats tests ===
=== acats Summary ===
# of expected passes 2315
# of unexpected failures 0
Native configuration is hppa-unknown-linux-gnu
=== g++ tests ===
Running target unix
=== g++ Summary ===
# of expected passes 19114
# of expected failures 146
# of unsupported tests 157
/home/dave/gcc-4.4/objdir/gcc/testsuite/g++/../../g++ version 4.4.1 20090603 (prerelease) [gcc-4_4-branch revision 148156] (GCC)
=== gcc tests ===
Running target unix
XPASS: gcc.dg/tree-ssa/loop-1.c scan-assembler-times foo 5
=== gcc Summary ===
# of expected passes 49499
# of unexpected successes 1
# of expected failures 128
# of unsupported tests 513
/home/dave/gcc-4.4/objdir/gcc/xgcc version 4.4.1 20090603 (prerelease) [gcc-4_4-branch revision 148156] (GCC)
=== gfortran tests ===
Running target unix
=== gfortran Summary ===
# of expected passes 28490
# of expected failures 10
# of unsupported tests 263
/home/dave/gcc-4.4/objdir/gcc/testsuite/gfortran/../../gfortran version 4.4.1 20090603 (prerelease) [gcc-4_4-branch revision 148156] (GCC)
=== gnat tests ===
Running target unix
=== gnat Summary ===
# of expected passes 613
# of expected failures 6
=== obj-c++ tests ===
Running target unix
XPASS: obj-c++.dg/comp-types-10.mm (test for excess errors)
UNRESOLVED: obj-c++.dg/lookup-2.mm compilation failed to produce executable
UNRESOLVED: obj-c++.dg/try-catch-2.mm compilation failed to produce executable
UNRESOLVED: obj-c++.dg/try-catch-9.mm compilation failed to produce executable
=== obj-c++ Summary ===
# of expected passes 436
# of unexpected successes 1
# of expected failures 9
# of unresolved testcases 3
# of unsupported tests 13
/home/dave/gcc-4.4/objdir/gcc/testsuite/obj-c++/../../g++ version 4.4.1 20090603 (prerelease) [gcc-4_4-branch revision 148156] (GCC)
=== objc tests ===
Running target unix
=== objc Summary ===
# of expected passes 1864
# of expected failures 15
# of unsupported tests 24
/home/dave/gcc-4.4/objdir/gcc/xgcc version 4.4.1 20090603 (prerelease) [gcc-4_4-branch revision 148156] (GCC)
=== libffi tests ===
Running target unix
=== libffi Summary ===
# of expected passes 1389
# of unsupported tests 10
=== libgomp tests ===
Running target unix
FAIL: libgomp.fortran/vla6.f90 -O0 execution test
=== libgomp Summary ===
# of expected passes 2391
# of unexpected failures 1
# of unsupported tests 7
=== libjava tests ===
Running target unix
=== libjava Summary ===
# of expected passes 2574
=== libmudflap tests ===
Running target unix
FAIL: libmudflap.c++/pass41-frag.cxx execution test
FAIL: libmudflap.c++/pass41-frag.cxx (-static) execution test
FAIL: libmudflap.c++/pass41-frag.cxx (-O2) execution test
FAIL: libmudflap.c++/pass41-frag.cxx (-O3) execution test
=== libmudflap Summary ===
# of expected passes 1890
# of unexpected failures 4
=== libstdc++ tests ===
Running target unix
FAIL: 22_locale/time_get/get_date/wchar_t/4.cc execution test
XPASS: 29_atomics/atomic_address/cons/aggregate.cc (test for excess errors)
=== libstdc++ Summary ===
# of expected passes 6490
# of unexpected failures 1
# of unexpected successes 1
# of expected failures 80
# of unsupported tests 19
Compiler version: 4.4.1 20090603 (prerelease) [gcc-4_4-branch revision 148156] (GCC)
Platform: hppa-unknown-linux-gnu
configure flags: --with-gnu-as --with-gnu-ld --enable-shared --enable-nls --prefix=/home/dave/opt/gnu/gcc/gcc-4.4.1 --with-local-prefix=/home/dave/opt/gnu --enable-threads=posix --enable-__cxa_atexit --build=hppa-linux --enable-clocale=gnu --enable-java-gc=boehm --enable-java-awt=xlib --disable-libstdcxx-pch --enable-checking=release --enable-languages=c,c++,objc,fortran,obj-c++,java,ada