This is the mail archive of the gcc-testresults@gcc.gnu.org mailing list for the GCC project.


Index Nav: [Date Index] [Subject Index] [Author Index] [Thread Index]
Message Nav: [Date Prev] [Date Next] [Thread Prev] [Thread Next]
Other format: [Raw text]

Results for 4.5.0 20090505 (experimental) [trunk revision 147122] (GCC) testsuite on i686-pc-cygwin


Native configuration is i686-pc-cygwin

With patch http://gcc.gnu.org/ml/gcc-patches/2009-05/msg00125.html

=== g++ tests ===


Running target unix FAIL: g++.dg/abi/local1.C execution test FAIL: g++.dg/abi/rtti3.C scan-assembler .weak[ \\t]_?_ZTSPP1A FAIL: g++.dg/abi/thunk4.C scan-assembler .weak[ \\t]_?_ZThn._N7Derived3FooEv FAIL: g++.dg/eh/weak1.C execution test FAIL: g++.dg/ext/dllimport7.C C++ specific error (test for errors, line 24) FAIL: g++.dg/ext/selectany1.C scan-assembler-dem FAIL: g++.dg/init/cleanup3.C scan-assembler-not _tcf FAIL: g++.dg/opt/vt1.C scan-assembler-not section[^\\n\\r]*_ZTV1S[^\\n\\r]*"[^w"\\n\\r]*" FAIL: g++.dg/template/spec35.C scan-assembler .weak(_definition)?[\\t ]*_?_Z2f2IiEvT_ FAIL: g++.old-deja/g++.eh/badalloc1.C execution test XPASS: g++.old-deja/g++.ext/attrib5.C execution test FAIL: g++.old-deja/g++.other/init5.C execution test

=== g++ Summary ===

# of expected passes		20943
# of unexpected failures	11
# of unexpected successes	1
# of expected failures		141
# of unsupported tests		230
/usr/local/obj/gcc-20090505/gcc/testsuite/g++/../../g++  version 4.5.0 20090505 (experimental) [trunk revision 147122] (GCC)

=== gcc tests ===


Running target unix FAIL: gcc.dg/cpp/include2.c (test for excess errors) FAIL: gcc.dg/20021014-1.c (test for excess errors) WARNING: gcc.dg/20021014-1.c compilation failed to produce executable XPASS: gcc.dg/Warray-bounds.c (test for warnings, line 59) XPASS: gcc.dg/Warray-bounds.c (test for warnings, line 65) FAIL: gcc.dg/alias-7.c execution test FAIL: gcc.dg/dll-4.c scan-assembler (foo2:.*.comm[ \\t_]*foo1) FAIL: gcc.dg/pr34989-1.c (internal compiler error) FAIL: gcc.dg/pr34989-1.c (test for excess errors) FAIL: largefile.c (test for excess errors) FAIL: gcc.dg/pch/largefile.c -O0 -g assembly comparison FAIL: largefile.c (test for excess errors) FAIL: gcc.dg/pch/largefile.c -O0 assembly comparison FAIL: largefile.c (test for excess errors) FAIL: gcc.dg/pch/largefile.c -O1 assembly comparison FAIL: largefile.c (test for excess errors) FAIL: gcc.dg/pch/largefile.c -O2 assembly comparison FAIL: largefile.c (test for excess errors) FAIL: gcc.dg/pch/largefile.c -O3 -fomit-frame-pointer assembly comparison FAIL: largefile.c (test for excess errors) FAIL: gcc.dg/pch/largefile.c -O3 -g assembly comparison FAIL: largefile.c (test for excess errors) FAIL: gcc.dg/pch/largefile.c -Os assembly comparison XPASS: gcc.dg/struct/wo_prof_array_through_pointer.c scan-ipa-dump ipa_struct_reorg "Number of structures to transform is 1" FAIL: gcc.dg/struct/wo_prof_double_malloc.c (internal compiler error) FAIL: gcc.dg/struct/wo_prof_double_malloc.c (test for excess errors) WARNING: gcc.dg/struct/wo_prof_double_malloc.c compilation failed to produce executable FAIL: gcc.dg/torture/fp-int-convert-float128-timode.c (test for excess errors) WARNING: gcc.dg/torture/fp-int-convert-float128-timode.c compilation failed to produce executable FAIL: gcc.dg/torture/fp-int-convert-float128-timode.c (test for excess errors) WARNING: gcc.dg/torture/fp-int-convert-float128-timode.c compilation failed to produce executable FAIL: gcc.dg/torture/fp-int-convert-float128-timode.c (test for excess errors) WARNING: gcc.dg/torture/fp-int-convert-float128-timode.c compilation failed to produce executable FAIL: gcc.dg/torture/fp-int-convert-float128-timode.c (test for excess errors) WARNING: gcc.dg/torture/fp-int-convert-float128-timode.c compilation failed to produce executable FAIL: gcc.dg/torture/fp-int-convert-float128-timode.c (test for excess errors) WARNING: gcc.dg/torture/fp-int-convert-float128-timode.c compilation failed to produce executable FAIL: gcc.dg/torture/fp-int-convert-float128-timode.c (test for excess errors) WARNING: gcc.dg/torture/fp-int-convert-float128-timode.c compilation failed to produce executable FAIL: gcc.dg/torture/fp-int-convert-float128.c (test for excess errors) WARNING: gcc.dg/torture/fp-int-convert-float128.c compilation failed to produce executable FAIL: gcc.dg/torture/fp-int-convert-float128.c (test for excess errors) WARNING: gcc.dg/torture/fp-int-convert-float128.c compilation failed to produce executable FAIL: gcc.dg/torture/fp-int-convert-float128.c (test for excess errors) WARNING: gcc.dg/torture/fp-int-convert-float128.c compilation failed to produce executable FAIL: gcc.dg/torture/fp-int-convert-float128.c (test for excess errors) WARNING: gcc.dg/torture/fp-int-convert-float128.c compilation failed to produce executable FAIL: gcc.dg/torture/fp-int-convert-float128.c (test for excess errors) WARNING: gcc.dg/torture/fp-int-convert-float128.c compilation failed to produce executable FAIL: gcc.dg/torture/fp-int-convert-float128.c (test for excess errors) WARNING: gcc.dg/torture/fp-int-convert-float128.c compilation failed to produce executable FAIL: gcc.dg/tree-ssa/pr27781.c scan-tree-dump optimized "func \\(\\);" FAIL: gcc.dg/tree-ssa/pr36881.c scan-assembler-not CSWTCH FAIL: gcc.dg/tree-ssa/pr36881.c scan-tree-dump switchconv "need runtime relocations" FAIL: gcc.dg/tree-ssa/ssa-store-ccp-2.c scan-tree-dump-times optimized "conststaticvariable" 1 FAIL: gcc.dg/tree-ssa/ssa-store-ccp-4.c scan-tree-dump-times optimized "conststaticvariable" 1 FAIL: gcc.dg/vect/pr25413.c scan-tree-dump-times vect "vectorized 1 loops" 0 FAIL: gcc.dg/vect/pr25413.c scan-tree-dump-times vect "vector alignment may not be reachable" 1 FAIL: gcc.dg/vect/pr25413.c scan-tree-dump-times vect "not vectorized: unsupported unaligned store" 1 FAIL: gcc.dg/vect/vect-116.c execution test FAIL: gcc.target/i386/avx-vmovntdq-256-1.c (test for excess errors) WARNING: gcc.target/i386/avx-vmovntdq-256-1.c compilation failed to produce executable FAIL: gcc.target/i386/avx-vmovntpd-256-1.c (test for excess errors) WARNING: gcc.target/i386/avx-vmovntpd-256-1.c compilation failed to produce executable FAIL: gcc.target/i386/avx-vmovntps-256-1.c (test for excess errors) WARNING: gcc.target/i386/avx-vmovntps-256-1.c compilation failed to produce executable FAIL: gcc.target/i386/pic-1.c (test for errors, line 11) FAIL: gcc.target/i386/pr25993.c (test for excess errors) FAIL: gcc.target/i386/pr32000-2.c (test for excess errors) WARNING: gcc.target/i386/pr32000-2.c compilation failed to produce executable FAIL: gcc.target/i386/pr37843-1.c scan-assembler call[\\\\t ]*foo FAIL: gcc.target/i386/pr37843-2.c scan-assembler jmp[\\\\t ]*foo FAIL: gcc.target/i386/pr37843-3.c scan-assembler jmp[\\\\t ]*foo XPASS: gcc.target/i386/push-1.c scan-assembler-not movups FAIL: gcc.target/i386/sse3-addsubpd.c execution test FAIL: gcc.target/i386/sse3-addsubps.c execution test FAIL: gcc.target/i386/sse3-haddpd.c execution test FAIL: gcc.target/i386/sse3-haddps.c execution test FAIL: gcc.target/i386/sse3-hsubpd.c execution test FAIL: gcc.target/i386/sse3-hsubps.c execution test FAIL: gcc.target/i386/sse3-movddup.c execution test FAIL: gcc.target/i386/sse3-movshdup.c execution test FAIL: gcc.target/i386/sse3-movsldup.c execution test FAIL: gcc.target/i386/stackalign/return-3.c (test for excess errors) FAIL: gcc.target/i386/stackalign/return-3.c (test for excess errors) FAIL: gcc.target/i386/stackalign/return-3.c (test for excess errors) FAIL: gcc.target/i386/stackalign/return-3.c (test for excess errors)

=== gcc Summary ===

# of expected passes		61425
# of unexpected failures	65
# of unexpected successes	4
# of expected failures		146
# of unsupported tests		633
/usr/local/obj/gcc-20090505/gcc/xgcc  version 4.5.0 20090505 (experimental) [trunk revision 147122] (GCC)

=== gfortran tests ===


Running target unix FAIL: gfortran.dg/chmod_1.f90 execution test FAIL: gfortran.dg/chmod_1.f90 execution test FAIL: gfortran.dg/chmod_1.f90 execution test FAIL: gfortran.dg/chmod_1.f90 execution test FAIL: gfortran.dg/chmod_1.f90 execution test FAIL: gfortran.dg/chmod_1.f90 execution test FAIL: gfortran.dg/chmod_1.f90 execution test FAIL: gfortran.dg/chmod_1.f90 execution test FAIL: gfortran.dg/chmod_2.f90 execution test FAIL: gfortran.dg/chmod_2.f90 execution test FAIL: gfortran.dg/chmod_2.f90 execution test FAIL: gfortran.dg/chmod_2.f90 execution test FAIL: gfortran.dg/chmod_2.f90 execution test FAIL: gfortran.dg/chmod_2.f90 execution test FAIL: gfortran.dg/chmod_2.f90 execution test FAIL: gfortran.dg/chmod_2.f90 execution test FAIL: gfortran.dg/chmod_3.f90 execution test FAIL: gfortran.dg/chmod_3.f90 execution test FAIL: gfortran.dg/chmod_3.f90 execution test FAIL: gfortran.dg/chmod_3.f90 execution test FAIL: gfortran.dg/chmod_3.f90 execution test FAIL: gfortran.dg/chmod_3.f90 execution test FAIL: gfortran.dg/chmod_3.f90 execution test FAIL: gfortran.dg/chmod_3.f90 execution test FAIL: gfortran.dg/default_format_denormal_1.f90 execution test FAIL: gfortran.dg/default_format_denormal_1.f90 execution test FAIL: gfortran.dg/default_format_denormal_1.f90 execution test FAIL: gfortran.dg/default_format_denormal_1.f90 execution test FAIL: gfortran.dg/default_format_denormal_1.f90 execution test FAIL: gfortran.dg/default_format_denormal_1.f90 execution test FAIL: gfortran.dg/default_format_denormal_1.f90 execution test FAIL: gfortran.dg/default_format_denormal_1.f90 execution test FAIL: gfortran.dg/vect/fast-math-pr38968.f90 execution test FAIL: gfortran.fortran-torture/execute/stack_varsize.f90 execution, -O2 -ftree-vectorize -msse2

=== gfortran Summary ===

# of expected passes		29841
# of unexpected failures	34
# of expected failures		15
# of unsupported tests		265
/usr/local/obj/gcc-20090505/gcc/testsuite/gfortran/../../gfortran  version 4.5.0 20090505 (experimental) [trunk revision 147122] (GCC)

=== objc tests ===


Running target unix


=== objc Summary ===

# of expected passes		1965
# of expected failures		7
# of unsupported tests		24
/usr/local/obj/gcc-20090505/gcc/xgcc  version 4.5.0 20090505 (experimental) [trunk revision 147122] (GCC)

=== libstdc++ tests ===


Running target unix FAIL: 22_locale/ctype/scan/wchar_t/1.cc execution test FAIL: 22_locale/ctype/scan/wchar_t/1.cc execution test FAIL: 22_locale/ctype/scan/wchar_t/1.cc execution test FAIL: 22_locale/locale/cons/unicode.cc (test for excess errors) WARNING: 22_locale/locale/cons/unicode.cc compilation failed to produce executable FAIL: 22_locale/locale/cons/unicode.cc (test for excess errors) WARNING: 22_locale/locale/cons/unicode.cc compilation failed to produce executable XPASS: 26_numerics/headers/cmath/c99_classification_macros_c.cc (test for excess errors) XPASS: 26_numerics/headers/cmath/c99_classification_macros_c.cc (test for excess errors) FAIL: 26_numerics/random/bernoulli_distribution/cons/default.cc (test for excess errors) WARNING: 26_numerics/random/bernoulli_distribution/cons/default.cc compilation failed to produce executable FAIL: 26_numerics/random/bernoulli_distribution/cons/default.cc (test for excess errors) WARNING: 26_numerics/random/bernoulli_distribution/cons/default.cc compilation failed to produce executable FAIL: 26_numerics/random/bernoulli_distribution/cons/default.cc (test for excess errors) WARNING: 26_numerics/random/bernoulli_distribution/cons/default.cc compilation failed to produce executable FAIL: 26_numerics/random/bernoulli_distribution/cons/parms.cc (test for excess errors) WARNING: 26_numerics/random/bernoulli_distribution/cons/parms.cc compilation failed to produce executable FAIL: 26_numerics/random/bernoulli_distribution/cons/parms.cc (test for excess errors) WARNING: 26_numerics/random/bernoulli_distribution/cons/parms.cc compilation failed to produce executable FAIL: 26_numerics/random/bernoulli_distribution/cons/parms.cc (test for excess errors) WARNING: 26_numerics/random/bernoulli_distribution/cons/parms.cc compilation failed to produce executable FAIL: 26_numerics/random/bernoulli_distribution/requirements/typedefs.cc (test for excess errors) FAIL: 26_numerics/random/bernoulli_distribution/requirements/typedefs.cc (test for excess errors) FAIL: 26_numerics/random/bernoulli_distribution/requirements/typedefs.cc (test for excess errors) FAIL: 26_numerics/random/binomial_distribution/cons/default.cc (test for excess errors) WARNING: 26_numerics/random/binomial_distribution/cons/default.cc compilation failed to produce executable FAIL: 26_numerics/random/binomial_distribution/cons/default.cc (test for excess errors) WARNING: 26_numerics/random/binomial_distribution/cons/default.cc compilation failed to produce executable FAIL: 26_numerics/random/binomial_distribution/cons/default.cc (test for excess errors) WARNING: 26_numerics/random/binomial_distribution/cons/default.cc compilation failed to produce executable FAIL: 26_numerics/random/binomial_distribution/cons/parms.cc (test for excess errors) WARNING: 26_numerics/random/binomial_distribution/cons/parms.cc compilation failed to produce executable FAIL: 26_numerics/random/binomial_distribution/cons/parms.cc (test for excess errors) WARNING: 26_numerics/random/binomial_distribution/cons/parms.cc compilation failed to produce executable FAIL: 26_numerics/random/binomial_distribution/cons/parms.cc (test for excess errors) WARNING: 26_numerics/random/binomial_distribution/cons/parms.cc compilation failed to produce executable FAIL: 26_numerics/random/binomial_distribution/requirements/typedefs.cc (test for excess errors) FAIL: 26_numerics/random/binomial_distribution/requirements/typedefs.cc (test for excess errors) FAIL: 26_numerics/random/binomial_distribution/requirements/typedefs.cc (test for excess errors) FAIL: 26_numerics/random/cauchy_distribution/cons/default.cc (test for excess errors) WARNING: 26_numerics/random/cauchy_distribution/cons/default.cc compilation failed to produce executable FAIL: 26_numerics/random/cauchy_distribution/cons/default.cc (test for excess errors) WARNING: 26_numerics/random/cauchy_distribution/cons/default.cc compilation failed to produce executable FAIL: 26_numerics/random/cauchy_distribution/cons/default.cc (test for excess errors) WARNING: 26_numerics/random/cauchy_distribution/cons/default.cc compilation failed to produce executable FAIL: 26_numerics/random/cauchy_distribution/cons/parms.cc (test for excess errors) WARNING: 26_numerics/random/cauchy_distribution/cons/parms.cc compilation failed to produce executable FAIL: 26_numerics/random/cauchy_distribution/cons/parms.cc (test for excess errors) WARNING: 26_numerics/random/cauchy_distribution/cons/parms.cc compilation failed to produce executable FAIL: 26_numerics/random/cauchy_distribution/cons/parms.cc (test for excess errors) WARNING: 26_numerics/random/cauchy_distribution/cons/parms.cc compilation failed to produce executable FAIL: 26_numerics/random/cauchy_distribution/requirements/typedefs.cc (test for excess errors) FAIL: 26_numerics/random/cauchy_distribution/requirements/typedefs.cc (test for excess errors) FAIL: 26_numerics/random/cauchy_distribution/requirements/typedefs.cc (test for excess errors) FAIL: 26_numerics/random/chi_squared_distribution/cons/default.cc (test for excess errors) WARNING: 26_numerics/random/chi_squared_distribution/cons/default.cc compilation failed to produce executable FAIL: 26_numerics/random/chi_squared_distribution/cons/default.cc (test for excess errors) WARNING: 26_numerics/random/chi_squared_distribution/cons/default.cc compilation failed to produce executable FAIL: 26_numerics/random/chi_squared_distribution/cons/default.cc (test for excess errors) WARNING: 26_numerics/random/chi_squared_distribution/cons/default.cc compilation failed to produce executable FAIL: 26_numerics/random/chi_squared_distribution/cons/parms.cc (test for excess errors) WARNING: 26_numerics/random/chi_squared_distribution/cons/parms.cc compilation failed to produce executable FAIL: 26_numerics/random/chi_squared_distribution/cons/parms.cc (test for excess errors) WARNING: 26_numerics/random/chi_squared_distribution/cons/parms.cc compilation failed to produce executable FAIL: 26_numerics/random/chi_squared_distribution/cons/parms.cc (test for excess errors) WARNING: 26_numerics/random/chi_squared_distribution/cons/parms.cc compilation failed to produce executable FAIL: 26_numerics/random/chi_squared_distribution/requirements/typedefs.cc (test for excess errors) FAIL: 26_numerics/random/chi_squared_distribution/requirements/typedefs.cc (test for excess errors) FAIL: 26_numerics/random/chi_squared_distribution/requirements/typedefs.cc (test for excess errors) FAIL: 26_numerics/random/default_random_engine.cc (test for excess errors) WARNING: 26_numerics/random/default_random_engine.cc compilation failed to produce executable FAIL: 26_numerics/random/discard_block_engine/cons/base_copy.cc (test for excess errors) WARNING: 26_numerics/random/discard_block_engine/cons/base_copy.cc compilation failed to produce executable FAIL: 26_numerics/random/discard_block_engine/cons/base_copy.cc (test for excess errors) WARNING: 26_numerics/random/discard_block_engine/cons/base_copy.cc compilation failed to produce executable FAIL: 26_numerics/random/discard_block_engine/cons/base_copy.cc (test for excess errors) WARNING: 26_numerics/random/discard_block_engine/cons/base_copy.cc compilation failed to produce executable FAIL: 26_numerics/random/discard_block_engine/cons/base_move.cc (test for excess errors) WARNING: 26_numerics/random/discard_block_engine/cons/base_move.cc compilation failed to produce executable FAIL: 26_numerics/random/discard_block_engine/cons/base_move.cc (test for excess errors) WARNING: 26_numerics/random/discard_block_engine/cons/base_move.cc compilation failed to produce executable FAIL: 26_numerics/random/discard_block_engine/cons/base_move.cc (test for excess errors) WARNING: 26_numerics/random/discard_block_engine/cons/base_move.cc compilation failed to produce executable FAIL: 26_numerics/random/discard_block_engine/cons/default.cc (test for excess errors) WARNING: 26_numerics/random/discard_block_engine/cons/default.cc compilation failed to produce executable FAIL: 26_numerics/random/discard_block_engine/cons/default.cc (test for excess errors) WARNING: 26_numerics/random/discard_block_engine/cons/default.cc compilation failed to produce executable FAIL: 26_numerics/random/discard_block_engine/cons/default.cc (test for excess errors) WARNING: 26_numerics/random/discard_block_engine/cons/default.cc compilation failed to produce executable FAIL: 26_numerics/random/discard_block_engine/cons/seed1.cc (test for excess errors) WARNING: 26_numerics/random/discard_block_engine/cons/seed1.cc compilation failed to produce executable FAIL: 26_numerics/random/discard_block_engine/cons/seed1.cc (test for excess errors) WARNING: 26_numerics/random/discard_block_engine/cons/seed1.cc compilation failed to produce executable FAIL: 26_numerics/random/discard_block_engine/cons/seed1.cc (test for excess errors) WARNING: 26_numerics/random/discard_block_engine/cons/seed1.cc compilation failed to produce executable FAIL: 26_numerics/random/discard_block_engine/cons/seed2.cc (test for excess errors) WARNING: 26_numerics/random/discard_block_engine/cons/seed2.cc compilation failed to produce executable FAIL: 26_numerics/random/discard_block_engine/cons/seed2.cc (test for excess errors) WARNING: 26_numerics/random/discard_block_engine/cons/seed2.cc compilation failed to produce executable FAIL: 26_numerics/random/discard_block_engine/cons/seed2.cc (test for excess errors) WARNING: 26_numerics/random/discard_block_engine/cons/seed2.cc compilation failed to produce executable FAIL: 26_numerics/random/discard_block_engine/cons/seed_seq.cc (test for excess errors) WARNING: 26_numerics/random/discard_block_engine/cons/seed_seq.cc compilation failed to produce executable FAIL: 26_numerics/random/discard_block_engine/cons/seed_seq.cc (test for excess errors) WARNING: 26_numerics/random/discard_block_engine/cons/seed_seq.cc compilation failed to produce executable FAIL: 26_numerics/random/discard_block_engine/cons/seed_seq.cc (test for excess errors) WARNING: 26_numerics/random/discard_block_engine/cons/seed_seq.cc compilation failed to produce executable FAIL: 26_numerics/random/discard_block_engine/operators/equal.cc (test for excess errors) WARNING: 26_numerics/random/discard_block_engine/operators/equal.cc compilation failed to produce executable FAIL: 26_numerics/random/discard_block_engine/operators/equal.cc (test for excess errors) WARNING: 26_numerics/random/discard_block_engine/operators/equal.cc compilation failed to produce executable FAIL: 26_numerics/random/discard_block_engine/operators/equal.cc (test for excess errors) WARNING: 26_numerics/random/discard_block_engine/operators/equal.cc compilation failed to produce executable FAIL: 26_numerics/random/discard_block_engine/operators/serialize.cc (test for excess errors) WARNING: 26_numerics/random/discard_block_engine/operators/serialize.cc compilation failed to produce executable FAIL: 26_numerics/random/discard_block_engine/operators/serialize.cc (test for excess errors) WARNING: 26_numerics/random/discard_block_engine/operators/serialize.cc compilation failed to produce executable FAIL: 26_numerics/random/discard_block_engine/operators/serialize.cc (test for excess errors) WARNING: 26_numerics/random/discard_block_engine/operators/serialize.cc compilation failed to produce executable FAIL: 26_numerics/random/discard_block_engine/requirements/typedefs.cc (test for excess errors) FAIL: 26_numerics/random/discard_block_engine/requirements/typedefs.cc (test for excess errors) FAIL: 26_numerics/random/discard_block_engine/requirements/typedefs.cc (test for excess errors) FAIL: 26_numerics/random/discrete_distribution/cons/default.cc (test for excess errors) WARNING: 26_numerics/random/discrete_distribution/cons/default.cc compilation failed to produce executable FAIL: 26_numerics/random/discrete_distribution/cons/default.cc (test for excess errors) WARNING: 26_numerics/random/discrete_distribution/cons/default.cc compilation failed to produce executable FAIL: 26_numerics/random/discrete_distribution/cons/default.cc (test for excess errors) WARNING: 26_numerics/random/discrete_distribution/cons/default.cc compilation failed to produce executable FAIL: 26_numerics/random/discrete_distribution/cons/initlist.cc (test for excess errors) WARNING: 26_numerics/random/discrete_distribution/cons/initlist.cc compilation failed to produce executable FAIL: 26_numerics/random/discrete_distribution/cons/initlist.cc (test for excess errors) WARNING: 26_numerics/random/discrete_distribution/cons/initlist.cc compilation failed to produce executable FAIL: 26_numerics/random/discrete_distribution/cons/initlist.cc (test for excess errors) WARNING: 26_numerics/random/discrete_distribution/cons/initlist.cc compilation failed to produce executable FAIL: 26_numerics/random/discrete_distribution/cons/num_xbound_fun.cc (test for excess errors) WARNING: 26_numerics/random/discrete_distribution/cons/num_xbound_fun.cc compilation failed to produce executable FAIL: 26_numerics/random/discrete_distribution/cons/num_xbound_fun.cc (test for excess errors) WARNING: 26_numerics/random/discrete_distribution/cons/num_xbound_fun.cc compilation failed to produce executable FAIL: 26_numerics/random/discrete_distribution/cons/num_xbound_fun.cc (test for excess errors) WARNING: 26_numerics/random/discrete_distribution/cons/num_xbound_fun.cc compilation failed to produce executable FAIL: 26_numerics/random/discrete_distribution/cons/range.cc (test for excess errors) WARNING: 26_numerics/random/discrete_distribution/cons/range.cc compilation failed to produce executable FAIL: 26_numerics/random/discrete_distribution/cons/range.cc (test for excess errors) WARNING: 26_numerics/random/discrete_distribution/cons/range.cc compilation failed to produce executable FAIL: 26_numerics/random/discrete_distribution/cons/range.cc (test for excess errors) WARNING: 26_numerics/random/discrete_distribution/cons/range.cc compilation failed to produce executable FAIL: 26_numerics/random/discrete_distribution/requirements/typedefs.cc (test for excess errors) FAIL: 26_numerics/random/discrete_distribution/requirements/typedefs.cc (test for excess errors) FAIL: 26_numerics/random/discrete_distribution/requirements/typedefs.cc (test for excess errors) FAIL: 26_numerics/random/exponential_distribution/cons/default.cc (test for excess errors) WARNING: 26_numerics/random/exponential_distribution/cons/default.cc compilation failed to produce executable FAIL: 26_numerics/random/exponential_distribution/cons/default.cc (test for excess errors) WARNING: 26_numerics/random/exponential_distribution/cons/default.cc compilation failed to produce executable FAIL: 26_numerics/random/exponential_distribution/cons/default.cc (test for excess errors) WARNING: 26_numerics/random/exponential_distribution/cons/default.cc compilation failed to produce executable FAIL: 26_numerics/random/exponential_distribution/cons/parms.cc (test for excess errors) WARNING: 26_numerics/random/exponential_distribution/cons/parms.cc compilation failed to produce executable FAIL: 26_numerics/random/exponential_distribution/cons/parms.cc (test for excess errors) WARNING: 26_numerics/random/exponential_distribution/cons/parms.cc compilation failed to produce executable FAIL: 26_numerics/random/exponential_distribution/cons/parms.cc (test for excess errors) WARNING: 26_numerics/random/exponential_distribution/cons/parms.cc compilation failed to produce executable FAIL: 26_numerics/random/exponential_distribution/requirements/typedefs.cc (test for excess errors) FAIL: 26_numerics/random/exponential_distribution/requirements/typedefs.cc (test for excess errors) FAIL: 26_numerics/random/exponential_distribution/requirements/typedefs.cc (test for excess errors) FAIL: 26_numerics/random/extreme_value_distribution/cons/default.cc (test for excess errors) WARNING: 26_numerics/random/extreme_value_distribution/cons/default.cc compilation failed to produce executable FAIL: 26_numerics/random/extreme_value_distribution/cons/default.cc (test for excess errors) WARNING: 26_numerics/random/extreme_value_distribution/cons/default.cc compilation failed to produce executable FAIL: 26_numerics/random/extreme_value_distribution/cons/default.cc (test for excess errors) WARNING: 26_numerics/random/extreme_value_distribution/cons/default.cc compilation failed to produce executable FAIL: 26_numerics/random/extreme_value_distribution/cons/parms.cc (test for excess errors) WARNING: 26_numerics/random/extreme_value_distribution/cons/parms.cc compilation failed to produce executable FAIL: 26_numerics/random/extreme_value_distribution/cons/parms.cc (test for excess errors) WARNING: 26_numerics/random/extreme_value_distribution/cons/parms.cc compilation failed to produce executable FAIL: 26_numerics/random/extreme_value_distribution/cons/parms.cc (test for excess errors) WARNING: 26_numerics/random/extreme_value_distribution/cons/parms.cc compilation failed to produce executable FAIL: 26_numerics/random/extreme_value_distribution/requirements/typedefs.cc (test for excess errors) FAIL: 26_numerics/random/extreme_value_distribution/requirements/typedefs.cc (test for excess errors) FAIL: 26_numerics/random/extreme_value_distribution/requirements/typedefs.cc (test for excess errors) FAIL: 26_numerics/random/fisher_f_distribution/cons/default.cc (test for excess errors) WARNING: 26_numerics/random/fisher_f_distribution/cons/default.cc compilation failed to produce executable FAIL: 26_numerics/random/fisher_f_distribution/cons/default.cc (test for excess errors) WARNING: 26_numerics/random/fisher_f_distribution/cons/default.cc compilation failed to produce executable FAIL: 26_numerics/random/fisher_f_distribution/cons/default.cc (test for excess errors) WARNING: 26_numerics/random/fisher_f_distribution/cons/default.cc compilation failed to produce executable FAIL: 26_numerics/random/fisher_f_distribution/cons/parms.cc (test for excess errors) WARNING: 26_numerics/random/fisher_f_distribution/cons/parms.cc compilation failed to produce executable FAIL: 26_numerics/random/fisher_f_distribution/cons/parms.cc (test for excess errors) WARNING: 26_numerics/random/fisher_f_distribution/cons/parms.cc compilation failed to produce executable FAIL: 26_numerics/random/fisher_f_distribution/cons/parms.cc (test for excess errors) WARNING: 26_numerics/random/fisher_f_distribution/cons/parms.cc compilation failed to produce executable FAIL: 26_numerics/random/fisher_f_distribution/requirements/typedefs.cc (test for excess errors) FAIL: 26_numerics/random/fisher_f_distribution/requirements/typedefs.cc (test for excess errors) FAIL: 26_numerics/random/fisher_f_distribution/requirements/typedefs.cc (test for excess errors) FAIL: 26_numerics/random/gamma_distribution/cons/default.cc (test for excess errors) WARNING: 26_numerics/random/gamma_distribution/cons/default.cc compilation failed to produce executable FAIL: 26_numerics/random/gamma_distribution/cons/default.cc (test for excess errors) WARNING: 26_numerics/random/gamma_distribution/cons/default.cc compilation failed to produce executable FAIL: 26_numerics/random/gamma_distribution/cons/default.cc (test for excess errors) WARNING: 26_numerics/random/gamma_distribution/cons/default.cc compilation failed to produce executable FAIL: 26_numerics/random/gamma_distribution/cons/parms.cc (test for excess errors) WARNING: 26_numerics/random/gamma_distribution/cons/parms.cc compilation failed to produce executable FAIL: 26_numerics/random/gamma_distribution/cons/parms.cc (test for excess errors) WARNING: 26_numerics/random/gamma_distribution/cons/parms.cc compilation failed to produce executable FAIL: 26_numerics/random/gamma_distribution/cons/parms.cc (test for excess errors) WARNING: 26_numerics/random/gamma_distribution/cons/parms.cc compilation failed to produce executable FAIL: 26_numerics/random/gamma_distribution/requirements/typedefs.cc (test for excess errors) FAIL: 26_numerics/random/gamma_distribution/requirements/typedefs.cc (test for excess errors) FAIL: 26_numerics/random/gamma_distribution/requirements/typedefs.cc (test for excess errors) FAIL: 26_numerics/random/geometric_distribution/cons/default.cc (test for excess errors) WARNING: 26_numerics/random/geometric_distribution/cons/default.cc compilation failed to produce executable FAIL: 26_numerics/random/geometric_distribution/cons/default.cc (test for excess errors) WARNING: 26_numerics/random/geometric_distribution/cons/default.cc compilation failed to produce executable FAIL: 26_numerics/random/geometric_distribution/cons/default.cc (test for excess errors) WARNING: 26_numerics/random/geometric_distribution/cons/default.cc compilation failed to produce executable FAIL: 26_numerics/random/geometric_distribution/cons/parms.cc (test for excess errors) WARNING: 26_numerics/random/geometric_distribution/cons/parms.cc compilation failed to produce executable FAIL: 26_numerics/random/geometric_distribution/cons/parms.cc (test for excess errors) WARNING: 26_numerics/random/geometric_distribution/cons/parms.cc compilation failed to produce executable FAIL: 26_numerics/random/geometric_distribution/cons/parms.cc (test for excess errors) WARNING: 26_numerics/random/geometric_distribution/cons/parms.cc compilation failed to produce executable FAIL: 26_numerics/random/geometric_distribution/requirements/typedefs.cc (test for excess errors) FAIL: 26_numerics/random/geometric_distribution/requirements/typedefs.cc (test for excess errors) FAIL: 26_numerics/random/geometric_distribution/requirements/typedefs.cc (test for excess errors) FAIL: 26_numerics/random/independent_bits_engine/cons/base_copy.cc (test for excess errors) WARNING: 26_numerics/random/independent_bits_engine/cons/base_copy.cc compilation failed to produce executable FAIL: 26_numerics/random/independent_bits_engine/cons/base_copy.cc (test for excess errors) WARNING: 26_numerics/random/independent_bits_engine/cons/base_copy.cc compilation failed to produce executable FAIL: 26_numerics/random/independent_bits_engine/cons/base_copy.cc (test for excess errors) WARNING: 26_numerics/random/independent_bits_engine/cons/base_copy.cc compilation failed to produce executable FAIL: 26_numerics/random/independent_bits_engine/cons/base_move.cc (test for excess errors) WARNING: 26_numerics/random/independent_bits_engine/cons/base_move.cc compilation failed to produce executable FAIL: 26_numerics/random/independent_bits_engine/cons/base_move.cc (test for excess errors) WARNING: 26_numerics/random/independent_bits_engine/cons/base_move.cc compilation failed to produce executable FAIL: 26_numerics/random/independent_bits_engine/cons/base_move.cc (test for excess errors) WARNING: 26_numerics/random/independent_bits_engine/cons/base_move.cc compilation failed to produce executable FAIL: 26_numerics/random/independent_bits_engine/cons/default.cc (test for excess errors) WARNING: 26_numerics/random/independent_bits_engine/cons/default.cc compilation failed to produce executable FAIL: 26_numerics/random/independent_bits_engine/cons/default.cc (test for excess errors) WARNING: 26_numerics/random/independent_bits_engine/cons/default.cc compilation failed to produce executable FAIL: 26_numerics/random/independent_bits_engine/cons/default.cc (test for excess errors) WARNING: 26_numerics/random/independent_bits_engine/cons/default.cc compilation failed to produce executable FAIL: 26_numerics/random/independent_bits_engine/cons/seed1.cc (test for excess errors) WARNING: 26_numerics/random/independent_bits_engine/cons/seed1.cc compilation failed to produce executable FAIL: 26_numerics/random/independent_bits_engine/cons/seed1.cc (test for excess errors) WARNING: 26_numerics/random/independent_bits_engine/cons/seed1.cc compilation failed to produce executable FAIL: 26_numerics/random/independent_bits_engine/cons/seed1.cc (test for excess errors) WARNING: 26_numerics/random/independent_bits_engine/cons/seed1.cc compilation failed to produce executable FAIL: 26_numerics/random/independent_bits_engine/cons/seed2.cc (test for excess errors) WARNING: 26_numerics/random/independent_bits_engine/cons/seed2.cc compilation failed to produce executable FAIL: 26_numerics/random/independent_bits_engine/cons/seed2.cc (test for excess errors) WARNING: 26_numerics/random/independent_bits_engine/cons/seed2.cc compilation failed to produce executable FAIL: 26_numerics/random/independent_bits_engine/cons/seed2.cc (test for excess errors) WARNING: 26_numerics/random/independent_bits_engine/cons/seed2.cc compilation failed to produce executable FAIL: 26_numerics/random/independent_bits_engine/cons/seed_seq.cc (test for excess errors) WARNING: 26_numerics/random/independent_bits_engine/cons/seed_seq.cc compilation failed to produce executable FAIL: 26_numerics/random/independent_bits_engine/cons/seed_seq.cc (test for excess errors) WARNING: 26_numerics/random/independent_bits_engine/cons/seed_seq.cc compilation failed to produce executable FAIL: 26_numerics/random/independent_bits_engine/cons/seed_seq.cc (test for excess errors) WARNING: 26_numerics/random/independent_bits_engine/cons/seed_seq.cc compilation failed to produce executable FAIL: 26_numerics/random/independent_bits_engine/operators/equal.cc (test for excess errors) WARNING: 26_numerics/random/independent_bits_engine/operators/equal.cc compilation failed to produce executable FAIL: 26_numerics/random/independent_bits_engine/operators/equal.cc (test for excess errors) WARNING: 26_numerics/random/independent_bits_engine/operators/equal.cc compilation failed to produce executable FAIL: 26_numerics/random/independent_bits_engine/operators/equal.cc (test for excess errors) WARNING: 26_numerics/random/independent_bits_engine/operators/equal.cc compilation failed to produce executable FAIL: 26_numerics/random/independent_bits_engine/operators/serialize.cc (test for excess errors) WARNING: 26_numerics/random/independent_bits_engine/operators/serialize.cc compilation failed to produce executable FAIL: 26_numerics/random/independent_bits_engine/operators/serialize.cc (test for excess errors) WARNING: 26_numerics/random/independent_bits_engine/operators/serialize.cc compilation failed to produce executable FAIL: 26_numerics/random/independent_bits_engine/operators/serialize.cc (test for excess errors) WARNING: 26_numerics/random/independent_bits_engine/operators/serialize.cc compilation failed to produce executable FAIL: 26_numerics/random/independent_bits_engine/requirements/typedefs.cc (test for excess errors) FAIL: 26_numerics/random/independent_bits_engine/requirements/typedefs.cc (test for excess errors) FAIL: 26_numerics/random/independent_bits_engine/requirements/typedefs.cc (test for excess errors) FAIL: 26_numerics/random/knuth_b.cc (test for excess errors) WARNING: 26_numerics/random/knuth_b.cc compilation failed to produce executable FAIL: 26_numerics/random/linear_congruential_engine/cons/default.cc (test for excess errors) WARNING: 26_numerics/random/linear_congruential_engine/cons/default.cc compilation failed to produce executable FAIL: 26_numerics/random/linear_congruential_engine/cons/default.cc (test for excess errors) WARNING: 26_numerics/random/linear_congruential_engine/cons/default.cc compilation failed to produce executable FAIL: 26_numerics/random/linear_congruential_engine/cons/default.cc (test for excess errors) WARNING: 26_numerics/random/linear_congruential_engine/cons/default.cc compilation failed to produce executable FAIL: 26_numerics/random/linear_congruential_engine/cons/seed1.cc (test for excess errors) WARNING: 26_numerics/random/linear_congruential_engine/cons/seed1.cc compilation failed to produce executable FAIL: 26_numerics/random/linear_congruential_engine/cons/seed1.cc (test for excess errors) WARNING: 26_numerics/random/linear_congruential_engine/cons/seed1.cc compilation failed to produce executable FAIL: 26_numerics/random/linear_congruential_engine/cons/seed1.cc (test for excess errors) WARNING: 26_numerics/random/linear_congruential_engine/cons/seed1.cc compilation failed to produce executable FAIL: 26_numerics/random/linear_congruential_engine/cons/seed2.cc (test for excess errors) WARNING: 26_numerics/random/linear_congruential_engine/cons/seed2.cc compilation failed to produce executable FAIL: 26_numerics/random/linear_congruential_engine/cons/seed2.cc (test for excess errors) WARNING: 26_numerics/random/linear_congruential_engine/cons/seed2.cc compilation failed to produce executable FAIL: 26_numerics/random/linear_congruential_engine/cons/seed2.cc (test for excess errors) WARNING: 26_numerics/random/linear_congruential_engine/cons/seed2.cc compilation failed to produce executable FAIL: 26_numerics/random/linear_congruential_engine/operators/equal.cc (test for excess errors) WARNING: 26_numerics/random/linear_congruential_engine/operators/equal.cc compilation failed to produce executable FAIL: 26_numerics/random/linear_congruential_engine/operators/equal.cc (test for excess errors) WARNING: 26_numerics/random/linear_congruential_engine/operators/equal.cc compilation failed to produce executable FAIL: 26_numerics/random/linear_congruential_engine/operators/equal.cc (test for excess errors) WARNING: 26_numerics/random/linear_congruential_engine/operators/equal.cc compilation failed to produce executable FAIL: 26_numerics/random/linear_congruential_engine/operators/serialize.cc (test for excess errors) WARNING: 26_numerics/random/linear_congruential_engine/operators/serialize.cc compilation failed to produce executable FAIL: 26_numerics/random/linear_congruential_engine/operators/serialize.cc (test for excess errors) WARNING: 26_numerics/random/linear_congruential_engine/operators/serialize.cc compilation failed to produce executable FAIL: 26_numerics/random/linear_congruential_engine/operators/serialize.cc (test for excess errors) WARNING: 26_numerics/random/linear_congruential_engine/operators/serialize.cc compilation failed to produce executable FAIL: 26_numerics/random/linear_congruential_engine/requirements/non_uint_neg.cc (test for excess errors) FAIL: 26_numerics/random/linear_congruential_engine/requirements/non_uint_neg.cc (test for excess errors) FAIL: 26_numerics/random/linear_congruential_engine/requirements/non_uint_neg.cc (test for excess errors) FAIL: 26_numerics/random/linear_congruential_engine/requirements/typedefs.cc (test for excess errors) FAIL: 26_numerics/random/linear_congruential_engine/requirements/typedefs.cc (test for excess errors) FAIL: 26_numerics/random/linear_congruential_engine/requirements/typedefs.cc (test for excess errors) FAIL: 26_numerics/random/lognormal_distribution/cons/default.cc (test for excess errors) WARNING: 26_numerics/random/lognormal_distribution/cons/default.cc compilation failed to produce executable FAIL: 26_numerics/random/lognormal_distribution/cons/default.cc (test for excess errors) WARNING: 26_numerics/random/lognormal_distribution/cons/default.cc compilation failed to produce executable FAIL: 26_numerics/random/lognormal_distribution/cons/default.cc (test for excess errors) WARNING: 26_numerics/random/lognormal_distribution/cons/default.cc compilation failed to produce executable FAIL: 26_numerics/random/lognormal_distribution/cons/parms.cc (test for excess errors) WARNING: 26_numerics/random/lognormal_distribution/cons/parms.cc compilation failed to produce executable FAIL: 26_numerics/random/lognormal_distribution/cons/parms.cc (test for excess errors) WARNING: 26_numerics/random/lognormal_distribution/cons/parms.cc compilation failed to produce executable FAIL: 26_numerics/random/lognormal_distribution/cons/parms.cc (test for excess errors) WARNING: 26_numerics/random/lognormal_distribution/cons/parms.cc compilation failed to produce executable FAIL: 26_numerics/random/lognormal_distribution/requirements/typedefs.cc (test for excess errors) FAIL: 26_numerics/random/lognormal_distribution/requirements/typedefs.cc (test for excess errors) FAIL: 26_numerics/random/lognormal_distribution/requirements/typedefs.cc (test for excess errors) FAIL: 26_numerics/random/mersenne_twister_engine/cons/default.cc (test for excess errors) WARNING: 26_numerics/random/mersenne_twister_engine/cons/default.cc compilation failed to produce executable FAIL: 26_numerics/random/mersenne_twister_engine/cons/default.cc (test for excess errors) WARNING: 26_numerics/random/mersenne_twister_engine/cons/default.cc compilation failed to produce executable FAIL: 26_numerics/random/mersenne_twister_engine/cons/default.cc (test for excess errors) WARNING: 26_numerics/random/mersenne_twister_engine/cons/default.cc compilation failed to produce executable FAIL: 26_numerics/random/mersenne_twister_engine/cons/seed1.cc (test for excess errors) WARNING: 26_numerics/random/mersenne_twister_engine/cons/seed1.cc compilation failed to produce executable FAIL: 26_numerics/random/mersenne_twister_engine/cons/seed1.cc (test for excess errors) WARNING: 26_numerics/random/mersenne_twister_engine/cons/seed1.cc compilation failed to produce executable FAIL: 26_numerics/random/mersenne_twister_engine/cons/seed1.cc (test for excess errors) WARNING: 26_numerics/random/mersenne_twister_engine/cons/seed1.cc compilation failed to produce executable FAIL: 26_numerics/random/mersenne_twister_engine/cons/seed2.cc (test for excess errors) WARNING: 26_numerics/random/mersenne_twister_engine/cons/seed2.cc compilation failed to produce executable FAIL: 26_numerics/random/mersenne_twister_engine/cons/seed2.cc (test for excess errors) WARNING: 26_numerics/random/mersenne_twister_engine/cons/seed2.cc compilation failed to produce executable FAIL: 26_numerics/random/mersenne_twister_engine/cons/seed2.cc (test for excess errors) WARNING: 26_numerics/random/mersenne_twister_engine/cons/seed2.cc compilation failed to produce executable FAIL: 26_numerics/random/mersenne_twister_engine/operators/equal.cc (test for excess errors) WARNING: 26_numerics/random/mersenne_twister_engine/operators/equal.cc compilation failed to produce executable FAIL: 26_numerics/random/mersenne_twister_engine/operators/equal.cc (test for excess errors) WARNING: 26_numerics/random/mersenne_twister_engine/operators/equal.cc compilation failed to produce executable FAIL: 26_numerics/random/mersenne_twister_engine/operators/equal.cc (test for excess errors) WARNING: 26_numerics/random/mersenne_twister_engine/operators/equal.cc compilation failed to produce executable FAIL: 26_numerics/random/mersenne_twister_engine/operators/serialize.cc (test for excess errors) WARNING: 26_numerics/random/mersenne_twister_engine/operators/serialize.cc compilation failed to produce executable FAIL: 26_numerics/random/mersenne_twister_engine/operators/serialize.cc (test for excess errors) WARNING: 26_numerics/random/mersenne_twister_engine/operators/serialize.cc compilation failed to produce executable FAIL: 26_numerics/random/mersenne_twister_engine/operators/serialize.cc (test for excess errors) WARNING: 26_numerics/random/mersenne_twister_engine/operators/serialize.cc compilation failed to produce executable FAIL: 26_numerics/random/mersenne_twister_engine/requirements/typedefs.cc (test for excess errors) FAIL: 26_numerics/random/mersenne_twister_engine/requirements/typedefs.cc (test for excess errors) FAIL: 26_numerics/random/mersenne_twister_engine/requirements/typedefs.cc (test for excess errors) FAIL: 26_numerics/random/minstd_rand.cc (test for excess errors) WARNING: 26_numerics/random/minstd_rand.cc compilation failed to produce executable FAIL: 26_numerics/random/minstd_rand0.cc (test for excess errors) WARNING: 26_numerics/random/minstd_rand0.cc compilation failed to produce executable FAIL: 26_numerics/random/mt19937.cc (test for excess errors) WARNING: 26_numerics/random/mt19937.cc compilation failed to produce executable FAIL: 26_numerics/random/mt19937_64.cc (test for excess errors) WARNING: 26_numerics/random/mt19937_64.cc compilation failed to produce executable FAIL: 26_numerics/random/negative_binomial_distribution/cons/default.cc (test for excess errors) WARNING: 26_numerics/random/negative_binomial_distribution/cons/default.cc compilation failed to produce executable FAIL: 26_numerics/random/negative_binomial_distribution/cons/default.cc (test for excess errors) WARNING: 26_numerics/random/negative_binomial_distribution/cons/default.cc compilation failed to produce executable FAIL: 26_numerics/random/negative_binomial_distribution/cons/default.cc (test for excess errors) WARNING: 26_numerics/random/negative_binomial_distribution/cons/default.cc compilation failed to produce executable FAIL: 26_numerics/random/negative_binomial_distribution/cons/parms.cc (test for excess errors) WARNING: 26_numerics/random/negative_binomial_distribution/cons/parms.cc compilation failed to produce executable FAIL: 26_numerics/random/negative_binomial_distribution/cons/parms.cc (test for excess errors) WARNING: 26_numerics/random/negative_binomial_distribution/cons/parms.cc compilation failed to produce executable FAIL: 26_numerics/random/negative_binomial_distribution/cons/parms.cc (test for excess errors) WARNING: 26_numerics/random/negative_binomial_distribution/cons/parms.cc compilation failed to produce executable FAIL: 26_numerics/random/negative_binomial_distribution/requirements/typedefs.cc (test for excess errors) FAIL: 26_numerics/random/negative_binomial_distribution/requirements/typedefs.cc (test for excess errors) FAIL: 26_numerics/random/negative_binomial_distribution/requirements/typedefs.cc (test for excess errors) FAIL: 26_numerics/random/normal_distribution/cons/default.cc (test for excess errors) WARNING: 26_numerics/random/normal_distribution/cons/default.cc compilation failed to produce executable FAIL: 26_numerics/random/normal_distribution/cons/default.cc (test for excess errors) WARNING: 26_numerics/random/normal_distribution/cons/default.cc compilation failed to produce executable FAIL: 26_numerics/random/normal_distribution/cons/default.cc (test for excess errors) WARNING: 26_numerics/random/normal_distribution/cons/default.cc compilation failed to produce executable FAIL: 26_numerics/random/normal_distribution/cons/parms.cc (test for excess errors) WARNING: 26_numerics/random/normal_distribution/cons/parms.cc compilation failed to produce executable FAIL: 26_numerics/random/normal_distribution/cons/parms.cc (test for excess errors) WARNING: 26_numerics/random/normal_distribution/cons/parms.cc compilation failed to produce executable FAIL: 26_numerics/random/normal_distribution/cons/parms.cc (test for excess errors) WARNING: 26_numerics/random/normal_distribution/cons/parms.cc compilation failed to produce executable FAIL: 26_numerics/random/normal_distribution/requirements/typedefs.cc (test for excess errors) FAIL: 26_numerics/random/normal_distribution/requirements/typedefs.cc (test for excess errors) FAIL: 26_numerics/random/normal_distribution/requirements/typedefs.cc (test for excess errors) FAIL: 26_numerics/random/piecewise_constant_distribution/cons/default.cc (test for excess errors) WARNING: 26_numerics/random/piecewise_constant_distribution/cons/default.cc compilation failed to produce executable FAIL: 26_numerics/random/piecewise_constant_distribution/cons/default.cc (test for excess errors) WARNING: 26_numerics/random/piecewise_constant_distribution/cons/default.cc compilation failed to produce executable FAIL: 26_numerics/random/piecewise_constant_distribution/cons/default.cc (test for excess errors) WARNING: 26_numerics/random/piecewise_constant_distribution/cons/default.cc compilation failed to produce executable FAIL: 26_numerics/random/piecewise_constant_distribution/cons/initlist_fun.cc (test for excess errors) WARNING: 26_numerics/random/piecewise_constant_distribution/cons/initlist_fun.cc compilation failed to produce executable FAIL: 26_numerics/random/piecewise_constant_distribution/cons/initlist_fun.cc (test for excess errors) WARNING: 26_numerics/random/piecewise_constant_distribution/cons/initlist_fun.cc compilation failed to produce executable FAIL: 26_numerics/random/piecewise_constant_distribution/cons/initlist_fun.cc (test for excess errors) WARNING: 26_numerics/random/piecewise_constant_distribution/cons/initlist_fun.cc compilation failed to produce executable FAIL: 26_numerics/random/piecewise_constant_distribution/cons/num_xbound_fun.cc (test for excess errors) WARNING: 26_numerics/random/piecewise_constant_distribution/cons/num_xbound_fun.cc compilation failed to produce executable FAIL: 26_numerics/random/piecewise_constant_distribution/cons/num_xbound_fun.cc (test for excess errors) WARNING: 26_numerics/random/piecewise_constant_distribution/cons/num_xbound_fun.cc compilation failed to produce executable FAIL: 26_numerics/random/piecewise_constant_distribution/cons/num_xbound_fun.cc (test for excess errors) WARNING: 26_numerics/random/piecewise_constant_distribution/cons/num_xbound_fun.cc compilation failed to produce executable FAIL: 26_numerics/random/piecewise_constant_distribution/cons/range.cc (test for excess errors) WARNING: 26_numerics/random/piecewise_constant_distribution/cons/range.cc compilation failed to produce executable FAIL: 26_numerics/random/piecewise_constant_distribution/cons/range.cc (test for excess errors) WARNING: 26_numerics/random/piecewise_constant_distribution/cons/range.cc compilation failed to produce executable FAIL: 26_numerics/random/piecewise_constant_distribution/cons/range.cc (test for excess errors) WARNING: 26_numerics/random/piecewise_constant_distribution/cons/range.cc compilation failed to produce executable FAIL: 26_numerics/random/piecewise_constant_distribution/requirements/typedefs.cc (test for excess errors) FAIL: 26_numerics/random/piecewise_constant_distribution/requirements/typedefs.cc (test for excess errors) FAIL: 26_numerics/random/piecewise_constant_distribution/requirements/typedefs.cc (test for excess errors) FAIL: 26_numerics/random/piecewise_linear_distribution/cons/default.cc (test for excess errors) WARNING: 26_numerics/random/piecewise_linear_distribution/cons/default.cc compilation failed to produce executable FAIL: 26_numerics/random/piecewise_linear_distribution/cons/default.cc (test for excess errors) WARNING: 26_numerics/random/piecewise_linear_distribution/cons/default.cc compilation failed to produce executable FAIL: 26_numerics/random/piecewise_linear_distribution/cons/default.cc (test for excess errors) WARNING: 26_numerics/random/piecewise_linear_distribution/cons/default.cc compilation failed to produce executable FAIL: 26_numerics/random/piecewise_linear_distribution/cons/initlist_fun.cc (test for excess errors) WARNING: 26_numerics/random/piecewise_linear_distribution/cons/initlist_fun.cc compilation failed to produce executable FAIL: 26_numerics/random/piecewise_linear_distribution/cons/initlist_fun.cc (test for excess errors) WARNING: 26_numerics/random/piecewise_linear_distribution/cons/initlist_fun.cc compilation failed to produce executable FAIL: 26_numerics/random/piecewise_linear_distribution/cons/initlist_fun.cc (test for excess errors) WARNING: 26_numerics/random/piecewise_linear_distribution/cons/initlist_fun.cc compilation failed to produce executable FAIL: 26_numerics/random/piecewise_linear_distribution/cons/num_xbound_fun.cc (test for excess errors) WARNING: 26_numerics/random/piecewise_linear_distribution/cons/num_xbound_fun.cc compilation failed to produce executable FAIL: 26_numerics/random/piecewise_linear_distribution/cons/num_xbound_fun.cc (test for excess errors) WARNING: 26_numerics/random/piecewise_linear_distribution/cons/num_xbound_fun.cc compilation failed to produce executable FAIL: 26_numerics/random/piecewise_linear_distribution/cons/num_xbound_fun.cc (test for excess errors) WARNING: 26_numerics/random/piecewise_linear_distribution/cons/num_xbound_fun.cc compilation failed to produce executable FAIL: 26_numerics/random/piecewise_linear_distribution/cons/range.cc (test for excess errors) WARNING: 26_numerics/random/piecewise_linear_distribution/cons/range.cc compilation failed to produce executable FAIL: 26_numerics/random/piecewise_linear_distribution/cons/range.cc (test for excess errors) WARNING: 26_numerics/random/piecewise_linear_distribution/cons/range.cc compilation failed to produce executable FAIL: 26_numerics/random/piecewise_linear_distribution/cons/range.cc (test for excess errors) WARNING: 26_numerics/random/piecewise_linear_distribution/cons/range.cc compilation failed to produce executable FAIL: 26_numerics/random/piecewise_linear_distribution/requirements/typedefs.cc (test for excess errors) FAIL: 26_numerics/random/piecewise_linear_distribution/requirements/typedefs.cc (test for excess errors) FAIL: 26_numerics/random/piecewise_linear_distribution/requirements/typedefs.cc (test for excess errors) FAIL: 26_numerics/random/poisson_distribution/cons/default.cc (test for excess errors) WARNING: 26_numerics/random/poisson_distribution/cons/default.cc compilation failed to produce executable FAIL: 26_numerics/random/poisson_distribution/cons/default.cc (test for excess errors) WARNING: 26_numerics/random/poisson_distribution/cons/default.cc compilation failed to produce executable FAIL: 26_numerics/random/poisson_distribution/cons/default.cc (test for excess errors) WARNING: 26_numerics/random/poisson_distribution/cons/default.cc compilation failed to produce executable FAIL: 26_numerics/random/poisson_distribution/cons/parms.cc (test for excess errors) WARNING: 26_numerics/random/poisson_distribution/cons/parms.cc compilation failed to produce executable FAIL: 26_numerics/random/poisson_distribution/cons/parms.cc (test for excess errors) WARNING: 26_numerics/random/poisson_distribution/cons/parms.cc compilation failed to produce executable FAIL: 26_numerics/random/poisson_distribution/cons/parms.cc (test for excess errors) WARNING: 26_numerics/random/poisson_distribution/cons/parms.cc compilation failed to produce executable FAIL: 26_numerics/random/poisson_distribution/requirements/typedefs.cc (test for excess errors) FAIL: 26_numerics/random/poisson_distribution/requirements/typedefs.cc (test for excess errors) FAIL: 26_numerics/random/poisson_distribution/requirements/typedefs.cc (test for excess errors) FAIL: 26_numerics/random/random_device/cons/default.cc (test for excess errors) WARNING: 26_numerics/random/random_device/cons/default.cc compilation failed to produce executable FAIL: 26_numerics/random/random_device/cons/default.cc (test for excess errors) WARNING: 26_numerics/random/random_device/cons/default.cc compilation failed to produce executable FAIL: 26_numerics/random/random_device/cons/default.cc (test for excess errors) WARNING: 26_numerics/random/random_device/cons/default.cc compilation failed to produce executable FAIL: 26_numerics/random/random_device/cons/token.cc (test for excess errors) WARNING: 26_numerics/random/random_device/cons/token.cc compilation failed to produce executable FAIL: 26_numerics/random/random_device/cons/token.cc (test for excess errors) WARNING: 26_numerics/random/random_device/cons/token.cc compilation failed to produce executable FAIL: 26_numerics/random/random_device/cons/token.cc (test for excess errors) WARNING: 26_numerics/random/random_device/cons/token.cc compilation failed to produce executable FAIL: 26_numerics/random/random_device/requirements/typedefs.cc (test for excess errors) FAIL: 26_numerics/random/random_device/requirements/typedefs.cc (test for excess errors) FAIL: 26_numerics/random/random_device/requirements/typedefs.cc (test for excess errors) FAIL: 26_numerics/random/ranlux24.cc (test for excess errors) WARNING: 26_numerics/random/ranlux24.cc compilation failed to produce executable FAIL: 26_numerics/random/ranlux24_base.cc (test for excess errors) WARNING: 26_numerics/random/ranlux24_base.cc compilation failed to produce executable FAIL: 26_numerics/random/ranlux48.cc (test for excess errors) WARNING: 26_numerics/random/ranlux48.cc compilation failed to produce executable FAIL: 26_numerics/random/ranlux48_base.cc (test for excess errors) WARNING: 26_numerics/random/ranlux48_base.cc compilation failed to produce executable FAIL: 26_numerics/random/seed_seq/cons/default.cc (test for excess errors) WARNING: 26_numerics/random/seed_seq/cons/default.cc compilation failed to produce executable FAIL: 26_numerics/random/seed_seq/cons/default.cc (test for excess errors) WARNING: 26_numerics/random/seed_seq/cons/default.cc compilation failed to produce executable FAIL: 26_numerics/random/seed_seq/cons/default.cc (test for excess errors) WARNING: 26_numerics/random/seed_seq/cons/default.cc compilation failed to produce executable FAIL: 26_numerics/random/seed_seq/cons/initlist.cc (test for excess errors) WARNING: 26_numerics/random/seed_seq/cons/initlist.cc compilation failed to produce executable FAIL: 26_numerics/random/seed_seq/cons/initlist.cc (test for excess errors) WARNING: 26_numerics/random/seed_seq/cons/initlist.cc compilation failed to produce executable FAIL: 26_numerics/random/seed_seq/cons/initlist.cc (test for excess errors) WARNING: 26_numerics/random/seed_seq/cons/initlist.cc compilation failed to produce executable FAIL: 26_numerics/random/seed_seq/cons/range.cc (test for excess errors) WARNING: 26_numerics/random/seed_seq/cons/range.cc compilation failed to produce executable FAIL: 26_numerics/random/seed_seq/cons/range.cc (test for excess errors) WARNING: 26_numerics/random/seed_seq/cons/range.cc compilation failed to produce executable FAIL: 26_numerics/random/seed_seq/cons/range.cc (test for excess errors) WARNING: 26_numerics/random/seed_seq/cons/range.cc compilation failed to produce executable FAIL: 26_numerics/random/seed_seq/requirements/typedefs.cc (test for excess errors) FAIL: 26_numerics/random/seed_seq/requirements/typedefs.cc (test for excess errors) FAIL: 26_numerics/random/seed_seq/requirements/typedefs.cc (test for excess errors) FAIL: 26_numerics/random/shuffle_order_engine/cons/base_copy.cc (test for excess errors) WARNING: 26_numerics/random/shuffle_order_engine/cons/base_copy.cc compilation failed to produce executable FAIL: 26_numerics/random/shuffle_order_engine/cons/base_copy.cc (test for excess errors) WARNING: 26_numerics/random/shuffle_order_engine/cons/base_copy.cc compilation failed to produce executable FAIL: 26_numerics/random/shuffle_order_engine/cons/base_copy.cc (test for excess errors) WARNING: 26_numerics/random/shuffle_order_engine/cons/base_copy.cc compilation failed to produce executable FAIL: 26_numerics/random/shuffle_order_engine/cons/base_move.cc (test for excess errors) WARNING: 26_numerics/random/shuffle_order_engine/cons/base_move.cc compilation failed to produce executable FAIL: 26_numerics/random/shuffle_order_engine/cons/base_move.cc (test for excess errors) WARNING: 26_numerics/random/shuffle_order_engine/cons/base_move.cc compilation failed to produce executable FAIL: 26_numerics/random/shuffle_order_engine/cons/base_move.cc (test for excess errors) WARNING: 26_numerics/random/shuffle_order_engine/cons/base_move.cc compilation failed to produce executable FAIL: 26_numerics/random/shuffle_order_engine/cons/default.cc (test for excess errors) WARNING: 26_numerics/random/shuffle_order_engine/cons/default.cc compilation failed to produce executable FAIL: 26_numerics/random/shuffle_order_engine/cons/default.cc (test for excess errors) WARNING: 26_numerics/random/shuffle_order_engine/cons/default.cc compilation failed to produce executable FAIL: 26_numerics/random/shuffle_order_engine/cons/default.cc (test for excess errors) WARNING: 26_numerics/random/shuffle_order_engine/cons/default.cc compilation failed to produce executable FAIL: 26_numerics/random/shuffle_order_engine/cons/seed1.cc (test for excess errors) WARNING: 26_numerics/random/shuffle_order_engine/cons/seed1.cc compilation failed to produce executable FAIL: 26_numerics/random/shuffle_order_engine/cons/seed1.cc (test for excess errors) WARNING: 26_numerics/random/shuffle_order_engine/cons/seed1.cc compilation failed to produce executable FAIL: 26_numerics/random/shuffle_order_engine/cons/seed1.cc (test for excess errors) WARNING: 26_numerics/random/shuffle_order_engine/cons/seed1.cc compilation failed to produce executable FAIL: 26_numerics/random/shuffle_order_engine/cons/seed2.cc (test for excess errors) WARNING: 26_numerics/random/shuffle_order_engine/cons/seed2.cc compilation failed to produce executable FAIL: 26_numerics/random/shuffle_order_engine/cons/seed2.cc (test for excess errors) WARNING: 26_numerics/random/shuffle_order_engine/cons/seed2.cc compilation failed to produce executable FAIL: 26_numerics/random/shuffle_order_engine/cons/seed2.cc (test for excess errors) WARNING: 26_numerics/random/shuffle_order_engine/cons/seed2.cc compilation failed to produce executable FAIL: 26_numerics/random/shuffle_order_engine/cons/seed_seq.cc (test for excess errors) WARNING: 26_numerics/random/shuffle_order_engine/cons/seed_seq.cc compilation failed to produce executable FAIL: 26_numerics/random/shuffle_order_engine/cons/seed_seq.cc (test for excess errors) WARNING: 26_numerics/random/shuffle_order_engine/cons/seed_seq.cc compilation failed to produce executable FAIL: 26_numerics/random/shuffle_order_engine/cons/seed_seq.cc (test for excess errors) WARNING: 26_numerics/random/shuffle_order_engine/cons/seed_seq.cc compilation failed to produce executable FAIL: 26_numerics/random/shuffle_order_engine/operators/equal.cc (test for excess errors) WARNING: 26_numerics/random/shuffle_order_engine/operators/equal.cc compilation failed to produce executable FAIL: 26_numerics/random/shuffle_order_engine/operators/equal.cc (test for excess errors) WARNING: 26_numerics/random/shuffle_order_engine/operators/equal.cc compilation failed to produce executable FAIL: 26_numerics/random/shuffle_order_engine/operators/equal.cc (test for excess errors) WARNING: 26_numerics/random/shuffle_order_engine/operators/equal.cc compilation failed to produce executable FAIL: 26_numerics/random/shuffle_order_engine/operators/serialize.cc (test for excess errors) WARNING: 26_numerics/random/shuffle_order_engine/operators/serialize.cc compilation failed to produce executable FAIL: 26_numerics/random/shuffle_order_engine/operators/serialize.cc (test for excess errors) WARNING: 26_numerics/random/shuffle_order_engine/operators/serialize.cc compilation failed to produce executable FAIL: 26_numerics/random/shuffle_order_engine/operators/serialize.cc (test for excess errors) WARNING: 26_numerics/random/shuffle_order_engine/operators/serialize.cc compilation failed to produce executable FAIL: 26_numerics/random/shuffle_order_engine/requirements/typedefs.cc (test for excess errors) FAIL: 26_numerics/random/shuffle_order_engine/requirements/typedefs.cc (test for excess errors) FAIL: 26_numerics/random/shuffle_order_engine/requirements/typedefs.cc (test for excess errors) FAIL: 26_numerics/random/student_t_distribution/cons/default.cc (test for excess errors) WARNING: 26_numerics/random/student_t_distribution/cons/default.cc compilation failed to produce executable FAIL: 26_numerics/random/student_t_distribution/cons/default.cc (test for excess errors) WARNING: 26_numerics/random/student_t_distribution/cons/default.cc compilation failed to produce executable FAIL: 26_numerics/random/student_t_distribution/cons/default.cc (test for excess errors) WARNING: 26_numerics/random/student_t_distribution/cons/default.cc compilation failed to produce executable FAIL: 26_numerics/random/student_t_distribution/cons/parms.cc (test for excess errors) WARNING: 26_numerics/random/student_t_distribution/cons/parms.cc compilation failed to produce executable FAIL: 26_numerics/random/student_t_distribution/cons/parms.cc (test for excess errors) WARNING: 26_numerics/random/student_t_distribution/cons/parms.cc compilation failed to produce executable FAIL: 26_numerics/random/student_t_distribution/cons/parms.cc (test for excess errors) WARNING: 26_numerics/random/student_t_distribution/cons/parms.cc compilation failed to produce executable FAIL: 26_numerics/random/student_t_distribution/requirements/typedefs.cc (test for excess errors) FAIL: 26_numerics/random/student_t_distribution/requirements/typedefs.cc (test for excess errors) FAIL: 26_numerics/random/student_t_distribution/requirements/typedefs.cc (test for excess errors) FAIL: 26_numerics/random/subtract_with_carry_engine/cons/default.cc (test for excess errors) WARNING: 26_numerics/random/subtract_with_carry_engine/cons/default.cc compilation failed to produce executable FAIL: 26_numerics/random/subtract_with_carry_engine/cons/default.cc (test for excess errors) WARNING: 26_numerics/random/subtract_with_carry_engine/cons/default.cc compilation failed to produce executable FAIL: 26_numerics/random/subtract_with_carry_engine/cons/default.cc (test for excess errors) WARNING: 26_numerics/random/subtract_with_carry_engine/cons/default.cc compilation failed to produce executable FAIL: 26_numerics/random/subtract_with_carry_engine/cons/seed1.cc (test for excess errors) WARNING: 26_numerics/random/subtract_with_carry_engine/cons/seed1.cc compilation failed to produce executable FAIL: 26_numerics/random/subtract_with_carry_engine/cons/seed1.cc (test for excess errors) WARNING: 26_numerics/random/subtract_with_carry_engine/cons/seed1.cc compilation failed to produce executable FAIL: 26_numerics/random/subtract_with_carry_engine/cons/seed1.cc (test for excess errors) WARNING: 26_numerics/random/subtract_with_carry_engine/cons/seed1.cc compilation failed to produce executable FAIL: 26_numerics/random/subtract_with_carry_engine/cons/seed2.cc (test for excess errors) WARNING: 26_numerics/random/subtract_with_carry_engine/cons/seed2.cc compilation failed to produce executable FAIL: 26_numerics/random/subtract_with_carry_engine/cons/seed2.cc (test for excess errors) WARNING: 26_numerics/random/subtract_with_carry_engine/cons/seed2.cc compilation failed to produce executable FAIL: 26_numerics/random/subtract_with_carry_engine/cons/seed2.cc (test for excess errors) WARNING: 26_numerics/random/subtract_with_carry_engine/cons/seed2.cc compilation failed to produce executable FAIL: 26_numerics/random/subtract_with_carry_engine/operators/equal.cc (test for excess errors) WARNING: 26_numerics/random/subtract_with_carry_engine/operators/equal.cc compilation failed to produce executable FAIL: 26_numerics/random/subtract_with_carry_engine/operators/equal.cc (test for excess errors) WARNING: 26_numerics/random/subtract_with_carry_engine/operators/equal.cc compilation failed to produce executable FAIL: 26_numerics/random/subtract_with_carry_engine/operators/equal.cc (test for excess errors) WARNING: 26_numerics/random/subtract_with_carry_engine/operators/equal.cc compilation failed to produce executable FAIL: 26_numerics/random/subtract_with_carry_engine/operators/serialize.cc (test for excess errors) WARNING: 26_numerics/random/subtract_with_carry_engine/operators/serialize.cc compilation failed to produce executable FAIL: 26_numerics/random/subtract_with_carry_engine/operators/serialize.cc (test for excess errors) WARNING: 26_numerics/random/subtract_with_carry_engine/operators/serialize.cc compilation failed to produce executable FAIL: 26_numerics/random/subtract_with_carry_engine/operators/serialize.cc (test for excess errors) WARNING: 26_numerics/random/subtract_with_carry_engine/operators/serialize.cc compilation failed to produce executable FAIL: 26_numerics/random/subtract_with_carry_engine/requirements/typedefs.cc (test for excess errors) FAIL: 26_numerics/random/subtract_with_carry_engine/requirements/typedefs.cc (test for excess errors) FAIL: 26_numerics/random/subtract_with_carry_engine/requirements/typedefs.cc (test for excess errors) FAIL: 26_numerics/random/uniform_int_distribution/cons/default.cc (test for excess errors) WARNING: 26_numerics/random/uniform_int_distribution/cons/default.cc compilation failed to produce executable FAIL: 26_numerics/random/uniform_int_distribution/cons/default.cc (test for excess errors) WARNING: 26_numerics/random/uniform_int_distribution/cons/default.cc compilation failed to produce executable FAIL: 26_numerics/random/uniform_int_distribution/cons/default.cc (test for excess errors) WARNING: 26_numerics/random/uniform_int_distribution/cons/default.cc compilation failed to produce executable FAIL: 26_numerics/random/uniform_int_distribution/cons/parms.cc (test for excess errors) WARNING: 26_numerics/random/uniform_int_distribution/cons/parms.cc compilation failed to produce executable FAIL: 26_numerics/random/uniform_int_distribution/cons/parms.cc (test for excess errors) WARNING: 26_numerics/random/uniform_int_distribution/cons/parms.cc compilation failed to produce executable FAIL: 26_numerics/random/uniform_int_distribution/cons/parms.cc (test for excess errors) WARNING: 26_numerics/random/uniform_int_distribution/cons/parms.cc compilation failed to produce executable FAIL: 26_numerics/random/uniform_int_distribution/cons/parms_neg.cc (test for excess errors) WARNING: 26_numerics/random/uniform_int_distribution/cons/parms_neg.cc compilation failed to produce executable FAIL: 26_numerics/random/uniform_int_distribution/cons/parms_neg.cc (test for excess errors) WARNING: 26_numerics/random/uniform_int_distribution/cons/parms_neg.cc compilation failed to produce executable FAIL: 26_numerics/random/uniform_int_distribution/cons/parms_neg.cc (test for excess errors) WARNING: 26_numerics/random/uniform_int_distribution/cons/parms_neg.cc compilation failed to produce executable FAIL: 26_numerics/random/uniform_int_distribution/requirements/typedefs.cc (test for excess errors) FAIL: 26_numerics/random/uniform_int_distribution/requirements/typedefs.cc (test for excess errors) FAIL: 26_numerics/random/uniform_int_distribution/requirements/typedefs.cc (test for excess errors) FAIL: 26_numerics/random/uniform_real_distribution/cons/default.cc (test for excess errors) WARNING: 26_numerics/random/uniform_real_distribution/cons/default.cc compilation failed to produce executable FAIL: 26_numerics/random/uniform_real_distribution/cons/default.cc (test for excess errors) WARNING: 26_numerics/random/uniform_real_distribution/cons/default.cc compilation failed to produce executable FAIL: 26_numerics/random/uniform_real_distribution/cons/default.cc (test for excess errors) WARNING: 26_numerics/random/uniform_real_distribution/cons/default.cc compilation failed to produce executable FAIL: 26_numerics/random/uniform_real_distribution/cons/parms.cc (test for excess errors) WARNING: 26_numerics/random/uniform_real_distribution/cons/parms.cc compilation failed to produce executable FAIL: 26_numerics/random/uniform_real_distribution/cons/parms.cc (test for excess errors) WARNING: 26_numerics/random/uniform_real_distribution/cons/parms.cc compilation failed to produce executable FAIL: 26_numerics/random/uniform_real_distribution/cons/parms.cc (test for excess errors) WARNING: 26_numerics/random/uniform_real_distribution/cons/parms.cc compilation failed to produce executable FAIL: 26_numerics/random/uniform_real_distribution/cons/parms_neg.cc (test for excess errors) WARNING: 26_numerics/random/uniform_real_distribution/cons/parms_neg.cc compilation failed to produce executable FAIL: 26_numerics/random/uniform_real_distribution/cons/parms_neg.cc (test for excess errors) WARNING: 26_numerics/random/uniform_real_distribution/cons/parms_neg.cc compilation failed to produce executable FAIL: 26_numerics/random/uniform_real_distribution/cons/parms_neg.cc (test for excess errors) WARNING: 26_numerics/random/uniform_real_distribution/cons/parms_neg.cc compilation failed to produce executable FAIL: 26_numerics/random/uniform_real_distribution/requirements/typedefs.cc (test for excess errors) FAIL: 26_numerics/random/uniform_real_distribution/requirements/typedefs.cc (test for excess errors) FAIL: 26_numerics/random/uniform_real_distribution/requirements/typedefs.cc (test for excess errors) FAIL: 26_numerics/random/weibull_distribution/cons/default.cc (test for excess errors) WARNING: 26_numerics/random/weibull_distribution/cons/default.cc compilation failed to produce executable FAIL: 26_numerics/random/weibull_distribution/cons/default.cc (test for excess errors) WARNING: 26_numerics/random/weibull_distribution/cons/default.cc compilation failed to produce executable FAIL: 26_numerics/random/weibull_distribution/cons/default.cc (test for excess errors) WARNING: 26_numerics/random/weibull_distribution/cons/default.cc compilation failed to produce executable FAIL: 26_numerics/random/weibull_distribution/cons/parms.cc (test for excess errors) WARNING: 26_numerics/random/weibull_distribution/cons/parms.cc compilation failed to produce executable FAIL: 26_numerics/random/weibull_distribution/cons/parms.cc (test for excess errors) WARNING: 26_numerics/random/weibull_distribution/cons/parms.cc compilation failed to produce executable FAIL: 26_numerics/random/weibull_distribution/cons/parms.cc (test for excess errors) WARNING: 26_numerics/random/weibull_distribution/cons/parms.cc compilation failed to produce executable FAIL: 26_numerics/random/weibull_distribution/requirements/typedefs.cc (test for excess errors) FAIL: 26_numerics/random/weibull_distribution/requirements/typedefs.cc (test for excess errors) FAIL: 26_numerics/random/weibull_distribution/requirements/typedefs.cc (test for excess errors) FAIL: 27_io/basic_filebuf/seekoff/char/1-io.cc execution test FAIL: 27_io/basic_filebuf/seekoff/char/1-io.cc execution test FAIL: 27_io/basic_filebuf/seekoff/char/2-io.cc execution test FAIL: 27_io/basic_filebuf/seekoff/char/2-io.cc execution test FAIL: 27_io/basic_filebuf/seekpos/char/1-io.cc execution test FAIL: 27_io/basic_filebuf/seekpos/char/1-io.cc execution test FAIL: 27_io/basic_filebuf/seekpos/char/2-io.cc execution test FAIL: 27_io/basic_filebuf/seekpos/char/2-io.cc execution test FAIL: 27_io/basic_filebuf/sgetn/char/1-in.cc execution test FAIL: 27_io/basic_filebuf/sgetn/char/1-in.cc execution test FAIL: 27_io/basic_filebuf/sgetn/char/1-in.cc execution test FAIL: 27_io/basic_filebuf/sgetn/char/1-io.cc execution test FAIL: 27_io/basic_filebuf/sgetn/char/1-io.cc execution test FAIL: 27_io/basic_filebuf/sgetn/char/1-io.cc execution test FAIL: 27_io/basic_filebuf/sgetn/char/2-in.cc execution test FAIL: 27_io/basic_filebuf/sgetn/char/2-in.cc execution test FAIL: 27_io/basic_filebuf/sgetn/char/2-in.cc execution test FAIL: 27_io/basic_filebuf/sgetn/char/2-io.cc execution test FAIL: 27_io/basic_filebuf/sgetn/char/2-io.cc execution test FAIL: 27_io/basic_filebuf/sgetn/char/2-io.cc execution test FAIL: 27_io/basic_filebuf/underflow/wchar_t/11603.cc execution test FAIL: 27_io/basic_filebuf/underflow/wchar_t/11603.cc execution test FAIL: 27_io/basic_filebuf/underflow/wchar_t/11603.cc execution test FAIL: 27_io/basic_istream/readsome/char/6746-2.cc execution test FAIL: 27_io/basic_istream/readsome/char/6746-2.cc execution test FAIL: 27_io/basic_istream/readsome/char/6746-2.cc execution test FAIL: 27_io/basic_istream/readsome/wchar_t/6746-2.cc execution test FAIL: 27_io/basic_istream/readsome/wchar_t/6746-2.cc execution test FAIL: 27_io/basic_istream/readsome/wchar_t/6746-2.cc execution test FAIL: 27_io/basic_ostream/inserters_arithmetic/wchar_t/4402.cc execution test FAIL: 27_io/basic_ostream/inserters_arithmetic/wchar_t/4402.cc execution test FAIL: 27_io/basic_ostream/inserters_arithmetic/wchar_t/4402.cc execution test FAIL: ext/bitmap_allocator/variadic_construct.cc execution test FAIL: ext/codecvt/1.cc (test for excess errors) WARNING: ext/codecvt/1.cc compilation failed to produce executable FAIL: ext/codecvt/char-1.cc (test for excess errors) WARNING: ext/codecvt/char-1.cc compilation failed to produce executable FAIL: ext/codecvt/char-2.cc (test for excess errors) WARNING: ext/codecvt/char-2.cc compilation failed to produce executable FAIL: ext/codecvt/wchar_t.cc (test for excess errors) WARNING: ext/codecvt/wchar_t.cc compilation failed to produce executable FAIL: ext/enc_filebuf/char/13189.cc (test for excess errors) WARNING: ext/enc_filebuf/char/13189.cc compilation failed to produce executable FAIL: ext/enc_filebuf/char/13189.cc (test for excess errors) WARNING: ext/enc_filebuf/char/13189.cc compilation failed to produce executable FAIL: ext/enc_filebuf/char/13598.cc (test for excess errors) WARNING: ext/enc_filebuf/char/13598.cc compilation failed to produce executable FAIL: ext/enc_filebuf/char/13598.cc (test for excess errors) WARNING: ext/enc_filebuf/char/13598.cc compilation failed to produce executable FAIL: ext/enc_filebuf/wchar_t/13189.cc (test for excess errors) WARNING: ext/enc_filebuf/wchar_t/13189.cc compilation failed to produce executable FAIL: ext/enc_filebuf/wchar_t/13189.cc (test for excess errors) WARNING: ext/enc_filebuf/wchar_t/13189.cc compilation failed to produce executable WARNING: program timed out. FAIL: ext/rope/pthread7-rope.cc execution test

=== libstdc++ Summary ===

# of expected passes		13155
# of unexpected failures	422
# of unexpected successes	2
# of expected failures		174
# of unsupported tests		1237

Compiler version: 4.5.0 20090505 (experimental) [trunk revision 147122] (GCC)
Platform: i686-pc-cygwin
configure flags: CC=gcc-4 --prefix=/usr/local/gcc-4_5 --enable-threads=posix --enable-languages=c,c++,fortran,objc --disable-libgcj --disable-sjlj-exceptions --with-system-zlib --enable-nls --enable-static --enable-shared --enable-shared-libgcc --enable-__cxa_atexit --disable-libmudflap --enable-version-specific-runtime-libs --without-included-gettext --with-dwarf2 --disable-symvers --enable-libssp --with-mpc --with-ppl --with-cloog



Index Nav: [Date Index] [Subject Index] [Author Index] [Thread Index]
Message Nav: [Date Prev] [Date Next] [Thread Prev] [Thread Next]