This is the mail archive of the gcc-testresults@gcc.gnu.org mailing list for the GCC project.


Index Nav: [Date Index] [Subject Index] [Author Index] [Thread Index]
Message Nav: [Date Prev] [Date Next] [Thread Prev] [Thread Next]
Other format: [Raw text]

Results for 4.5.0 20090428 (experimental) [trunk revision 146915] (GCC) gcc testsuite on powerpc-unknown-eabisim


Debian 4 on x86_64
cross tool versions:
GNU assembler (GNU Binutils) 2.19.51.20090307
GNU gdb (GDB) 6.8.50.20090307-cvs
GNU ld (GNU Binutils) 2.19.51.20090307

GNU Make 3.81
expect version 5.43.0
host gcc version: gcc (GCC) 4.5.0 20090428 (experimental) [trunk revision 146915]
LAST_UPDATED: Tue Apr 28 22:03:05 UTC 2009 (revision 146915)

Target is powerpc-unknown-eabisim
Host   is x86_64-unknown-linux-gnu

		=== gcc tests ===


Running target powerpc-sim
FAIL: gcc.c-torture/execute/20030916-1.c execution,  -O1 
FAIL: gcc.c-torture/execute/20030916-1.c execution,  -O2 
FAIL: gcc.c-torture/execute/20030916-1.c execution,  -Os 
FAIL: gcc.c-torture/execute/nest-align-1.c execution,  -O0 
FAIL: gcc.c-torture/execute/nest-align-1.c execution,  -O1 
FAIL: gcc.c-torture/execute/nest-align-1.c execution,  -O2 
FAIL: gcc.c-torture/execute/nest-align-1.c execution,  -Os 
FAIL: gcc.c-torture/execute/va-arg-22.c execution,  -O3 -fomit-frame-pointer 
FAIL: gcc.c-torture/execute/va-arg-22.c execution,  -O3 -fomit-frame-pointer -funroll-loops 
FAIL: gcc.c-torture/execute/va-arg-22.c execution,  -O3 -fomit-frame-pointer -funroll-all-loops -finline-functions 
FAIL: gcc.c-torture/execute/va-arg-22.c execution,  -O3 -g 
FAIL: gcc.c-torture/execute/ieee/inf-1.c execution,  -O0 
XPASS: gcc.dg/Warray-bounds.c  (test for warnings, line 59)
XPASS: gcc.dg/Warray-bounds.c  (test for warnings, line 65)
FAIL: gcc.dg/and-1.c scan-assembler-not nand
FAIL: gcc.dg/c99-stdint-7.c (test for excess errors)
FAIL: gcc.dg/pr34989-1.c (internal compiler error)
FAIL: gcc.dg/pr34989-1.c (test for excess errors)
FAIL: gcc.dg/profile-generate-3.c (test for excess errors)
FAIL: gcc.dg/sms-5.c scan-rtl-dump-times sms "SMS succeeded" 1
FAIL: gcc.dg/sms-8.c scan-rtl-dump-times sms "SMS succeeded" 1
XPASS: gcc.dg/struct/wo_prof_array_through_pointer.c scan-ipa-dump ipa_struct_reorg "Number of structures to transform is 1"
FAIL: gcc.dg/struct/wo_prof_double_malloc.c (internal compiler error)
FAIL: gcc.dg/struct/wo_prof_double_malloc.c (test for excess errors)
UNRESOLVED: gcc.dg/struct/wo_prof_double_malloc.c compilation failed to produce executable
FAIL: gcc.dg/tree-ssa/vrp47.c scan-tree-dump-times vrp1 "[xy][^ ]* !=" 0
FAIL: gcc.dg/tree-ssa/vrp47.c scan-tree-dump-times dom1 "x[^ ]* & y" 1
FAIL: gcc.dg/vect/pr35821-altivec.c scan-tree-dump-times vect "vectorized 1 loops" 1
FAIL: gcc.dg/vect/vect-reduc-dot-u8b.c (internal compiler error)
FAIL: gcc.dg/vect/vect-reduc-dot-u8b.c (test for excess errors)
FAIL: gcc.dg/vect/slp-perm-1.c (internal compiler error)
FAIL: gcc.dg/vect/slp-perm-1.c (test for excess errors)
FAIL: gcc.dg/vect/slp-perm-2.c (internal compiler error)
FAIL: gcc.dg/vect/slp-perm-2.c (test for excess errors)
FAIL: gcc.dg/vect/slp-perm-3.c (internal compiler error)
FAIL: gcc.dg/vect/slp-perm-3.c (test for excess errors)
FAIL: gcc.dg/vect/slp-perm-8.c (internal compiler error)
FAIL: gcc.dg/vect/slp-perm-8.c (test for excess errors)
FAIL: gcc.dg/vect/slp-perm-8.c scan-tree-dump-times vect "vectorized 1 loops" 2
FAIL: gcc.dg/vect/fast-math-pr35982.c (internal compiler error)
FAIL: gcc.dg/vect/fast-math-pr35982.c (test for excess errors)
FAIL: gcc.dg/vect/fast-math-vect-pr29925.c (internal compiler error)
FAIL: gcc.dg/vect/fast-math-vect-pr29925.c (test for excess errors)
FAIL: gcc.dg/vect/fast-math-vect-reduc-5.c (internal compiler error)
FAIL: gcc.dg/vect/fast-math-vect-reduc-5.c (test for excess errors)
FAIL: gcc.dg/vect/no-scevccp-outer-13.c (internal compiler error)
FAIL: gcc.dg/vect/no-scevccp-outer-13.c (test for excess errors)
FAIL: gcc.dg/vect/no-scevccp-outer-7.c (internal compiler error)
FAIL: gcc.dg/vect/no-scevccp-outer-7.c (test for excess errors)
FAIL: gcc.dg/vect/ggc-pr37574.c (internal compiler error)
FAIL: gcc.dg/vect/ggc-pr37574.c (test for excess errors)
FAIL: gcc.target/powerpc/20020118-1.c execution test
FAIL: gcc.target/powerpc/20050603-3.c scan-assembler-not inm
FAIL: gcc.target/powerpc/405-dlmzb-strlen-1.c scan-assembler dlmzb\\\\. 
FAIL: gcc.target/powerpc/440-dlmzb-strlen-1.c scan-assembler dlmzb\\\\. 
FAIL: gcc.target/powerpc/ppc64-double-1.c scan-assembler-not stfd

		=== gcc Summary ===

# of expected passes		52493
# of unexpected failures	52
# of unexpected successes	3
# of expected failures		142
# of unresolved testcases	1
# of unsupported tests		626
/home/mstein/sim/trunk/powerpc-eabisim/build/gcc/xgcc  version 4.5.0 20090428 (experimental) [trunk revision 146915] (GCC) 


Compiler version: 4.5.0 20090428 (experimental) [trunk revision 146915] (GCC) gcc 
Platform: powerpc-unknown-eabisim
configure flags: --target=powerpc-eabisim --prefix=/home/mstein/cross-local/powerpc-eabisim --enable-languages=c --disable-nls --disable-build-warnings --with-sysroot=/home/mstein/cross-local/powerpc-eabisim --with-build-sysroot=/home/mstein/cross-local/powerpc-eabisim --with-ld=/home/mstein/cross-local/powerpc-eabisim/usr/bin/ld --with-as=/home/mstein/cross-local/powerpc-eabisim/usr/bin/as --disable-libssp --with-mpfr=/opt/cfarm/mpfr-2.3.2


Index Nav: [Date Index] [Subject Index] [Author Index] [Thread Index]
Message Nav: [Date Prev] [Date Next] [Thread Prev] [Thread Next]