This is the mail archive of the
gcc-testresults@gcc.gnu.org
mailing list for the GCC project.
Results for 4.5.0 20090428 (experimental) [trunk revision 146915] (GCC) testsuite on mips64octeon-unknown-linux-gnu
- From: Adam Nemet <anemet at caviumnetworks dot com>
- To: gcc-testresults at gcc dot gnu dot org
- Date: 29 Apr 2009 07:45:58 -0700
- Subject: Results for 4.5.0 20090428 (experimental) [trunk revision 146915] (GCC) testsuite on mips64octeon-unknown-linux-gnu
LAST_UPDATED: Tue Apr 28 21:42:57 UTC 2009 (revision 146915)
Native configuration is mips64octeon-unknown-linux-gnu
=== g++ tests ===
Running target unix
FAIL: g++.dg/ipa/iinline-1.C scan-ipa-dump inline "String::funcOne[^\\n]*inline copy in int main"
=== g++ Summary ===
# of expected passes 19226
# of unexpected failures 1
# of expected failures 140
# of unsupported tests 157
/mnt/src/gcc-clean/mips64octeon-unknown-linux-gnu/gcc/testsuite/g++/../../g++ version 4.5.0 20090428 (experimental) [trunk revision 146915] (GCC)
=== gcc tests ===
Running target unix
FAIL: gcc.c-torture/execute/20030916-1.c execution, -O1
FAIL: gcc.c-torture/execute/20030916-1.c execution, -O2
FAIL: gcc.c-torture/execute/20030916-1.c execution, -Os
FAIL: gcc.c-torture/execute/loop-2f.c execution, -O0
FAIL: gcc.c-torture/execute/loop-2f.c execution, -O1
FAIL: gcc.c-torture/execute/loop-2f.c execution, -O2
FAIL: gcc.c-torture/execute/loop-2f.c execution, -O3 -fomit-frame-pointer
FAIL: gcc.c-torture/execute/loop-2f.c execution, -O3 -fomit-frame-pointer -funroll-loops
FAIL: gcc.c-torture/execute/loop-2f.c execution, -O3 -fomit-frame-pointer -funroll-all-loops -finline-functions
FAIL: gcc.c-torture/execute/loop-2f.c execution, -O3 -g
FAIL: gcc.c-torture/execute/loop-2f.c execution, -Os
FAIL: gcc.c-torture/execute/loop-2g.c execution, -O0
FAIL: gcc.c-torture/execute/loop-2g.c execution, -O1
FAIL: gcc.c-torture/execute/loop-2g.c execution, -O2
FAIL: gcc.c-torture/execute/loop-2g.c execution, -O3 -fomit-frame-pointer
FAIL: gcc.c-torture/execute/loop-2g.c execution, -O3 -fomit-frame-pointer -funroll-loops
FAIL: gcc.c-torture/execute/loop-2g.c execution, -O3 -fomit-frame-pointer -funroll-all-loops -finline-functions
FAIL: gcc.c-torture/execute/loop-2g.c execution, -O3 -g
FAIL: gcc.c-torture/execute/loop-2g.c execution, -Os
XPASS: gcc.dg/Warray-bounds.c (test for warnings, line 59)
XPASS: gcc.dg/Warray-bounds.c (test for warnings, line 65)
FAIL: gcc.dg/pr32912-2.c (internal compiler error)
FAIL: gcc.dg/pr32912-2.c (test for excess errors)
UNRESOLVED: gcc.dg/pr32912-2.c compilation failed to produce executable
FAIL: gcc.dg/pr32912-3.c (internal compiler error)
FAIL: gcc.dg/pr32912-3.c (test for excess errors)
FAIL: gcc.dg/pr32912-3.c scan-tree-dump-not optimized "~{": dump file does not exist
FAIL: gcc.dg/pr34989-1.c (internal compiler error)
FAIL: gcc.dg/pr34989-1.c (test for excess errors)
XPASS: gcc.dg/struct/wo_prof_array_through_pointer.c scan-ipa-dump ipa_struct_reorg "Number of structures to transform is 1"
FAIL: gcc.dg/struct/wo_prof_double_malloc.c (internal compiler error)
FAIL: gcc.dg/struct/wo_prof_double_malloc.c (test for excess errors)
UNRESOLVED: gcc.dg/struct/wo_prof_double_malloc.c compilation failed to produce executable
FAIL: gcc.target/mips/dspr2-MULT.c (internal compiler error)
FAIL: gcc.target/mips/dspr2-MULT.c (test for excess errors)
ERROR: gcc.target/mips/dspr2-MULT.c: error executing dg-final: couldn't open "dspr2-MULT.s": no such file or directory
UNRESOLVED: gcc.target/mips/dspr2-MULT.c: error executing dg-final: couldn't open "dspr2-MULT.s": no such file or directory
FAIL: gcc.target/mips/dspr2-MULTU.c scan-assembler ac2
FAIL: gcc.target/mips/fix-r4000-2.c scan-assembler \\\\tmult\\\\t\\\\\$[45],\\\\\$[45][^\\\\n]+mulsidi3_32bit_r4000[^\\\\n]+\\\\n\\\\tmflo\\\\t\\\\\$3\\\\n\\\\tmfhi\\\\t\\\\\$2\\\\n
FAIL: gcc.target/mips/fix-r4000-4.c scan-assembler \\\\tmult\\\\t\\\\\$[45],\\\\\$[45][^\\\\n]+mulsidi3_32bit_r4000[^\\\\n]+\\\\n\\\\tmflo\\\\t\\\\\$2\\\\n\\\\tmfhi\\\\t\\\\\$3\\\\n
FAIL: gcc.target/mips/fix-r4000-7.c scan-assembler \\\\tdmult\\\\t\\\\\$[45],\\\\\$[45][^\\\\n]+mulditi3[^\\\\n]+\\\\n\\\\tmflo\\\\t\\\\\$3\\\\n\\\\tmfhi\\\\t\\\\\$2\\\\n
FAIL: gcc.target/mips/fix-r4000-9.c scan-assembler \\\\tdmult\\\\t\\\\\$[45],\\\\\$[45][^\\\\n]+mulditi3_r4000[^\\\\n]+\\\\n\\\\tmflo\\\\t\\\\\$2\\\\n\\\\tmfhi\\\\t\\\\\$3\\\\n
FAIL: gcc.target/mips/ins-2.c scan-assembler-times sll | ins 1
FAIL: gcc.target/mips/madd-1.c scan-assembler-times macc \\\$1, 3
FAIL: gcc.target/mips/madd-2.c scan-assembler-times madd 3
FAIL: gcc.target/mips/madd-3.c scan-assembler-times madd 3
FAIL: gcc.target/mips/madd-4.c scan-assembler-times madd \\\$ac 3
FAIL: gcc.target/mips/maddu-1.c scan-assembler-times maccu \\\$1, 3
FAIL: gcc.target/mips/maddu-2.c scan-assembler-times maddu 3
FAIL: gcc.target/mips/maddu-3.c scan-assembler-times maddu 3
FAIL: gcc.target/mips/maddu-4.c scan-assembler-times maddu \\\$ac 3
FAIL: gcc.target/mips/msub-1.c scan-assembler-times msac \\\$0, 2
FAIL: gcc.target/mips/msub-2.c scan-assembler-times msub 2
FAIL: gcc.target/mips/msub-3.c scan-assembler-times msub 2
FAIL: gcc.target/mips/msub-4.c scan-assembler-times msub \\\$ac 2
FAIL: gcc.target/mips/msubu-1.c scan-assembler-times msacu \\\$0, 2
FAIL: gcc.target/mips/msubu-2.c scan-assembler-times msubu 2
FAIL: gcc.target/mips/msubu-3.c scan-assembler-times msubu 2
FAIL: gcc.target/mips/msubu-4.c scan-assembler-times msubu \\\$ac 2
=== gcc Summary ===
# of expected passes 51467
# of unexpected failures 52
# of unexpected successes 3
# of expected failures 70
# of unresolved testcases 3
# of unsupported tests 486
/mnt/src/gcc-clean/mips64octeon-unknown-linux-gnu/gcc/xgcc version 4.5.0 20090428 (experimental) [trunk revision 146915] (GCC)
=== gfortran tests ===
Running target unix
FAIL: gfortran.dg/proc_ptr_5.f90 -O0 execution test
FAIL: gfortran.dg/proc_ptr_5.f90 -O1 execution test
FAIL: gfortran.dg/proc_ptr_5.f90 -O2 execution test
FAIL: gfortran.dg/proc_ptr_5.f90 -O3 -fomit-frame-pointer execution test
FAIL: gfortran.dg/proc_ptr_5.f90 -O3 -fomit-frame-pointer -funroll-loops execution test
FAIL: gfortran.dg/proc_ptr_5.f90 -O3 -fomit-frame-pointer -funroll-all-loops -finline-functions execution test
FAIL: gfortran.dg/proc_ptr_5.f90 -O3 -g execution test
FAIL: gfortran.dg/proc_ptr_5.f90 -Os execution test
WARNING: program timed out.
WARNING: program timed out.
WARNING: program timed out.
WARNING: program timed out.
WARNING: program timed out.
WARNING: program timed out.
WARNING: program timed out.
WARNING: program timed out.
=== gfortran Summary ===
# of expected passes 29763
# of unexpected failures 8
# of expected failures 11
# of unsupported tests 45
/mnt/src/gcc-clean/mips64octeon-unknown-linux-gnu/gcc/testsuite/gfortran/../../gfortran version 4.5.0 20090428 (experimental) [trunk revision 146915] (GCC)
=== objc tests ===
Running target unix
FAIL: objc/execute/forward-1.m execution, -O0 -fgnu-runtime
FAIL: objc/execute/forward-1.m execution, -O1 -fgnu-runtime
FAIL: objc/execute/forward-1.m execution, -O2 -fgnu-runtime
FAIL: objc/execute/forward-1.m execution, -O3 -fomit-frame-pointer -fgnu-runtime
FAIL: objc/execute/forward-1.m execution, -O3 -fomit-frame-pointer -funroll-loops -fgnu-runtime
FAIL: objc/execute/forward-1.m execution, -O3 -fomit-frame-pointer -funroll-all-loops -finline-functions -fgnu-runtime
FAIL: objc/execute/forward-1.m execution, -O3 -g -fgnu-runtime
FAIL: objc/execute/forward-1.m execution, -Os -fgnu-runtime
=== objc Summary ===
# of expected passes 1864
# of unexpected failures 8
# of expected failures 7
# of unsupported tests 24
/mnt/src/gcc-clean/mips64octeon-unknown-linux-gnu/gcc/xgcc version 4.5.0 20090428 (experimental) [trunk revision 146915] (GCC)
=== libffi tests ===
Running target unix
FAIL: libffi.call/closure_fn1.c -O0 -W -Wall output pattern test, is 0 0 0 0 127 0 0 8 9 10 11 12 13 19 21 1 3: 234
FAIL: libffi.call/closure_fn2.c -O0 -W -Wall output pattern test, is 0 0 0 0 127 0 0 8 9 10 11 12 13 19 21 1 3: 234
FAIL: libffi.call/closure_fn3.c -O0 -W -Wall output pattern test, is 0 0 0 0 0 0 0 0 9 10 11 12 13 19 21 1 3: 99
FAIL: libffi.call/closure_fn6.c -O0 -W -Wall output pattern test, is 1 2 3 4 127 0 0 0 9 10 11 12 13 19 21 1 3: 236
FAIL: libffi.call/cls_16byte.c -O0 -W -Wall output pattern test, is 7 0 9 1 0 3: 8 0 12
FAIL: libffi.call/cls_18byte.c -O0 -W -Wall output pattern test, is 1.05807e-314 127 126 1.05807e-314 3.95253e-323 125 124 0: 1.05807e-314 252 250 1.05807e-314
FAIL: libffi.call/cls_19byte.c -O0 -W -Wall output pattern test, is 1.05694e-314 127 126 1.05694e-314 120 0 125 124 2.59029e-319 119: 1.05694e-314 252 250 1.05697e-314 239
FAIL: libffi.call/cls_20byte.c -O0 -W -Wall output pattern test, is 1.05749e-314 0 3 3.95253e-323 0 7: 1.05749e-314 0 10
FAIL: libffi.call/cls_20byte1.c -O0 -W -Wall output pattern test, is 1 0 1.05981e-314 4 0 0: 5 0 1.05981e-314
FAIL: libffi.call/cls_24byte.c -O0 -W -Wall output pattern test, is 1.05776e-314 0 6 5 3.95253e-323 0 3 7 2.62112e-319 5 7 9 8 6 1 9: 8 11 17 25
FAIL: libffi.call/cls_64byte.c -O0 -W -Wall output pattern test, is 13 13 11 20 6 12 12 18
FAIL: libffi.call/cls_9byte1.c -O0 -W -Wall output pattern test, is 7 1.05788e-314 1 1.05788e-314: 8 2.11577e-314
FAIL: libffi.call/cls_9byte2.c -O0 -W -Wall output pattern test, is 1.05924e-314 8 0 9: 1.05924e-314 17
FAIL: libffi.call/cls_align_double.c -O0 -W -Wall output pattern test, is 12 0 127 1 0 13: 13 0 140
FAIL: libffi.call/cls_double.c -O0 -W -Wall output pattern test, is nan: nan
FAIL: libffi.call/cls_float.c -O0 -W -Wall output pattern test, is nan: nan
FAIL: libffi.call/float.c -O0 -W -Wall execution test
FAIL: libffi.call/float1.c -O0 -W -Wall execution test
FAIL: libffi.call/float2.c -O0 -W -Wall execution test
FAIL: libffi.call/float3.c -O0 -W -Wall execution test
FAIL: libffi.call/float4.c -O0 -W -Wall execution test
FAIL: libffi.call/many.c -O0 -W -Wall execution test
FAIL: libffi.call/nested_struct.c -O0 -W -Wall execution test
FAIL: libffi.call/nested_struct1.c -O0 -W -Wall execution test
FAIL: libffi.call/nested_struct4.c -O0 -W -Wall execution test
FAIL: libffi.call/nested_struct6.c -O0 -W -Wall execution test
FAIL: libffi.call/problem1.c -O0 -W -Wall output pattern test, is 1.05912e-314 0 1.05912e-314 3.95253e-323 0 0: 1.05912e-314 0 1.05912e-314
FAIL: libffi.call/return_dbl.c -O0 -W -Wall execution test
FAIL: libffi.call/return_dbl1.c -O0 -W -Wall execution test
FAIL: libffi.call/return_dbl2.c -O0 -W -Wall execution test
FAIL: libffi.call/return_fl.c -O0 -W -Wall execution test
FAIL: libffi.call/return_fl1.c -O0 -W -Wall execution test
FAIL: libffi.call/return_fl2.c -O0 -W -Wall execution test
FAIL: libffi.call/return_fl3.c -O0 -W -Wall execution test
FAIL: libffi.call/return_ldl.c -O0 -W -Wall execution test
FAIL: libffi.call/struct1.c -O0 -W -Wall execution test
FAIL: libffi.call/struct2.c -O0 -W -Wall execution test
FAIL: libffi.call/struct6.c -O0 -W -Wall execution test
FAIL: libffi.call/struct7.c -O0 -W -Wall execution test
FAIL: libffi.call/closure_fn1.c -O2 output pattern test, is 0 0 0 0 127 0 0 8 9 10 11 12 13 19 21 1 3: 234
FAIL: libffi.call/closure_fn2.c -O2 output pattern test, is 0 0 0 0 127 0 0 8 9 10 11 12 13 19 21 1 3: 234
FAIL: libffi.call/closure_fn3.c -O2 output pattern test, is 0 0 0 0 0 0 0 0 9 10 11 12 13 19 21 1 3: 99
FAIL: libffi.call/closure_fn6.c -O2 output pattern test, is 1 2 3 4 127 0 0 0 9 10 11 12 13 19 21 1 3: 236
FAIL: libffi.call/cls_16byte.c -O2 output pattern test, is 7 0 9 1 0 3: 8 0 12
FAIL: libffi.call/cls_18byte.c -O2 output pattern test, is 1.05602e-314 127 126 1.05602e-314 3.95253e-323 125 124 0: 1.05602e-314 252 250 1.05602e-314
FAIL: libffi.call/cls_19byte.c -O2 output pattern test, is 1.05864e-314 127 126 1.05864e-314 120 0 125 124 2.59029e-319 119: 1.05864e-314 252 250 1.05867e-314 239
FAIL: libffi.call/cls_20byte.c -O2 output pattern test, is 1.05879e-314 0 3 3.95253e-323 0 7: 1.05879e-314 0 10
FAIL: libffi.call/cls_20byte1.c -O2 output pattern test, is 1 0 1.05753e-314 4 0 0: 5 0 1.05753e-314
FAIL: libffi.call/cls_24byte.c -O2 output pattern test, is 1.0596e-314 0 6 5 3.95253e-323 0 3 7 2.62112e-319 5 7 9 8 6 1 9: 8 11 17 25
FAIL: libffi.call/cls_64byte.c -O2 output pattern test, is 13 13 11 20 6 12 12 18
FAIL: libffi.call/cls_9byte1.c -O2 output pattern test, is 7 1.0559e-314 1 1.0559e-314: 8 2.1118e-314
FAIL: libffi.call/cls_9byte2.c -O2 output pattern test, is 1.05821e-314 8 0 9: 1.05821e-314 17
FAIL: libffi.call/cls_align_double.c -O2 output pattern test, is 12 0 127 1 0 13: 13 0 140
FAIL: libffi.call/cls_double.c -O2 output pattern test, is nan: nan
FAIL: libffi.call/cls_float.c -O2 output pattern test, is nan: nan
FAIL: libffi.call/float.c -O2 execution test
FAIL: libffi.call/float1.c -O2 execution test
FAIL: libffi.call/float2.c -O2 execution test
FAIL: libffi.call/float3.c -O2 execution test
FAIL: libffi.call/float4.c -O2 execution test
FAIL: libffi.call/many.c -O2 execution test
FAIL: libffi.call/nested_struct.c -O2 execution test
FAIL: libffi.call/nested_struct1.c -O2 execution test
FAIL: libffi.call/nested_struct4.c -O2 execution test
FAIL: libffi.call/nested_struct6.c -O2 execution test
FAIL: libffi.call/problem1.c -O2 output pattern test, is 1.05819e-314 0 1.05819e-314 3.95253e-323 0 0: 1.05819e-314 0 1.05819e-314
FAIL: libffi.call/return_dbl.c -O2 execution test
FAIL: libffi.call/return_dbl1.c -O2 execution test
FAIL: libffi.call/return_dbl2.c -O2 execution test
FAIL: libffi.call/return_fl.c -O2 execution test
FAIL: libffi.call/return_fl1.c -O2 execution test
FAIL: libffi.call/return_fl2.c -O2 execution test
FAIL: libffi.call/return_fl3.c -O2 execution test
FAIL: libffi.call/return_ldl.c -O2 execution test
FAIL: libffi.call/struct1.c -O2 execution test
FAIL: libffi.call/struct2.c -O2 execution test
FAIL: libffi.call/struct6.c -O2 execution test
FAIL: libffi.call/struct7.c -O2 execution test
FAIL: libffi.call/closure_fn1.c -O3 output pattern test, is 0 0 0 0 127 0 0 8 9 10 11 12 13 19 21 1 3: 234
FAIL: libffi.call/closure_fn2.c -O3 output pattern test, is 0 0 0 0 127 0 0 8 9 10 11 12 13 19 21 1 3: 234
FAIL: libffi.call/closure_fn3.c -O3 output pattern test, is 0 0 0 0 0 0 0 0 9 10 11 12 13 19 21 1 3: 99
FAIL: libffi.call/closure_fn6.c -O3 output pattern test, is 1 2 3 4 127 0 0 0 9 10 11 12 13 19 21 1 3: 236
FAIL: libffi.call/cls_16byte.c -O3 output pattern test, is 7 0 9 1 0 3: 8 0 12
FAIL: libffi.call/cls_18byte.c -O3 output pattern test, is 1.05595e-314 127 126 1.05595e-314 3.95253e-323 125 124 0: 1.05595e-314 252 250 1.05595e-314
FAIL: libffi.call/cls_19byte.c -O3 output pattern test, is 1.05731e-314 127 126 1.05731e-314 120 0 125 124 2.59029e-319 119: 1.05731e-314 252 250 1.05733e-314 239
FAIL: libffi.call/cls_20byte.c -O3 output pattern test, is 1.05806e-314 0 3 3.95253e-323 0 7: 1.05806e-314 0 10
FAIL: libffi.call/cls_20byte1.c -O3 output pattern test, is 1 0 1.05582e-314 4 0 0: 5 0 1.05582e-314
FAIL: libffi.call/cls_24byte.c -O3 output pattern test, is 1.05841e-314 0 6 5 3.95253e-323 0 3 7 2.62112e-319 5 7 9 8 6 1 9: 8 11 17 25
FAIL: libffi.call/cls_64byte.c -O3 output pattern test, is 13 13 11 20 6 12 12 18
FAIL: libffi.call/cls_9byte1.c -O3 output pattern test, is 7 1.05798e-314 1 1.05798e-314: 8 2.11596e-314
FAIL: libffi.call/cls_9byte2.c -O3 output pattern test, is 1.05705e-314 8 0 9: 1.05705e-314 17
FAIL: libffi.call/cls_align_double.c -O3 output pattern test, is 12 0 127 1 0 13: 13 0 140
FAIL: libffi.call/cls_double.c -O3 output pattern test, is nan: nan
FAIL: libffi.call/cls_float.c -O3 output pattern test, is nan: nan
FAIL: libffi.call/float.c -O3 execution test
FAIL: libffi.call/float1.c -O3 execution test
FAIL: libffi.call/float2.c -O3 execution test
FAIL: libffi.call/float3.c -O3 execution test
FAIL: libffi.call/float4.c -O3 execution test
FAIL: libffi.call/many.c -O3 execution test
FAIL: libffi.call/nested_struct.c -O3 execution test
FAIL: libffi.call/nested_struct1.c -O3 execution test
FAIL: libffi.call/nested_struct4.c -O3 execution test
FAIL: libffi.call/nested_struct6.c -O3 execution test
FAIL: libffi.call/problem1.c -O3 output pattern test, is 1.05846e-314 0 1.05846e-314 3.95253e-323 0 0: 1.05846e-314 0 1.05846e-314
FAIL: libffi.call/return_dbl.c -O3 execution test
FAIL: libffi.call/return_dbl1.c -O3 execution test
FAIL: libffi.call/return_dbl2.c -O3 execution test
FAIL: libffi.call/return_fl.c -O3 execution test
FAIL: libffi.call/return_fl1.c -O3 execution test
FAIL: libffi.call/return_fl2.c -O3 execution test
FAIL: libffi.call/return_fl3.c -O3 execution test
FAIL: libffi.call/return_ldl.c -O3 execution test
FAIL: libffi.call/struct1.c -O3 execution test
FAIL: libffi.call/struct2.c -O3 execution test
FAIL: libffi.call/struct6.c -O3 execution test
FAIL: libffi.call/struct7.c -O3 execution test
FAIL: libffi.call/closure_fn1.c -Os output pattern test, is 0 0 0 0 127 0 0 8 9 10 11 12 13 19 21 1 3: 234
FAIL: libffi.call/closure_fn2.c -Os output pattern test, is 0 0 0 0 127 0 0 8 9 10 11 12 13 19 21 1 3: 234
FAIL: libffi.call/closure_fn3.c -Os output pattern test, is 0 0 0 0 0 0 0 0 9 10 11 12 13 19 21 1 3: 99
FAIL: libffi.call/closure_fn6.c -Os output pattern test, is 1 2 3 4 127 0 0 0 9 10 11 12 13 19 21 1 3: 236
FAIL: libffi.call/cls_16byte.c -Os output pattern test, is 7 0 9 1 0 3: 8 0 12
FAIL: libffi.call/cls_18byte.c -Os output pattern test, is 1.0597e-314 127 126 1.0597e-314 3.95253e-323 125 124 0: 1.0597e-314 252 250 1.0597e-314
FAIL: libffi.call/cls_19byte.c -Os output pattern test, is 1.05839e-314 127 126 1.05839e-314 120 0 125 124 2.59029e-319 119: 1.05839e-314 252 250 1.05841e-314 239
FAIL: libffi.call/cls_20byte.c -Os output pattern test, is 1.05581e-314 0 3 3.95253e-323 0 7: 1.05581e-314 0 10
FAIL: libffi.call/cls_20byte1.c -Os output pattern test, is 1 0 1.0576e-314 4 0 0: 5 0 1.0576e-314
FAIL: libffi.call/cls_24byte.c -Os output pattern test, is 1.05696e-314 0 6 5 3.95253e-323 0 3 7 2.62112e-319 5 7 9 8 6 1 9: 8 11 17 25
FAIL: libffi.call/cls_64byte.c -Os output pattern test, is 13 13 11 20 6 12 12 18
FAIL: libffi.call/cls_9byte1.c -Os output pattern test, is 7 1.05975e-314 1 1.05975e-314: 8 2.1195e-314
FAIL: libffi.call/cls_9byte2.c -Os output pattern test, is 1.05777e-314 8 0 9: 1.05777e-314 17
FAIL: libffi.call/cls_align_double.c -Os output pattern test, is 12 0 127 1 0 13: 13 0 140
FAIL: libffi.call/cls_double.c -Os output pattern test, is nan: nan
FAIL: libffi.call/cls_float.c -Os output pattern test, is nan: nan
FAIL: libffi.call/float.c -Os execution test
FAIL: libffi.call/float1.c -Os execution test
FAIL: libffi.call/float2.c -Os execution test
FAIL: libffi.call/float3.c -Os execution test
FAIL: libffi.call/float4.c -Os execution test
FAIL: libffi.call/many.c -Os execution test
FAIL: libffi.call/nested_struct.c -Os execution test
FAIL: libffi.call/nested_struct1.c -Os execution test
FAIL: libffi.call/nested_struct4.c -Os execution test
FAIL: libffi.call/nested_struct6.c -Os execution test
FAIL: libffi.call/problem1.c -Os output pattern test, is 1.05599e-314 0 1.05599e-314 3.95253e-323 0 0: 1.05599e-314 0 1.05599e-314
FAIL: libffi.call/return_dbl.c -Os execution test
FAIL: libffi.call/return_dbl1.c -Os execution test
FAIL: libffi.call/return_dbl2.c -Os execution test
FAIL: libffi.call/return_fl.c -Os execution test
FAIL: libffi.call/return_fl1.c -Os execution test
FAIL: libffi.call/return_fl2.c -Os execution test
FAIL: libffi.call/return_fl3.c -Os execution test
FAIL: libffi.call/return_ldl.c -Os execution test
FAIL: libffi.call/struct1.c -Os execution test
FAIL: libffi.call/struct2.c -Os execution test
FAIL: libffi.call/struct6.c -Os execution test
FAIL: libffi.call/struct7.c -Os execution test
FAIL: libffi.call/closure_fn1.c -O2 -fomit-frame-pointer output pattern test, is 0 0 0 0 127 0 0 8 9 10 11 12 13 19 21 1 3: 234
FAIL: libffi.call/closure_fn2.c -O2 -fomit-frame-pointer output pattern test, is 0 0 0 0 127 0 0 8 9 10 11 12 13 19 21 1 3: 234
FAIL: libffi.call/closure_fn3.c -O2 -fomit-frame-pointer output pattern test, is 0 0 0 0 0 0 0 0 9 10 11 12 13 19 21 1 3: 99
FAIL: libffi.call/closure_fn6.c -O2 -fomit-frame-pointer output pattern test, is 1 2 3 4 127 0 0 0 9 10 11 12 13 19 21 1 3: 236
FAIL: libffi.call/cls_16byte.c -O2 -fomit-frame-pointer output pattern test, is 7 0 9 1 0 3: 8 0 12
FAIL: libffi.call/cls_18byte.c -O2 -fomit-frame-pointer output pattern test, is 1.05798e-314 127 126 1.05798e-314 3.95253e-323 125 124 0: 1.05798e-314 252 250 1.05798e-314
FAIL: libffi.call/cls_19byte.c -O2 -fomit-frame-pointer output pattern test, is 1.05601e-314 127 126 1.05601e-314 120 0 125 124 2.59029e-319 119: 1.05601e-314 252 250 1.05604e-314 239
FAIL: libffi.call/cls_20byte.c -O2 -fomit-frame-pointer output pattern test, is 1.05769e-314 0 3 3.95253e-323 0 7: 1.05769e-314 0 10
FAIL: libffi.call/cls_20byte1.c -O2 -fomit-frame-pointer output pattern test, is 1 0 1.05755e-314 4 0 0: 5 0 1.05755e-314
FAIL: libffi.call/cls_24byte.c -O2 -fomit-frame-pointer output pattern test, is 1.05789e-314 0 6 5 3.95253e-323 0 3 7 2.62112e-319 5 7 9 8 6 1 9: 8 11 17 25
FAIL: libffi.call/cls_64byte.c -O2 -fomit-frame-pointer output pattern test, is 13 13 11 20 6 12 12 18
FAIL: libffi.call/cls_9byte1.c -O2 -fomit-frame-pointer output pattern test, is 7 1.05805e-314 1 1.05805e-314: 8 2.1161e-314
FAIL: libffi.call/cls_9byte2.c -O2 -fomit-frame-pointer output pattern test, is 1.05785e-314 8 0 9: 1.05785e-314 17
FAIL: libffi.call/cls_align_double.c -O2 -fomit-frame-pointer output pattern test, is 12 0 127 1 0 13: 13 0 140
FAIL: libffi.call/cls_double.c -O2 -fomit-frame-pointer output pattern test, is nan: nan
FAIL: libffi.call/cls_float.c -O2 -fomit-frame-pointer output pattern test, is nan: nan
FAIL: libffi.call/float.c -O2 -fomit-frame-pointer execution test
FAIL: libffi.call/float1.c -O2 -fomit-frame-pointer execution test
FAIL: libffi.call/float2.c -O2 -fomit-frame-pointer execution test
FAIL: libffi.call/float3.c -O2 -fomit-frame-pointer execution test
FAIL: libffi.call/float4.c -O2 -fomit-frame-pointer execution test
FAIL: libffi.call/many.c -O2 -fomit-frame-pointer execution test
FAIL: libffi.call/nested_struct.c -O2 -fomit-frame-pointer execution test
FAIL: libffi.call/nested_struct1.c -O2 -fomit-frame-pointer execution test
FAIL: libffi.call/nested_struct4.c -O2 -fomit-frame-pointer execution test
FAIL: libffi.call/nested_struct6.c -O2 -fomit-frame-pointer execution test
FAIL: libffi.call/problem1.c -O2 -fomit-frame-pointer output pattern test, is 1.05668e-314 0 1.05668e-314 3.95253e-323 0 0: 1.05668e-314 0 1.05668e-314
FAIL: libffi.call/return_dbl.c -O2 -fomit-frame-pointer execution test
FAIL: libffi.call/return_dbl1.c -O2 -fomit-frame-pointer execution test
FAIL: libffi.call/return_dbl2.c -O2 -fomit-frame-pointer execution test
FAIL: libffi.call/return_fl.c -O2 -fomit-frame-pointer execution test
FAIL: libffi.call/return_fl1.c -O2 -fomit-frame-pointer execution test
FAIL: libffi.call/return_fl2.c -O2 -fomit-frame-pointer execution test
FAIL: libffi.call/return_fl3.c -O2 -fomit-frame-pointer execution test
FAIL: libffi.call/return_ldl.c -O2 -fomit-frame-pointer execution test
FAIL: libffi.call/struct1.c -O2 -fomit-frame-pointer execution test
FAIL: libffi.call/struct2.c -O2 -fomit-frame-pointer execution test
FAIL: libffi.call/struct6.c -O2 -fomit-frame-pointer execution test
FAIL: libffi.call/struct7.c -O2 -fomit-frame-pointer execution test
FAIL: libffi.special/unwindtest.cc -shared-libgcc -lstdc++ execution test
FAIL: libffi.special/unwindtest.cc -shared-libgcc -lstdc++ execution test
FAIL: libffi.special/unwindtest.cc -shared-libgcc -lstdc++ execution test
FAIL: libffi.special/unwindtest.cc -shared-libgcc -lstdc++ execution test
=== libffi Summary ===
# of expected passes 1166
# of unexpected failures 199
# of unsupported tests 10
=== libgomp tests ===
Running target unix
FAIL: libgomp.c/reduction-2.c execution test
FAIL: libgomp.c++/collapse-2.C -O0 execution test
FAIL: libgomp.c++/reduction-1.C -O execution test
FAIL: libgomp.c++/reduction-2.C -O execution test
FAIL: libgomp.c++/task-4.C -O (internal compiler error)
FAIL: libgomp.c++/task-4.C -O (test for excess errors)
UNRESOLVED: libgomp.c++/task-4.C -O compilation failed to produce executable
FAIL: libgomp.fortran/omp_parse1.f90 -O1 execution test
FAIL: libgomp.fortran/pr27395-1.f90 -O1 execution test
FAIL: libgomp.fortran/pr27395-1.f90 -O2 execution test
FAIL: libgomp.fortran/pr27395-1.f90 -O3 -fomit-frame-pointer execution test
FAIL: libgomp.fortran/pr27395-1.f90 -O3 -fomit-frame-pointer -funroll-loops execution test
FAIL: libgomp.fortran/pr27395-1.f90 -O3 -fomit-frame-pointer -funroll-all-loops -finline-functions execution test
FAIL: libgomp.fortran/pr27395-1.f90 -O3 -g execution test
FAIL: libgomp.fortran/pr27395-1.f90 -Os execution test
FAIL: libgomp.fortran/pr27395-2.f90 -O2 execution test
FAIL: libgomp.fortran/pr27395-2.f90 -O3 -fomit-frame-pointer -funroll-loops execution test
FAIL: libgomp.fortran/pr27395-2.f90 -O3 -fomit-frame-pointer -funroll-all-loops -finline-functions execution test
WARNING: program timed out.
FAIL: libgomp.fortran/strassen.f90 -O execution test
=== libgomp Summary ===
# of expected passes 2390
# of unexpected failures 18
# of unresolved testcases 1
=== libjava tests ===
Running target unix
FAIL: calls output
FAIL: InvokeReturn output - source compiled test
FAIL: InvokeReturn -findirect-dispatch output - source compiled test
FAIL: InvokeReturn -O3 output - source compiled test
FAIL: InvokeReturn -O3 -findirect-dispatch output - source compiled test
=== libjava Summary ===
# of expected passes 2567
# of unexpected failures 5
=== libmudflap tests ===
Running target unix
FAIL: libmudflap.c/fail17-frag.c (-static) (test for excess errors)
WARNING: libmudflap.c/fail17-frag.c (-static) compilation failed to produce executable
FAIL: libmudflap.c/fail23-frag.c (-static) (test for excess errors)
WARNING: libmudflap.c/fail23-frag.c (-static) compilation failed to produce executable
FAIL: libmudflap.c/fail25-frag.c (-static) (test for excess errors)
WARNING: libmudflap.c/fail25-frag.c (-static) compilation failed to produce executable
FAIL: libmudflap.c/fail4-frag.c (-static) (test for excess errors)
WARNING: libmudflap.c/fail4-frag.c (-static) compilation failed to produce executable
FAIL: libmudflap.c/fail5-frag.c (-static) (test for excess errors)
WARNING: libmudflap.c/fail5-frag.c (-static) compilation failed to produce executable
FAIL: libmudflap.c/fail6-frag.c (-static) (test for excess errors)
WARNING: libmudflap.c/fail6-frag.c (-static) compilation failed to produce executable
FAIL: libmudflap.c/fail7-frag.c (-static) (test for excess errors)
WARNING: libmudflap.c/fail7-frag.c (-static) compilation failed to produce executable
FAIL: libmudflap.c/fail8-frag.c (-static) (test for excess errors)
WARNING: libmudflap.c/fail8-frag.c (-static) compilation failed to produce executable
FAIL: libmudflap.c/fail9-frag.c (-static) (test for excess errors)
WARNING: libmudflap.c/fail9-frag.c (-static) compilation failed to produce executable
FAIL: libmudflap.c/heap-scalestress.c (-static) (test for excess errors)
WARNING: libmudflap.c/heap-scalestress.c (-static) compilation failed to produce executable
FAIL: libmudflap.c/hook-allocstuff.c (-static) (test for excess errors)
WARNING: libmudflap.c/hook-allocstuff.c (-static) compilation failed to produce executable
FAIL: libmudflap.c/pass-stratcliff.c (-static) (test for excess errors)
WARNING: libmudflap.c/pass-stratcliff.c (-static) compilation failed to produce executable
FAIL: libmudflap.c/pass30-frag.c (-static) (test for excess errors)
WARNING: libmudflap.c/pass30-frag.c (-static) compilation failed to produce executable
FAIL: libmudflap.c/pass30-frag.c (-static) (test for excess errors)
WARNING: libmudflap.c/pass30-frag.c (-static) compilation failed to produce executable
FAIL: libmudflap.c/pass4-frag.c (-static) (test for excess errors)
WARNING: libmudflap.c/pass4-frag.c (-static) compilation failed to produce executable
FAIL: libmudflap.c/pass4-frag.c (-static) (test for excess errors)
WARNING: libmudflap.c/pass4-frag.c (-static) compilation failed to produce executable
FAIL: libmudflap.c/pass45-frag.c (-static) (test for excess errors)
WARNING: libmudflap.c/pass45-frag.c (-static) compilation failed to produce executable
FAIL: libmudflap.c/pass45-frag.c (-static) (test for excess errors)
WARNING: libmudflap.c/pass45-frag.c (-static) compilation failed to produce executable
FAIL: libmudflap.c/pass46-frag.c (-static) (test for excess errors)
WARNING: libmudflap.c/pass46-frag.c (-static) compilation failed to produce executable
FAIL: libmudflap.c/pass46-frag.c (-static) (test for excess errors)
WARNING: libmudflap.c/pass46-frag.c (-static) compilation failed to produce executable
FAIL: libmudflap.c/pass47-frag.c (-static) (test for excess errors)
WARNING: libmudflap.c/pass47-frag.c (-static) compilation failed to produce executable
FAIL: libmudflap.c/pass47-frag.c (-static) (test for excess errors)
WARNING: libmudflap.c/pass47-frag.c (-static) compilation failed to produce executable
FAIL: libmudflap.c/pass49-frag.c (-static) (test for excess errors)
WARNING: libmudflap.c/pass49-frag.c (-static) compilation failed to produce executable
FAIL: libmudflap.c/pass49-frag.c (-static) (test for excess errors)
WARNING: libmudflap.c/pass49-frag.c (-static) compilation failed to produce executable
FAIL: libmudflap.c/pass5-frag.c (-static) (test for excess errors)
WARNING: libmudflap.c/pass5-frag.c (-static) compilation failed to produce executable
FAIL: libmudflap.c/pass5-frag.c (-static) (test for excess errors)
WARNING: libmudflap.c/pass5-frag.c (-static) compilation failed to produce executable
FAIL: libmudflap.c/pass51-frag.c (-static) (test for excess errors)
WARNING: libmudflap.c/pass51-frag.c (-static) compilation failed to produce executable
FAIL: libmudflap.c/pass51-frag.c (-static) (test for excess errors)
WARNING: libmudflap.c/pass51-frag.c (-static) compilation failed to produce executable
FAIL: libmudflap.c/pass52-frag.c (-static) (test for excess errors)
WARNING: libmudflap.c/pass52-frag.c (-static) compilation failed to produce executable
FAIL: libmudflap.c/pass52-frag.c (-static) (test for excess errors)
WARNING: libmudflap.c/pass52-frag.c (-static) compilation failed to produce executable
FAIL: libmudflap.c/pass6-frag.c (-static) (test for excess errors)
WARNING: libmudflap.c/pass6-frag.c (-static) compilation failed to produce executable
FAIL: libmudflap.c/pass6-frag.c (-static) (test for excess errors)
WARNING: libmudflap.c/pass6-frag.c (-static) compilation failed to produce executable
FAIL: libmudflap.c/pass7-frag.c (-static) (test for excess errors)
WARNING: libmudflap.c/pass7-frag.c (-static) compilation failed to produce executable
FAIL: libmudflap.c/pass7-frag.c (-static) (test for excess errors)
WARNING: libmudflap.c/pass7-frag.c (-static) compilation failed to produce executable
FAIL: libmudflap.c/pass8-frag.c (-static) (test for excess errors)
WARNING: libmudflap.c/pass8-frag.c (-static) compilation failed to produce executable
FAIL: libmudflap.c/pass8-frag.c (-static) (test for excess errors)
WARNING: libmudflap.c/pass8-frag.c (-static) compilation failed to produce executable
FAIL: libmudflap.c/pass9-frag.c (-static) (test for excess errors)
WARNING: libmudflap.c/pass9-frag.c (-static) compilation failed to produce executable
FAIL: libmudflap.c/pass9-frag.c (-static) (test for excess errors)
WARNING: libmudflap.c/pass9-frag.c (-static) compilation failed to produce executable
FAIL: libmudflap.c++/pass41-frag.cxx execution test
FAIL: libmudflap.c++/fail24-frag.cxx (-static) (test for excess errors)
WARNING: libmudflap.c++/fail24-frag.cxx (-static) compilation failed to produce executable
FAIL: libmudflap.c++/pass31-frag.cxx (-static) (test for excess errors)
WARNING: libmudflap.c++/pass31-frag.cxx (-static) compilation failed to produce executable
FAIL: libmudflap.c++/pass41-frag.cxx (-static) execution test
FAIL: libmudflap.c++/pass41-frag.cxx (-O2) execution test
FAIL: libmudflap.c++/pass41-frag.cxx (-O3) execution test
WARNING: program timed out.
FAIL: libmudflap.cth/pass37-frag.c execution test
FAIL: libmudflap.cth/pass37-frag.c output pattern test
WARNING: program timed out.
FAIL: libmudflap.cth/pass37-frag.c (rerun 1) execution test
FAIL: libmudflap.cth/pass37-frag.c (rerun 1) output pattern test
WARNING: program timed out.
FAIL: libmudflap.cth/pass37-frag.c (rerun 2) execution test
FAIL: libmudflap.cth/pass37-frag.c (rerun 2) output pattern test
WARNING: program timed out.
FAIL: libmudflap.cth/pass37-frag.c (rerun 3) execution test
FAIL: libmudflap.cth/pass37-frag.c (rerun 3) output pattern test
WARNING: program timed out.
FAIL: libmudflap.cth/pass37-frag.c (rerun 4) execution test
FAIL: libmudflap.cth/pass37-frag.c (rerun 4) output pattern test
WARNING: program timed out.
FAIL: libmudflap.cth/pass37-frag.c (rerun 5) execution test
FAIL: libmudflap.cth/pass37-frag.c (rerun 5) output pattern test
WARNING: program timed out.
FAIL: libmudflap.cth/pass37-frag.c (rerun 6) execution test
FAIL: libmudflap.cth/pass37-frag.c (rerun 6) output pattern test
WARNING: program timed out.
FAIL: libmudflap.cth/pass37-frag.c (rerun 7) execution test
FAIL: libmudflap.cth/pass37-frag.c (rerun 7) output pattern test
WARNING: program timed out.
FAIL: libmudflap.cth/pass37-frag.c (rerun 8) execution test
FAIL: libmudflap.cth/pass37-frag.c (rerun 8) output pattern test
WARNING: program timed out.
FAIL: libmudflap.cth/pass37-frag.c (rerun 9) execution test
FAIL: libmudflap.cth/pass37-frag.c (rerun 9) output pattern test
WARNING: program timed out.
FAIL: libmudflap.cth/pass37-frag.c (rerun 10) execution test
FAIL: libmudflap.cth/pass37-frag.c (rerun 10) output pattern test
WARNING: program timed out.
FAIL: libmudflap.cth/pass37-frag.c (rerun 11) execution test
FAIL: libmudflap.cth/pass37-frag.c (rerun 11) output pattern test
WARNING: program timed out.
FAIL: libmudflap.cth/pass37-frag.c (rerun 12) execution test
FAIL: libmudflap.cth/pass37-frag.c (rerun 12) output pattern test
WARNING: program timed out.
FAIL: libmudflap.cth/pass37-frag.c (rerun 13) execution test
FAIL: libmudflap.cth/pass37-frag.c (rerun 13) output pattern test
WARNING: program timed out.
FAIL: libmudflap.cth/pass37-frag.c (rerun 14) execution test
FAIL: libmudflap.cth/pass37-frag.c (rerun 14) output pattern test
WARNING: program timed out.
FAIL: libmudflap.cth/pass37-frag.c (rerun 15) execution test
FAIL: libmudflap.cth/pass37-frag.c (rerun 15) output pattern test
WARNING: program timed out.
FAIL: libmudflap.cth/pass37-frag.c (rerun 16) execution test
FAIL: libmudflap.cth/pass37-frag.c (rerun 16) output pattern test
WARNING: program timed out.
FAIL: libmudflap.cth/pass37-frag.c (rerun 17) execution test
FAIL: libmudflap.cth/pass37-frag.c (rerun 17) output pattern test
WARNING: program timed out.
FAIL: libmudflap.cth/pass37-frag.c (rerun 18) execution test
FAIL: libmudflap.cth/pass37-frag.c (rerun 18) output pattern test
WARNING: program timed out.
FAIL: libmudflap.cth/pass37-frag.c (rerun 19) execution test
FAIL: libmudflap.cth/pass37-frag.c (rerun 19) output pattern test
WARNING: program timed out.
FAIL: libmudflap.cth/pass39-frag.c execution test
FAIL: libmudflap.cth/pass39-frag.c output pattern test
WARNING: program timed out.
FAIL: libmudflap.cth/pass39-frag.c (rerun 1) execution test
FAIL: libmudflap.cth/pass39-frag.c (rerun 1) output pattern test
WARNING: program timed out.
FAIL: libmudflap.cth/pass39-frag.c (rerun 2) execution test
FAIL: libmudflap.cth/pass39-frag.c (rerun 2) output pattern test
WARNING: program timed out.
FAIL: libmudflap.cth/pass39-frag.c (rerun 3) execution test
FAIL: libmudflap.cth/pass39-frag.c (rerun 3) output pattern test
WARNING: program timed out.
FAIL: libmudflap.cth/pass39-frag.c (rerun 4) execution test
FAIL: libmudflap.cth/pass39-frag.c (rerun 4) output pattern test
WARNING: program timed out.
FAIL: libmudflap.cth/pass39-frag.c (rerun 5) execution test
FAIL: libmudflap.cth/pass39-frag.c (rerun 5) output pattern test
WARNING: program timed out.
FAIL: libmudflap.cth/pass39-frag.c (rerun 6) execution test
FAIL: libmudflap.cth/pass39-frag.c (rerun 6) output pattern test
WARNING: program timed out.
FAIL: libmudflap.cth/pass39-frag.c (rerun 7) execution test
FAIL: libmudflap.cth/pass39-frag.c (rerun 7) output pattern test
WARNING: program timed out.
FAIL: libmudflap.cth/pass39-frag.c (rerun 8) execution test
FAIL: libmudflap.cth/pass39-frag.c (rerun 8) output pattern test
WARNING: program timed out.
FAIL: libmudflap.cth/pass39-frag.c (rerun 9) execution test
FAIL: libmudflap.cth/pass39-frag.c (rerun 9) output pattern test
WARNING: program timed out.
FAIL: libmudflap.cth/pass39-frag.c (rerun 10) execution test
FAIL: libmudflap.cth/pass39-frag.c (rerun 10) output pattern test
WARNING: program timed out.
FAIL: libmudflap.cth/pass39-frag.c (rerun 11) execution test
FAIL: libmudflap.cth/pass39-frag.c (rerun 11) output pattern test
WARNING: program timed out.
FAIL: libmudflap.cth/pass39-frag.c (rerun 12) execution test
FAIL: libmudflap.cth/pass39-frag.c (rerun 12) output pattern test
WARNING: program timed out.
FAIL: libmudflap.cth/pass39-frag.c (rerun 13) execution test
FAIL: libmudflap.cth/pass39-frag.c (rerun 13) output pattern test
WARNING: program timed out.
FAIL: libmudflap.cth/pass39-frag.c (rerun 14) execution test
FAIL: libmudflap.cth/pass39-frag.c (rerun 14) output pattern test
WARNING: program timed out.
FAIL: libmudflap.cth/pass39-frag.c (rerun 15) execution test
FAIL: libmudflap.cth/pass39-frag.c (rerun 15) output pattern test
WARNING: program timed out.
FAIL: libmudflap.cth/pass39-frag.c (rerun 16) execution test
FAIL: libmudflap.cth/pass39-frag.c (rerun 16) output pattern test
WARNING: program timed out.
FAIL: libmudflap.cth/pass39-frag.c (rerun 17) execution test
FAIL: libmudflap.cth/pass39-frag.c (rerun 17) output pattern test
WARNING: program timed out.
FAIL: libmudflap.cth/pass39-frag.c (rerun 18) execution test
FAIL: libmudflap.cth/pass39-frag.c (rerun 18) output pattern test
WARNING: program timed out.
FAIL: libmudflap.cth/pass39-frag.c (rerun 19) execution test
FAIL: libmudflap.cth/pass39-frag.c (rerun 19) output pattern test
WARNING: program timed out.
FAIL: libmudflap.cth/pass40-frag.c execution test
WARNING: program timed out.
FAIL: libmudflap.cth/pass59-frag.c execution test
FAIL: libmudflap.cth/pass59-frag.c output pattern test
FAIL: libmudflap.cth/pass37-frag.c (-static -DSTATIC) (test for excess errors)
FAIL: libmudflap.cth/pass39-frag.c (-static -DSTATIC) (test for excess errors)
FAIL: libmudflap.cth/pass40-frag.c (-static -DSTATIC) (test for excess errors)
FAIL: libmudflap.cth/pass59-frag.c (-static -DSTATIC) (test for excess errors)
WARNING: program timed out.
FAIL: libmudflap.cth/pass37-frag.c (-O2) execution test
FAIL: libmudflap.cth/pass37-frag.c (-O2) output pattern test
WARNING: program timed out.
FAIL: libmudflap.cth/pass37-frag.c (-O2) (rerun 1) execution test
FAIL: libmudflap.cth/pass37-frag.c (-O2) (rerun 1) output pattern test
WARNING: program timed out.
FAIL: libmudflap.cth/pass37-frag.c (-O2) (rerun 2) execution test
FAIL: libmudflap.cth/pass37-frag.c (-O2) (rerun 2) output pattern test
WARNING: program timed out.
FAIL: libmudflap.cth/pass37-frag.c (-O2) (rerun 3) execution test
FAIL: libmudflap.cth/pass37-frag.c (-O2) (rerun 3) output pattern test
WARNING: program timed out.
FAIL: libmudflap.cth/pass37-frag.c (-O2) (rerun 4) execution test
FAIL: libmudflap.cth/pass37-frag.c (-O2) (rerun 4) output pattern test
WARNING: program timed out.
FAIL: libmudflap.cth/pass37-frag.c (-O2) (rerun 5) execution test
FAIL: libmudflap.cth/pass37-frag.c (-O2) (rerun 5) output pattern test
WARNING: program timed out.
FAIL: libmudflap.cth/pass37-frag.c (-O2) (rerun 6) execution test
FAIL: libmudflap.cth/pass37-frag.c (-O2) (rerun 6) output pattern test
WARNING: program timed out.
FAIL: libmudflap.cth/pass37-frag.c (-O2) (rerun 7) execution test
FAIL: libmudflap.cth/pass37-frag.c (-O2) (rerun 7) output pattern test
WARNING: program timed out.
FAIL: libmudflap.cth/pass37-frag.c (-O2) (rerun 8) execution test
FAIL: libmudflap.cth/pass37-frag.c (-O2) (rerun 8) output pattern test
WARNING: program timed out.
FAIL: libmudflap.cth/pass37-frag.c (-O2) (rerun 9) execution test
FAIL: libmudflap.cth/pass37-frag.c (-O2) (rerun 9) output pattern test
WARNING: program timed out.
FAIL: libmudflap.cth/pass37-frag.c (-O2) (rerun 10) execution test
FAIL: libmudflap.cth/pass37-frag.c (-O2) (rerun 10) output pattern test
WARNING: program timed out.
FAIL: libmudflap.cth/pass37-frag.c (-O2) (rerun 11) execution test
FAIL: libmudflap.cth/pass37-frag.c (-O2) (rerun 11) output pattern test
WARNING: program timed out.
FAIL: libmudflap.cth/pass37-frag.c (-O2) (rerun 12) execution test
FAIL: libmudflap.cth/pass37-frag.c (-O2) (rerun 12) output pattern test
WARNING: program timed out.
FAIL: libmudflap.cth/pass37-frag.c (-O2) (rerun 13) execution test
FAIL: libmudflap.cth/pass37-frag.c (-O2) (rerun 13) output pattern test
WARNING: program timed out.
FAIL: libmudflap.cth/pass37-frag.c (-O2) (rerun 14) execution test
FAIL: libmudflap.cth/pass37-frag.c (-O2) (rerun 14) output pattern test
WARNING: program timed out.
FAIL: libmudflap.cth/pass37-frag.c (-O2) (rerun 15) execution test
FAIL: libmudflap.cth/pass37-frag.c (-O2) (rerun 15) output pattern test
WARNING: program timed out.
FAIL: libmudflap.cth/pass37-frag.c (-O2) (rerun 16) execution test
FAIL: libmudflap.cth/pass37-frag.c (-O2) (rerun 16) output pattern test
WARNING: program timed out.
FAIL: libmudflap.cth/pass37-frag.c (-O2) (rerun 17) execution test
FAIL: libmudflap.cth/pass37-frag.c (-O2) (rerun 17) output pattern test
WARNING: program timed out.
FAIL: libmudflap.cth/pass37-frag.c (-O2) (rerun 18) execution test
FAIL: libmudflap.cth/pass37-frag.c (-O2) (rerun 18) output pattern test
WARNING: program timed out.
FAIL: libmudflap.cth/pass37-frag.c (-O2) (rerun 19) execution test
FAIL: libmudflap.cth/pass37-frag.c (-O2) (rerun 19) output pattern test
WARNING: program timed out.
FAIL: libmudflap.cth/pass39-frag.c (-O2) execution test
FAIL: libmudflap.cth/pass39-frag.c (-O2) output pattern test
WARNING: program timed out.
FAIL: libmudflap.cth/pass39-frag.c (-O2) (rerun 1) execution test
FAIL: libmudflap.cth/pass39-frag.c (-O2) (rerun 1) output pattern test
WARNING: program timed out.
FAIL: libmudflap.cth/pass39-frag.c (-O2) (rerun 2) execution test
FAIL: libmudflap.cth/pass39-frag.c (-O2) (rerun 2) output pattern test
WARNING: program timed out.
FAIL: libmudflap.cth/pass39-frag.c (-O2) (rerun 3) execution test
FAIL: libmudflap.cth/pass39-frag.c (-O2) (rerun 3) output pattern test
WARNING: program timed out.
FAIL: libmudflap.cth/pass39-frag.c (-O2) (rerun 4) execution test
FAIL: libmudflap.cth/pass39-frag.c (-O2) (rerun 4) output pattern test
WARNING: program timed out.
FAIL: libmudflap.cth/pass39-frag.c (-O2) (rerun 5) execution test
FAIL: libmudflap.cth/pass39-frag.c (-O2) (rerun 5) output pattern test
WARNING: program timed out.
FAIL: libmudflap.cth/pass39-frag.c (-O2) (rerun 6) execution test
FAIL: libmudflap.cth/pass39-frag.c (-O2) (rerun 6) output pattern test
WARNING: program timed out.
FAIL: libmudflap.cth/pass39-frag.c (-O2) (rerun 7) execution test
FAIL: libmudflap.cth/pass39-frag.c (-O2) (rerun 7) output pattern test
WARNING: program timed out.
FAIL: libmudflap.cth/pass39-frag.c (-O2) (rerun 8) execution test
FAIL: libmudflap.cth/pass39-frag.c (-O2) (rerun 8) output pattern test
WARNING: program timed out.
FAIL: libmudflap.cth/pass39-frag.c (-O2) (rerun 9) execution test
FAIL: libmudflap.cth/pass39-frag.c (-O2) (rerun 9) output pattern test
WARNING: program timed out.
FAIL: libmudflap.cth/pass39-frag.c (-O2) (rerun 10) execution test
FAIL: libmudflap.cth/pass39-frag.c (-O2) (rerun 10) output pattern test
WARNING: program timed out.
FAIL: libmudflap.cth/pass39-frag.c (-O2) (rerun 11) execution test
FAIL: libmudflap.cth/pass39-frag.c (-O2) (rerun 11) output pattern test
WARNING: program timed out.
FAIL: libmudflap.cth/pass39-frag.c (-O2) (rerun 12) execution test
FAIL: libmudflap.cth/pass39-frag.c (-O2) (rerun 12) output pattern test
WARNING: program timed out.
FAIL: libmudflap.cth/pass39-frag.c (-O2) (rerun 13) execution test
FAIL: libmudflap.cth/pass39-frag.c (-O2) (rerun 13) output pattern test
WARNING: program timed out.
FAIL: libmudflap.cth/pass39-frag.c (-O2) (rerun 14) execution test
FAIL: libmudflap.cth/pass39-frag.c (-O2) (rerun 14) output pattern test
WARNING: program timed out.
FAIL: libmudflap.cth/pass39-frag.c (-O2) (rerun 15) execution test
FAIL: libmudflap.cth/pass39-frag.c (-O2) (rerun 15) output pattern test
WARNING: program timed out.
FAIL: libmudflap.cth/pass39-frag.c (-O2) (rerun 16) execution test
FAIL: libmudflap.cth/pass39-frag.c (-O2) (rerun 16) output pattern test
WARNING: program timed out.
FAIL: libmudflap.cth/pass39-frag.c (-O2) (rerun 17) execution test
FAIL: libmudflap.cth/pass39-frag.c (-O2) (rerun 17) output pattern test
WARNING: program timed out.
FAIL: libmudflap.cth/pass39-frag.c (-O2) (rerun 18) execution test
FAIL: libmudflap.cth/pass39-frag.c (-O2) (rerun 18) output pattern test
WARNING: program timed out.
FAIL: libmudflap.cth/pass39-frag.c (-O2) (rerun 19) execution test
FAIL: libmudflap.cth/pass39-frag.c (-O2) (rerun 19) output pattern test
WARNING: program timed out.
FAIL: libmudflap.cth/pass40-frag.c (-O2) execution test
WARNING: program timed out.
FAIL: libmudflap.cth/pass59-frag.c (-O2) execution test
FAIL: libmudflap.cth/pass59-frag.c (-O2) output pattern test
WARNING: program timed out.
FAIL: libmudflap.cth/pass37-frag.c (-O3) execution test
FAIL: libmudflap.cth/pass37-frag.c (-O3) output pattern test
WARNING: program timed out.
FAIL: libmudflap.cth/pass37-frag.c (-O3) (rerun 1) execution test
FAIL: libmudflap.cth/pass37-frag.c (-O3) (rerun 1) output pattern test
WARNING: program timed out.
FAIL: libmudflap.cth/pass37-frag.c (-O3) (rerun 2) execution test
FAIL: libmudflap.cth/pass37-frag.c (-O3) (rerun 2) output pattern test
WARNING: program timed out.
FAIL: libmudflap.cth/pass37-frag.c (-O3) (rerun 3) execution test
FAIL: libmudflap.cth/pass37-frag.c (-O3) (rerun 3) output pattern test
WARNING: program timed out.
FAIL: libmudflap.cth/pass37-frag.c (-O3) (rerun 4) execution test
FAIL: libmudflap.cth/pass37-frag.c (-O3) (rerun 4) output pattern test
WARNING: program timed out.
FAIL: libmudflap.cth/pass37-frag.c (-O3) (rerun 5) execution test
FAIL: libmudflap.cth/pass37-frag.c (-O3) (rerun 5) output pattern test
WARNING: program timed out.
FAIL: libmudflap.cth/pass37-frag.c (-O3) (rerun 6) execution test
FAIL: libmudflap.cth/pass37-frag.c (-O3) (rerun 6) output pattern test
WARNING: program timed out.
FAIL: libmudflap.cth/pass37-frag.c (-O3) (rerun 7) execution test
FAIL: libmudflap.cth/pass37-frag.c (-O3) (rerun 7) output pattern test
WARNING: program timed out.
FAIL: libmudflap.cth/pass37-frag.c (-O3) (rerun 8) execution test
FAIL: libmudflap.cth/pass37-frag.c (-O3) (rerun 8) output pattern test
WARNING: program timed out.
FAIL: libmudflap.cth/pass37-frag.c (-O3) (rerun 9) execution test
FAIL: libmudflap.cth/pass37-frag.c (-O3) (rerun 9) output pattern test
WARNING: program timed out.
FAIL: libmudflap.cth/pass37-frag.c (-O3) (rerun 10) execution test
FAIL: libmudflap.cth/pass37-frag.c (-O3) (rerun 10) output pattern test
WARNING: program timed out.
FAIL: libmudflap.cth/pass37-frag.c (-O3) (rerun 11) execution test
FAIL: libmudflap.cth/pass37-frag.c (-O3) (rerun 11) output pattern test
WARNING: program timed out.
FAIL: libmudflap.cth/pass37-frag.c (-O3) (rerun 12) execution test
FAIL: libmudflap.cth/pass37-frag.c (-O3) (rerun 12) output pattern test
WARNING: program timed out.
FAIL: libmudflap.cth/pass37-frag.c (-O3) (rerun 13) execution test
FAIL: libmudflap.cth/pass37-frag.c (-O3) (rerun 13) output pattern test
WARNING: program timed out.
FAIL: libmudflap.cth/pass37-frag.c (-O3) (rerun 14) execution test
FAIL: libmudflap.cth/pass37-frag.c (-O3) (rerun 14) output pattern test
WARNING: program timed out.
FAIL: libmudflap.cth/pass37-frag.c (-O3) (rerun 15) execution test
FAIL: libmudflap.cth/pass37-frag.c (-O3) (rerun 15) output pattern test
WARNING: program timed out.
FAIL: libmudflap.cth/pass37-frag.c (-O3) (rerun 16) execution test
FAIL: libmudflap.cth/pass37-frag.c (-O3) (rerun 16) output pattern test
WARNING: program timed out.
FAIL: libmudflap.cth/pass37-frag.c (-O3) (rerun 17) execution test
FAIL: libmudflap.cth/pass37-frag.c (-O3) (rerun 17) output pattern test
WARNING: program timed out.
FAIL: libmudflap.cth/pass37-frag.c (-O3) (rerun 18) execution test
FAIL: libmudflap.cth/pass37-frag.c (-O3) (rerun 18) output pattern test
WARNING: program timed out.
FAIL: libmudflap.cth/pass37-frag.c (-O3) (rerun 19) execution test
FAIL: libmudflap.cth/pass37-frag.c (-O3) (rerun 19) output pattern test
WARNING: program timed out.
FAIL: libmudflap.cth/pass39-frag.c (-O3) execution test
FAIL: libmudflap.cth/pass39-frag.c (-O3) output pattern test
WARNING: program timed out.
FAIL: libmudflap.cth/pass39-frag.c (-O3) (rerun 1) execution test
FAIL: libmudflap.cth/pass39-frag.c (-O3) (rerun 1) output pattern test
WARNING: program timed out.
FAIL: libmudflap.cth/pass39-frag.c (-O3) (rerun 2) execution test
FAIL: libmudflap.cth/pass39-frag.c (-O3) (rerun 2) output pattern test
WARNING: program timed out.
FAIL: libmudflap.cth/pass39-frag.c (-O3) (rerun 3) execution test
FAIL: libmudflap.cth/pass39-frag.c (-O3) (rerun 3) output pattern test
WARNING: program timed out.
FAIL: libmudflap.cth/pass39-frag.c (-O3) (rerun 4) execution test
FAIL: libmudflap.cth/pass39-frag.c (-O3) (rerun 4) output pattern test
WARNING: program timed out.
FAIL: libmudflap.cth/pass39-frag.c (-O3) (rerun 5) execution test
FAIL: libmudflap.cth/pass39-frag.c (-O3) (rerun 5) output pattern test
WARNING: program timed out.
FAIL: libmudflap.cth/pass39-frag.c (-O3) (rerun 6) execution test
FAIL: libmudflap.cth/pass39-frag.c (-O3) (rerun 6) output pattern test
WARNING: program timed out.
FAIL: libmudflap.cth/pass39-frag.c (-O3) (rerun 7) execution test
FAIL: libmudflap.cth/pass39-frag.c (-O3) (rerun 7) output pattern test
WARNING: program timed out.
FAIL: libmudflap.cth/pass39-frag.c (-O3) (rerun 8) execution test
FAIL: libmudflap.cth/pass39-frag.c (-O3) (rerun 8) output pattern test
WARNING: program timed out.
FAIL: libmudflap.cth/pass39-frag.c (-O3) (rerun 9) execution test
FAIL: libmudflap.cth/pass39-frag.c (-O3) (rerun 9) output pattern test
WARNING: program timed out.
FAIL: libmudflap.cth/pass39-frag.c (-O3) (rerun 10) execution test
FAIL: libmudflap.cth/pass39-frag.c (-O3) (rerun 10) output pattern test
WARNING: program timed out.
FAIL: libmudflap.cth/pass39-frag.c (-O3) (rerun 11) execution test
FAIL: libmudflap.cth/pass39-frag.c (-O3) (rerun 11) output pattern test
WARNING: program timed out.
FAIL: libmudflap.cth/pass39-frag.c (-O3) (rerun 12) execution test
FAIL: libmudflap.cth/pass39-frag.c (-O3) (rerun 12) output pattern test
WARNING: program timed out.
FAIL: libmudflap.cth/pass39-frag.c (-O3) (rerun 13) execution test
FAIL: libmudflap.cth/pass39-frag.c (-O3) (rerun 13) output pattern test
WARNING: program timed out.
FAIL: libmudflap.cth/pass39-frag.c (-O3) (rerun 14) execution test
FAIL: libmudflap.cth/pass39-frag.c (-O3) (rerun 14) output pattern test
WARNING: program timed out.
FAIL: libmudflap.cth/pass39-frag.c (-O3) (rerun 15) execution test
FAIL: libmudflap.cth/pass39-frag.c (-O3) (rerun 15) output pattern test
WARNING: program timed out.
FAIL: libmudflap.cth/pass39-frag.c (-O3) (rerun 16) execution test
FAIL: libmudflap.cth/pass39-frag.c (-O3) (rerun 16) output pattern test
WARNING: program timed out.
FAIL: libmudflap.cth/pass39-frag.c (-O3) (rerun 17) execution test
FAIL: libmudflap.cth/pass39-frag.c (-O3) (rerun 17) output pattern test
WARNING: program timed out.
FAIL: libmudflap.cth/pass39-frag.c (-O3) (rerun 18) execution test
FAIL: libmudflap.cth/pass39-frag.c (-O3) (rerun 18) output pattern test
WARNING: program timed out.
FAIL: libmudflap.cth/pass39-frag.c (-O3) (rerun 19) execution test
FAIL: libmudflap.cth/pass39-frag.c (-O3) (rerun 19) output pattern test
WARNING: program timed out.
FAIL: libmudflap.cth/pass40-frag.c (-O3) execution test
WARNING: program timed out.
FAIL: libmudflap.cth/pass59-frag.c (-O3) execution test
FAIL: libmudflap.cth/pass59-frag.c (-O3) output pattern test
=== libmudflap Summary ===
# of expected passes 1541
# of unexpected failures 297
=== libstdc++ tests ===
Running target unix
XPASS: 26_numerics/headers/cmath/c99_classification_macros_c.cc (test for excess errors)
=== libstdc++ Summary ===
# of expected passes 6092
# of unexpected successes 1
# of expected failures 82
# of unsupported tests 333
Compiler version: 4.5.0 20090428 (experimental) [trunk revision 146915] (GCC)
Platform: mips64octeon-unknown-linux-gnu
configure flags: --target=mips64octeon-unknown-linux-gnu --prefix=/mnt/src/gcc-clean/mips64octeon-unknown-linux-gnu/../install-mips64octeon-unknown-linux-gnu --disable-fixed-point --build=mips64octeon-unknown-linux-gnu --enable-clocale=gnu