This is the mail archive of the
gcc-testresults@gcc.gnu.org
mailing list for the GCC project.
Results for 4.5.0 20090427 (experimental) [trunk revision 146845] (GCC) testsuite on arm-none-linux-gnueabi
- From: dave at hiauly1 dot hia dot nrc dot ca (John David Anglin)
- To: dave at hiauly1 dot hia dot nrc dot ca, gcc-testresults at gcc dot gnu dot org
- Date: Wed, 29 Apr 2009 10:17:16 -0400 (EDT)
- Subject: Results for 4.5.0 20090427 (experimental) [trunk revision 146845] (GCC) testsuite on arm-none-linux-gnueabi
LAST_UPDATED: Mon Apr 27 15:32:08 UTC 2009 (revision 146845)
Native configuration is arm-none-linux-gnueabi
=== libgomp tests ===
Running target unix
FAIL: libgomp.c/appendix-a/a.15.1.c execution test
FAIL: libgomp.c/nqueens-1.c execution test
FAIL: libgomp.c/task-1.c execution test
FAIL: libgomp.c++/task-1.C -O execution test
FAIL: libgomp.c++/task-3.C -O0 execution test
FAIL: libgomp.c++/task-3.C -O1 execution test
FAIL: libgomp.c++/task-3.C -O2 execution test
FAIL: libgomp.c++/task-3.C -O3 -fomit-frame-pointer execution test
FAIL: libgomp.c++/task-3.C -O3 -fomit-frame-pointer -funroll-loops execution test
FAIL: libgomp.c++/task-3.C -O3 -fomit-frame-pointer -funroll-all-loops -finline-functions execution test
FAIL: libgomp.c++/task-3.C -O3 -g execution test
FAIL: libgomp.c++/task-3.C -Os execution test
FAIL: libgomp.c++/task-4.C -O (internal compiler error)
FAIL: libgomp.c++/task-4.C -O (test for excess errors)
WARNING: libgomp.c++/task-4.C -O compilation failed to produce executable
FAIL: libgomp.c++/task-5.C -O0 execution test
FAIL: libgomp.c++/task-5.C -O1 execution test
FAIL: libgomp.c++/task-5.C -O2 execution test
FAIL: libgomp.c++/task-5.C -O3 -fomit-frame-pointer execution test
FAIL: libgomp.c++/task-5.C -O3 -fomit-frame-pointer -funroll-loops execution test
FAIL: libgomp.c++/task-5.C -O3 -fomit-frame-pointer -funroll-all-loops -finline-functions execution test
FAIL: libgomp.c++/task-5.C -O3 -g execution test
FAIL: libgomp.c++/task-5.C -Os execution test
FAIL: libgomp.c++/task-6.C -O execution test
FAIL: libgomp.c++/task-7.C -O0 execution test
FAIL: libgomp.c++/task-7.C -O1 execution test
FAIL: libgomp.c++/task-7.C -O2 execution test
FAIL: libgomp.c++/task-7.C -O3 -fomit-frame-pointer execution test
FAIL: libgomp.c++/task-7.C -O3 -fomit-frame-pointer -funroll-loops execution test
FAIL: libgomp.c++/task-7.C -O3 -fomit-frame-pointer -funroll-all-loops -finline-functions execution test
FAIL: libgomp.c++/task-7.C -O3 -g execution test
FAIL: libgomp.c++/task-7.C -Os execution test
FAIL: libgomp.fortran/allocatable4.f90 -O0 execution test
FAIL: libgomp.fortran/allocatable4.f90 -O1 execution test
FAIL: libgomp.fortran/allocatable4.f90 -O2 execution test
FAIL: libgomp.fortran/allocatable4.f90 -O3 -fomit-frame-pointer execution test
FAIL: libgomp.fortran/allocatable4.f90 -O3 -fomit-frame-pointer -funroll-loops execution test
FAIL: libgomp.fortran/allocatable4.f90 -O3 -fomit-frame-pointer -funroll-all-loops -finline-functions execution test
FAIL: libgomp.fortran/allocatable4.f90 -O3 -g execution test
FAIL: libgomp.fortran/allocatable4.f90 -Os execution test
FAIL: libgomp.fortran/strassen.f90 -O execution test
=== libgomp Summary ===
# of expected passes 2354
# of unexpected failures 40
# of unsupported tests 7
=== libstdc++ tests ===
Running target unix
FAIL: 18_support/headers/exception/synopsis.cc (test for excess errors)
FAIL: 21_strings/basic_string/inserters_extractors/char/10.cc execution test
FAIL: 21_strings/basic_string/inserters_extractors/char/11.cc execution test
FAIL: 21_strings/basic_string/inserters_extractors/char/5.cc execution test
FAIL: 21_strings/basic_string/inserters_extractors/wchar_t/10.cc execution test
FAIL: 21_strings/basic_string/inserters_extractors/wchar_t/11.cc execution test
FAIL: 21_strings/basic_string/inserters_extractors/wchar_t/5.cc execution test
FAIL: 25_algorithms/copy/streambuf_iterators/char/4.cc execution test
FAIL: 25_algorithms/copy/streambuf_iterators/wchar_t/4.cc execution test
FAIL: 25_algorithms/find/istreambuf_iterators/char/2.cc execution test
FAIL: 25_algorithms/find/istreambuf_iterators/wchar_t/2.cc execution test
FAIL: 27_io/basic_filebuf/close/12790-1.cc execution test
FAIL: 27_io/basic_filebuf/close/char/1.cc execution test
FAIL: 27_io/basic_filebuf/close/char/12790-1.cc execution test
FAIL: 27_io/basic_filebuf/close/char/12790-2.cc execution test
FAIL: 27_io/basic_filebuf/close/char/12790-3.cc execution test
FAIL: 27_io/basic_filebuf/close/char/12790-4.cc execution test
FAIL: 27_io/basic_filebuf/close/char/2.cc execution test
FAIL: 27_io/basic_filebuf/close/char/3.cc execution test
FAIL: 27_io/basic_filebuf/close/char/4.cc execution test
FAIL: 27_io/basic_filebuf/close/char/4879.cc execution test
FAIL: 27_io/basic_filebuf/close/char/5.cc execution test
FAIL: 27_io/basic_filebuf/close/char/9964.cc execution test
FAIL: 27_io/basic_filebuf/close/wchar_t/12790-1.cc execution test
FAIL: 27_io/basic_filebuf/close/wchar_t/12790-2.cc execution test
FAIL: 27_io/basic_filebuf/close/wchar_t/12790-3.cc execution test
FAIL: 27_io/basic_filebuf/close/wchar_t/12790-4.cc execution test
FAIL: 27_io/basic_filebuf/cons/wchar_t/10132-1.cc execution test
FAIL: 27_io/basic_filebuf/imbue/12206.cc execution test
FAIL: 27_io/basic_filebuf/in_avail/char/1.cc execution test
FAIL: 27_io/basic_filebuf/in_avail/char/9701-3.cc execution test
FAIL: 27_io/basic_filebuf/is_open/char/1.cc execution test
FAIL: 27_io/basic_filebuf/open/12790-1.cc execution test
FAIL: 27_io/basic_filebuf/open/char/1.cc execution test
FAIL: 27_io/basic_filebuf/open/char/3.cc execution test
FAIL: 27_io/basic_filebuf/open/char/4.cc execution test
FAIL: 27_io/basic_filebuf/open/char/9507.cc execution test
FAIL: 27_io/basic_filebuf/overflow/char/13858.cc execution test
FAIL: 27_io/basic_filebuf/overflow/char/2-unbuf.cc execution test
FAIL: 27_io/basic_filebuf/overflow/char/2.cc execution test
FAIL: 27_io/basic_filebuf/overflow/char/9169.cc execution test
FAIL: 27_io/basic_filebuf/overflow/char/9182-2.cc execution test
FAIL: 27_io/basic_filebuf/overflow/char/9988.cc execution test
FAIL: 27_io/basic_filebuf/overflow/wchar_t/13858.cc execution test
FAIL: 27_io/basic_filebuf/pbackfail/char/9761.cc execution test
FAIL: 27_io/basic_filebuf/sbumpc/char/1-in.cc execution test
FAIL: 27_io/basic_filebuf/sbumpc/char/1-io.cc execution test
FAIL: 27_io/basic_filebuf/sbumpc/char/1-out.cc execution test
FAIL: 27_io/basic_filebuf/sbumpc/char/2-in.cc execution test
FAIL: 27_io/basic_filebuf/sbumpc/char/2-io.cc execution test
FAIL: 27_io/basic_filebuf/sbumpc/char/2-out.cc execution test
FAIL: 27_io/basic_filebuf/sbumpc/char/9825.cc execution test
FAIL: 27_io/basic_filebuf/seekoff/12790-1.cc execution test
FAIL: 27_io/basic_filebuf/seekoff/12790-2.cc execution test
FAIL: 27_io/basic_filebuf/seekoff/12790-3.cc execution test
FAIL: 27_io/basic_filebuf/seekoff/12790-4.cc execution test
FAIL: 27_io/basic_filebuf/seekoff/char/1-in.cc execution test
FAIL: 27_io/basic_filebuf/seekoff/char/1-io.cc execution test
FAIL: 27_io/basic_filebuf/seekoff/char/1-out.cc execution test
FAIL: 27_io/basic_filebuf/seekoff/char/11543.cc execution test
FAIL: 27_io/basic_filebuf/seekoff/char/12790-1.cc execution test
FAIL: 27_io/basic_filebuf/seekoff/char/12790-2.cc execution test
FAIL: 27_io/basic_filebuf/seekoff/char/12790-3.cc execution test
FAIL: 27_io/basic_filebuf/seekoff/char/12790-4.cc execution test
FAIL: 27_io/basic_filebuf/seekoff/char/2-in.cc execution test
FAIL: 27_io/basic_filebuf/seekoff/char/2-io.cc execution test
FAIL: 27_io/basic_filebuf/seekoff/char/2-out.cc execution test
FAIL: 27_io/basic_filebuf/seekoff/char/26777.cc execution test
FAIL: 27_io/basic_filebuf/seekoff/char/3-in.cc execution test
FAIL: 27_io/basic_filebuf/seekoff/char/3-io.cc execution test
FAIL: 27_io/basic_filebuf/seekoff/char/3-out.cc execution test
FAIL: 27_io/basic_filebuf/seekoff/wchar_t/11543.cc execution test
FAIL: 27_io/basic_filebuf/seekoff/wchar_t/12790-1.cc execution test
FAIL: 27_io/basic_filebuf/seekoff/wchar_t/12790-2.cc execution test
FAIL: 27_io/basic_filebuf/seekoff/wchar_t/12790-3.cc execution test
FAIL: 27_io/basic_filebuf/seekoff/wchar_t/12790-4.cc execution test
FAIL: 27_io/basic_filebuf/seekoff/wchar_t/3.cc execution test
FAIL: 27_io/basic_filebuf/seekoff/wchar_t/9875_seekoff.cc execution test
FAIL: 27_io/basic_filebuf/seekpos/12790-1.cc execution test
FAIL: 27_io/basic_filebuf/seekpos/12790-2.cc execution test
FAIL: 27_io/basic_filebuf/seekpos/12790-3.cc execution test
FAIL: 27_io/basic_filebuf/seekpos/char/1-in.cc execution test
FAIL: 27_io/basic_filebuf/seekpos/char/1-io.cc execution test
FAIL: 27_io/basic_filebuf/seekpos/char/1-out.cc execution test
FAIL: 27_io/basic_filebuf/seekpos/char/12790-1.cc execution test
FAIL: 27_io/basic_filebuf/seekpos/char/12790-2.cc execution test
FAIL: 27_io/basic_filebuf/seekpos/char/12790-3.cc execution test
FAIL: 27_io/basic_filebuf/seekpos/char/12790-4.cc execution test
FAIL: 27_io/basic_filebuf/seekpos/char/2-in.cc execution test
FAIL: 27_io/basic_filebuf/seekpos/char/2-io.cc execution test
FAIL: 27_io/basic_filebuf/seekpos/char/2-out.cc execution test
FAIL: 27_io/basic_filebuf/seekpos/char/3-in.cc execution test
FAIL: 27_io/basic_filebuf/seekpos/char/3-io.cc execution test
FAIL: 27_io/basic_filebuf/seekpos/char/3-out.cc execution test
FAIL: 27_io/basic_filebuf/seekpos/wchar_t/1.cc execution test
FAIL: 27_io/basic_filebuf/seekpos/wchar_t/12790-1.cc execution test
FAIL: 27_io/basic_filebuf/seekpos/wchar_t/12790-2.cc execution test
FAIL: 27_io/basic_filebuf/seekpos/wchar_t/12790-3.cc execution test
FAIL: 27_io/basic_filebuf/seekpos/wchar_t/12790-4.cc execution test
FAIL: 27_io/basic_filebuf/seekpos/wchar_t/9875_seekpos.cc execution test
FAIL: 27_io/basic_filebuf/setbuf/char/1.cc execution test
FAIL: 27_io/basic_filebuf/setbuf/char/12875-1.cc execution test
FAIL: 27_io/basic_filebuf/setbuf/char/12875-2.cc execution test
FAIL: 27_io/basic_filebuf/setbuf/char/2.cc execution test
FAIL: 27_io/basic_filebuf/setbuf/char/3.cc execution test
FAIL: 27_io/basic_filebuf/sgetc/char/1-in.cc execution test
FAIL: 27_io/basic_filebuf/sgetc/char/1-io.cc execution test
FAIL: 27_io/basic_filebuf/sgetc/char/1-out.cc execution test
FAIL: 27_io/basic_filebuf/sgetc/char/2-in.cc execution test
FAIL: 27_io/basic_filebuf/sgetc/char/2-io.cc execution test
FAIL: 27_io/basic_filebuf/sgetc/char/2-out.cc execution test
FAIL: 27_io/basic_filebuf/sgetn/char/1-in.cc execution test
FAIL: 27_io/basic_filebuf/sgetn/char/1-io.cc execution test
FAIL: 27_io/basic_filebuf/sgetn/char/1-out.cc execution test
FAIL: 27_io/basic_filebuf/sgetn/char/2-in.cc execution test
FAIL: 27_io/basic_filebuf/sgetn/char/2-io.cc execution test
FAIL: 27_io/basic_filebuf/sgetn/char/2-out.cc execution test
FAIL: 27_io/basic_filebuf/sgetn/char/3.cc execution test
FAIL: 27_io/basic_filebuf/showmanyc/char/9533-1.cc execution test
FAIL: 27_io/basic_filebuf/showmanyc/char/9533-2.cc execution test
FAIL: 27_io/basic_filebuf/snextc/char/1-in.cc execution test
FAIL: 27_io/basic_filebuf/snextc/char/1-io.cc execution test
FAIL: 27_io/basic_filebuf/snextc/char/1-out.cc execution test
FAIL: 27_io/basic_filebuf/snextc/char/2-in.cc execution test
FAIL: 27_io/basic_filebuf/snextc/char/2-io.cc execution test
FAIL: 27_io/basic_filebuf/snextc/char/2-out.cc execution test
FAIL: 27_io/basic_filebuf/sputbackc/char/1-in.cc execution test
FAIL: 27_io/basic_filebuf/sputbackc/char/1-io.cc execution test
FAIL: 27_io/basic_filebuf/sputbackc/char/1-out.cc execution test
FAIL: 27_io/basic_filebuf/sputbackc/char/2-in.cc execution test
FAIL: 27_io/basic_filebuf/sputbackc/char/2-io.cc execution test
FAIL: 27_io/basic_filebuf/sputbackc/char/2-out.cc execution test
FAIL: 27_io/basic_filebuf/sputbackc/char/9425.cc execution test
FAIL: 27_io/basic_filebuf/sputc/char/1-in.cc execution test
FAIL: 27_io/basic_filebuf/sputc/char/1-io.cc execution test
FAIL: 27_io/basic_filebuf/sputc/char/1-out.cc execution test
FAIL: 27_io/basic_filebuf/sputc/char/2-in.cc execution test
FAIL: 27_io/basic_filebuf/sputc/char/2-io.cc execution test
FAIL: 27_io/basic_filebuf/sputc/char/2-out.cc execution test
FAIL: 27_io/basic_filebuf/sputc/char/9701-2.cc execution test
FAIL: 27_io/basic_filebuf/sputn/char/1-in.cc execution test
FAIL: 27_io/basic_filebuf/sputn/char/1-io.cc execution test
FAIL: 27_io/basic_filebuf/sputn/char/1-out.cc execution test
FAIL: 27_io/basic_filebuf/sputn/char/2-in.cc execution test
FAIL: 27_io/basic_filebuf/sputn/char/2-io.cc execution test
FAIL: 27_io/basic_filebuf/sputn/char/2-out.cc execution test
FAIL: 27_io/basic_filebuf/sputn/char/9339.cc execution test
FAIL: 27_io/basic_filebuf/sputn/char/9701-1.cc execution test
FAIL: 27_io/basic_filebuf/sungetc/char/1-in.cc execution test
FAIL: 27_io/basic_filebuf/sungetc/char/1-io.cc execution test
FAIL: 27_io/basic_filebuf/sungetc/char/1-out.cc execution test
FAIL: 27_io/basic_filebuf/sungetc/char/2-in.cc execution test
FAIL: 27_io/basic_filebuf/sungetc/char/2-io.cc execution test
FAIL: 27_io/basic_filebuf/sungetc/char/2-out.cc execution test
FAIL: 27_io/basic_filebuf/sync/char/1.cc execution test
FAIL: 27_io/basic_filebuf/sync/char/1057.cc execution test
FAIL: 27_io/basic_filebuf/sync/char/9182-1.cc execution test
FAIL: 27_io/basic_filebuf/sync/wchar_t/1.cc execution test
FAIL: 27_io/basic_filebuf/underflow/10096.cc execution test
FAIL: 27_io/basic_filebuf/underflow/char/1.cc execution test
FAIL: 27_io/basic_filebuf/underflow/char/10097.cc execution test
FAIL: 27_io/basic_filebuf/underflow/char/2.cc execution test
FAIL: 27_io/basic_filebuf/underflow/char/3.cc execution test
FAIL: 27_io/basic_filebuf/underflow/char/9027.cc execution test
FAIL: 27_io/basic_filebuf/underflow/wchar_t/11544-1.cc execution test
FAIL: 27_io/basic_filebuf/underflow/wchar_t/11544-2.cc execution test
FAIL: 27_io/basic_filebuf/underflow/wchar_t/11603.cc execution test
FAIL: 27_io/basic_filebuf/underflow/wchar_t/9178.cc execution test
FAIL: 27_io/basic_ifstream/cons/char/1.cc execution test
FAIL: 27_io/basic_ifstream/open/char/1.cc execution test
FAIL: 27_io/basic_istream/extractors_character/char/4.cc execution test
FAIL: 27_io/basic_istream/extractors_character/wchar_t/4.cc execution test
FAIL: 27_io/basic_istream/extractors_other/char/2.cc execution test
FAIL: 27_io/basic_istream/extractors_other/wchar_t/2.cc execution test
FAIL: 27_io/basic_istream/get/char/2.cc execution test
FAIL: 27_io/basic_istream/get/wchar_t/2.cc execution test
FAIL: 27_io/basic_istream/getline/char/5.cc execution test
FAIL: 27_io/basic_istream/getline/wchar_t/5.cc execution test
FAIL: 27_io/basic_istream/ignore/char/2.cc execution test
FAIL: 27_io/basic_istream/ignore/char/3.cc execution test
FAIL: 27_io/basic_istream/ignore/wchar_t/2.cc execution test
FAIL: 27_io/basic_istream/ignore/wchar_t/3.cc execution test
FAIL: 27_io/basic_istream/peek/char/6414.cc execution test
FAIL: 27_io/basic_istream/peek/wchar_t/6414.cc execution test
FAIL: 27_io/basic_istream/readsome/char/6746-2.cc execution test
FAIL: 27_io/basic_istream/readsome/wchar_t/6746-2.cc execution test
FAIL: 27_io/basic_istream/seekg/char/fstream.cc execution test
FAIL: 27_io/basic_istream/seekg/char/sstream.cc execution test
FAIL: 27_io/basic_istream/seekg/wchar_t/fstream.cc execution test
FAIL: 27_io/basic_istream/seekg/wchar_t/sstream.cc execution test
FAIL: 27_io/basic_istream/tellg/char/1.cc execution test
FAIL: 27_io/basic_istream/tellg/char/fstream.cc execution test
FAIL: 27_io/basic_istream/tellg/char/sstream.cc execution test
FAIL: 27_io/basic_istream/tellg/wchar_t/1.cc execution test
FAIL: 27_io/basic_istream/tellg/wchar_t/fstream.cc execution test
FAIL: 27_io/basic_istream/tellg/wchar_t/sstream.cc execution test
FAIL: 27_io/basic_ofstream/cons/char/1.cc execution test
FAIL: 27_io/basic_ofstream/open/char/1.cc execution test
FAIL: 27_io/basic_ostream/inserters_character/char/1.cc execution test
FAIL: 27_io/basic_ostream/inserters_character/wchar_t/1.cc execution test
FAIL: 27_io/basic_ostream/inserters_other/char/1.cc execution test
FAIL: 27_io/basic_ostream/inserters_other/char/2.cc execution test
FAIL: 27_io/basic_ostream/inserters_other/wchar_t/1.cc execution test
FAIL: 27_io/basic_ostream/inserters_other/wchar_t/2.cc execution test
FAIL: 27_io/basic_ostream/seekp/char/2346-fstream.cc execution test
FAIL: 27_io/basic_ostream/seekp/wchar_t/2346-fstream.cc execution test
FAIL: 27_io/basic_ostream/tellp/char/1.cc execution test
FAIL: 27_io/basic_ostream/tellp/wchar_t/1.cc execution test
FAIL: 27_io/fpos/14775.cc execution test
FAIL: 27_io/objects/char/7.cc execution test
FAIL: 27_io/objects/wchar_t/7.cc execution test
FAIL: ext/enc_filebuf/char/13189.cc execution test
FAIL: ext/enc_filebuf/char/13598.cc execution test
FAIL: ext/enc_filebuf/wchar_t/13189.cc execution test
FAIL: ext/pb_ds/regression/hash_data_map_rand.cc (test for excess errors)
WARNING: ext/pb_ds/regression/hash_data_map_rand.cc compilation failed to produce executable
FAIL: ext/pb_ds/regression/hash_no_data_map_rand.cc (test for excess errors)
WARNING: ext/pb_ds/regression/hash_no_data_map_rand.cc compilation failed to produce executable
FAIL: ext/pb_ds/regression/list_update_data_map_rand.cc (test for excess errors)
WARNING: ext/pb_ds/regression/list_update_data_map_rand.cc compilation failed to produce executable
FAIL: ext/pb_ds/regression/list_update_no_data_map_rand.cc (test for excess errors)
WARNING: ext/pb_ds/regression/list_update_no_data_map_rand.cc compilation failed to produce executable
FAIL: ext/pb_ds/regression/tree_data_map_rand.cc (test for excess errors)
WARNING: ext/pb_ds/regression/tree_data_map_rand.cc compilation failed to produce executable
FAIL: ext/pb_ds/regression/tree_no_data_map_rand.cc (test for excess errors)
WARNING: ext/pb_ds/regression/tree_no_data_map_rand.cc compilation failed to produce executable
FAIL: ext/pb_ds/regression/trie_data_map_rand.cc (test for excess errors)
WARNING: ext/pb_ds/regression/trie_data_map_rand.cc compilation failed to produce executable
FAIL: ext/pb_ds/regression/trie_no_data_map_rand.cc (test for excess errors)
WARNING: ext/pb_ds/regression/trie_no_data_map_rand.cc compilation failed to produce executable
FAIL: ext/stdio_filebuf/char/10063-1.cc execution test
FAIL: ext/stdio_filebuf/char/10063-2.cc execution test
FAIL: ext/stdio_filebuf/char/10063-3.cc execution test
FAIL: ext/stdio_filebuf/char/2.cc execution test
=== libstdc++ Summary ===
# of expected passes 5833
# of unexpected failures 226
# of expected failures 83
# of unsupported tests 345
=== g++ tests ===
Running target unix
FAIL: g++.dg/ext/cleanup-10.C execution test
FAIL: g++.dg/ext/cleanup-11.C execution test
FAIL: g++.dg/ext/cleanup-8.C execution test
FAIL: g++.dg/ext/cleanup-9.C execution test
FAIL: g++.dg/ipa/iinline-1.C scan-ipa-dump inline "String::funcOne[^\\n]*inline copy in int main"
FAIL: g++.dg/opt/pr15551.C execution test
XPASS: g++.dg/other/packed1.C execution test
FAIL: g++.dg/template/cond5.C (internal compiler error)
FAIL: g++.dg/template/cond5.C (test for excess errors)
FAIL: g++.dg/tree-ssa/ehcleanup-1.C scan-tree-dump-times ehcleanup1 "Empty EH handler" 1
FAIL: g++.dg/tree-ssa/new1.C scan-tree-dump-not forwprop1 "= .* \\+ -"
FAIL: g++.old-deja/g++.law/cvt2.C execution test
FAIL: g++.old-deja/g++.law/profile1.C (test for excess errors)
WARNING: g++.old-deja/g++.law/profile1.C compilation failed to produce executable
=== g++ Summary ===
# of expected passes 19261
# of unexpected failures 12
# of unexpected successes 1
# of expected failures 140
# of unsupported tests 150
/home/dave/gnu/gcc/objdir/gcc/testsuite/g++/../../g++ version 4.5.0 20090427 (experimental) [trunk revision 146845] (GCC)
=== gcc tests ===
Running target unix
FAIL: gcc.c-torture/compile/limits-structnest.c -O2 (test for excess errors)
FAIL: gcc.c-torture/compile/limits-structnest.c -O3 -fomit-frame-pointer (test for excess errors)
FAIL: gcc.c-torture/compile/limits-structnest.c -O3 -g (test for excess errors)
FAIL: gcc.c-torture/compile/limits-structnest.c -Os (test for excess errors)
FAIL: gcc.c-torture/execute/20030916-1.c execution, -O1
FAIL: gcc.c-torture/execute/20030916-1.c execution, -O2
FAIL: gcc.c-torture/execute/20030916-1.c execution, -Os
FAIL: gcc.c-torture/execute/va-arg-22.c execution, -O3 -fomit-frame-pointer
FAIL: gcc.c-torture/execute/va-arg-22.c execution, -O3 -fomit-frame-pointer -funroll-loops
FAIL: gcc.c-torture/execute/va-arg-22.c execution, -O3 -fomit-frame-pointer -funroll-all-loops -finline-functions
FAIL: gcc.c-torture/execute/va-arg-22.c execution, -O3 -g
FAIL: gcc.dg/20021014-1.c (test for excess errors)
WARNING: gcc.dg/20021014-1.c compilation failed to produce executable
XPASS: gcc.dg/Warray-bounds.c (test for warnings, line 59)
XPASS: gcc.dg/Warray-bounds.c (test for warnings, line 65)
FAIL: gcc.dg/c99-stdint-1.c (test for excess errors)
FAIL: gcc.dg/c99-stdint-7.c (test for excess errors)
FAIL: gcc.dg/cleanup-10.c execution test
FAIL: gcc.dg/cleanup-11.c execution test
FAIL: gcc.dg/cleanup-8.c execution test
FAIL: gcc.dg/cleanup-9.c execution test
FAIL: gcc.dg/nest.c (test for excess errors)
WARNING: gcc.dg/nest.c compilation failed to produce executable
FAIL: gcc.dg/nested-func-4.c (test for excess errors)
WARNING: gcc.dg/nested-func-4.c compilation failed to produce executable
FAIL: gcc.dg/pr32450.c (test for excess errors)
WARNING: gcc.dg/pr32450.c compilation failed to produce executable
FAIL: gcc.dg/pr34989-1.c (internal compiler error)
FAIL: gcc.dg/pr34989-1.c (test for excess errors)
FAIL: gcc.dg/pr39323-2.c scan-assembler .align[\\\\t ]*268435456
FAIL: gcc.dg/pr39323-3.c scan-assembler .align[\\\\t ]*268435456
FAIL: gcc.dg/uninit-13.c unconditional (test for warnings, line 8)
FAIL: gcc.dg/uninit-13.c (test for excess errors)
XPASS: gcc.dg/struct/wo_prof_array_through_pointer.c scan-ipa-dump ipa_struct_reorg "Number of structures to transform is 1"
FAIL: gcc.dg/struct/wo_prof_double_malloc.c (internal compiler error)
FAIL: gcc.dg/struct/wo_prof_double_malloc.c (test for excess errors)
WARNING: gcc.dg/struct/wo_prof_double_malloc.c compilation failed to produce executable
FAIL: gcc.dg/tree-prof/bb-reorg.c compilation, -fprofile-use -D_PROFILE_USE
UNRESOLVED: gcc.dg/tree-prof/bb-reorg.c execution, -fprofile-use -D_PROFILE_USE
FAIL: gcc.dg/tree-prof/pr34999.c compilation, -fprofile-use -D_PROFILE_USE
UNRESOLVED: gcc.dg/tree-prof/pr34999.c execution, -fprofile-use -D_PROFILE_USE
FAIL: gcc.dg/vect/pr22480.c (internal compiler error)
FAIL: gcc.dg/vect/pr22480.c (test for excess errors)
FAIL: gcc.dg/vect/pr32421.c (internal compiler error)
FAIL: gcc.dg/vect/pr32421.c (test for excess errors)
FAIL: gcc.dg/vect/vect-35.c scan-tree-dump-times vect "vectorized 2 loops" 1
FAIL: gcc.dg/vect/vect-shift-1.c (internal compiler error)
FAIL: gcc.dg/vect/vect-shift-1.c (test for excess errors)
FAIL: gcc.dg/vect/slp-36.c (internal compiler error)
FAIL: gcc.dg/vect/slp-36.c (test for excess errors)
FAIL: gcc.target/arm/neon/polytypes.c (test for excess errors)
FAIL: gcc.target/arm/neon/vget_lowf32.c scan-assembler vmov[ \\t]+[dD][0-9]+, [dD][0-9]+!?([ \\t]+@[a-zA-Z0-9 ]+)?\\n
FAIL: gcc.target/arm/neon/vget_lowp16.c scan-assembler vmov[ \\t]+[dD][0-9]+, [dD][0-9]+!?([ \\t]+@[a-zA-Z0-9 ]+)?\\n
FAIL: gcc.target/arm/neon/vget_lowp8.c scan-assembler vmov[ \\t]+[dD][0-9]+, [dD][0-9]+!?([ \\t]+@[a-zA-Z0-9 ]+)?\\n
FAIL: gcc.target/arm/neon/vget_lows16.c scan-assembler vmov[ \\t]+[dD][0-9]+, [dD][0-9]+!?([ \\t]+@[a-zA-Z0-9 ]+)?\\n
FAIL: gcc.target/arm/neon/vget_lows32.c scan-assembler vmov[ \\t]+[dD][0-9]+, [dD][0-9]+!?([ \\t]+@[a-zA-Z0-9 ]+)?\\n
FAIL: gcc.target/arm/neon/vget_lows64.c scan-assembler vmov[ \\t]+[dD][0-9]+, [dD][0-9]+!?([ \\t]+@[a-zA-Z0-9 ]+)?\\n
FAIL: gcc.target/arm/neon/vget_lows8.c scan-assembler vmov[ \\t]+[dD][0-9]+, [dD][0-9]+!?([ \\t]+@[a-zA-Z0-9 ]+)?\\n
FAIL: gcc.target/arm/neon/vget_lowu16.c scan-assembler vmov[ \\t]+[dD][0-9]+, [dD][0-9]+!?([ \\t]+@[a-zA-Z0-9 ]+)?\\n
FAIL: gcc.target/arm/neon/vget_lowu32.c scan-assembler vmov[ \\t]+[dD][0-9]+, [dD][0-9]+!?([ \\t]+@[a-zA-Z0-9 ]+)?\\n
FAIL: gcc.target/arm/neon/vget_lowu64.c scan-assembler vmov[ \\t]+[dD][0-9]+, [dD][0-9]+!?([ \\t]+@[a-zA-Z0-9 ]+)?\\n
FAIL: gcc.target/arm/neon/vget_lowu8.c scan-assembler vmov[ \\t]+[dD][0-9]+, [dD][0-9]+!?([ \\t]+@[a-zA-Z0-9 ]+)?\\n
=== gcc Summary ===
# of expected passes 55160
# of unexpected failures 52
# of unexpected successes 3
# of expected failures 198
# of unresolved testcases 2
# of unsupported tests 570
/home/dave/gnu/gcc/objdir/gcc/xgcc version 4.5.0 20090427 (experimental) [trunk revision 146845] (GCC)
=== gfortran tests ===
Running target unix
FAIL: gfortran.dg/error_format.f90 -O0 output pattern test, is At line 8 of file /home/dave/gnu/gcc/gcc/gcc/testsuite/gfortran.dg/error_format.f90 (unit = 99, file = '/tmp/gfortrantmpgzT9xb')
FAIL: gfortran.dg/error_format.f90 -O1 output pattern test, is At line 8 of file /home/dave/gnu/gcc/gcc/gcc/testsuite/gfortran.dg/error_format.f90 (unit = 99, file = '/tmp/gfortrantmpC3t07d')
FAIL: gfortran.dg/error_format.f90 -O2 output pattern test, is At line 8 of file /home/dave/gnu/gcc/gcc/gcc/testsuite/gfortran.dg/error_format.f90 (unit = 99, file = '/tmp/gfortrantmpXcAAwk')
FAIL: gfortran.dg/error_format.f90 -O3 -fomit-frame-pointer output pattern test, is At line 8 of file /home/dave/gnu/gcc/gcc/gcc/testsuite/gfortran.dg/error_format.f90 (unit = 99, file = '/tmp/gfortrantmpyqoUfw')
FAIL: gfortran.dg/error_format.f90 -O3 -fomit-frame-pointer -funroll-loops output pattern test, is At line 8 of file /home/dave/gnu/gcc/gcc/gcc/testsuite/gfortran.dg/error_format.f90 (unit = 99, file = '/tmp/gfortrantmpvj0FrF')
FAIL: gfortran.dg/error_format.f90 -O3 -fomit-frame-pointer -funroll-all-loops -finline-functions output pattern test, is At line 8 of file /home/dave/gnu/gcc/gcc/gcc/testsuite/gfortran.dg/error_format.f90 (unit = 99, file = '/tmp/gfortrantmpc6oXaO')
FAIL: gfortran.dg/error_format.f90 -O3 -g output pattern test, is At line 8 of file /home/dave/gnu/gcc/gcc/gcc/testsuite/gfortran.dg/error_format.f90 (unit = 99, file = '/tmp/gfortrantmplnc5y6')
FAIL: gfortran.dg/error_format.f90 -Os output pattern test, is At line 8 of file /home/dave/gnu/gcc/gcc/gcc/testsuite/gfortran.dg/error_format.f90 (unit = 99, file = '/tmp/gfortrantmpeGs9Ce')
FAIL: gfortran.dg/inquire_13.f90 -O0 execution test
FAIL: gfortran.dg/inquire_13.f90 -O1 execution test
FAIL: gfortran.dg/inquire_13.f90 -O2 execution test
FAIL: gfortran.dg/inquire_13.f90 -O3 -fomit-frame-pointer execution test
FAIL: gfortran.dg/inquire_13.f90 -O3 -fomit-frame-pointer -funroll-loops execution test
FAIL: gfortran.dg/inquire_13.f90 -O3 -fomit-frame-pointer -funroll-all-loops -finline-functions execution test
FAIL: gfortran.dg/inquire_13.f90 -O3 -g execution test
FAIL: gfortran.dg/inquire_13.f90 -Os execution test
FAIL: gfortran.dg/iomsg_1.f90 -O0 execution test
FAIL: gfortran.dg/iomsg_1.f90 -O1 execution test
FAIL: gfortran.dg/iomsg_1.f90 -O2 execution test
FAIL: gfortran.dg/iomsg_1.f90 -O3 -fomit-frame-pointer execution test
FAIL: gfortran.dg/iomsg_1.f90 -O3 -fomit-frame-pointer -funroll-loops execution test
FAIL: gfortran.dg/iomsg_1.f90 -O3 -fomit-frame-pointer -funroll-all-loops -finline-functions execution test
FAIL: gfortran.dg/iomsg_1.f90 -O3 -g execution test
FAIL: gfortran.dg/iomsg_1.f90 -Os execution test
FAIL: gfortran.dg/pr20950.f -O0 execution test
FAIL: gfortran.dg/pr20950.f -O1 execution test
FAIL: gfortran.dg/pr20950.f -O2 execution test
FAIL: gfortran.dg/pr20950.f -O3 -fomit-frame-pointer execution test
FAIL: gfortran.dg/pr20950.f -O3 -fomit-frame-pointer -funroll-loops execution test
FAIL: gfortran.dg/pr20950.f -O3 -fomit-frame-pointer -funroll-all-loops -finline-functions execution test
FAIL: gfortran.dg/pr20950.f -O3 -g execution test
FAIL: gfortran.dg/pr20950.f -Os execution test
FAIL: gfortran.dg/unf_read_corrupted_1.f90 -O0 execution test
FAIL: gfortran.dg/unf_read_corrupted_1.f90 -O1 execution test
FAIL: gfortran.dg/unf_read_corrupted_1.f90 -O2 execution test
FAIL: gfortran.dg/unf_read_corrupted_1.f90 -O3 -fomit-frame-pointer execution test
FAIL: gfortran.dg/unf_read_corrupted_1.f90 -O3 -fomit-frame-pointer -funroll-loops execution test
FAIL: gfortran.dg/unf_read_corrupted_1.f90 -O3 -fomit-frame-pointer -funroll-all-loops -finline-functions execution test
FAIL: gfortran.dg/unf_read_corrupted_1.f90 -O3 -g execution test
FAIL: gfortran.dg/unf_read_corrupted_1.f90 -Os execution test
FAIL: gfortran.dg/unf_short_record_1.f90 -O0 execution test
FAIL: gfortran.dg/unf_short_record_1.f90 -O1 execution test
FAIL: gfortran.dg/unf_short_record_1.f90 -O2 execution test
FAIL: gfortran.dg/unf_short_record_1.f90 -O3 -fomit-frame-pointer execution test
FAIL: gfortran.dg/unf_short_record_1.f90 -O3 -fomit-frame-pointer -funroll-loops execution test
FAIL: gfortran.dg/unf_short_record_1.f90 -O3 -fomit-frame-pointer -funroll-all-loops -finline-functions execution test
FAIL: gfortran.dg/unf_short_record_1.f90 -O3 -g execution test
FAIL: gfortran.dg/unf_short_record_1.f90 -Os execution test
FAIL: gfortran.dg/vect/pr39318.f90 -O (internal compiler error)
FAIL: gfortran.dg/vect/pr39318.f90 -O (test for excess errors)
FAIL: gfortran.dg/vect/fast-math-pr38968.f90 scan-tree-dump vect "vectorized 1 loops"
=== gfortran Summary ===
# of expected passes 29294
# of unexpected failures 51
# of expected failures 19
# of unsupported tests 256
/home/dave/gnu/gcc/objdir/gcc/testsuite/gfortran/../../gfortran version 4.5.0 20090427 (experimental) [trunk revision 146845] (GCC)
Compiler version: 4.5.0 20090427 (experimental) [trunk revision 146845] (GCC)
Platform: arm-none-linux-gnueabi
configure flags: --host=arm-none-linux-gnueabi --target=arm-none-linux-gnueabi --build=arm-none-linux-gnueabi --enable-languages=c,c++,fortran --enable-shared --enable-threads --disable-multilib --disable-libmudflap --disable-libssp --enable-symvers=gnu --enable-__cxa_atexit --disable-libstdcxx-pch --prefix=/home/dave/opt/gnu/gcc/gcc-4.5.0 --with-gmp=/home/dave/opt/gnu