This is the mail archive of the
gcc-testresults@gcc.gnu.org
mailing list for the GCC project.
Results for 4.5.0 20090427 (experimental) [trunk revision 146858] (GCC) testsuite on ia64-unknown-linux-gnu
- From: "Laurent GUERBY gcc60" <guerby at Babe dot esiee dot fr>
- To: gcc-testresults at gcc dot gnu dot org
- Date: Tue, 28 Apr 2009 08:33:29 +0200
- Subject: Results for 4.5.0 20090427 (experimental) [trunk revision 146858] (GCC) testsuite on ia64-unknown-linux-gnu
LAST_UPDATED: Mon Apr 27 21:47:24 UTC 2009 (revision 146858)
=== acats tests ===
FAIL: c37213d
FAIL: c37213h
FAIL: c37213k
FAIL: c37215h
=== acats Summary ===
# of expected passes 2311
# of unexpected failures 4
Native configuration is ia64-unknown-linux-gnu
=== gcc tests ===
Running target unix
FAIL: gcc.c-torture/execute/20050604-1.c compilation, -O1 (internal compiler error)
UNRESOLVED: gcc.c-torture/execute/20050604-1.c execution, -O1
FAIL: gcc.c-torture/execute/20050604-1.c compilation, -O2 (internal compiler error)
UNRESOLVED: gcc.c-torture/execute/20050604-1.c execution, -O2
FAIL: gcc.c-torture/execute/20050604-1.c compilation, -O3 -fomit-frame-pointer (internal compiler error)
UNRESOLVED: gcc.c-torture/execute/20050604-1.c execution, -O3 -fomit-frame-pointer
FAIL: gcc.c-torture/execute/20050604-1.c compilation, -O3 -fomit-frame-pointer -funroll-loops (internal compiler error)
UNRESOLVED: gcc.c-torture/execute/20050604-1.c execution, -O3 -fomit-frame-pointer -funroll-loops
FAIL: gcc.c-torture/execute/20050604-1.c compilation, -O3 -fomit-frame-pointer -funroll-all-loops -finline-functions (internal compiler error)
UNRESOLVED: gcc.c-torture/execute/20050604-1.c execution, -O3 -fomit-frame-pointer -funroll-all-loops -finline-functions
FAIL: gcc.c-torture/execute/20050604-1.c compilation, -O3 -g (internal compiler error)
UNRESOLVED: gcc.c-torture/execute/20050604-1.c execution, -O3 -g
FAIL: gcc.c-torture/execute/20050604-1.c compilation, -Os (internal compiler error)
UNRESOLVED: gcc.c-torture/execute/20050604-1.c execution, -Os
XPASS: gcc.dg/Warray-bounds.c (test for warnings, line 59)
XPASS: gcc.dg/Warray-bounds.c (test for warnings, line 65)
FAIL: gcc.dg/builtin-apply4.c execution test
FAIL: gcc.dg/pr32912-2.c (internal compiler error)
FAIL: gcc.dg/pr32912-2.c (test for excess errors)
UNRESOLVED: gcc.dg/pr32912-2.c compilation failed to produce executable
FAIL: gcc.dg/pr32912-3.c (internal compiler error)
FAIL: gcc.dg/pr32912-3.c (test for excess errors)
FAIL: gcc.dg/pr32912-3.c scan-tree-dump-not optimized "~{": dump file does not exist
FAIL: gcc.dg/pr34989-1.c (internal compiler error)
FAIL: gcc.dg/pr34989-1.c (test for excess errors)
FAIL: gcc.dg/pr37106-1.c (internal compiler error)
FAIL: gcc.dg/pr37106-1.c (test for excess errors)
XPASS: gcc.dg/struct/wo_prof_array_through_pointer.c scan-ipa-dump ipa_struct_reorg "Number of structures to transform is 1"
FAIL: gcc.dg/struct/wo_prof_double_malloc.c (internal compiler error)
FAIL: gcc.dg/struct/wo_prof_double_malloc.c (test for excess errors)
UNRESOLVED: gcc.dg/struct/wo_prof_double_malloc.c compilation failed to produce executable
FAIL: gcc.dg/torture/pr21817-1.c -O1 (internal compiler error)
FAIL: gcc.dg/torture/pr21817-1.c -O1 (test for excess errors)
FAIL: gcc.dg/torture/pr21817-1.c -O2 (internal compiler error)
FAIL: gcc.dg/torture/pr21817-1.c -O2 (test for excess errors)
FAIL: gcc.dg/torture/pr21817-1.c -O3 -fomit-frame-pointer (internal compiler error)
FAIL: gcc.dg/torture/pr21817-1.c -O3 -fomit-frame-pointer (test for excess errors)
FAIL: gcc.dg/torture/pr21817-1.c -O3 -fomit-frame-pointer -funroll-loops (internal compiler error)
FAIL: gcc.dg/torture/pr21817-1.c -O3 -fomit-frame-pointer -funroll-loops (test for excess errors)
FAIL: gcc.dg/torture/pr21817-1.c -O3 -fomit-frame-pointer -funroll-all-loops -finline-functions (internal compiler error)
FAIL: gcc.dg/torture/pr21817-1.c -O3 -fomit-frame-pointer -funroll-all-loops -finline-functions (test for excess errors)
FAIL: gcc.dg/torture/pr21817-1.c -O3 -g (internal compiler error)
FAIL: gcc.dg/torture/pr21817-1.c -O3 -g (test for excess errors)
FAIL: gcc.dg/torture/pr21817-1.c -Os (internal compiler error)
FAIL: gcc.dg/torture/pr21817-1.c -Os (test for excess errors)
XPASS: gcc.dg/tree-ssa/loop-1.c scan-assembler-times foo 5
FAIL: gcc.dg/tree-ssa/loop-31.c scan-tree-dump-times optimized " \\+ 2" 1
FAIL: gcc.dg/vect/vect-35.c scan-tree-dump-times vect "vectorized 2 loops" 1
=== gcc Summary ===
# of expected passes 50997
# of unexpected failures 35
# of unexpected successes 4
# of expected failures 200
# of unresolved testcases 9
# of unsupported tests 490
/home/guerby/build/gcc/xgcc version 4.5.0 20090427 (experimental) [trunk revision 146858] (GCC)
=== gnat tests ===
Running target unix
=== gnat Summary ===
# of expected passes 635
# of expected failures 6
=== libgomp tests ===
Running target unix
=== libgomp Summary ===
# of expected passes 260
=== libmudflap tests ===
Running target unix
FAIL: libmudflap.c/pass54-frag.c execution test
FAIL: libmudflap.c/pass54-frag.c execution test
FAIL: libmudflap.c/pass54-frag.c (-static) execution test
FAIL: libmudflap.c/pass54-frag.c (-static) execution test
=== libmudflap Summary ===
# of expected passes 1736
# of unexpected failures 4
# of unsupported tests 2
Compiler version: 4.5.0 20090427 (experimental) [trunk revision 146858] (GCC)
Platform: ia64-unknown-linux-gnu
configure flags: --prefix=/n/60/guerby/install-trunk --enable-languages=c,ada --enable-__cxa_atexit --disable-nls --enable-threads=posix --with-mpfr=/opt/cfarm/mpfr-2.3.2