This is the mail archive of the gcc-testresults@gcc.gnu.org mailing list for the GCC project.


Index Nav: [Date Index] [Subject Index] [Author Index] [Thread Index]
Message Nav: [Date Prev] [Date Next] [Thread Prev] [Thread Next]
Other format: [Raw text]

Results for 4.5.0 20090426 (experimental) [trunk revision 146793] (GCC) testsuite on ia64-unknown-linux-gnu


LAST_UPDATED: Sun Apr 26 03:02:22 UTC 2009 (revision 146793)

		=== acats tests ===
FAIL:	c37213d
FAIL:	c37213h
FAIL:	c37213k
FAIL:	c37215h

		=== acats Summary ===
# of expected passes		2311
# of unexpected failures	4
Native configuration is ia64-unknown-linux-gnu

		=== gcc tests ===


Running target unix
XPASS: gcc.dg/Warray-bounds.c  (test for warnings, line 59)
XPASS: gcc.dg/Warray-bounds.c  (test for warnings, line 65)
FAIL: gcc.dg/builtin-apply4.c execution test
FAIL: gcc.dg/pr37106-1.c (internal compiler error)
FAIL: gcc.dg/pr37106-1.c (test for excess errors)
XPASS: gcc.dg/struct/wo_prof_array_through_pointer.c scan-ipa-dump ipa_struct_reorg "Number of structures to transform is 1"
XPASS: gcc.dg/tree-ssa/loop-1.c scan-assembler-times foo 5
FAIL: gcc.dg/tree-ssa/loop-31.c scan-tree-dump-times optimized " \\+ 2" 1
FAIL: gcc.dg/vect/vect-35.c scan-tree-dump-times vect "vectorized 2 loops" 1

		=== gcc Summary ===

# of expected passes		50939
# of unexpected failures	5
# of unexpected successes	4
# of expected failures		199
# of unsupported tests		490
/home/guerby/build/gcc/xgcc  version 4.5.0 20090426 (experimental) [trunk revision 146793] (GCC) 

		=== gnat tests ===


Running target unix

		=== gnat Summary ===

# of expected passes		633
# of expected failures		6
		=== libgomp tests ===


Running target unix

		=== libgomp Summary ===

# of expected passes		260
		=== libmudflap tests ===


Running target unix
FAIL: libmudflap.c/pass54-frag.c execution test
FAIL: libmudflap.c/pass54-frag.c execution test
FAIL: libmudflap.c/pass54-frag.c (-static) execution test
FAIL: libmudflap.c/pass54-frag.c (-static) execution test
WARNING: program timed out.
FAIL: libmudflap.cth/pass40-frag.c (-O2) execution test
FAIL: libmudflap.cth/pass40-frag.c (-O2) output pattern test

		=== libmudflap Summary ===

# of expected passes		1734
# of unexpected failures	6
# of unsupported tests		2

Compiler version: 4.5.0 20090426 (experimental) [trunk revision 146793] (GCC) 
Platform: ia64-unknown-linux-gnu
configure flags: --prefix=/n/60/guerby/install-trunk --enable-languages=c,ada --enable-__cxa_atexit --disable-nls --enable-threads=posix --with-mpfr=/opt/cfarm/mpfr-2.3.2


Index Nav: [Date Index] [Subject Index] [Author Index] [Thread Index]
Message Nav: [Date Prev] [Date Next] [Thread Prev] [Thread Next]