This is the mail archive of the gcc-testresults@gcc.gnu.org mailing list for the GCC project.


Index Nav: [Date Index] [Subject Index] [Author Index] [Thread Index]
Message Nav: [Date Prev] [Date Next] [Thread Prev] [Thread Next]
Other format: [Raw text]

Results for 4.5.0 20090424 (GCC) testsuite on sparc64-sun-solaris2.10


LAST_UPDATED: 
		=== acats tests ===

		=== acats Summary ===
# of expected passes		2315
# of unexpected failures	0
Native configuration is sparc64-sun-solaris2.10

		=== g++ tests ===


Running target unix
XPASS: g++.dg/other/ucnid-1.C (test for excess errors)
XPASS: g++.old-deja/g++.other/init19.C execution test

		=== g++ Summary ===

# of expected passes		19125
# of unexpected successes	2
# of expected failures		141
# of unsupported tests		185
/nfs/nile/nile.build/botcazou/gcc-head/sparc64-sun-solaris2.10/gcc/testsuite/g++/../../g++  version 4.5.0 20090424 for GNAT Pro 6.3.0w (20090423) (GCC) 

		=== gcc tests ===


Running target unix
FAIL: gcc.dg/cpp/trad/include.c -fno-show-column (internal compiler error)
FAIL: gcc.dg/cpp/trad/include.c -fno-show-column (test for excess errors)
FAIL: gcc.dg/20020425-1.c (test for excess errors)
XPASS: gcc.dg/Warray-bounds.c  (test for warnings, line 59)
XPASS: gcc.dg/Warray-bounds.c  (test for warnings, line 65)
FAIL: gcc.dg/c99-stdint-1.c (test for excess errors)
FAIL: gcc.dg/c99-stdint-7.c (test for excess errors)
XPASS: gcc.dg/ucnid-2.c (test for excess errors)
XPASS: gcc.dg/ucnid-3.c (test for excess errors)
XPASS: gcc.dg/ucnid-4.c (test for excess errors)
FAIL: largefile.c -O0 -g -I. (test for excess errors)
FAIL: gcc.dg/pch/largefile.c -O0 -g assembly comparison
FAIL: largefile.c  -O0  -I. (test for excess errors)
FAIL: gcc.dg/pch/largefile.c  -O0  assembly comparison
FAIL: largefile.c  -O1  -I. (test for excess errors)
FAIL: gcc.dg/pch/largefile.c  -O1  assembly comparison
FAIL: largefile.c  -O2  -I. (test for excess errors)
FAIL: gcc.dg/pch/largefile.c  -O2  assembly comparison
FAIL: largefile.c  -O3 -fomit-frame-pointer  -I. (test for excess errors)
FAIL: gcc.dg/pch/largefile.c  -O3 -fomit-frame-pointer  assembly comparison
FAIL: largefile.c  -O3 -g  -I. (test for excess errors)
FAIL: gcc.dg/pch/largefile.c  -O3 -g  assembly comparison
FAIL: largefile.c  -Os  -I. (test for excess errors)
FAIL: gcc.dg/pch/largefile.c  -Os  assembly comparison
XPASS: gcc.dg/struct/wo_prof_array_through_pointer.c scan-ipa-dump ipa_struct_reorg "Number of structures to transform is 1"
FAIL: gcc.dg/vect/vect-35.c scan-tree-dump-times vect "vectorized 2 loops" 1
FAIL: compiler driver --help=undocumented option(s): This switch lacks documentation

		=== gcc Summary ===

# of expected passes		51395
# of unexpected failures	21
# of unexpected successes	6
# of expected failures		175
# of unsupported tests		654
/nfs/nile/nile.build/botcazou/gcc-head/sparc64-sun-solaris2.10/gcc/xgcc  version 4.5.0 20090424 for GNAT Pro 6.3.0w (20090423) (GCC) 

		=== gfortran tests ===


Running target unix
FAIL: gfortran.dg/vect/fast-math-pr38968.f90 scan-tree-dump vect "vectorized 1 loops"

		=== gfortran Summary ===

# of expected passes		30238
# of unexpected failures	1
# of expected failures		13
# of unsupported tests		62
/nfs/nile/nile.build/botcazou/gcc-head/sparc64-sun-solaris2.10/gcc/testsuite/gfortran/../../gfortran  version 4.5.0 20090424 for GNAT Pro 6.3.0w (20090423) (GCC) 

		=== gnat tests ===


Running target unix

		=== gnat Summary ===

# of expected passes		628
# of expected failures		6
		=== obj-c++ tests ===


Running target unix
XPASS: obj-c++.dg/comp-types-10.mm (test for excess errors)
WARNING: obj-c++.dg/lookup-2.mm compilation failed to produce executable
WARNING: obj-c++.dg/try-catch-2.mm compilation failed to produce executable
WARNING: obj-c++.dg/try-catch-9.mm compilation failed to produce executable

		=== obj-c++ Summary ===

# of expected passes		425
# of unexpected successes	1
# of expected failures		20
# of unsupported tests		13
/nfs/nile/nile.build/botcazou/gcc-head/sparc64-sun-solaris2.10/gcc/testsuite/obj-c++/../../g++  version 4.5.0 20090424 for GNAT Pro 6.3.0w (20090423) (GCC) 

		=== objc tests ===


Running target unix
FAIL: objc/execute/forward-1.m execution,  -O0 -fgnu-runtime
FAIL: objc/execute/forward-1.m execution,  -O1 -fgnu-runtime
FAIL: objc/execute/forward-1.m execution,  -O2 -fgnu-runtime
FAIL: objc/execute/forward-1.m execution,  -O3 -fomit-frame-pointer -fgnu-runtime
FAIL: objc/execute/forward-1.m execution,  -O3 -fomit-frame-pointer -funroll-loops -fgnu-runtime
FAIL: objc/execute/forward-1.m execution,  -O3 -fomit-frame-pointer -funroll-all-loops -finline-functions -fgnu-runtime
FAIL: objc/execute/forward-1.m execution,  -O3 -g -fgnu-runtime
FAIL: objc/execute/forward-1.m execution,  -Os -fgnu-runtime

		=== objc Summary ===

# of expected passes		1864
# of unexpected failures	8
# of expected failures		7
# of unsupported tests		24
/nfs/nile/nile.build/botcazou/gcc-head/sparc64-sun-solaris2.10/gcc/xgcc  version 4.5.0 20090424 for GNAT Pro 6.3.0w (20090423) (GCC) 


Compiler version: 4.5.0 20090424 for GNAT Pro 6.3.0w (20090423) (GCC) 
Platform: sparc64-sun-solaris2.10
configure flags: --build=sparc64-sun-solaris2.10 --prefix=/nile.build/botcazou/gcc-head/install_sparc64 --with-as=/nile.build/botcazou/gcc-head/install_sparc64/bin/as --with-gmp=/nile.build/botcazou/gcc-head/install_sparc64 --with-gmp-lib=/nile.build/botcazou/gcc-head/install_sparc64/lib/sparcv9 --with-mpfr=/nile.build/botcazou/gcc-head/install_sparc64 --with-mpfr-lib=/nile.build/botcazou/gcc-head/install_sparc64/lib/sparcv9 --enable-languages=c,c++,objc,obj-c++,fortran,ada --enable-checking=release --disable-nls
BOOT_CFLAGS=-g -O2


Index Nav: [Date Index] [Subject Index] [Author Index] [Thread Index]
Message Nav: [Date Prev] [Date Next] [Thread Prev] [Thread Next]