This is the mail archive of the
gcc-testresults@gcc.gnu.org
mailing list for the GCC project.
Results for 4.5.0 20090421 (experimental) [trunk revision 146466] (GCC) testsuite on powerpc-ibm-aix5.3.0.0
- From: David Edelsohn <dje at watson dot ibm dot com>
- To: gcc-testresults at gcc dot gnu dot org
- Date: Tue, 21 Apr 2009 08:41:48 -0400
- Subject: Results for 4.5.0 20090421 (experimental) [trunk revision 146466] (GCC) testsuite on powerpc-ibm-aix5.3.0.0
LAST_UPDATED: Tue Apr 21 02:12:08 UTC 2009 (revision 146466)
Native configuration is powerpc-ibm-aix5.3.0.0
=== g++ tests ===
Running target unix
FAIL: tmpdir-g++.dg-struct-layout-1/t024 cp_compat_x_tst.o-cp_compat_y_tst.o execute
FAIL: tmpdir-g++.dg-struct-layout-1/t026 cp_compat_x_tst.o-cp_compat_y_tst.o execute
FAIL: tmpdir-g++.dg-struct-layout-1/t027 cp_compat_x_tst.o-cp_compat_y_tst.o execute
FAIL: tmpdir-g++.dg-struct-layout-1/t028 cp_compat_x_tst.o-cp_compat_y_tst.o execute
FAIL: tmpdir-g++.dg-struct-layout-1/t029 cp_compat_x_tst.o-cp_compat_y_tst.o execute
FAIL: tmpdir-g++.dg-struct-layout-1/t030 cp_compat_x_tst.o-cp_compat_y_tst.o execute
FAIL: g++.dg/abi/local1.C execution test
FAIL: g++.dg/ext/alignof2.C execution test
FAIL: g++.dg/ext/altivec-12.C (test for excess errors)
FAIL: g++.dg/ext/altivec-13.C (test for excess errors)
FAIL: g++.dg/ext/altivec-15.C (test for errors, line 11)
FAIL: g++.dg/ext/altivec-15.C (test for errors, line 12)
FAIL: g++.dg/ext/altivec-2.C (internal compiler error)
FAIL: g++.dg/ext/altivec-2.C (test for excess errors)
FAIL: g++.dg/ext/altivec-3.C (test for excess errors)
FAIL: g++.dg/ext/altivec-4.C (internal compiler error)
FAIL: g++.dg/ext/altivec-4.C (test for excess errors)
FAIL: g++.dg/ext/altivec-6.C (internal compiler error)
FAIL: g++.dg/ext/altivec-6.C (test for excess errors)
FAIL: g++.dg/ext/altivec-8.C (internal compiler error)
FAIL: g++.dg/ext/altivec-8.C (test for excess errors)
FAIL: g++.dg/ext/altivec-9.C (internal compiler error)
FAIL: g++.dg/ext/altivec-9.C (test for excess errors)
FAIL: g++.dg/ext/visibility/anon1.C scan-assembler-not globl.*_ZN.*1fEv
FAIL: g++.dg/ext/visibility/anon2.C scan-assembler-not globl.*_Z1fv
FAIL: g++.dg/other/anon5.C undefined (test for warnings, line )
FAIL: g++.dg/other/anon5.C (test for excess errors)
WARNING: g++.dg/other/ucnid-1.C compilation failed to produce executable
FAIL: g++.dg/other/unused1.C scan-assembler (string|ascii?)z?[\\t ]"printer("|\\\\\\\\0)
XPASS: g++.old-deja/g++.other/init19.C execution test
FAIL: g++.old-deja/g++.pt/instantiate4.C (test for excess errors)
FAIL: g++.old-deja/g++.pt/repo1.C (test for excess errors)
FAIL: g++.old-deja/g++.pt/repo4.C (test for excess errors)
=== g++ Summary ===
# of expected passes 17926
# of unexpected failures 31
# of unexpected successes 1
# of expected failures 147
# of unsupported tests 239
/tmp/20090420/gcc/testsuite/g++/../../g++ version 4.5.0 20090421 (experimental) [trunk revision 146466] (GCC)
=== gcc tests ===
Running target unix
FAIL: gcc.c-torture/execute/va-arg-trap-1.c compilation, -O2 (internal compiler error)
UNRESOLVED: gcc.c-torture/execute/va-arg-trap-1.c execution, -O2
FAIL: gcc.c-torture/execute/va-arg-trap-1.c compilation, -Os (internal compiler error)
UNRESOLVED: gcc.c-torture/execute/va-arg-trap-1.c execution, -Os
XPASS: gcc.dg/Warray-bounds.c (test for warnings, line 59)
XPASS: gcc.dg/Warray-bounds.c (test for warnings, line 65)
FAIL: gcc.dg/alias-7.c execution test
FAIL: gcc.dg/asm-names.c scan-assembler-not ____frob14
FAIL: gcc.dg/c99-stdint-1.c (test for excess errors)
FAIL: gcc.dg/pthread-init-1.c (test for excess errors)
FAIL: gcc.dg/pthread-init-2.c (test for excess errors)
WARNING: gcc.dg/ucnid-2.c compilation failed to produce executable
WARNING: gcc.dg/ucnid-3.c compilation failed to produce executable
WARNING: gcc.dg/ucnid-4.c compilation failed to produce executable
XPASS: gcc.dg/ucnid-5.c (test for excess errors)
XPASS: gcc.dg/ucnid-6.c (test for excess errors)
FAIL: gcc.dg/torture/pr39678.c -O0 execution test
FAIL: gcc.dg/torture/pr39678.c -O1 execution test
FAIL: gcc.dg/torture/pr39678.c -O2 execution test
FAIL: gcc.dg/torture/pr39678.c -O3 -fomit-frame-pointer execution test
FAIL: gcc.dg/torture/pr39678.c -O3 -g execution test
FAIL: gcc.dg/torture/pr39678.c -Os execution test
FAIL: gcc.dg/tree-ssa/vrp47.c scan-tree-dump-times vrp1 "[xy][^ ]* !=" 0
FAIL: gcc.dg/tree-ssa/vrp47.c scan-tree-dump-times dom1 "x[^ ]* & y" 1
FAIL: gcc.dg/vect/pr35821-altivec.c scan-tree-dump-times vect "vectorized 1 loops" 1
FAIL: gcc.dg/vect/vect-44.c scan-tree-dump-times vect "Alignment of access forced using peeling" 1
FAIL: gcc.dg/vect/vect-50.c scan-tree-dump-times vect "Alignment of access forced using peeling" 1
FAIL: gcc.dg/vect/vect-82_64.c (test for excess errors)
FAIL: gcc.dg/vect/vect-82_64.c scan-tree-dump-times vect "vectorized 1 loops" 1: dump file does not exist
FAIL: gcc.dg/vect/vect-83_64.c (test for excess errors)
FAIL: gcc.dg/vect/vect-83_64.c scan-tree-dump-times vect "vectorized 1 loops" 1: dump file does not exist
FAIL: gcc.dg/vmx/1b-01.c -O0 (test for excess errors)
FAIL: gcc.dg/vmx/1b-01.c -O1 (test for excess errors)
FAIL: gcc.dg/vmx/1b-01.c -O2 (test for excess errors)
FAIL: gcc.dg/vmx/1b-01.c -O3 -fomit-frame-pointer (test for excess errors)
FAIL: gcc.dg/vmx/1b-01.c -O3 -g (test for excess errors)
FAIL: gcc.dg/vmx/1b-01.c -Os (test for excess errors)
FAIL: gcc.dg/vmx/3a-01.c -O0 (internal compiler error)
FAIL: gcc.dg/vmx/3a-01.c -O0 (test for excess errors)
FAIL: gcc.dg/vmx/3a-01.c -O1 (internal compiler error)
FAIL: gcc.dg/vmx/3a-01.c -O1 (test for excess errors)
FAIL: gcc.dg/vmx/3a-01.c -O2 (internal compiler error)
FAIL: gcc.dg/vmx/3a-01.c -O2 (test for excess errors)
FAIL: gcc.dg/vmx/3a-01.c -O3 -fomit-frame-pointer (internal compiler error)
FAIL: gcc.dg/vmx/3a-01.c -O3 -fomit-frame-pointer (test for excess errors)
FAIL: gcc.dg/vmx/3a-01.c -O3 -g (internal compiler error)
FAIL: gcc.dg/vmx/3a-01.c -O3 -g (test for excess errors)
FAIL: gcc.dg/vmx/3a-01.c -Os (internal compiler error)
FAIL: gcc.dg/vmx/3a-01.c -Os (test for excess errors)
FAIL: gcc.dg/vmx/3a-01a.c -O0 (internal compiler error)
FAIL: gcc.dg/vmx/3a-01a.c -O0 (test for excess errors)
FAIL: gcc.dg/vmx/3a-01a.c -O1 (internal compiler error)
FAIL: gcc.dg/vmx/3a-01a.c -O1 (test for excess errors)
FAIL: gcc.dg/vmx/3a-01a.c -O2 (internal compiler error)
FAIL: gcc.dg/vmx/3a-01a.c -O2 (test for excess errors)
FAIL: gcc.dg/vmx/3a-01a.c -O3 -fomit-frame-pointer (internal compiler error)
FAIL: gcc.dg/vmx/3a-01a.c -O3 -fomit-frame-pointer (test for excess errors)
FAIL: gcc.dg/vmx/3a-01a.c -O3 -g (internal compiler error)
FAIL: gcc.dg/vmx/3a-01a.c -O3 -g (test for excess errors)
FAIL: gcc.dg/vmx/3a-01a.c -Os (internal compiler error)
FAIL: gcc.dg/vmx/3a-01a.c -Os (test for excess errors)
FAIL: gcc.dg/vmx/3a-01m.c -O0 (internal compiler error)
FAIL: gcc.dg/vmx/3a-01m.c -O0 (test for excess errors)
FAIL: gcc.dg/vmx/3a-01m.c -O1 (internal compiler error)
FAIL: gcc.dg/vmx/3a-01m.c -O1 (test for excess errors)
FAIL: gcc.dg/vmx/3a-01m.c -O2 (internal compiler error)
FAIL: gcc.dg/vmx/3a-01m.c -O2 (test for excess errors)
FAIL: gcc.dg/vmx/3a-01m.c -O3 -fomit-frame-pointer (internal compiler error)
FAIL: gcc.dg/vmx/3a-01m.c -O3 -fomit-frame-pointer (test for excess errors)
FAIL: gcc.dg/vmx/3a-01m.c -O3 -g (internal compiler error)
FAIL: gcc.dg/vmx/3a-01m.c -O3 -g (test for excess errors)
FAIL: gcc.dg/vmx/3a-01m.c -Os (internal compiler error)
FAIL: gcc.dg/vmx/3a-01m.c -Os (test for excess errors)
FAIL: gcc.dg/vmx/3a-03.c -O0 (internal compiler error)
FAIL: gcc.dg/vmx/3a-03.c -O0 (test for excess errors)
FAIL: gcc.dg/vmx/3a-03.c -O1 (internal compiler error)
FAIL: gcc.dg/vmx/3a-03.c -O1 (test for excess errors)
FAIL: gcc.dg/vmx/3a-03.c -O2 (internal compiler error)
FAIL: gcc.dg/vmx/3a-03.c -O2 (test for excess errors)
FAIL: gcc.dg/vmx/3a-03.c -O3 -fomit-frame-pointer (internal compiler error)
FAIL: gcc.dg/vmx/3a-03.c -O3 -fomit-frame-pointer (test for excess errors)
FAIL: gcc.dg/vmx/3a-03.c -O3 -g (internal compiler error)
FAIL: gcc.dg/vmx/3a-03.c -O3 -g (test for excess errors)
FAIL: gcc.dg/vmx/3a-03.c -Os (internal compiler error)
FAIL: gcc.dg/vmx/3a-03.c -Os (test for excess errors)
FAIL: gcc.dg/vmx/3a-03m.c -O0 (internal compiler error)
FAIL: gcc.dg/vmx/3a-03m.c -O0 (test for excess errors)
FAIL: gcc.dg/vmx/3a-03m.c -O1 (internal compiler error)
FAIL: gcc.dg/vmx/3a-03m.c -O1 (test for excess errors)
FAIL: gcc.dg/vmx/3a-03m.c -O2 (internal compiler error)
FAIL: gcc.dg/vmx/3a-03m.c -O2 (test for excess errors)
FAIL: gcc.dg/vmx/3a-03m.c -O3 -fomit-frame-pointer (internal compiler error)
FAIL: gcc.dg/vmx/3a-03m.c -O3 -fomit-frame-pointer (test for excess errors)
FAIL: gcc.dg/vmx/3a-03m.c -O3 -g (internal compiler error)
FAIL: gcc.dg/vmx/3a-03m.c -O3 -g (test for excess errors)
FAIL: gcc.dg/vmx/3a-03m.c -Os (internal compiler error)
FAIL: gcc.dg/vmx/3a-03m.c -Os (test for excess errors)
FAIL: gcc.dg/vmx/3a-04.c -O0 (internal compiler error)
FAIL: gcc.dg/vmx/3a-04.c -O0 (test for excess errors)
FAIL: gcc.dg/vmx/3a-04.c -O1 (internal compiler error)
FAIL: gcc.dg/vmx/3a-04.c -O1 (test for excess errors)
FAIL: gcc.dg/vmx/3a-04.c -O2 (internal compiler error)
FAIL: gcc.dg/vmx/3a-04.c -O2 (test for excess errors)
FAIL: gcc.dg/vmx/3a-04.c -O3 -fomit-frame-pointer (internal compiler error)
FAIL: gcc.dg/vmx/3a-04.c -O3 -fomit-frame-pointer (test for excess errors)
FAIL: gcc.dg/vmx/3a-04.c -O3 -g (internal compiler error)
FAIL: gcc.dg/vmx/3a-04.c -O3 -g (test for excess errors)
FAIL: gcc.dg/vmx/3a-04.c -Os (internal compiler error)
FAIL: gcc.dg/vmx/3a-04.c -Os (test for excess errors)
FAIL: gcc.dg/vmx/3a-04m.c -O0 (internal compiler error)
FAIL: gcc.dg/vmx/3a-04m.c -O0 (test for excess errors)
FAIL: gcc.dg/vmx/3a-04m.c -O1 (internal compiler error)
FAIL: gcc.dg/vmx/3a-04m.c -O1 (test for excess errors)
FAIL: gcc.dg/vmx/3a-04m.c -O2 (internal compiler error)
FAIL: gcc.dg/vmx/3a-04m.c -O2 (test for excess errors)
FAIL: gcc.dg/vmx/3a-04m.c -O3 -fomit-frame-pointer (internal compiler error)
FAIL: gcc.dg/vmx/3a-04m.c -O3 -fomit-frame-pointer (test for excess errors)
FAIL: gcc.dg/vmx/3a-04m.c -O3 -g (internal compiler error)
FAIL: gcc.dg/vmx/3a-04m.c -O3 -g (test for excess errors)
FAIL: gcc.dg/vmx/3a-04m.c -Os (internal compiler error)
FAIL: gcc.dg/vmx/3a-04m.c -Os (test for excess errors)
FAIL: gcc.dg/vmx/3a-05.c -O0 (internal compiler error)
FAIL: gcc.dg/vmx/3a-05.c -O0 (test for excess errors)
FAIL: gcc.dg/vmx/3a-05.c -O1 (internal compiler error)
FAIL: gcc.dg/vmx/3a-05.c -O1 (test for excess errors)
FAIL: gcc.dg/vmx/3a-05.c -O2 (internal compiler error)
FAIL: gcc.dg/vmx/3a-05.c -O2 (test for excess errors)
FAIL: gcc.dg/vmx/3a-05.c -O3 -fomit-frame-pointer (internal compiler error)
FAIL: gcc.dg/vmx/3a-05.c -O3 -fomit-frame-pointer (test for excess errors)
FAIL: gcc.dg/vmx/3a-05.c -O3 -g (internal compiler error)
FAIL: gcc.dg/vmx/3a-05.c -O3 -g (test for excess errors)
FAIL: gcc.dg/vmx/3a-05.c -Os (internal compiler error)
FAIL: gcc.dg/vmx/3a-05.c -Os (test for excess errors)
FAIL: gcc.dg/vmx/3a-06.c -O0 (internal compiler error)
FAIL: gcc.dg/vmx/3a-06.c -O0 (test for excess errors)
FAIL: gcc.dg/vmx/3a-06.c -O1 (internal compiler error)
FAIL: gcc.dg/vmx/3a-06.c -O1 (test for excess errors)
FAIL: gcc.dg/vmx/3a-06.c -O2 (internal compiler error)
FAIL: gcc.dg/vmx/3a-06.c -O2 (test for excess errors)
FAIL: gcc.dg/vmx/3a-06.c -O3 -fomit-frame-pointer (internal compiler error)
FAIL: gcc.dg/vmx/3a-06.c -O3 -fomit-frame-pointer (test for excess errors)
FAIL: gcc.dg/vmx/3a-06.c -O3 -g (internal compiler error)
FAIL: gcc.dg/vmx/3a-06.c -O3 -g (test for excess errors)
FAIL: gcc.dg/vmx/3a-06.c -Os (internal compiler error)
FAIL: gcc.dg/vmx/3a-06.c -Os (test for excess errors)
FAIL: gcc.dg/vmx/3a-06m.c -O0 (internal compiler error)
FAIL: gcc.dg/vmx/3a-06m.c -O0 (test for excess errors)
FAIL: gcc.dg/vmx/3a-06m.c -O1 (internal compiler error)
FAIL: gcc.dg/vmx/3a-06m.c -O1 (test for excess errors)
FAIL: gcc.dg/vmx/3a-06m.c -O2 (internal compiler error)
FAIL: gcc.dg/vmx/3a-06m.c -O2 (test for excess errors)
FAIL: gcc.dg/vmx/3a-06m.c -O3 -fomit-frame-pointer (internal compiler error)
FAIL: gcc.dg/vmx/3a-06m.c -O3 -fomit-frame-pointer (test for excess errors)
FAIL: gcc.dg/vmx/3a-06m.c -O3 -g (internal compiler error)
FAIL: gcc.dg/vmx/3a-06m.c -O3 -g (test for excess errors)
FAIL: gcc.dg/vmx/3a-06m.c -Os (internal compiler error)
FAIL: gcc.dg/vmx/3a-06m.c -Os (test for excess errors)
FAIL: gcc.dg/vmx/3a-07.c -O0 (internal compiler error)
FAIL: gcc.dg/vmx/3a-07.c -O0 (test for excess errors)
FAIL: gcc.dg/vmx/3a-07.c -O1 (internal compiler error)
FAIL: gcc.dg/vmx/3a-07.c -O1 (test for excess errors)
FAIL: gcc.dg/vmx/3a-07.c -O2 (internal compiler error)
FAIL: gcc.dg/vmx/3a-07.c -O2 (test for excess errors)
FAIL: gcc.dg/vmx/3a-07.c -O3 -fomit-frame-pointer (internal compiler error)
FAIL: gcc.dg/vmx/3a-07.c -O3 -fomit-frame-pointer (test for excess errors)
FAIL: gcc.dg/vmx/3a-07.c -O3 -g (internal compiler error)
FAIL: gcc.dg/vmx/3a-07.c -O3 -g (test for excess errors)
FAIL: gcc.dg/vmx/3a-07.c -Os (internal compiler error)
FAIL: gcc.dg/vmx/3a-07.c -Os (test for excess errors)
FAIL: gcc.dg/vmx/3b-01.c -O0 (internal compiler error)
FAIL: gcc.dg/vmx/3b-01.c -O0 (test for excess errors)
FAIL: gcc.dg/vmx/3b-01.c -O1 (internal compiler error)
FAIL: gcc.dg/vmx/3b-01.c -O1 (test for excess errors)
FAIL: gcc.dg/vmx/3b-01.c -O2 (internal compiler error)
FAIL: gcc.dg/vmx/3b-01.c -O2 (test for excess errors)
FAIL: gcc.dg/vmx/3b-01.c -O3 -fomit-frame-pointer (internal compiler error)
FAIL: gcc.dg/vmx/3b-01.c -O3 -fomit-frame-pointer (test for excess errors)
FAIL: gcc.dg/vmx/3b-01.c -O3 -g (internal compiler error)
FAIL: gcc.dg/vmx/3b-01.c -O3 -g (test for excess errors)
FAIL: gcc.dg/vmx/3b-01.c -Os (internal compiler error)
FAIL: gcc.dg/vmx/3b-01.c -Os (test for excess errors)
FAIL: gcc.dg/vmx/3b-02.c -O0 (internal compiler error)
FAIL: gcc.dg/vmx/3b-02.c -O0 (test for excess errors)
FAIL: gcc.dg/vmx/3b-02.c -O1 (internal compiler error)
FAIL: gcc.dg/vmx/3b-02.c -O1 (test for excess errors)
FAIL: gcc.dg/vmx/3b-02.c -O2 (internal compiler error)
FAIL: gcc.dg/vmx/3b-02.c -O2 (test for excess errors)
FAIL: gcc.dg/vmx/3b-02.c -O3 -fomit-frame-pointer (internal compiler error)
FAIL: gcc.dg/vmx/3b-02.c -O3 -fomit-frame-pointer (test for excess errors)
FAIL: gcc.dg/vmx/3b-02.c -O3 -g (internal compiler error)
FAIL: gcc.dg/vmx/3b-02.c -O3 -g (test for excess errors)
FAIL: gcc.dg/vmx/3b-02.c -Os (internal compiler error)
FAIL: gcc.dg/vmx/3b-02.c -Os (test for excess errors)
FAIL: gcc.dg/vmx/3b-10.c -O0 (internal compiler error)
FAIL: gcc.dg/vmx/3b-10.c -O0 (test for excess errors)
FAIL: gcc.dg/vmx/3b-10.c -O1 (internal compiler error)
FAIL: gcc.dg/vmx/3b-10.c -O1 (test for excess errors)
FAIL: gcc.dg/vmx/3b-10.c -O2 (internal compiler error)
FAIL: gcc.dg/vmx/3b-10.c -O2 (test for excess errors)
FAIL: gcc.dg/vmx/3b-10.c -O3 -fomit-frame-pointer (internal compiler error)
FAIL: gcc.dg/vmx/3b-10.c -O3 -fomit-frame-pointer (test for excess errors)
FAIL: gcc.dg/vmx/3b-10.c -O3 -g (internal compiler error)
FAIL: gcc.dg/vmx/3b-10.c -O3 -g (test for excess errors)
FAIL: gcc.dg/vmx/3b-10.c -Os (internal compiler error)
FAIL: gcc.dg/vmx/3b-10.c -Os (test for excess errors)
FAIL: gcc.dg/vmx/3b-13.c -O0 (internal compiler error)
FAIL: gcc.dg/vmx/3b-13.c -O0 (test for excess errors)
FAIL: gcc.dg/vmx/3b-13.c -O1 (internal compiler error)
FAIL: gcc.dg/vmx/3b-13.c -O1 (test for excess errors)
FAIL: gcc.dg/vmx/3b-13.c -O2 (internal compiler error)
FAIL: gcc.dg/vmx/3b-13.c -O2 (test for excess errors)
FAIL: gcc.dg/vmx/3b-13.c -O3 -fomit-frame-pointer (internal compiler error)
FAIL: gcc.dg/vmx/3b-13.c -O3 -fomit-frame-pointer (test for excess errors)
FAIL: gcc.dg/vmx/3b-13.c -O3 -g (internal compiler error)
FAIL: gcc.dg/vmx/3b-13.c -O3 -g (test for excess errors)
FAIL: gcc.dg/vmx/3b-13.c -Os (internal compiler error)
FAIL: gcc.dg/vmx/3b-13.c -Os (test for excess errors)
FAIL: gcc.dg/vmx/3b-14.c -O0 (test for excess errors)
FAIL: gcc.dg/vmx/3b-14.c -O1 (test for excess errors)
FAIL: gcc.dg/vmx/3b-14.c -O2 (test for excess errors)
FAIL: gcc.dg/vmx/3b-14.c -O3 -fomit-frame-pointer (test for excess errors)
FAIL: gcc.dg/vmx/3b-14.c -O3 -g (test for excess errors)
FAIL: gcc.dg/vmx/3b-14.c -Os (test for excess errors)
FAIL: gcc.dg/vmx/3b-15.c -O0 (internal compiler error)
FAIL: gcc.dg/vmx/3b-15.c -O0 (test for excess errors)
FAIL: gcc.dg/vmx/3b-15.c -O1 (internal compiler error)
FAIL: gcc.dg/vmx/3b-15.c -O1 (test for excess errors)
FAIL: gcc.dg/vmx/3b-15.c -O2 (internal compiler error)
FAIL: gcc.dg/vmx/3b-15.c -O2 (test for excess errors)
FAIL: gcc.dg/vmx/3b-15.c -O3 -fomit-frame-pointer (internal compiler error)
FAIL: gcc.dg/vmx/3b-15.c -O3 -fomit-frame-pointer (test for excess errors)
FAIL: gcc.dg/vmx/3b-15.c -O3 -g (internal compiler error)
FAIL: gcc.dg/vmx/3b-15.c -O3 -g (test for excess errors)
FAIL: gcc.dg/vmx/3b-15.c -Os (internal compiler error)
FAIL: gcc.dg/vmx/3b-15.c -Os (test for excess errors)
FAIL: gcc.dg/vmx/3c-01.c -O0 (internal compiler error)
FAIL: gcc.dg/vmx/3c-01.c -O0 (test for excess errors)
FAIL: gcc.dg/vmx/3c-01.c -O1 (internal compiler error)
FAIL: gcc.dg/vmx/3c-01.c -O1 (test for excess errors)
FAIL: gcc.dg/vmx/3c-01.c -O2 (internal compiler error)
FAIL: gcc.dg/vmx/3c-01.c -O2 (test for excess errors)
FAIL: gcc.dg/vmx/3c-01.c -O3 -fomit-frame-pointer (internal compiler error)
FAIL: gcc.dg/vmx/3c-01.c -O3 -fomit-frame-pointer (test for excess errors)
FAIL: gcc.dg/vmx/3c-01.c -O3 -g (internal compiler error)
FAIL: gcc.dg/vmx/3c-01.c -O3 -g (test for excess errors)
FAIL: gcc.dg/vmx/3c-01.c -Os (internal compiler error)
FAIL: gcc.dg/vmx/3c-01.c -Os (test for excess errors)
FAIL: gcc.dg/vmx/3c-01a.c -O0 (test for excess errors)
FAIL: gcc.dg/vmx/3c-01a.c -O1 (test for excess errors)
FAIL: gcc.dg/vmx/3c-01a.c -O2 (test for excess errors)
FAIL: gcc.dg/vmx/3c-01a.c -O3 -fomit-frame-pointer (test for excess errors)
FAIL: gcc.dg/vmx/3c-01a.c -O3 -g (test for excess errors)
FAIL: gcc.dg/vmx/3c-01a.c -Os (test for excess errors)
FAIL: gcc.dg/vmx/3c-02.c -O0 (internal compiler error)
FAIL: gcc.dg/vmx/3c-02.c -O0 (test for excess errors)
FAIL: gcc.dg/vmx/3c-02.c -O1 (internal compiler error)
FAIL: gcc.dg/vmx/3c-02.c -O1 (test for excess errors)
FAIL: gcc.dg/vmx/3c-02.c -O2 (internal compiler error)
FAIL: gcc.dg/vmx/3c-02.c -O2 (test for excess errors)
FAIL: gcc.dg/vmx/3c-02.c -O3 -fomit-frame-pointer (internal compiler error)
FAIL: gcc.dg/vmx/3c-02.c -O3 -fomit-frame-pointer (test for excess errors)
FAIL: gcc.dg/vmx/3c-02.c -O3 -g (internal compiler error)
FAIL: gcc.dg/vmx/3c-02.c -O3 -g (test for excess errors)
FAIL: gcc.dg/vmx/3c-02.c -Os (internal compiler error)
FAIL: gcc.dg/vmx/3c-02.c -Os (test for excess errors)
FAIL: gcc.dg/vmx/3c-03.c -O0 (internal compiler error)
FAIL: gcc.dg/vmx/3c-03.c -O0 (test for excess errors)
FAIL: gcc.dg/vmx/3c-03.c -O1 (internal compiler error)
FAIL: gcc.dg/vmx/3c-03.c -O1 (test for excess errors)
FAIL: gcc.dg/vmx/3c-03.c -O2 (internal compiler error)
FAIL: gcc.dg/vmx/3c-03.c -O2 (test for excess errors)
FAIL: gcc.dg/vmx/3c-03.c -O3 -fomit-frame-pointer (internal compiler error)
FAIL: gcc.dg/vmx/3c-03.c -O3 -fomit-frame-pointer (test for excess errors)
FAIL: gcc.dg/vmx/3c-03.c -O3 -g (internal compiler error)
FAIL: gcc.dg/vmx/3c-03.c -O3 -g (test for excess errors)
FAIL: gcc.dg/vmx/3c-03.c -Os (internal compiler error)
FAIL: gcc.dg/vmx/3c-03.c -Os (test for excess errors)
FAIL: gcc.dg/vmx/3d-01.c -O0 (test for excess errors)
FAIL: gcc.dg/vmx/3d-01.c -O1 (test for excess errors)
FAIL: gcc.dg/vmx/3d-01.c -O2 (test for excess errors)
FAIL: gcc.dg/vmx/3d-01.c -O3 -fomit-frame-pointer (test for excess errors)
FAIL: gcc.dg/vmx/3d-01.c -O3 -g (test for excess errors)
FAIL: gcc.dg/vmx/3d-01.c -Os (test for excess errors)
FAIL: gcc.dg/vmx/5-11.c -O0 (internal compiler error)
FAIL: gcc.dg/vmx/5-11.c -O0 (test for excess errors)
FAIL: gcc.dg/vmx/5-11.c -O1 (test for excess errors)
FAIL: gcc.dg/vmx/5-11.c -O2 (test for excess errors)
FAIL: gcc.dg/vmx/5-11.c -O3 -fomit-frame-pointer (test for excess errors)
FAIL: gcc.dg/vmx/5-11.c -O3 -g (test for excess errors)
FAIL: gcc.dg/vmx/5-11.c -Os (test for excess errors)
FAIL: gcc.dg/vmx/7-01.c -O0 (internal compiler error)
FAIL: gcc.dg/vmx/7-01.c -O0 (test for excess errors)
FAIL: gcc.dg/vmx/7-01.c -O1 (internal compiler error)
FAIL: gcc.dg/vmx/7-01.c -O1 (test for excess errors)
FAIL: gcc.dg/vmx/7-01.c -O2 (internal compiler error)
FAIL: gcc.dg/vmx/7-01.c -O2 (test for excess errors)
FAIL: gcc.dg/vmx/7-01.c -O3 -fomit-frame-pointer (internal compiler error)
FAIL: gcc.dg/vmx/7-01.c -O3 -fomit-frame-pointer (test for excess errors)
FAIL: gcc.dg/vmx/7-01.c -O3 -fomit-frame-pointer -funroll-loops (internal compiler error)
FAIL: gcc.dg/vmx/7-01.c -O3 -fomit-frame-pointer -funroll-loops (test for excess errors)
FAIL: gcc.dg/vmx/7-01.c -O3 -fomit-frame-pointer -funroll-all-loops -finline-functions (internal compiler error)
FAIL: gcc.dg/vmx/7-01.c -O3 -fomit-frame-pointer -funroll-all-loops -finline-functions (test for excess errors)
FAIL: gcc.dg/vmx/7-01.c -O3 -g (internal compiler error)
FAIL: gcc.dg/vmx/7-01.c -O3 -g (test for excess errors)
FAIL: gcc.dg/vmx/7-01.c -Os (internal compiler error)
FAIL: gcc.dg/vmx/7-01.c -Os (test for excess errors)
FAIL: gcc.dg/vmx/7-01a.c -O0 (internal compiler error)
FAIL: gcc.dg/vmx/7-01a.c -O0 (test for excess errors)
FAIL: gcc.dg/vmx/7-01a.c -O1 (internal compiler error)
FAIL: gcc.dg/vmx/7-01a.c -O1 (test for excess errors)
FAIL: gcc.dg/vmx/7-01a.c -O2 (internal compiler error)
FAIL: gcc.dg/vmx/7-01a.c -O2 (test for excess errors)
FAIL: gcc.dg/vmx/7-01a.c -O3 -fomit-frame-pointer (internal compiler error)
FAIL: gcc.dg/vmx/7-01a.c -O3 -fomit-frame-pointer (test for excess errors)
FAIL: gcc.dg/vmx/7-01a.c -O3 -fomit-frame-pointer -funroll-loops (internal compiler error)
FAIL: gcc.dg/vmx/7-01a.c -O3 -fomit-frame-pointer -funroll-loops (test for excess errors)
FAIL: gcc.dg/vmx/7-01a.c -O3 -fomit-frame-pointer -funroll-all-loops -finline-functions (internal compiler error)
FAIL: gcc.dg/vmx/7-01a.c -O3 -fomit-frame-pointer -funroll-all-loops -finline-functions (test for excess errors)
FAIL: gcc.dg/vmx/7-01a.c -O3 -g (internal compiler error)
FAIL: gcc.dg/vmx/7-01a.c -O3 -g (test for excess errors)
FAIL: gcc.dg/vmx/7-01a.c -Os (internal compiler error)
FAIL: gcc.dg/vmx/7-01a.c -Os (test for excess errors)
FAIL: gcc.dg/vmx/7d-01.c -O0 (internal compiler error)
FAIL: gcc.dg/vmx/7d-01.c -O0 (test for excess errors)
FAIL: gcc.dg/vmx/7d-01.c -O1 (internal compiler error)
FAIL: gcc.dg/vmx/7d-01.c -O1 (test for excess errors)
FAIL: gcc.dg/vmx/7d-01.c -O2 (internal compiler error)
FAIL: gcc.dg/vmx/7d-01.c -O2 (test for excess errors)
FAIL: gcc.dg/vmx/7d-01.c -O3 -fomit-frame-pointer (internal compiler error)
FAIL: gcc.dg/vmx/7d-01.c -O3 -fomit-frame-pointer (test for excess errors)
FAIL: gcc.dg/vmx/7d-01.c -O3 -g (internal compiler error)
FAIL: gcc.dg/vmx/7d-01.c -O3 -g (test for excess errors)
FAIL: gcc.dg/vmx/7d-01.c -Os (internal compiler error)
FAIL: gcc.dg/vmx/7d-01.c -Os (test for excess errors)
FAIL: gcc.dg/vmx/7d-02.c -O0 (test for excess errors)
FAIL: gcc.dg/vmx/7d-02.c -O1 (test for excess errors)
FAIL: gcc.dg/vmx/7d-02.c -O2 (test for excess errors)
FAIL: gcc.dg/vmx/7d-02.c -O3 -fomit-frame-pointer (test for excess errors)
FAIL: gcc.dg/vmx/7d-02.c -O3 -g (test for excess errors)
FAIL: gcc.dg/vmx/7d-02.c -Os (test for excess errors)
FAIL: gcc.dg/vmx/8-01.c -O0 (test for excess errors)
FAIL: gcc.dg/vmx/8-01.c -O1 (test for excess errors)
FAIL: gcc.dg/vmx/8-01.c -O2 (test for excess errors)
FAIL: gcc.dg/vmx/8-01.c -O3 -fomit-frame-pointer (test for excess errors)
FAIL: gcc.dg/vmx/8-01.c -O3 -g (test for excess errors)
FAIL: gcc.dg/vmx/8-01.c -Os (test for excess errors)
FAIL: gcc.dg/vmx/8-02.c -O0 (test for excess errors)
FAIL: gcc.dg/vmx/8-02.c -O1 (test for excess errors)
FAIL: gcc.dg/vmx/8-02.c -O2 (test for excess errors)
FAIL: gcc.dg/vmx/8-02.c -O3 -fomit-frame-pointer (test for excess errors)
FAIL: gcc.dg/vmx/8-02.c -O3 -g (test for excess errors)
FAIL: gcc.dg/vmx/8-02.c -Os (test for excess errors)
FAIL: gcc.dg/vmx/8-02a.c -O0 (test for excess errors)
FAIL: gcc.dg/vmx/8-02a.c -O1 (test for excess errors)
FAIL: gcc.dg/vmx/8-02a.c -O2 (test for excess errors)
FAIL: gcc.dg/vmx/8-02a.c -O3 -fomit-frame-pointer (test for excess errors)
FAIL: gcc.dg/vmx/8-02a.c -O3 -g (test for excess errors)
FAIL: gcc.dg/vmx/8-02a.c -Os (test for excess errors)
FAIL: gcc.dg/vmx/brode-1.c -O0 (internal compiler error)
FAIL: gcc.dg/vmx/brode-1.c -O0 (test for excess errors)
FAIL: gcc.dg/vmx/brode-1.c -O1 (test for excess errors)
FAIL: gcc.dg/vmx/brode-1.c -O2 (test for excess errors)
FAIL: gcc.dg/vmx/brode-1.c -O3 -fomit-frame-pointer (test for excess errors)
FAIL: gcc.dg/vmx/brode-1.c -O3 -g (test for excess errors)
FAIL: gcc.dg/vmx/brode-1.c -Os (test for excess errors)
FAIL: gcc.dg/vmx/bug-1.c -O0 (test for excess errors)
FAIL: gcc.dg/vmx/bug-1.c -O1 (test for excess errors)
FAIL: gcc.dg/vmx/bug-1.c -O2 (test for excess errors)
FAIL: gcc.dg/vmx/bug-1.c -O3 -fomit-frame-pointer (test for excess errors)
FAIL: gcc.dg/vmx/bug-1.c -O3 -fomit-frame-pointer -funroll-loops (test for excess errors)
FAIL: gcc.dg/vmx/bug-1.c -O3 -fomit-frame-pointer -funroll-all-loops -finline-functions (test for excess errors)
FAIL: gcc.dg/vmx/bug-1.c -O3 -g (test for excess errors)
FAIL: gcc.dg/vmx/bug-1.c -Os (test for excess errors)
FAIL: gcc.dg/vmx/bug-2.c -O0 (test for excess errors)
FAIL: gcc.dg/vmx/bug-2.c -O1 (test for excess errors)
FAIL: gcc.dg/vmx/bug-2.c -O2 (test for excess errors)
FAIL: gcc.dg/vmx/bug-2.c -O3 -fomit-frame-pointer (test for excess errors)
FAIL: gcc.dg/vmx/bug-2.c -O3 -g (test for excess errors)
FAIL: gcc.dg/vmx/bug-2.c -Os (test for excess errors)
FAIL: gcc.dg/vmx/bug-3.c -O0 (test for excess errors)
FAIL: gcc.dg/vmx/bug-3.c -O1 (test for excess errors)
FAIL: gcc.dg/vmx/bug-3.c -O2 (test for excess errors)
FAIL: gcc.dg/vmx/bug-3.c -O3 -fomit-frame-pointer (test for excess errors)
FAIL: gcc.dg/vmx/bug-3.c -O3 -g (test for excess errors)
FAIL: gcc.dg/vmx/bug-3.c -Os (test for excess errors)
FAIL: gcc.dg/vmx/cw-bug-1.c -O0 (test for excess errors)
FAIL: gcc.dg/vmx/cw-bug-1.c -O1 (test for excess errors)
FAIL: gcc.dg/vmx/cw-bug-1.c -O2 (test for excess errors)
FAIL: gcc.dg/vmx/cw-bug-1.c -O3 -fomit-frame-pointer (test for excess errors)
FAIL: gcc.dg/vmx/cw-bug-1.c -O3 -g (test for excess errors)
FAIL: gcc.dg/vmx/cw-bug-1.c -Os (test for excess errors)
FAIL: gcc.dg/vmx/dct.c -O0 (internal compiler error)
FAIL: gcc.dg/vmx/dct.c -O0 (test for excess errors)
FAIL: gcc.dg/vmx/dct.c -O1 (internal compiler error)
FAIL: gcc.dg/vmx/dct.c -O1 (test for excess errors)
FAIL: gcc.dg/vmx/dct.c -O2 (internal compiler error)
FAIL: gcc.dg/vmx/dct.c -O2 (test for excess errors)
FAIL: gcc.dg/vmx/dct.c -O3 -fomit-frame-pointer (internal compiler error)
FAIL: gcc.dg/vmx/dct.c -O3 -fomit-frame-pointer (test for excess errors)
FAIL: gcc.dg/vmx/dct.c -O3 -g (internal compiler error)
FAIL: gcc.dg/vmx/dct.c -O3 -g (test for excess errors)
FAIL: gcc.dg/vmx/dct.c -Os (internal compiler error)
FAIL: gcc.dg/vmx/dct.c -Os (test for excess errors)
FAIL: gcc.dg/vmx/debug-4.c -O0 (internal compiler error)
FAIL: gcc.dg/vmx/debug-4.c -O0 (test for excess errors)
FAIL: gcc.dg/vmx/debug-4.c -O1 (internal compiler error)
FAIL: gcc.dg/vmx/debug-4.c -O1 (test for excess errors)
FAIL: gcc.dg/vmx/debug-4.c -O2 (internal compiler error)
FAIL: gcc.dg/vmx/debug-4.c -O2 (test for excess errors)
FAIL: gcc.dg/vmx/debug-4.c -O3 -fomit-frame-pointer (internal compiler error)
FAIL: gcc.dg/vmx/debug-4.c -O3 -fomit-frame-pointer (test for excess errors)
FAIL: gcc.dg/vmx/debug-4.c -O3 -g (internal compiler error)
FAIL: gcc.dg/vmx/debug-4.c -O3 -g (test for excess errors)
FAIL: gcc.dg/vmx/debug-4.c -Os (internal compiler error)
FAIL: gcc.dg/vmx/debug-4.c -Os (test for excess errors)
FAIL: gcc.dg/vmx/dos-bug-2-gdb.c -O0 (internal compiler error)
FAIL: gcc.dg/vmx/dos-bug-2-gdb.c -O0 (test for excess errors)
FAIL: gcc.dg/vmx/dos-bug-2-gdb.c -O1 (test for excess errors)
FAIL: gcc.dg/vmx/dos-bug-2-gdb.c -O2 (test for excess errors)
FAIL: gcc.dg/vmx/dos-bug-2-gdb.c -O3 -fomit-frame-pointer (test for excess errors)
FAIL: gcc.dg/vmx/dos-bug-2-gdb.c -O3 -g (test for excess errors)
FAIL: gcc.dg/vmx/dos-bug-2-gdb.c -Os (test for excess errors)
FAIL: gcc.dg/vmx/eg-5.c -O0 (internal compiler error)
FAIL: gcc.dg/vmx/eg-5.c -O0 (test for excess errors)
FAIL: gcc.dg/vmx/eg-5.c -O1 (internal compiler error)
FAIL: gcc.dg/vmx/eg-5.c -O1 (test for excess errors)
FAIL: gcc.dg/vmx/eg-5.c -O2 (internal compiler error)
FAIL: gcc.dg/vmx/eg-5.c -O2 (test for excess errors)
FAIL: gcc.dg/vmx/eg-5.c -O3 -fomit-frame-pointer (internal compiler error)
FAIL: gcc.dg/vmx/eg-5.c -O3 -fomit-frame-pointer (test for excess errors)
FAIL: gcc.dg/vmx/eg-5.c -O3 -g (internal compiler error)
FAIL: gcc.dg/vmx/eg-5.c -O3 -g (test for excess errors)
FAIL: gcc.dg/vmx/eg-5.c -Os (internal compiler error)
FAIL: gcc.dg/vmx/eg-5.c -Os (test for excess errors)
FAIL: gcc.dg/vmx/fft.c -O0 (internal compiler error)
FAIL: gcc.dg/vmx/fft.c -O0 (test for excess errors)
FAIL: gcc.dg/vmx/fft.c -O1 (internal compiler error)
FAIL: gcc.dg/vmx/fft.c -O1 (test for excess errors)
FAIL: gcc.dg/vmx/fft.c -O2 (internal compiler error)
FAIL: gcc.dg/vmx/fft.c -O2 (test for excess errors)
FAIL: gcc.dg/vmx/fft.c -O3 -fomit-frame-pointer (internal compiler error)
FAIL: gcc.dg/vmx/fft.c -O3 -fomit-frame-pointer (test for excess errors)
FAIL: gcc.dg/vmx/fft.c -O3 -fomit-frame-pointer -funroll-loops (internal compiler error)
FAIL: gcc.dg/vmx/fft.c -O3 -fomit-frame-pointer -funroll-loops (test for excess errors)
FAIL: gcc.dg/vmx/fft.c -O3 -fomit-frame-pointer -funroll-all-loops -finline-functions (internal compiler error)
FAIL: gcc.dg/vmx/fft.c -O3 -fomit-frame-pointer -funroll-all-loops -finline-functions (test for excess errors)
FAIL: gcc.dg/vmx/fft.c -O3 -g (internal compiler error)
FAIL: gcc.dg/vmx/fft.c -O3 -g (test for excess errors)
FAIL: gcc.dg/vmx/fft.c -Os (internal compiler error)
FAIL: gcc.dg/vmx/fft.c -Os (test for excess errors)
FAIL: gcc.dg/vmx/gcc-bug-b.c -O0 (internal compiler error)
FAIL: gcc.dg/vmx/gcc-bug-b.c -O0 (test for excess errors)
FAIL: gcc.dg/vmx/gcc-bug-b.c -O1 (internal compiler error)
FAIL: gcc.dg/vmx/gcc-bug-b.c -O1 (test for excess errors)
FAIL: gcc.dg/vmx/gcc-bug-b.c -O2 (internal compiler error)
FAIL: gcc.dg/vmx/gcc-bug-b.c -O2 (test for excess errors)
FAIL: gcc.dg/vmx/gcc-bug-b.c -O3 -fomit-frame-pointer (internal compiler error)
FAIL: gcc.dg/vmx/gcc-bug-b.c -O3 -fomit-frame-pointer (test for excess errors)
FAIL: gcc.dg/vmx/gcc-bug-b.c -O3 -g (internal compiler error)
FAIL: gcc.dg/vmx/gcc-bug-b.c -O3 -g (test for excess errors)
FAIL: gcc.dg/vmx/gcc-bug-b.c -Os (internal compiler error)
FAIL: gcc.dg/vmx/gcc-bug-b.c -Os (test for excess errors)
FAIL: gcc.dg/vmx/gcc-bug-c.c -O0 (internal compiler error)
FAIL: gcc.dg/vmx/gcc-bug-c.c -O0 (test for excess errors)
FAIL: gcc.dg/vmx/gcc-bug-c.c -O1 (internal compiler error)
FAIL: gcc.dg/vmx/gcc-bug-c.c -O1 (test for excess errors)
FAIL: gcc.dg/vmx/gcc-bug-c.c -O2 (internal compiler error)
FAIL: gcc.dg/vmx/gcc-bug-c.c -O2 (test for excess errors)
FAIL: gcc.dg/vmx/gcc-bug-c.c -O3 -fomit-frame-pointer (internal compiler error)
FAIL: gcc.dg/vmx/gcc-bug-c.c -O3 -fomit-frame-pointer (test for excess errors)
FAIL: gcc.dg/vmx/gcc-bug-c.c -O3 -g (internal compiler error)
FAIL: gcc.dg/vmx/gcc-bug-c.c -O3 -g (test for excess errors)
FAIL: gcc.dg/vmx/gcc-bug-c.c -Os (internal compiler error)
FAIL: gcc.dg/vmx/gcc-bug-c.c -Os (test for excess errors)
FAIL: gcc.dg/vmx/gcc-bug-e.c -O0 (test for excess errors)
FAIL: gcc.dg/vmx/gcc-bug-e.c -O1 (test for excess errors)
FAIL: gcc.dg/vmx/gcc-bug-e.c -O2 (test for excess errors)
FAIL: gcc.dg/vmx/gcc-bug-e.c -O3 -fomit-frame-pointer (test for excess errors)
FAIL: gcc.dg/vmx/gcc-bug-e.c -O3 -g (test for excess errors)
FAIL: gcc.dg/vmx/gcc-bug-e.c -Os (test for excess errors)
FAIL: gcc.dg/vmx/gcc-bug-f.c -O0 (internal compiler error)
FAIL: gcc.dg/vmx/gcc-bug-f.c -O0 (test for excess errors)
FAIL: gcc.dg/vmx/gcc-bug-f.c -O1 (internal compiler error)
FAIL: gcc.dg/vmx/gcc-bug-f.c -O1 (test for excess errors)
FAIL: gcc.dg/vmx/gcc-bug-f.c -O2 (internal compiler error)
FAIL: gcc.dg/vmx/gcc-bug-f.c -O2 (test for excess errors)
FAIL: gcc.dg/vmx/gcc-bug-f.c -O3 -fomit-frame-pointer (internal compiler error)
FAIL: gcc.dg/vmx/gcc-bug-f.c -O3 -fomit-frame-pointer (test for excess errors)
FAIL: gcc.dg/vmx/gcc-bug-f.c -O3 -g (internal compiler error)
FAIL: gcc.dg/vmx/gcc-bug-f.c -O3 -g (test for excess errors)
FAIL: gcc.dg/vmx/gcc-bug-f.c -Os (internal compiler error)
FAIL: gcc.dg/vmx/gcc-bug-f.c -Os (test for excess errors)
FAIL: gcc.dg/vmx/gcc-bug-g.c -O0 (internal compiler error)
FAIL: gcc.dg/vmx/gcc-bug-g.c -O0 (test for excess errors)
FAIL: gcc.dg/vmx/gcc-bug-g.c -O1 (internal compiler error)
FAIL: gcc.dg/vmx/gcc-bug-g.c -O1 (test for excess errors)
FAIL: gcc.dg/vmx/gcc-bug-g.c -O2 (internal compiler error)
FAIL: gcc.dg/vmx/gcc-bug-g.c -O2 (test for excess errors)
FAIL: gcc.dg/vmx/gcc-bug-g.c -O3 -fomit-frame-pointer (internal compiler error)
FAIL: gcc.dg/vmx/gcc-bug-g.c -O3 -fomit-frame-pointer (test for excess errors)
FAIL: gcc.dg/vmx/gcc-bug-g.c -O3 -g (internal compiler error)
FAIL: gcc.dg/vmx/gcc-bug-g.c -O3 -g (test for excess errors)
FAIL: gcc.dg/vmx/gcc-bug-g.c -Os (internal compiler error)
FAIL: gcc.dg/vmx/gcc-bug-g.c -Os (test for excess errors)
FAIL: gcc.dg/vmx/ira1.c -O0 (test for excess errors)
FAIL: gcc.dg/vmx/ira1.c -O1 (test for excess errors)
FAIL: gcc.dg/vmx/ira1.c -O2 (test for excess errors)
FAIL: gcc.dg/vmx/ira1.c -O3 -fomit-frame-pointer (test for excess errors)
FAIL: gcc.dg/vmx/ira1.c -O3 -g (test for excess errors)
FAIL: gcc.dg/vmx/ira1.c -Os (test for excess errors)
FAIL: gcc.dg/vmx/ira2.c -O0 (internal compiler error)
FAIL: gcc.dg/vmx/ira2.c -O0 (test for excess errors)
FAIL: gcc.dg/vmx/ira2.c -O1 (internal compiler error)
FAIL: gcc.dg/vmx/ira2.c -O1 (test for excess errors)
FAIL: gcc.dg/vmx/ira2.c -O2 (internal compiler error)
FAIL: gcc.dg/vmx/ira2.c -O2 (test for excess errors)
FAIL: gcc.dg/vmx/ira2.c -O3 -fomit-frame-pointer (internal compiler error)
FAIL: gcc.dg/vmx/ira2.c -O3 -fomit-frame-pointer (test for excess errors)
FAIL: gcc.dg/vmx/ira2.c -O3 -g (internal compiler error)
FAIL: gcc.dg/vmx/ira2.c -O3 -g (test for excess errors)
FAIL: gcc.dg/vmx/ira2.c -Os (internal compiler error)
FAIL: gcc.dg/vmx/ira2.c -Os (test for excess errors)
FAIL: gcc.dg/vmx/ira2a.c -O0 (test for excess errors)
FAIL: gcc.dg/vmx/ira2a.c -O1 (test for excess errors)
FAIL: gcc.dg/vmx/ira2a.c -O2 (test for excess errors)
FAIL: gcc.dg/vmx/ira2a.c -O3 -fomit-frame-pointer (test for excess errors)
FAIL: gcc.dg/vmx/ira2a.c -O3 -g (test for excess errors)
FAIL: gcc.dg/vmx/ira2a.c -Os (test for excess errors)
FAIL: gcc.dg/vmx/ira2b.c -O0 (internal compiler error)
FAIL: gcc.dg/vmx/ira2b.c -O0 (test for excess errors)
FAIL: gcc.dg/vmx/ira2b.c -O1 (internal compiler error)
FAIL: gcc.dg/vmx/ira2b.c -O1 (test for excess errors)
FAIL: gcc.dg/vmx/ira2b.c -O2 (internal compiler error)
FAIL: gcc.dg/vmx/ira2b.c -O2 (test for excess errors)
FAIL: gcc.dg/vmx/ira2b.c -O3 -fomit-frame-pointer (internal compiler error)
FAIL: gcc.dg/vmx/ira2b.c -O3 -fomit-frame-pointer (test for excess errors)
FAIL: gcc.dg/vmx/ira2b.c -O3 -g (internal compiler error)
FAIL: gcc.dg/vmx/ira2b.c -O3 -g (test for excess errors)
FAIL: gcc.dg/vmx/ira2b.c -Os (internal compiler error)
FAIL: gcc.dg/vmx/ira2b.c -Os (test for excess errors)
FAIL: gcc.dg/vmx/mem.c -O0 (internal compiler error)
FAIL: gcc.dg/vmx/mem.c -O0 (test for excess errors)
FAIL: gcc.dg/vmx/mem.c -O1 (internal compiler error)
FAIL: gcc.dg/vmx/mem.c -O1 (test for excess errors)
FAIL: gcc.dg/vmx/mem.c -O2 (internal compiler error)
FAIL: gcc.dg/vmx/mem.c -O2 (test for excess errors)
FAIL: gcc.dg/vmx/mem.c -O3 -fomit-frame-pointer (internal compiler error)
FAIL: gcc.dg/vmx/mem.c -O3 -fomit-frame-pointer (test for excess errors)
FAIL: gcc.dg/vmx/mem.c -O3 -fomit-frame-pointer -funroll-loops (internal compiler error)
FAIL: gcc.dg/vmx/mem.c -O3 -fomit-frame-pointer -funroll-loops (test for excess errors)
FAIL: gcc.dg/vmx/mem.c -O3 -fomit-frame-pointer -funroll-all-loops -finline-functions (internal compiler error)
FAIL: gcc.dg/vmx/mem.c -O3 -fomit-frame-pointer -funroll-all-loops -finline-functions (test for excess errors)
FAIL: gcc.dg/vmx/mem.c -O3 -g (internal compiler error)
FAIL: gcc.dg/vmx/mem.c -O3 -g (test for excess errors)
FAIL: gcc.dg/vmx/mem.c -Os (internal compiler error)
FAIL: gcc.dg/vmx/mem.c -Os (test for excess errors)
FAIL: gcc.dg/vmx/newton-1.c -O0 (internal compiler error)
FAIL: gcc.dg/vmx/newton-1.c -O0 (test for excess errors)
FAIL: gcc.dg/vmx/newton-1.c -O1 (internal compiler error)
FAIL: gcc.dg/vmx/newton-1.c -O1 (test for excess errors)
FAIL: gcc.dg/vmx/newton-1.c -O2 (internal compiler error)
FAIL: gcc.dg/vmx/newton-1.c -O2 (test for excess errors)
FAIL: gcc.dg/vmx/newton-1.c -O3 -fomit-frame-pointer (internal compiler error)
FAIL: gcc.dg/vmx/newton-1.c -O3 -fomit-frame-pointer (test for excess errors)
FAIL: gcc.dg/vmx/newton-1.c -O3 -fomit-frame-pointer -funroll-loops (internal compiler error)
FAIL: gcc.dg/vmx/newton-1.c -O3 -fomit-frame-pointer -funroll-loops (test for excess errors)
FAIL: gcc.dg/vmx/newton-1.c -O3 -fomit-frame-pointer -funroll-all-loops -finline-functions (internal compiler error)
FAIL: gcc.dg/vmx/newton-1.c -O3 -fomit-frame-pointer -funroll-all-loops -finline-functions (test for excess errors)
FAIL: gcc.dg/vmx/newton-1.c -O3 -g (internal compiler error)
FAIL: gcc.dg/vmx/newton-1.c -O3 -g (test for excess errors)
FAIL: gcc.dg/vmx/newton-1.c -Os (internal compiler error)
FAIL: gcc.dg/vmx/newton-1.c -Os (test for excess errors)
FAIL: gcc.dg/vmx/ops-long-1.c -O0 (test for excess errors)
FAIL: gcc.dg/vmx/ops-long-1.c -O1 (test for excess errors)
FAIL: gcc.dg/vmx/ops-long-1.c -O2 (test for excess errors)
FAIL: gcc.dg/vmx/ops-long-1.c -O3 -fomit-frame-pointer (test for excess errors)
FAIL: gcc.dg/vmx/ops-long-1.c -O3 -g (test for excess errors)
FAIL: gcc.dg/vmx/ops-long-1.c -Os (test for excess errors)
FAIL: gcc.dg/vmx/ops-long-2.c -O0 (test for errors, line 20)
FAIL: gcc.dg/vmx/ops-long-2.c -O0 (test for errors, line 21)
FAIL: gcc.dg/vmx/ops-long-2.c -O0 (test for errors, line 24)
FAIL: gcc.dg/vmx/ops-long-2.c -O0 (test for errors, line 25)
FAIL: gcc.dg/vmx/ops-long-2.c -O0 (test for errors, line 26)
FAIL: gcc.dg/vmx/ops-long-2.c -O0 (test for errors, line 27)
FAIL: gcc.dg/vmx/ops-long-2.c -O0 (test for errors, line 28)
FAIL: gcc.dg/vmx/ops-long-2.c -O0 (test for errors, line 29)
FAIL: gcc.dg/vmx/ops-long-2.c -O0 (test for errors, line 30)
FAIL: gcc.dg/vmx/ops-long-2.c -O0 (test for errors, line 31)
FAIL: gcc.dg/vmx/ops-long-2.c -O0 (test for errors, line 32)
FAIL: gcc.dg/vmx/ops-long-2.c -O0 (test for errors, line 33)
FAIL: gcc.dg/vmx/ops-long-2.c -O0 (test for excess errors)
FAIL: gcc.dg/vmx/ops-long-2.c -O1 (test for errors, line 20)
FAIL: gcc.dg/vmx/ops-long-2.c -O1 (test for errors, line 21)
FAIL: gcc.dg/vmx/ops-long-2.c -O1 (test for errors, line 24)
FAIL: gcc.dg/vmx/ops-long-2.c -O1 (test for errors, line 25)
FAIL: gcc.dg/vmx/ops-long-2.c -O1 (test for errors, line 26)
FAIL: gcc.dg/vmx/ops-long-2.c -O1 (test for errors, line 27)
FAIL: gcc.dg/vmx/ops-long-2.c -O1 (test for errors, line 28)
FAIL: gcc.dg/vmx/ops-long-2.c -O1 (test for errors, line 29)
FAIL: gcc.dg/vmx/ops-long-2.c -O1 (test for errors, line 30)
FAIL: gcc.dg/vmx/ops-long-2.c -O1 (test for errors, line 31)
FAIL: gcc.dg/vmx/ops-long-2.c -O1 (test for errors, line 32)
FAIL: gcc.dg/vmx/ops-long-2.c -O1 (test for errors, line 33)
FAIL: gcc.dg/vmx/ops-long-2.c -O1 (test for excess errors)
FAIL: gcc.dg/vmx/ops-long-2.c -O2 (test for errors, line 20)
FAIL: gcc.dg/vmx/ops-long-2.c -O2 (test for errors, line 21)
FAIL: gcc.dg/vmx/ops-long-2.c -O2 (test for errors, line 24)
FAIL: gcc.dg/vmx/ops-long-2.c -O2 (test for errors, line 25)
FAIL: gcc.dg/vmx/ops-long-2.c -O2 (test for errors, line 26)
FAIL: gcc.dg/vmx/ops-long-2.c -O2 (test for errors, line 27)
FAIL: gcc.dg/vmx/ops-long-2.c -O2 (test for errors, line 28)
FAIL: gcc.dg/vmx/ops-long-2.c -O2 (test for errors, line 29)
FAIL: gcc.dg/vmx/ops-long-2.c -O2 (test for errors, line 30)
FAIL: gcc.dg/vmx/ops-long-2.c -O2 (test for errors, line 31)
FAIL: gcc.dg/vmx/ops-long-2.c -O2 (test for errors, line 32)
FAIL: gcc.dg/vmx/ops-long-2.c -O2 (test for errors, line 33)
FAIL: gcc.dg/vmx/ops-long-2.c -O2 (test for excess errors)
FAIL: gcc.dg/vmx/ops-long-2.c -O3 -fomit-frame-pointer (test for errors, line 20)
FAIL: gcc.dg/vmx/ops-long-2.c -O3 -fomit-frame-pointer (test for errors, line 21)
FAIL: gcc.dg/vmx/ops-long-2.c -O3 -fomit-frame-pointer (test for errors, line 24)
FAIL: gcc.dg/vmx/ops-long-2.c -O3 -fomit-frame-pointer (test for errors, line 25)
FAIL: gcc.dg/vmx/ops-long-2.c -O3 -fomit-frame-pointer (test for errors, line 26)
FAIL: gcc.dg/vmx/ops-long-2.c -O3 -fomit-frame-pointer (test for errors, line 27)
FAIL: gcc.dg/vmx/ops-long-2.c -O3 -fomit-frame-pointer (test for errors, line 28)
FAIL: gcc.dg/vmx/ops-long-2.c -O3 -fomit-frame-pointer (test for errors, line 29)
FAIL: gcc.dg/vmx/ops-long-2.c -O3 -fomit-frame-pointer (test for errors, line 30)
FAIL: gcc.dg/vmx/ops-long-2.c -O3 -fomit-frame-pointer (test for errors, line 31)
FAIL: gcc.dg/vmx/ops-long-2.c -O3 -fomit-frame-pointer (test for errors, line 32)
FAIL: gcc.dg/vmx/ops-long-2.c -O3 -fomit-frame-pointer (test for errors, line 33)
FAIL: gcc.dg/vmx/ops-long-2.c -O3 -fomit-frame-pointer (test for excess errors)
FAIL: gcc.dg/vmx/ops-long-2.c -O3 -g (test for errors, line 20)
FAIL: gcc.dg/vmx/ops-long-2.c -O3 -g (test for errors, line 21)
FAIL: gcc.dg/vmx/ops-long-2.c -O3 -g (test for errors, line 24)
FAIL: gcc.dg/vmx/ops-long-2.c -O3 -g (test for errors, line 25)
FAIL: gcc.dg/vmx/ops-long-2.c -O3 -g (test for errors, line 26)
FAIL: gcc.dg/vmx/ops-long-2.c -O3 -g (test for errors, line 27)
FAIL: gcc.dg/vmx/ops-long-2.c -O3 -g (test for errors, line 28)
FAIL: gcc.dg/vmx/ops-long-2.c -O3 -g (test for errors, line 29)
FAIL: gcc.dg/vmx/ops-long-2.c -O3 -g (test for errors, line 30)
FAIL: gcc.dg/vmx/ops-long-2.c -O3 -g (test for errors, line 31)
FAIL: gcc.dg/vmx/ops-long-2.c -O3 -g (test for errors, line 32)
FAIL: gcc.dg/vmx/ops-long-2.c -O3 -g (test for errors, line 33)
FAIL: gcc.dg/vmx/ops-long-2.c -O3 -g (test for excess errors)
FAIL: gcc.dg/vmx/ops-long-2.c -Os (test for errors, line 20)
FAIL: gcc.dg/vmx/ops-long-2.c -Os (test for errors, line 21)
FAIL: gcc.dg/vmx/ops-long-2.c -Os (test for errors, line 24)
FAIL: gcc.dg/vmx/ops-long-2.c -Os (test for errors, line 25)
FAIL: gcc.dg/vmx/ops-long-2.c -Os (test for errors, line 26)
FAIL: gcc.dg/vmx/ops-long-2.c -Os (test for errors, line 27)
FAIL: gcc.dg/vmx/ops-long-2.c -Os (test for errors, line 28)
FAIL: gcc.dg/vmx/ops-long-2.c -Os (test for errors, line 29)
FAIL: gcc.dg/vmx/ops-long-2.c -Os (test for errors, line 30)
FAIL: gcc.dg/vmx/ops-long-2.c -Os (test for errors, line 31)
FAIL: gcc.dg/vmx/ops-long-2.c -Os (test for errors, line 32)
FAIL: gcc.dg/vmx/ops-long-2.c -Os (test for errors, line 33)
FAIL: gcc.dg/vmx/ops-long-2.c -Os (test for excess errors)
FAIL: gcc.dg/vmx/ops.c -O0 (test for excess errors)
FAIL: gcc.dg/vmx/ops.c -O1 (test for excess errors)
FAIL: gcc.dg/vmx/ops.c -O2 (test for excess errors)
FAIL: gcc.dg/vmx/ops.c -O3 -fomit-frame-pointer (test for excess errors)
FAIL: gcc.dg/vmx/ops.c -O3 -g (test for excess errors)
FAIL: gcc.dg/vmx/ops.c -Os (test for excess errors)
FAIL: gcc.dg/vmx/pr27842.c -O0 (internal compiler error)
FAIL: gcc.dg/vmx/pr27842.c -O0 (test for excess errors)
FAIL: gcc.dg/vmx/pr27842.c -O1 (internal compiler error)
FAIL: gcc.dg/vmx/pr27842.c -O1 (test for excess errors)
FAIL: gcc.dg/vmx/pr27842.c -O2 (internal compiler error)
FAIL: gcc.dg/vmx/pr27842.c -O2 (test for excess errors)
FAIL: gcc.dg/vmx/pr27842.c -O3 -fomit-frame-pointer (internal compiler error)
FAIL: gcc.dg/vmx/pr27842.c -O3 -fomit-frame-pointer (test for excess errors)
FAIL: gcc.dg/vmx/pr27842.c -O3 -fomit-frame-pointer -funroll-loops (internal compiler error)
FAIL: gcc.dg/vmx/pr27842.c -O3 -fomit-frame-pointer -funroll-loops (test for excess errors)
FAIL: gcc.dg/vmx/pr27842.c -O3 -fomit-frame-pointer -funroll-all-loops -finline-functions (internal compiler error)
FAIL: gcc.dg/vmx/pr27842.c -O3 -fomit-frame-pointer -funroll-all-loops -finline-functions (test for excess errors)
FAIL: gcc.dg/vmx/pr27842.c -O3 -g (internal compiler error)
FAIL: gcc.dg/vmx/pr27842.c -O3 -g (test for excess errors)
FAIL: gcc.dg/vmx/pr27842.c -Os (internal compiler error)
FAIL: gcc.dg/vmx/pr27842.c -Os (test for excess errors)
FAIL: gcc.dg/vmx/sn7153.c -O0 (internal compiler error)
FAIL: gcc.dg/vmx/sn7153.c -O0 (test for excess errors)
FAIL: gcc.dg/vmx/sn7153.c -O1 (internal compiler error)
FAIL: gcc.dg/vmx/sn7153.c -O1 (test for excess errors)
FAIL: gcc.dg/vmx/sn7153.c -O2 (internal compiler error)
FAIL: gcc.dg/vmx/sn7153.c -O2 (test for excess errors)
FAIL: gcc.dg/vmx/sn7153.c -O3 -fomit-frame-pointer (internal compiler error)
FAIL: gcc.dg/vmx/sn7153.c -O3 -fomit-frame-pointer (test for excess errors)
FAIL: gcc.dg/vmx/sn7153.c -O3 -fomit-frame-pointer -funroll-loops (internal compiler error)
FAIL: gcc.dg/vmx/sn7153.c -O3 -fomit-frame-pointer -funroll-loops (test for excess errors)
FAIL: gcc.dg/vmx/sn7153.c -O3 -fomit-frame-pointer -funroll-all-loops -finline-functions (internal compiler error)
FAIL: gcc.dg/vmx/sn7153.c -O3 -fomit-frame-pointer -funroll-all-loops -finline-functions (test for excess errors)
FAIL: gcc.dg/vmx/sn7153.c -O3 -g (internal compiler error)
FAIL: gcc.dg/vmx/sn7153.c -O3 -g (test for excess errors)
FAIL: gcc.dg/vmx/sn7153.c -Os (internal compiler error)
FAIL: gcc.dg/vmx/sn7153.c -Os (test for excess errors)
FAIL: gcc.dg/vmx/varargs-2.c -O0 (test for excess errors)
FAIL: gcc.dg/vmx/varargs-2.c -O1 (test for excess errors)
FAIL: gcc.dg/vmx/varargs-2.c -O2 (test for excess errors)
FAIL: gcc.dg/vmx/varargs-2.c -O3 -fomit-frame-pointer (test for excess errors)
FAIL: gcc.dg/vmx/varargs-2.c -O3 -g (test for excess errors)
FAIL: gcc.dg/vmx/varargs-2.c -Os (test for excess errors)
FAIL: gcc.dg/vmx/varargs-3.c -O0 (test for excess errors)
FAIL: gcc.dg/vmx/varargs-3.c -O1 (test for excess errors)
FAIL: gcc.dg/vmx/varargs-3.c -O2 (test for excess errors)
FAIL: gcc.dg/vmx/varargs-3.c -O3 -fomit-frame-pointer (test for excess errors)
FAIL: gcc.dg/vmx/varargs-3.c -O3 -g (test for excess errors)
FAIL: gcc.dg/vmx/varargs-3.c -Os (test for excess errors)
FAIL: gcc.dg/vmx/varargs-4.c -O0 (test for excess errors)
FAIL: gcc.dg/vmx/varargs-4.c -O1 (test for excess errors)
FAIL: gcc.dg/vmx/varargs-4.c -O2 (test for excess errors)
FAIL: gcc.dg/vmx/varargs-4.c -O3 -fomit-frame-pointer (test for excess errors)
FAIL: gcc.dg/vmx/varargs-4.c -O3 -fomit-frame-pointer -funroll-loops (test for excess errors)
FAIL: gcc.dg/vmx/varargs-4.c -O3 -fomit-frame-pointer -funroll-all-loops -finline-functions (test for excess errors)
FAIL: gcc.dg/vmx/varargs-4.c -O3 -g (test for excess errors)
FAIL: gcc.dg/vmx/varargs-4.c -Os (test for excess errors)
FAIL: gcc.dg/vmx/varargs-5.c -O0 (test for excess errors)
FAIL: gcc.dg/vmx/varargs-5.c -O1 (test for excess errors)
FAIL: gcc.dg/vmx/varargs-5.c -O2 (test for excess errors)
FAIL: gcc.dg/vmx/varargs-5.c -O3 -fomit-frame-pointer (test for excess errors)
FAIL: gcc.dg/vmx/varargs-5.c -O3 -g (test for excess errors)
FAIL: gcc.dg/vmx/varargs-5.c -Os (test for excess errors)
FAIL: gcc.dg/vmx/varargs-6.c -O0 (test for excess errors)
FAIL: gcc.dg/vmx/varargs-6.c -O1 (test for excess errors)
FAIL: gcc.dg/vmx/varargs-6.c -O2 (test for excess errors)
FAIL: gcc.dg/vmx/varargs-6.c -O3 -fomit-frame-pointer (test for excess errors)
FAIL: gcc.dg/vmx/varargs-6.c -O3 -g (test for excess errors)
FAIL: gcc.dg/vmx/varargs-6.c -Os (test for excess errors)
FAIL: gcc.dg/vmx/varargs-7.c -O0 (test for excess errors)
FAIL: gcc.dg/vmx/varargs-7.c -O1 (test for excess errors)
FAIL: gcc.dg/vmx/varargs-7.c -O2 (test for excess errors)
FAIL: gcc.dg/vmx/varargs-7.c -O3 -fomit-frame-pointer (test for excess errors)
FAIL: gcc.dg/vmx/varargs-7.c -O3 -g (test for excess errors)
FAIL: gcc.dg/vmx/varargs-7.c -Os (test for excess errors)
FAIL: gcc.dg/vmx/x-04.c -O0 (internal compiler error)
FAIL: gcc.dg/vmx/x-04.c -O0 (test for excess errors)
FAIL: gcc.dg/vmx/x-04.c -O1 (internal compiler error)
FAIL: gcc.dg/vmx/x-04.c -O1 (test for excess errors)
FAIL: gcc.dg/vmx/x-04.c -O2 (internal compiler error)
FAIL: gcc.dg/vmx/x-04.c -O2 (test for excess errors)
FAIL: gcc.dg/vmx/x-04.c -O3 -fomit-frame-pointer (internal compiler error)
FAIL: gcc.dg/vmx/x-04.c -O3 -fomit-frame-pointer (test for excess errors)
FAIL: gcc.dg/vmx/x-04.c -O3 -g (internal compiler error)
FAIL: gcc.dg/vmx/x-04.c -O3 -g (test for excess errors)
FAIL: gcc.dg/vmx/x-04.c -Os (internal compiler error)
FAIL: gcc.dg/vmx/x-04.c -Os (test for excess errors)
FAIL: gcc.dg/vmx/x-05.c -O0 (internal compiler error)
FAIL: gcc.dg/vmx/x-05.c -O0 (test for excess errors)
FAIL: gcc.dg/vmx/x-05.c -O1 (internal compiler error)
FAIL: gcc.dg/vmx/x-05.c -O1 (test for excess errors)
FAIL: gcc.dg/vmx/x-05.c -O2 (internal compiler error)
FAIL: gcc.dg/vmx/x-05.c -O2 (test for excess errors)
FAIL: gcc.dg/vmx/x-05.c -O3 -fomit-frame-pointer (internal compiler error)
FAIL: gcc.dg/vmx/x-05.c -O3 -fomit-frame-pointer (test for excess errors)
FAIL: gcc.dg/vmx/x-05.c -O3 -g (internal compiler error)
FAIL: gcc.dg/vmx/x-05.c -O3 -g (test for excess errors)
FAIL: gcc.dg/vmx/x-05.c -Os (internal compiler error)
FAIL: gcc.dg/vmx/x-05.c -Os (test for excess errors)
FAIL: gcc.dg/vmx/yousufi-1.c -O0 (internal compiler error)
FAIL: gcc.dg/vmx/yousufi-1.c -O0 (test for excess errors)
FAIL: gcc.dg/vmx/yousufi-1.c -O1 (internal compiler error)
FAIL: gcc.dg/vmx/yousufi-1.c -O1 (test for excess errors)
FAIL: gcc.dg/vmx/yousufi-1.c -O2 (internal compiler error)
FAIL: gcc.dg/vmx/yousufi-1.c -O2 (test for excess errors)
FAIL: gcc.dg/vmx/yousufi-1.c -O3 -fomit-frame-pointer (internal compiler error)
FAIL: gcc.dg/vmx/yousufi-1.c -O3 -fomit-frame-pointer (test for excess errors)
FAIL: gcc.dg/vmx/yousufi-1.c -O3 -g (internal compiler error)
FAIL: gcc.dg/vmx/yousufi-1.c -O3 -g (test for excess errors)
FAIL: gcc.dg/vmx/yousufi-1.c -Os (internal compiler error)
FAIL: gcc.dg/vmx/yousufi-1.c -Os (test for excess errors)
FAIL: gcc.dg/vmx/zero-1.c -O0 (internal compiler error)
FAIL: gcc.dg/vmx/zero-1.c -O0 (test for excess errors)
FAIL: gcc.dg/vmx/zero-1.c -O1 (internal compiler error)
FAIL: gcc.dg/vmx/zero-1.c -O1 (test for excess errors)
FAIL: gcc.dg/vmx/zero-1.c -O2 (internal compiler error)
FAIL: gcc.dg/vmx/zero-1.c -O2 (test for excess errors)
FAIL: gcc.dg/vmx/zero-1.c -O3 -fomit-frame-pointer (internal compiler error)
FAIL: gcc.dg/vmx/zero-1.c -O3 -fomit-frame-pointer (test for excess errors)
FAIL: gcc.dg/vmx/zero-1.c -O3 -g (internal compiler error)
FAIL: gcc.dg/vmx/zero-1.c -O3 -g (test for excess errors)
FAIL: gcc.dg/vmx/zero-1.c -Os (internal compiler error)
FAIL: gcc.dg/vmx/zero-1.c -Os (test for excess errors)
FAIL: gcc.dg/vmx/zero.c -O0 (internal compiler error)
FAIL: gcc.dg/vmx/zero.c -O0 (test for excess errors)
FAIL: gcc.dg/vmx/zero.c -O1 (internal compiler error)
FAIL: gcc.dg/vmx/zero.c -O1 (test for excess errors)
FAIL: gcc.dg/vmx/zero.c -O2 (internal compiler error)
FAIL: gcc.dg/vmx/zero.c -O2 (test for excess errors)
FAIL: gcc.dg/vmx/zero.c -O3 -fomit-frame-pointer (internal compiler error)
FAIL: gcc.dg/vmx/zero.c -O3 -fomit-frame-pointer (test for excess errors)
FAIL: gcc.dg/vmx/zero.c -O3 -g (internal compiler error)
FAIL: gcc.dg/vmx/zero.c -O3 -g (test for excess errors)
FAIL: gcc.dg/vmx/zero.c -Os (internal compiler error)
FAIL: gcc.dg/vmx/zero.c -Os (test for excess errors)
FAIL: gcc.target/powerpc/altivec-1.c (internal compiler error)
FAIL: gcc.target/powerpc/altivec-1.c (test for excess errors)
FAIL: gcc.target/powerpc/altivec-10.c (internal compiler error)
FAIL: gcc.target/powerpc/altivec-10.c (test for excess errors)
FAIL: gcc.target/powerpc/altivec-12.c (internal compiler error)
FAIL: gcc.target/powerpc/altivec-12.c (test for excess errors)
FAIL: gcc.target/powerpc/altivec-13.c (internal compiler error)
FAIL: gcc.target/powerpc/altivec-13.c (test for excess errors)
FAIL: gcc.target/powerpc/altivec-15.c (test for excess errors)
FAIL: gcc.target/powerpc/altivec-18.c (test for excess errors)
ERROR: gcc.target/powerpc/altivec-18.c: error executing dg-final: couldn't open "altivec-18.s": no such file or directory
UNRESOLVED: gcc.target/powerpc/altivec-18.c: error executing dg-final: couldn't open "altivec-18.s": no such file or directory
FAIL: gcc.target/powerpc/altivec-20.c (internal compiler error)
FAIL: gcc.target/powerpc/altivec-20.c (test for excess errors)
FAIL: gcc.target/powerpc/altivec-22.c (test for excess errors)
ERROR: gcc.target/powerpc/altivec-22.c: error executing dg-final: couldn't open "altivec-22.s": no such file or directory
UNRESOLVED: gcc.target/powerpc/altivec-22.c: error executing dg-final: couldn't open "altivec-22.s": no such file or directory
FAIL: gcc.target/powerpc/altivec-24.c (test for excess errors)
FAIL: gcc.target/powerpc/altivec-3.c (test for excess errors)
FAIL: gcc.target/powerpc/altivec-6.c (internal compiler error)
FAIL: gcc.target/powerpc/altivec-6.c (test for excess errors)
FAIL: gcc.target/powerpc/altivec-7.c (internal compiler error)
FAIL: gcc.target/powerpc/altivec-7.c (test for excess errors)
FAIL: gcc.target/powerpc/altivec-cell-6.c (test for excess errors)
FAIL: gcc.target/powerpc/altivec-cell-7.c (internal compiler error)
FAIL: gcc.target/powerpc/altivec-cell-7.c (test for excess errors)
ERROR: gcc.target/powerpc/altivec-cell-7.c: error executing dg-final: couldn't open "altivec-cell-7.s": no such file or directory
UNRESOLVED: gcc.target/powerpc/altivec-cell-7.c: error executing dg-final: couldn't open "altivec-cell-7.s": no such file or directory
FAIL: gcc.target/powerpc/altivec-pr22085.c (test for excess errors)
FAIL: gcc.target/powerpc/altivec-vec-merge.c (test for excess errors)
FAIL: gcc.target/powerpc/ppc64-double-1.c (test for excess errors)
ERROR: gcc.target/powerpc/ppc64-double-1.c: error executing dg-final: couldn't open "ppc64-double-1.s": no such file or directory
UNRESOLVED: gcc.target/powerpc/ppc64-double-1.c: error executing dg-final: couldn't open "ppc64-double-1.s": no such file or directory
FAIL: gcc.target/powerpc/pr16155.c (internal compiler error)
FAIL: gcc.target/powerpc/pr16155.c (test for excess errors)
FAIL: gcc.target/powerpc/pr16286.c (internal compiler error)
FAIL: gcc.target/powerpc/pr16286.c (test for excess errors)
FAIL: gcc.target/powerpc/pr37168.c (internal compiler error)
FAIL: gcc.target/powerpc/pr37168.c (test for excess errors)
=== gcc Summary ===
# of expected passes 49599
# of unexpected failures 814
# of unexpected successes 4
# of expected failures 153
# of unresolved testcases 6
# of unsupported tests 696
/tmp/20090420/gcc/xgcc version 4.5.0 20090421 (experimental) [trunk revision 146466] (GCC)
=== gfortran tests ===
Running target unix
FAIL: gfortran.dg/default_format_1.f90 -O0 execution test
FAIL: gfortran.dg/default_format_1.f90 -O1 execution test
FAIL: gfortran.dg/default_format_1.f90 -O2 execution test
FAIL: gfortran.dg/default_format_1.f90 -O3 -fomit-frame-pointer execution test
FAIL: gfortran.dg/default_format_1.f90 -O3 -fomit-frame-pointer -funroll-loops execution test
FAIL: gfortran.dg/default_format_1.f90 -O3 -fomit-frame-pointer -funroll-all-loops -finline-functions execution test
FAIL: gfortran.dg/default_format_1.f90 -O3 -g execution test
FAIL: gfortran.dg/default_format_1.f90 -Os execution test
FAIL: gfortran.dg/default_format_denormal_1.f90 -O0 execution test
FAIL: gfortran.dg/default_format_denormal_1.f90 -O1 execution test
FAIL: gfortran.dg/default_format_denormal_1.f90 -O2 execution test
FAIL: gfortran.dg/default_format_denormal_1.f90 -O3 -fomit-frame-pointer execution test
FAIL: gfortran.dg/default_format_denormal_1.f90 -O3 -fomit-frame-pointer -funroll-loops execution test
FAIL: gfortran.dg/default_format_denormal_1.f90 -O3 -fomit-frame-pointer -funroll-all-loops -finline-functions execution test
FAIL: gfortran.dg/default_format_denormal_1.f90 -O3 -g execution test
FAIL: gfortran.dg/default_format_denormal_1.f90 -Os execution test
FAIL: gfortran.dg/include_2.f90 -O (test for excess errors)
FAIL: gfortran.dg/integer_exponentiation_4.f90 -O (internal compiler error)
FAIL: gfortran.dg/integer_exponentiation_4.f90 -O (test for errors, line 24)
FAIL: gfortran.dg/integer_exponentiation_4.f90 -O (test for errors, line 25)
FAIL: gfortran.dg/integer_exponentiation_4.f90 -O (test for errors, line 26)
FAIL: gfortran.dg/integer_exponentiation_4.f90 -O (test for errors, line 27)
FAIL: gfortran.dg/integer_exponentiation_4.f90 -O (test for errors, line 35)
FAIL: gfortran.dg/integer_exponentiation_4.f90 -O (test for errors, line 36)
FAIL: gfortran.dg/integer_exponentiation_4.f90 -O (test for errors, line 37)
FAIL: gfortran.dg/integer_exponentiation_4.f90 -O (test for errors, line 38)
FAIL: gfortran.dg/integer_exponentiation_4.f90 -O (test for errors, line 41)
FAIL: gfortran.dg/integer_exponentiation_4.f90 -O (test for errors, line 42)
FAIL: gfortran.dg/integer_exponentiation_4.f90 -O (test for excess errors)
FAIL: gfortran.dg/nint_2.f90 -O0 execution test
FAIL: gfortran.dg/pr19155.f -O0 execution test
FAIL: gfortran.dg/pr19155.f -O1 execution test
FAIL: gfortran.dg/pr19155.f -O2 execution test
FAIL: gfortran.dg/pr19155.f -O3 -fomit-frame-pointer execution test
FAIL: gfortran.dg/pr19155.f -O3 -fomit-frame-pointer -funroll-loops execution test
FAIL: gfortran.dg/pr19155.f -O3 -fomit-frame-pointer -funroll-all-loops -finline-functions execution test
FAIL: gfortran.dg/pr19155.f -O3 -g execution test
FAIL: gfortran.dg/pr19155.f -Os execution test
FAIL: gfortran.fortran-torture/execute/intrinsic_nearest.f90 execution, -O0
FAIL: gfortran.fortran-torture/execute/intrinsic_nearest.f90 execution, -O1
FAIL: gfortran.fortran-torture/execute/intrinsic_nearest.f90 execution, -O2
FAIL: gfortran.fortran-torture/execute/intrinsic_nearest.f90 execution, -O2 -fomit-frame-pointer -finline-functions
FAIL: gfortran.fortran-torture/execute/intrinsic_nearest.f90 execution, -O2 -fomit-frame-pointer -finline-functions -funroll-loops
FAIL: gfortran.fortran-torture/execute/intrinsic_nearest.f90 execution, -O2 -fbounds-check
FAIL: gfortran.fortran-torture/execute/intrinsic_nearest.f90 execution, -O3 -g
FAIL: gfortran.fortran-torture/execute/intrinsic_nearest.f90 execution, -Os
=== gfortran Summary ===
# of expected passes 29196
# of unexpected failures 46
# of expected failures 15
# of unsupported tests 272
/tmp/20090420/gcc/testsuite/gfortran/../../gfortran version 4.5.0 20090421 (experimental) [trunk revision 146466] (GCC)
=== objc tests ===
Running target unix
=== objc Summary ===
# of expected passes 1818
# of expected failures 25
# of unsupported tests 28
/tmp/20090420/gcc/xgcc version 4.5.0 20090421 (experimental) [trunk revision 146466] (GCC)
=== libgomp tests ===
Running target unix
FAIL: libgomp.c/sort-1.c execution test
FAIL: libgomp.c++/loop-12.C -O3 -g execution test
FAIL: libgomp.fortran/omp_workshare1.f -O execution test
FAIL: libgomp.fortran/omp_workshare2.f -O execution test
=== libgomp Summary ===
# of expected passes 2400
# of unexpected failures 4
# of unsupported tests 2
=== libstdc++ tests ===
Running target unix
FAIL: 21_strings/basic_string/inserters_extractors/wchar_t/28277.cc execution test
FAIL: 22_locale/ctype/is/char/3.cc execution test
FAIL: 27_io/basic_ostream/inserters_character/wchar_t/28277-3.cc execution test
FAIL: 27_io/basic_ostream/inserters_character/wchar_t/28277-4.cc execution test
FAIL: 27_io/ios_base/storage/11584.cc execution test
FAIL: 27_io/objects/char/6.cc execution test
FAIL: 27_io/objects/wchar_t/6.cc execution test
FAIL: ext/mt_allocator/check_new.cc execution test
FAIL: ext/pool_allocator/check_new.cc execution test
FAIL: ext/vstring/inserters_extractors/wchar_t/28277.cc execution test
=== libstdc++ Summary ===
# of expected passes 5783
# of unexpected failures 10
# of expected failures 76
# of unsupported tests 336
Compiler version: 4.5.0 20090421 (experimental) [trunk revision 146466] (GCC)
Platform: powerpc-ibm-aix5.3.0.0
configure flags: --prefix=/farm/dje/install/powerpc-ibm-aix5.3.0.0-20090420 --disable-werror --enable-languages=c,c++,fortran,objc --with-gmp=/usr/gnu --with-mpfr=/usr/gnu --with-ppl=/usr/gnu --with-cloog=/usr/gnu