This is the mail archive of the gcc-testresults@gcc.gnu.org mailing list for the GCC project.


Index Nav: [Date Index] [Subject Index] [Author Index] [Thread Index]
Message Nav: [Date Prev] [Date Next] [Thread Prev] [Thread Next]
Other format: [Raw text]

Results for 4.5.0 20090419 (experimental) [trunk revision 146360] (GCC) testsuite on hppa64-hp-hpux11.11


LAST_UPDATED: Sun Apr 19 21:47:05 UTC 2009 (revision 146360)

Native configuration is hppa64-hp-hpux11.11

		=== g++ tests ===


Running target unix

		=== g++ Summary ===

# of expected passes		18197
# of expected failures		144
# of unsupported tests		202
/test/gnu/gcc/objdir/gcc/testsuite/g++/../../g++  version 4.5.0 20090419 (experimental) [trunk revision 146360] (GCC) 

		=== gcc tests ===


Running target unix
XPASS: gcc.dg/Warray-bounds.c  (test for warnings, line 59)
XPASS: gcc.dg/Warray-bounds.c  (test for warnings, line 65)
XPASS: gcc.dg/funcorder.c scan-assembler-not link_error,%r
XPASS: gcc.dg/struct/wo_prof_array_through_pointer.c scan-ipa-dump ipa_struct_reorg "Number of structures to transform is 1"
FAIL: gcc.dg/tree-prof/pr34999.c compilation,  -fprofile-use -D_PROFILE_USE
UNRESOLVED: gcc.dg/tree-prof/pr34999.c execution,    -fprofile-use -D_PROFILE_USE
ERROR: tcl error sourcing /test/gnu/gcc/gcc/gcc/testsuite/gcc.misc-tests/help.exp.
ERROR: syntax error in expression "\$pattern ne """

		=== gcc Summary ===

# of expected passes		49164
# of unexpected failures	1
# of unexpected successes	4
# of expected failures		75
# of unresolved testcases	1
# of unsupported tests		569
/test/gnu/gcc/objdir/gcc/xgcc  version 4.5.0 20090419 (experimental) [trunk revision 146360] (GCC) 

		=== gfortran tests ===


Running target unix

		=== gfortran Summary ===

# of expected passes		29201
# of expected failures		11
# of unsupported tests		252
/test/gnu/gcc/objdir/gcc/testsuite/gfortran/../../gfortran  version 4.5.0 20090419 (experimental) [trunk revision 146360] (GCC) 

		=== obj-c++ tests ===


Running target unix
WARNING: obj-c++.dg/lookup-2.mm compilation failed to produce executable
WARNING: obj-c++.dg/try-catch-2.mm compilation failed to produce executable
WARNING: obj-c++.dg/try-catch-9.mm compilation failed to produce executable

		=== obj-c++ Summary ===

# of expected passes		427
# of expected failures		21
# of unsupported tests		13
/test/gnu/gcc/objdir/gcc/testsuite/obj-c++/../../g++  version 4.5.0 20090419 (experimental) [trunk revision 146360] (GCC) 

		=== objc tests ===


Running target unix

		=== objc Summary ===

# of expected passes		1862
# of expected failures		15
# of unsupported tests		25
/test/gnu/gcc/objdir/gcc/xgcc  version 4.5.0 20090419 (experimental) [trunk revision 146360] (GCC) 

		=== libgomp tests ===


Running target unix

		=== libgomp Summary ===

# of expected passes		2388
# of unsupported tests		9
		=== libstdc++ tests ===


Running target unix

		=== libstdc++ Summary ===

# of expected passes		5775
# of expected failures		80
# of unsupported tests		490

Compiler version: 4.5.0 20090419 (experimental) [trunk revision 146360] (GCC) 
Platform: hppa64-hp-hpux11.11
configure flags: --with-gnu-as --with-as=/opt/gnu64/bin/as --with-ld=/usr/ccs/bin/ld --enable-shared --disable-nls --with-local-prefix=/opt/gnu64 --prefix=/opt/gnu64/gcc/gcc-4.5.0 --build=hppa64-hp-hpux11.11 --enable-threads=posix --disable-libmudflap --with-gmp=/opt/gnu64/gcc/gcc-4.5.0 --enable-languages=c,c++,fortran,objc,obj-c++


Index Nav: [Date Index] [Subject Index] [Author Index] [Thread Index]
Message Nav: [Date Prev] [Date Next] [Thread Prev] [Thread Next]