This is the mail archive of the gcc-testresults@gcc.gnu.org mailing list for the GCC project.


Index Nav: [Date Index] [Subject Index] [Author Index] [Thread Index]
Message Nav: [Date Prev] [Date Next] [Thread Prev] [Thread Next]
Other format: [Raw text]

Results for 4.5.0 20090418 (experimental) [trunk revision 146327] (GCC) testsuite on i686-pc-linux-gnu


LAST_UPDATED: Sat Apr 18 21:57:17 UTC 2009 (revision 146327)

Native configuration is i686-pc-linux-gnu

		=== g++ tests ===


Running target unix

		=== g++ Summary ===

# of expected passes		19762
# of expected failures		142
# of unsupported tests		101
/export/gnu/import/svn/gcc-test/bld/gcc/testsuite/g++/../../g++  version 4.5.0 20090418 (experimental) [trunk revision 146327] (GCC) 

		=== gcc tests ===


Running target unix
XPASS: gcc.dg/Warray-bounds.c  (test for warnings, line 59)
XPASS: gcc.dg/Warray-bounds.c  (test for warnings, line 65)
XPASS: gcc.dg/struct/wo_prof_array_through_pointer.c scan-ipa-dump ipa_struct_reorg "Number of structures to transform is 1"
FAIL: gcc.target/i386/cleanup-1.c execution test

		=== gcc Summary ===

# of expected passes		57533
# of unexpected failures	1
# of unexpected successes	3
# of expected failures		146
# of unsupported tests		437
/export/gnu/import/svn/gcc-test/bld/gcc/xgcc  version 4.5.0 20090418 (experimental) [trunk revision 146327] (GCC) 

		=== gfortran tests ===


Running target unix

		=== gfortran Summary ===

# of expected passes		30149
# of expected failures		11
# of unsupported tests		97
/export/gnu/import/svn/gcc-test/bld/gcc/testsuite/gfortran/../../gfortran  version 4.5.0 20090418 (experimental) [trunk revision 146327] (GCC) 

		=== objc tests ===


Running target unix

		=== objc Summary ===

# of expected passes		1872
# of expected failures		7
# of unsupported tests		24
/export/gnu/import/svn/gcc-test/bld/gcc/xgcc  version 4.5.0 20090418 (experimental) [trunk revision 146327] (GCC) 

		=== libffi tests ===


Running target unix

		=== libffi Summary ===

# of expected passes		1389
# of unsupported tests		10
		=== libgomp tests ===


Running target unix

		=== libgomp Summary ===

# of expected passes		2406
		=== libjava tests ===


Running target unix

		=== libjava Summary ===

# of expected passes		2574
		=== libmudflap tests ===


Running target unix
FAIL: libmudflap.c++/pass41-frag.cxx execution test
FAIL: libmudflap.c++/pass41-frag.cxx (-static) execution test
FAIL: libmudflap.c++/pass41-frag.cxx (-O2) execution test
FAIL: libmudflap.c++/pass41-frag.cxx (-O3) execution test

		=== libmudflap Summary ===

# of expected passes		1890
# of unexpected failures	4
		=== libstdc++ tests ===


Running target unix
XPASS: 26_numerics/headers/cmath/c99_classification_macros_c.cc (test for excess errors)
FAIL: 29_atomics/atomic_flag/test_and_set/explicit.c (test for excess errors)
WARNING: 29_atomics/atomic_flag/test_and_set/explicit.c compilation failed to produce executable
FAIL: 29_atomics/atomic_flag/test_and_set/implicit.c (test for excess errors)
WARNING: 29_atomics/atomic_flag/test_and_set/implicit.c compilation failed to produce executable
FAIL: 29_atomics/headers/stdatomic.h/debug_mode.c (test for excess errors)
FAIL: 29_atomics/headers/stdatomic.h/functions.c (test for excess errors)
FAIL: 29_atomics/headers/stdatomic.h/macros.c (test for excess errors)
FAIL: 29_atomics/headers/stdatomic.h/types.c (test for excess errors)
FAIL: ext/pb_ds/regression/hash_data_map_rand.cc execution test
FAIL: ext/pb_ds/regression/priority_queue_rand.cc execution test
FAIL: ext/pb_ds/regression/tree_data_map_rand.cc execution test
FAIL: ext/pb_ds/regression/tree_no_data_map_rand.cc execution test
FAIL: ext/pb_ds/regression/trie_data_map_rand.cc execution test
FAIL: ext/pb_ds/regression/trie_no_data_map_rand.cc execution test

		=== libstdc++ Summary ===

# of expected passes		6699
# of unexpected failures	12
# of unexpected successes	1
# of expected failures		82
# of unsupported tests		18

Compiler version: 4.5.0 20090418 (experimental) [trunk revision 146327] (GCC) 
Platform: i686-pc-linux-gnu
configure flags: --enable-clocale=gnu --with-system-zlib --enable-shared --with-demangler-in-ld


Index Nav: [Date Index] [Subject Index] [Author Index] [Thread Index]
Message Nav: [Date Prev] [Date Next] [Thread Prev] [Thread Next]