This is the mail archive of the gcc-testresults@gcc.gnu.org mailing list for the GCC project.


Index Nav: [Date Index] [Subject Index] [Author Index] [Thread Index]
Message Nav: [Date Prev] [Date Next] [Thread Prev] [Thread Next]
Other format: [Raw text]

Results for 4.5.0 20090415 (experimental) [trunk revision 146137] (GCC) gcc testsuite on powerpc-unknown-eabisim


Debian 4 on x86_64
cross tool versions:
GNU assembler (GNU Binutils) 2.19.51.20090307
GNU gdb (GDB) 6.8.50.20090307-cvs
GNU ld (GNU Binutils) 2.19.51.20090307

GNU Make 3.81
expect version 5.43.0
host gcc version: gcc (GCC) 4.5.0 20090415 (experimental) [trunk revision 146137]
LAST_UPDATED: Wed Apr 15 22:03:59 UTC 2009 (revision 146137)

Target is powerpc-unknown-eabisim
Host   is x86_64-unknown-linux-gnu

		=== gcc tests ===


Running target powerpc-sim
FAIL: gcc.c-torture/execute/nest-align-1.c execution,  -O0 
FAIL: gcc.c-torture/execute/nest-align-1.c execution,  -O1 
FAIL: gcc.c-torture/execute/nest-align-1.c execution,  -O2 
FAIL: gcc.c-torture/execute/nest-align-1.c execution,  -Os 
FAIL: gcc.c-torture/execute/ieee/inf-1.c execution,  -O0 
XPASS: gcc.dg/Warray-bounds.c  (test for warnings, line 59)
XPASS: gcc.dg/Warray-bounds.c  (test for warnings, line 65)
FAIL: gcc.dg/and-1.c scan-assembler-not nand
FAIL: gcc.dg/c99-stdint-7.c (test for excess errors)
XPASS: gcc.dg/struct/wo_prof_array_through_pointer.c scan-ipa-dump ipa_struct_reorg "Number of structures to transform is 1"
FAIL: gcc.dg/torture/pr39678.c  -O0  execution test
FAIL: gcc.dg/torture/pr39678.c  -O1  execution test
FAIL: gcc.dg/torture/pr39678.c  -O2  execution test
FAIL: gcc.dg/torture/pr39678.c  -O3 -fomit-frame-pointer  execution test
FAIL: gcc.dg/torture/pr39678.c  -O3 -g  execution test
FAIL: gcc.dg/torture/pr39678.c  -Os  execution test
FAIL: gcc.dg/tree-ssa/vrp47.c scan-tree-dump-times vrp1 "[xy][^ ]* !=" 0
FAIL: gcc.dg/tree-ssa/vrp47.c scan-tree-dump-times dom1 "x[^ ]* & y" 1
FAIL: gcc.dg/vect/pr35821-altivec.c scan-tree-dump-times vect "vectorized 1 loops" 1
FAIL: gcc.target/powerpc/20020118-1.c execution test
FAIL: gcc.target/powerpc/ppc64-double-1.c scan-assembler-not stfd

		=== gcc Summary ===

# of expected passes		51943
# of unexpected failures	18
# of unexpected successes	3
# of expected failures		143
# of unsupported tests		624
/home/mstein/sim/trunk/powerpc-eabisim/build/gcc/xgcc  version 4.5.0 20090415 (experimental) [trunk revision 146137] (GCC) 


Compiler version: 4.5.0 20090415 (experimental) [trunk revision 146137] (GCC) gcc 
Platform: powerpc-unknown-eabisim
configure flags: --target=powerpc-eabisim --prefix=/home/mstein/cross-local/powerpc-eabisim --enable-languages=c --disable-nls --disable-build-warnings --with-sysroot=/home/mstein/cross-local/powerpc-eabisim --with-build-sysroot=/home/mstein/cross-local/powerpc-eabisim --with-ld=/home/mstein/cross-local/powerpc-eabisim/usr/bin/ld --with-as=/home/mstein/cross-local/powerpc-eabisim/usr/bin/as --disable-libssp --with-mpfr=/opt/cfarm/mpfr-2.3.2


Index Nav: [Date Index] [Subject Index] [Author Index] [Thread Index]
Message Nav: [Date Prev] [Date Next] [Thread Prev] [Thread Next]