This is the mail archive of the gcc-testresults@gcc.gnu.org mailing list for the GCC project.


Index Nav: [Date Index] [Subject Index] [Author Index] [Thread Index]
Message Nav: [Date Prev] [Date Next] [Thread Prev] [Thread Next]
Other format: [Raw text]

Results for 4.4.0 20090414 (prerelease) (GCC) testsuite on i686-pc-cygwin


LAST_UPDATED: Obtained from SVN: branches/gcc-4_4-branch revision 146027

Native configuration is i686-pc-cygwin

		=== g++ tests ===


Running target unix
FAIL: g++.dg/abi/local1.C execution test
FAIL: g++.dg/abi/rtti3.C scan-assembler .weak[ \\t]_?_ZTSPP1A
FAIL: g++.dg/abi/thunk4.C scan-assembler .weak[ \\t]_?_ZThn._N7Derived3FooEv
FAIL: g++.dg/eh/weak1.C execution test
FAIL: g++.dg/ext/dllimport7.C C++ specific error (test for errors, line 24)
FAIL: g++.dg/ext/selectany1.C scan-assembler-dem
FAIL: g++.dg/init/cleanup3.C scan-assembler-not _tcf
FAIL: g++.dg/opt/vt1.C scan-assembler-not
section[^\\n\\r]*_ZTV1S[^\\n\\r]*"[^w"\\n\\r]*"
FAIL: g++.dg/template/spec35.C scan-assembler .weak(_definition)?[\\t
]*_?_Z2f2IiEvT_
FAIL: g++.old-deja/g++.eh/badalloc1.C execution test
XPASS: g++.old-deja/g++.ext/attrib5.C execution test
FAIL: g++.old-deja/g++.other/init5.C execution test

		=== g++ Summary ===

# of expected passes		20756
# of unexpected failures	11
# of unexpected successes	1
# of expected failures		143
# of unsupported tests		229
/gnu/gcc/releases/4.4.0rc1/gcc/testsuite/g++/../../g++  version 4.4.0 20090414
(prerelease) (GCC)

		=== gcc tests ===


Running target unix
FAIL: gcc.dg/compat/union-m128-1 c_compat_x_tst.o-c_compat_y_tst.o execute
FAIL: gcc.dg/compat/vector-1a c_compat_x_tst.o-c_compat_y_tst.o execute
FAIL: gcc.dg/compat/vector-2a c_compat_x_tst.o-c_compat_y_tst.o execute
FAIL: gcc.dg/cpp/include2.c (test for excess errors)
FAIL: gcc.dg/debug/debug-1.c scan-assembler xyzzy
FAIL: gcc.dg/debug/debug-1.c scan-assembler xyzzy
FAIL: gcc.dg/debug/debug-2.c scan-assembler xyzzy
FAIL: gcc.dg/debug/debug-2.c scan-assembler xyzzy
FAIL: gcc.dg/20021014-1.c (test for excess errors)
WARNING: gcc.dg/20021014-1.c compilation failed to produce executable
FAIL: gcc.dg/alias-7.c execution test
FAIL: gcc.dg/dll-4.c scan-assembler (foo2:.*.comm[ \\t_]*foo1)
FAIL: gcc.dg/utf32-4.c  (test for warnings, line 18)
FAIL: largefile.c (test for excess errors)
FAIL: gcc.dg/pch/largefile.c -O0 -g assembly comparison
FAIL: largefile.c (test for excess errors)
FAIL: gcc.dg/pch/largefile.c  -O0  assembly comparison
FAIL: largefile.c (test for excess errors)
FAIL: gcc.dg/pch/largefile.c  -O1  assembly comparison
FAIL: largefile.c (test for excess errors)
FAIL: gcc.dg/pch/largefile.c  -O2  assembly comparison
FAIL: largefile.c (test for excess errors)
FAIL: gcc.dg/pch/largefile.c  -O3 -fomit-frame-pointer  assembly comparison
FAIL: largefile.c (test for excess errors)
FAIL: gcc.dg/pch/largefile.c  -O3 -g  assembly comparison
FAIL: largefile.c (test for excess errors)
FAIL: gcc.dg/pch/largefile.c  -Os  assembly comparison
FAIL: gcc.dg/torture/fp-int-convert-float128-timode.c (test for excess errors)
WARNING: gcc.dg/torture/fp-int-convert-float128-timode.c compilation failed to
produce executable
FAIL: gcc.dg/torture/fp-int-convert-float128-timode.c (test for excess errors)
WARNING: gcc.dg/torture/fp-int-convert-float128-timode.c compilation failed to
produce executable
FAIL: gcc.dg/torture/fp-int-convert-float128-timode.c (test for excess errors)
WARNING: gcc.dg/torture/fp-int-convert-float128-timode.c compilation failed to
produce executable
FAIL: gcc.dg/torture/fp-int-convert-float128-timode.c (test for excess errors)
WARNING: gcc.dg/torture/fp-int-convert-float128-timode.c compilation failed to
produce executable
FAIL: gcc.dg/torture/fp-int-convert-float128-timode.c (test for excess errors)
WARNING: gcc.dg/torture/fp-int-convert-float128-timode.c compilation failed to
produce executable
FAIL: gcc.dg/torture/fp-int-convert-float128-timode.c (test for excess errors)
WARNING: gcc.dg/torture/fp-int-convert-float128-timode.c compilation failed to
produce executable
FAIL: gcc.dg/torture/fp-int-convert-float128.c (test for excess errors)
WARNING: gcc.dg/torture/fp-int-convert-float128.c compilation failed to
produce executable
FAIL: gcc.dg/torture/fp-int-convert-float128.c (test for excess errors)
WARNING: gcc.dg/torture/fp-int-convert-float128.c compilation failed to
produce executable
FAIL: gcc.dg/torture/fp-int-convert-float128.c (test for excess errors)
WARNING: gcc.dg/torture/fp-int-convert-float128.c compilation failed to
produce executable
FAIL: gcc.dg/torture/fp-int-convert-float128.c (test for excess errors)
WARNING: gcc.dg/torture/fp-int-convert-float128.c compilation failed to
produce executable
FAIL: gcc.dg/torture/fp-int-convert-float128.c (test for excess errors)
WARNING: gcc.dg/torture/fp-int-convert-float128.c compilation failed to
produce executable
FAIL: gcc.dg/torture/fp-int-convert-float128.c (test for excess errors)
WARNING: gcc.dg/torture/fp-int-convert-float128.c compilation failed to
produce executable
FAIL: gcc.dg/torture/stackalign/push-1.c execution test
FAIL: gcc.dg/torture/stackalign/push-1.c execution test
FAIL: gcc.dg/torture/stackalign/push-1.c execution test
FAIL: gcc.dg/torture/stackalign/push-1.c execution test
FAIL: gcc.dg/torture/stackalign/push-1.c execution test
FAIL: gcc.dg/torture/stackalign/push-1.c execution test
FAIL: gcc.dg/torture/stackalign/push-1.c execution test
FAIL: gcc.dg/torture/stackalign/push-1.c execution test
FAIL: gcc.dg/torture/stackalign/push-1.c execution test
FAIL: gcc.dg/torture/stackalign/push-1.c execution test
FAIL: gcc.dg/torture/stackalign/push-1.c execution test
FAIL: gcc.dg/torture/stackalign/push-1.c execution test
FAIL: gcc.dg/torture/stackalign/push-1.c execution test
FAIL: gcc.dg/torture/stackalign/push-1.c execution test
FAIL: gcc.dg/torture/stackalign/push-1.c execution test
FAIL: gcc.dg/torture/stackalign/push-1.c execution test
FAIL: gcc.dg/torture/stackalign/push-1.c execution test
FAIL: gcc.dg/torture/stackalign/push-1.c execution test
FAIL: gcc.dg/torture/stackalign/push-1.c execution test
FAIL: gcc.dg/torture/stackalign/push-1.c execution test
FAIL: gcc.dg/torture/stackalign/push-1.c execution test
FAIL: gcc.dg/torture/stackalign/push-1.c execution test
FAIL: gcc.dg/torture/stackalign/push-1.c execution test
FAIL: gcc.dg/torture/stackalign/push-1.c execution test
FAIL: gcc.dg/torture/stackalign/push-1.c execution test
FAIL: gcc.dg/torture/stackalign/push-1.c execution test
FAIL: gcc.dg/torture/stackalign/push-1.c execution test
FAIL: gcc.dg/torture/stackalign/push-1.c execution test
FAIL: gcc.dg/torture/stackalign/push-1.c execution test
FAIL: gcc.dg/torture/stackalign/push-1.c execution test
FAIL: gcc.dg/torture/stackalign/push-1.c execution test
FAIL: gcc.dg/torture/stackalign/push-1.c execution test
FAIL: gcc.dg/torture/stackalign/push-1.c execution test
FAIL: gcc.dg/torture/stackalign/push-1.c execution test
FAIL: gcc.dg/torture/stackalign/push-1.c execution test
FAIL: gcc.dg/torture/stackalign/push-1.c execution test
FAIL: gcc.dg/torture/stackalign/push-1.c execution test
FAIL: gcc.dg/torture/stackalign/push-1.c execution test
FAIL: gcc.dg/torture/stackalign/push-1.c execution test
FAIL: gcc.dg/torture/stackalign/push-1.c execution test
FAIL: gcc.dg/torture/stackalign/push-1.c execution test
FAIL: gcc.dg/torture/stackalign/push-1.c execution test
FAIL: gcc.dg/torture/stackalign/push-1.c execution test
FAIL: gcc.dg/torture/stackalign/push-1.c execution test
FAIL: gcc.dg/torture/stackalign/push-1.c execution test
FAIL: gcc.dg/torture/stackalign/push-1.c execution test
FAIL: gcc.dg/torture/stackalign/push-1.c execution test
FAIL: gcc.dg/torture/stackalign/push-1.c execution test
FAIL: gcc.dg/tree-ssa/pr27781.c scan-tree-dump optimized "func \\(\\);"
FAIL: gcc.dg/tree-ssa/pr36881.c scan-assembler-not CSWTCH
FAIL: gcc.dg/tree-ssa/pr36881.c scan-tree-dump switchconv "need runtime
relocations"
FAIL: gcc.dg/tree-ssa/ssa-store-ccp-2.c scan-tree-dump-times optimized
"conststaticvariable" 1
FAIL: gcc.dg/tree-ssa/ssa-store-ccp-4.c scan-tree-dump-times optimized
"conststaticvariable" 1
FAIL: gcc.dg/vect/costmodel/i386/costmodel-vect-31.c execution test
FAIL: gcc.dg/vect/costmodel/i386/costmodel-vect-31.c execution test
FAIL: gcc.dg/vect/costmodel/i386/costmodel-vect-31.c execution test
FAIL: gcc.dg/vect/pr18400.c execution test
FAIL: gcc.dg/vect/pr20122.c execution test
FAIL: gcc.dg/vect/pr25413.c execution test
FAIL: gcc.dg/vect/pr25413.c scan-tree-dump-times vect "vectorized 1 loops" 0
FAIL: gcc.dg/vect/pr25413.c scan-tree-dump-times vect "vector alignment may
not be reachable" 1
FAIL: gcc.dg/vect/pr25413.c scan-tree-dump-times vect "not vectorized:
unsupported unaligned store" 1
FAIL: gcc.dg/vect/pr30784.c execution test
FAIL: gcc.dg/vect/pr31699.c execution test
FAIL: gcc.dg/vect/vect-108.c execution test
FAIL: gcc.dg/vect/vect-11.c execution test
FAIL: gcc.dg/vect/vect-11a.c execution test
FAIL: gcc.dg/vect/vect-13.c execution test
FAIL: gcc.dg/vect/vect-17.c execution test
FAIL: gcc.dg/vect/vect-18.c execution test
FAIL: gcc.dg/vect/vect-19.c execution test
FAIL: gcc.dg/vect/vect-2.c execution test
FAIL: gcc.dg/vect/vect-20.c execution test
FAIL: gcc.dg/vect/vect-22.c execution test
FAIL: gcc.dg/vect/vect-27.c execution test
FAIL: gcc.dg/vect/vect-29.c execution test
FAIL: gcc.dg/vect/vect-3.c execution test
FAIL: gcc.dg/vect/vect-30.c execution test
FAIL: gcc.dg/vect/vect-34.c execution test
FAIL: gcc.dg/vect/vect-38.c execution test
FAIL: gcc.dg/vect/vect-4.c execution test
FAIL: gcc.dg/vect/vect-5.c execution test
FAIL: gcc.dg/vect/vect-7.c execution test
FAIL: gcc.dg/vect/vect-72.c execution test
FAIL: gcc.dg/vect/vect-73.c execution test
FAIL: gcc.dg/vect/vect-77-global.c execution test
FAIL: gcc.dg/vect/vect-78-global.c execution test
FAIL: gcc.dg/vect/vect-8.c execution test
FAIL: gcc.dg/vect/vect-86.c execution test
FAIL: gcc.dg/vect/vect-9.c execution test
FAIL: gcc.dg/vect/vect-92.c execution test
FAIL: gcc.dg/vect/vect-97.c execution test
FAIL: gcc.dg/vect/vect-99.c execution test
FAIL: gcc.dg/vect/vect-all.c execution test
FAIL: gcc.dg/vect/vect-complex-1.c execution test
FAIL: gcc.dg/vect/vect-complex-2.c execution test
FAIL: gcc.dg/vect/vect-complex-4.c execution test
FAIL: gcc.dg/vect/vect-float-extend-1.c execution test
FAIL: gcc.dg/vect/vect-floatint-conversion-1.c execution test
FAIL: gcc.dg/vect/vect-intfloat-conversion-1.c execution test
FAIL: gcc.dg/vect/vect-intfloat-conversion-2.c execution test
FAIL: gcc.dg/vect/vect-intfloat-conversion-3.c execution test
FAIL: gcc.dg/vect/vect-intfloat-conversion-4a.c execution test
FAIL: gcc.dg/vect/vect-intfloat-conversion-4b.c execution test
FAIL: gcc.dg/vect/vect-iv-9.c execution test
FAIL: gcc.dg/vect/vect-multitypes-1.c execution test
FAIL: gcc.dg/vect/vect-multitypes-10.c execution test
FAIL: gcc.dg/vect/vect-multitypes-11.c execution test
FAIL: gcc.dg/vect/vect-multitypes-12.c execution test
FAIL: gcc.dg/vect/vect-multitypes-13.c execution test
FAIL: gcc.dg/vect/vect-multitypes-14.c execution test
FAIL: gcc.dg/vect/vect-multitypes-15.c execution test
FAIL: gcc.dg/vect/vect-multitypes-16.c execution test
FAIL: gcc.dg/vect/vect-multitypes-17.c execution test
FAIL: gcc.dg/vect/vect-multitypes-2.c execution test
FAIL: gcc.dg/vect/vect-multitypes-4.c execution test
FAIL: gcc.dg/vect/vect-multitypes-5.c execution test
FAIL: gcc.dg/vect/vect-multitypes-7.c execution test
FAIL: gcc.dg/vect/vect-multitypes-8.c execution test
FAIL: gcc.dg/vect/vect-multitypes-9.c execution test
FAIL: gcc.dg/vect/vect-outer-2.c execution test
FAIL: gcc.dg/vect/vect-outer-2a.c execution test
FAIL: gcc.dg/vect/vect-outer-2c.c execution test
FAIL: gcc.dg/vect/vect-outer-3.c execution test
FAIL: gcc.dg/vect/vect-outer-3a.c execution test
FAIL: gcc.dg/vect/vect-outer-3b.c execution test
FAIL: gcc.dg/vect/vect-outer-3c.c execution test
FAIL: gcc.dg/vect/vect-outer-4.c execution test
FAIL: gcc.dg/vect/vect-outer-4d.c execution test
FAIL: gcc.dg/vect/vect-outer-4f.c execution test
FAIL: gcc.dg/vect/vect-outer-4g.c execution test
FAIL: gcc.dg/vect/vect-outer-4i.c execution test
FAIL: gcc.dg/vect/vect-outer-4k.c execution test
FAIL: gcc.dg/vect/vect-outer-4l.c execution test
FAIL: gcc.dg/vect/vect-outer-4m.c execution test
FAIL: gcc.dg/vect/vect-outer-6.c execution test
FAIL: gcc.dg/vect/vect-outer-fir-lb.c execution test
FAIL: gcc.dg/vect/vect-outer-fir.c execution test
FAIL: gcc.dg/vect/vect-reduc-dot-s16a.c execution test
FAIL: gcc.dg/vect/vect-reduc-dot-s16b.c execution test
FAIL: gcc.dg/vect/vect-reduc-dot-s8a.c execution test
FAIL: gcc.dg/vect/vect-reduc-dot-s8c.c execution test
FAIL: gcc.dg/vect/vect-reduc-dot-u16a.c execution test
FAIL: gcc.dg/vect/vect-reduc-dot-u16b.c execution test
FAIL: gcc.dg/vect/vect-reduc-dot-u8a.c execution test
FAIL: gcc.dg/vect/vect-reduc-dot-u8b.c execution test
FAIL: gcc.dg/vect/vect-strided-store-u16-i4.c execution test
FAIL: gcc.dg/vect/vect-strided-store-u32-i2.c execution test
FAIL: gcc.dg/vect/vect-widen-mult-s16.c execution test
FAIL: gcc.dg/vect/vect-widen-mult-s8.c execution test
FAIL: gcc.dg/vect/vect-widen-mult-u16.c execution test
FAIL: gcc.dg/vect/vect-widen-mult-u8.c execution test
FAIL: gcc.dg/vect/slp-15.c execution test
FAIL: gcc.dg/vect/slp-16.c execution test
FAIL: gcc.dg/vect/slp-17.c execution test
FAIL: gcc.dg/vect/slp-25.c execution test
FAIL: gcc.dg/vect/slp-9.c execution test
FAIL: gcc.dg/vect/slp-widen-mult-s16.c execution test
FAIL: gcc.dg/vect/slp-widen-mult-u8.c execution test
FAIL: gcc.dg/vect/fast-math-vect-complex-3.c execution test
FAIL: gcc.dg/vect/wrapv-vect-7.c execution test
FAIL: gcc.dg/vect/wrapv-vect-reduc-dot-s8b.c execution test
FAIL: gcc.dg/vect/no-section-anchors-vect-31.c execution test
FAIL: gcc.dg/vect/no-section-anchors-vect-34.c execution test
FAIL: gcc.dg/vect/no-section-anchors-vect-36.c execution test
FAIL: gcc.dg/vect/no-section-anchors-vect-64.c execution test
FAIL: gcc.dg/vect/no-section-anchors-vect-65.c execution test
FAIL: gcc.dg/vect/no-section-anchors-vect-66.c execution test
FAIL: gcc.dg/vect/no-section-anchors-vect-68.c execution test
FAIL: gcc.dg/vect/no-section-anchors-vect-69.c execution test
FAIL: gcc.dg/vect/no-section-anchors-vect-outer-4h.c execution test
FAIL: gcc.dg/vect/no-scevccp-outer-10.c execution test
FAIL: gcc.dg/vect/no-scevccp-outer-10a.c execution test
FAIL: gcc.dg/vect/no-scevccp-outer-10b.c execution test
FAIL: gcc.dg/vect/no-scevccp-outer-11.c execution test
FAIL: gcc.dg/vect/no-scevccp-outer-13.c execution test
FAIL: gcc.dg/vect/no-scevccp-outer-15.c execution test
FAIL: gcc.dg/vect/no-scevccp-outer-16.c execution test
FAIL: gcc.dg/vect/no-scevccp-outer-17.c execution test
FAIL: gcc.dg/vect/no-scevccp-outer-18.c execution test
FAIL: gcc.dg/vect/no-scevccp-outer-19.c execution test
FAIL: gcc.dg/vect/no-scevccp-outer-20.c execution test
FAIL: gcc.dg/vect/no-scevccp-outer-21.c execution test
FAIL: gcc.dg/vect/no-scevccp-outer-22.c execution test
FAIL: gcc.dg/vect/no-scevccp-outer-3.c execution test
FAIL: gcc.dg/vect/no-scevccp-outer-4.c execution test
FAIL: gcc.dg/vect/no-scevccp-outer-5.c execution test
FAIL: gcc.dg/vect/no-scevccp-outer-7.c execution test
FAIL: gcc.dg/vect/no-scevccp-outer-9.c execution test
FAIL: gcc.dg/vect/no-scevccp-outer-9a.c execution test
FAIL: gcc.dg/vect/no-scevccp-outer-9b.c execution test
FAIL: gcc.dg/vect/no-scevccp-noreassoc-outer-3.c execution test
FAIL: gcc.dg/vect/no-scevccp-noreassoc-outer-5.c execution test
FAIL: gcc.dg/vect/no-tree-dom-vect-bug.c execution test
FAIL: gcc.target/i386/pic-1.c  (test for errors, line 11)
FAIL: gcc.target/i386/pr25993.c (test for excess errors)
FAIL: gcc.target/i386/pr32000-2.c (test for excess errors)
WARNING: gcc.target/i386/pr32000-2.c compilation failed to produce executable
FAIL: gcc.target/i386/pr37843-1.c scan-assembler call[\\\\t ]*foo
FAIL: gcc.target/i386/pr37843-2.c scan-assembler jmp[\\\\t ]*foo
FAIL: gcc.target/i386/pr37843-3.c scan-assembler jmp[\\\\t ]*foo
XPASS: gcc.target/i386/push-1.c scan-assembler-not movups
FAIL: gcc.target/i386/sse-6.c execution test
FAIL: gcc.target/i386/vararg-3.c execution test
FAIL: gcc.target/i386/vararg-4.c execution test
FAIL: gcc.target/i386/vararg-7.c execution test
FAIL: gcc.target/i386/vararg-8.c execution test
FAIL: gcc.target/i386/stackalign/return-3.c (test for excess errors)
FAIL: gcc.target/i386/stackalign/return-3.c (test for excess errors)
FAIL: gcc.target/i386/stackalign/return-3.c (test for excess errors)
FAIL: gcc.target/i386/stackalign/return-3.c (test for excess errors)

		=== gcc Summary ===

# of expected passes		59733
# of unexpected failures	247
# of unexpected successes	1
# of expected failures		187
# of unsupported tests		618
/gnu/gcc/releases/4.4.0rc1/gcc/xgcc  version 4.4.0 20090414 (prerelease) (GCC)

		=== gfortran tests ===


Running target unix
FAIL: gfortran.dg/chmod_1.f90 execution test
FAIL: gfortran.dg/chmod_1.f90 execution test
FAIL: gfortran.dg/chmod_1.f90 execution test
FAIL: gfortran.dg/chmod_1.f90 execution test
FAIL: gfortran.dg/chmod_1.f90 execution test
FAIL: gfortran.dg/chmod_1.f90 execution test
FAIL: gfortran.dg/chmod_1.f90 execution test
FAIL: gfortran.dg/chmod_1.f90 execution test
FAIL: gfortran.dg/chmod_2.f90 execution test
FAIL: gfortran.dg/chmod_2.f90 execution test
FAIL: gfortran.dg/chmod_2.f90 execution test
FAIL: gfortran.dg/chmod_2.f90 execution test
FAIL: gfortran.dg/chmod_2.f90 execution test
FAIL: gfortran.dg/chmod_2.f90 execution test
FAIL: gfortran.dg/chmod_2.f90 execution test
FAIL: gfortran.dg/chmod_2.f90 execution test
FAIL: gfortran.dg/chmod_3.f90 execution test
FAIL: gfortran.dg/chmod_3.f90 execution test
FAIL: gfortran.dg/chmod_3.f90 execution test
FAIL: gfortran.dg/chmod_3.f90 execution test
FAIL: gfortran.dg/chmod_3.f90 execution test
FAIL: gfortran.dg/chmod_3.f90 execution test
FAIL: gfortran.dg/chmod_3.f90 execution test
FAIL: gfortran.dg/chmod_3.f90 execution test
FAIL: gfortran.dg/default_format_denormal_1.f90 execution test
FAIL: gfortran.dg/default_format_denormal_1.f90 execution test
FAIL: gfortran.dg/default_format_denormal_1.f90 execution test
FAIL: gfortran.dg/default_format_denormal_1.f90 execution test
FAIL: gfortran.dg/default_format_denormal_1.f90 execution test
FAIL: gfortran.dg/default_format_denormal_1.f90 execution test
FAIL: gfortran.dg/default_format_denormal_1.f90 execution test
FAIL: gfortran.dg/default_format_denormal_1.f90 execution test
FAIL: gfortran.dg/open_errors.f90 execution test
FAIL: gfortran.dg/open_errors.f90 execution test
FAIL: gfortran.dg/open_errors.f90 execution test
FAIL: gfortran.dg/open_errors.f90 execution test
FAIL: gfortran.dg/open_errors.f90 execution test
FAIL: gfortran.dg/open_errors.f90 execution test
FAIL: gfortran.dg/open_errors.f90 execution test
FAIL: gfortran.dg/open_errors.f90 execution test
FAIL: gfortran.fortran-torture/execute/common.f90 execution, -O2
-ftree-vectorize -msse2

		=== gfortran Summary ===

# of expected passes		28889
# of unexpected failures	41
# of expected failures		10
# of unsupported tests		257
/gnu/gcc/releases/4.4.0rc1/gcc/testsuite/gfortran/../../gfortran  version
4.4.0 20090414 (prerelease) (GCC)

		=== obj-c++ tests ===


Running target unix
XPASS: obj-c++.dg/comp-types-10.mm (test for excess errors)
WARNING: obj-c++.dg/lookup-2.mm compilation failed to produce executable
WARNING: obj-c++.dg/try-catch-2.mm compilation failed to produce executable
WARNING: obj-c++.dg/try-catch-9.mm compilation failed to produce executable

		=== obj-c++ Summary ===

# of expected passes		436
# of unexpected successes	1
# of expected failures		9
# of unsupported tests		13
/gnu/gcc/releases/4.4.0rc1/gcc/testsuite/obj-c++/../../g++  version 4.4.0
20090414 (prerelease) (GCC)

		=== objc tests ===


Running target unix

		=== objc Summary ===

# of expected passes		1964
# of expected failures		7
# of unsupported tests		24
/gnu/gcc/releases/4.4.0rc1/gcc/xgcc  version 4.4.0 20090414 (prerelease) (GCC)

		=== libgomp tests ===


Running target unix
WARNING: program timed out.
FAIL: libgomp.c/sort-1.c execution test
WARNING: program timed out.
FAIL: libgomp.c++/nested-1.C execution test
WARNING: program timed out.
FAIL: libgomp.c++/nested-1.C execution test

		=== libgomp Summary ===

# of expected passes		2399
# of unexpected failures	3
# of unsupported tests		2
		=== libstdc++ tests ===


Running target unix
FAIL: 20_util/shared_ptr/thread/mutex_weaktoshared.cc execution test
FAIL: 22_locale/ctype/scan/wchar_t/1.cc execution test
FAIL: 22_locale/ctype/scan/wchar_t/1.cc execution test
FAIL: 22_locale/ctype/scan/wchar_t/1.cc execution test
XPASS: 26_numerics/headers/cmath/c99_classification_macros_c.cc (test for
excess errors)
XPASS: 26_numerics/headers/cmath/c99_classification_macros_c.cc (test for
excess errors)
FAIL: 27_io/basic_filebuf/seekoff/char/1-io.cc execution test
FAIL: 27_io/basic_filebuf/seekoff/char/1-io.cc execution test
FAIL: 27_io/basic_filebuf/seekoff/char/2-io.cc execution test
FAIL: 27_io/basic_filebuf/seekoff/char/2-io.cc execution test
FAIL: 27_io/basic_filebuf/seekpos/char/1-io.cc execution test
FAIL: 27_io/basic_filebuf/seekpos/char/1-io.cc execution test
FAIL: 27_io/basic_filebuf/seekpos/char/2-io.cc execution test
FAIL: 27_io/basic_filebuf/seekpos/char/2-io.cc execution test
FAIL: 27_io/basic_filebuf/sgetn/char/1-in.cc execution test
FAIL: 27_io/basic_filebuf/sgetn/char/1-in.cc execution test
FAIL: 27_io/basic_filebuf/sgetn/char/1-in.cc execution test
FAIL: 27_io/basic_filebuf/sgetn/char/1-io.cc execution test
FAIL: 27_io/basic_filebuf/sgetn/char/1-io.cc execution test
FAIL: 27_io/basic_filebuf/sgetn/char/1-io.cc execution test
FAIL: 27_io/basic_filebuf/sgetn/char/2-in.cc execution test
FAIL: 27_io/basic_filebuf/sgetn/char/2-in.cc execution test
FAIL: 27_io/basic_filebuf/sgetn/char/2-in.cc execution test
FAIL: 27_io/basic_filebuf/sgetn/char/2-io.cc execution test
FAIL: 27_io/basic_filebuf/sgetn/char/2-io.cc execution test
FAIL: 27_io/basic_filebuf/sgetn/char/2-io.cc execution test
FAIL: 27_io/basic_filebuf/underflow/wchar_t/11603.cc execution test
FAIL: 27_io/basic_filebuf/underflow/wchar_t/11603.cc execution test
FAIL: 27_io/basic_filebuf/underflow/wchar_t/11603.cc execution test
FAIL: 27_io/basic_istream/readsome/char/6746-2.cc execution test
FAIL: 27_io/basic_istream/readsome/char/6746-2.cc execution test
FAIL: 27_io/basic_istream/readsome/char/6746-2.cc execution test
FAIL: 27_io/basic_istream/readsome/wchar_t/6746-2.cc execution test
FAIL: 27_io/basic_istream/readsome/wchar_t/6746-2.cc execution test
FAIL: 27_io/basic_istream/readsome/wchar_t/6746-2.cc execution test
FAIL: 27_io/basic_ostream/inserters_arithmetic/wchar_t/4402.cc execution test
FAIL: 27_io/basic_ostream/inserters_arithmetic/wchar_t/4402.cc execution test
FAIL: 27_io/basic_ostream/inserters_arithmetic/wchar_t/4402.cc execution test
FAIL: ext/bitmap_allocator/variadic_construct.cc execution test
FAIL: tr1/2_general_utilities/shared_ptr/thread/mutex_weaktoshared.cc
execution test
FAIL: tr1/2_general_utilities/shared_ptr/thread/mutex_weaktoshared.cc
execution test

		=== libstdc++ Summary ===

# of expected passes		13120
# of unexpected failures	39
# of unexpected successes	2
# of expected failures		174
# of unsupported tests		1246

Compiler version: 4.4.0 20090414 (prerelease) (GCC)
Platform: i686-pc-cygwin
configure flags: --prefix=/usr --datadir=/usr/share --infodir=/usr/share/info
--mandir=/usr/share/man -v --with-gmp=/usr --with-mpfr=/usr --enable-bootstrap
--enable-version-specific-runtime-libs --with-slibdir=/usr/bin
--libexecdir=/usr/lib --enable-static --enable-shared --enable-shared-libgcc
--disable-__cxa_atexit --with-gnu-ld --with-gnu-as --with-dwarf2
--disable-sjlj-exceptions --disable-symvers --disable-libjava
--program-suffix=-4 --enable-libgomp --enable-libssp --disable-libada
--enable-threads=posix --with-arch=i686 --with-tune=generic CC=gcc-4 CXX=g++-4
CC_FOR_TARGET=gcc-4 CXX_FOR_TARGET=g++-4
--with-ecj-jar=/usr/share/java/ecj.jar LD=/opt/gcc-tools/bin/ld.exe
LD_FOR_TARGET=/opt/gcc-tools/bin/ld.exe AS=/opt/gcc-tools/bin/as.exe
AS_FOR_TARGET=/opt/gcc-tools/bin/as.exe
--enable-languages=c,c++,fortran,objc,obj-c++


Index Nav: [Date Index] [Subject Index] [Author Index] [Thread Index]
Message Nav: [Date Prev] [Date Next] [Thread Prev] [Thread Next]