This is the mail archive of the gcc-testresults@gcc.gnu.org mailing list for the GCC project.


Index Nav: [Date Index] [Subject Index] [Author Index] [Thread Index]
Message Nav: [Date Prev] [Date Next] [Thread Prev] [Thread Next]
Other format: [Raw text]

Results for 4.4.0 20090414 (prerelease) (GCC) testsuite on sh4-unknown-linux-gnu


Remote host: linux 2.6.22 sh4
GNU C Library version 2.7.90

LAST_UPDATED: Obtained from SVN: branches/gcc-4_4-branch revision 146027

Target is sh4-unknown-linux-gnu
Host   is i686-pc-linux-gnu

		=== g++ tests ===


Running target unix
WARNING: Assuming target board is the local machine (which is probably wrong).
FAIL: g++.dg/torture/pr36191.C  -O3 -fomit-frame-pointer  (test for excess errors)

		=== g++ Summary ===

# of expected passes		19009
# of unexpected failures	1
# of expected failures		142
# of unsupported tests		177
/exp/ldroot/dodes/xsh-gcc44-rc/gcc/testsuite/g++/../../g++  version 4.4.0 20090414 (prerelease) (GCC) 

Host   is i686-pc-linux-gnu

		=== gcc tests ===


Running target unix
WARNING: Assuming target board is the local machine (which is probably wrong).

		=== gcc Summary ===

# of expected passes		49330
# of expected failures		129
# of unsupported tests		546
/exp/ldroot/dodes/xsh-gcc44-rc/gcc/xgcc  version 4.4.0 20090414 (prerelease) (GCC) 

Host   is i686-pc-linux-gnu

		=== gfortran tests ===


Running target unix
WARNING: Assuming target board is the local machine (which is probably wrong).
FAIL: gfortran.dg/common_5.f  -O   (test for warnings, line 6)
FAIL: gfortran.dg/nearest_1.f90  -O0  execution test
FAIL: gfortran.dg/nearest_1.f90  -O1  execution test
FAIL: gfortran.dg/nearest_1.f90  -O2  execution test
FAIL: gfortran.dg/nearest_1.f90  -O3 -fomit-frame-pointer  execution test
FAIL: gfortran.dg/nearest_1.f90  -O3 -fomit-frame-pointer -funroll-loops  execution test
FAIL: gfortran.dg/nearest_1.f90  -O3 -fomit-frame-pointer -funroll-all-loops -finline-functions  execution test
FAIL: gfortran.dg/nearest_1.f90  -O3 -g  execution test
FAIL: gfortran.dg/nearest_1.f90  -Os  execution test

		=== gfortran Summary ===

# of expected passes		28389
# of unexpected failures	9
# of expected failures		10
# of unsupported tests		263
/exp/ldroot/dodes/xsh-gcc44-rc/gcc/testsuite/gfortran/../../gfortran  version 4.4.0 20090414 (prerelease) (GCC) 

Host   is i686-pc-linux-gnu

		=== objc tests ===


Running target unix
WARNING: Assuming target board is the local machine (which is probably wrong).

		=== objc Summary ===

# of expected passes		1864
# of expected failures		15
# of unsupported tests		24
/exp/ldroot/dodes/xsh-gcc44-rc/gcc/xgcc  version 4.4.0 20090414 (prerelease) (GCC) 

Host   is sh4-unknown-linux-gnu

		=== libffi tests ===


Running target unix
WARNING: Assuming target board is the local machine (which is probably wrong).

		=== libffi Summary ===

# of expected passes		1389
# of unsupported tests		10
Host   is sh4-unknown-linux-gnu

		=== libgomp tests ===


Running target unix
WARNING: Assuming target board is the local machine (which is probably wrong).

		=== libgomp Summary ===

# of expected passes		2392
# of unsupported tests		7
Host   is sh4-unknown-linux-gnu

		=== libjava tests ===


Running target unix
WARNING: Assuming target board is the local machine (which is probably wrong).

		=== libjava Summary ===

# of expected passes		2405
# of untested testcases		4
Host   is sh4-unknown-linux-gnu

		=== libmudflap tests ===


Running target unix
WARNING: Assuming target board is the local machine (which is probably wrong).
FAIL: libmudflap.c++/pass41-frag.cxx execution test
FAIL: libmudflap.c++/pass41-frag.cxx (-O2) execution test
FAIL: libmudflap.c++/pass41-frag.cxx (-O3) execution test

		=== libmudflap Summary ===

# of expected passes		1859
# of unexpected failures	3
Host   is sh4-unknown-linux-gnu

		=== libstdc++ tests ===


Running target unix
WARNING: Assuming target board is the local machine (which is probably wrong).
XPASS: 26_numerics/headers/cmath/c99_classification_macros_c.cc (test for excess errors)

		=== libstdc++ Summary ===

# of expected passes		5799
# of unexpected successes	1
# of expected failures		80
# of unsupported tests		354

Compiler version: 4.4.0 20090414 (prerelease) (GCC) 
Platform: sh4-unknown-linux-gnu
configure flags: --host=i686-pc-linux-gnu --target=sh4-unknown-linux-gnu --enable-shared --enable-threads=posix --enable-clocale=gnu --enable-libgcj --with-ld=/usr/local/bin/sh4-unknown-linux-gnu-ld --with-as=/usr/local/bin/sh4-unknown-linux-gnu-as --with-sysroot=/exp/ldroot --with-mpfr=/opt2/i686-pc-linux-gnu --with-gmp=/opt2/i686-pc-linux-gnu --enable-languages=c,c++,fortran,java,objc


Index Nav: [Date Index] [Subject Index] [Author Index] [Thread Index]
Message Nav: [Date Prev] [Date Next] [Thread Prev] [Thread Next]