This is the mail archive of the gcc-testresults@gcc.gnu.org mailing list for the GCC project.


Index Nav: [Date Index] [Subject Index] [Author Index] [Thread Index]
Message Nav: [Date Prev] [Date Next] [Thread Prev] [Thread Next]
Other format: [Raw text]

Results for 4.5.0 20090414 (experimental) [trunk revision 146022] (GCC) testsuite on powerpc-unknown-linux-gnu


LAST_UPDATED: Tue Apr 14 08:39:19 UTC 2009 (revision 146022)

		=== acats tests ===

		=== acats Summary ===
# of expected passes		2315
# of unexpected failures	0
Native configuration is powerpc-unknown-linux-gnu

		=== gcc tests ===


Running target unix
XPASS: gcc.dg/Warray-bounds.c  (test for warnings, line 59)
XPASS: gcc.dg/Warray-bounds.c  (test for warnings, line 65)
FAIL: gcc.dg/and-1.c scan-assembler-not nand
FAIL: gcc.dg/c99-stdint-1.c (test for excess errors)
FAIL: gcc.dg/pr39323-2.c scan-assembler .align[\\\\t ]*268435456
FAIL: gcc.dg/pr39323-3.c scan-assembler .align[\\\\t ]*268435456
XPASS: gcc.dg/struct/wo_prof_array_through_pointer.c scan-ipa-dump ipa_struct_reorg "Number of structures to transform is 1"
FAIL: gcc.dg/torture/pr39678.c  -O0  execution test
FAIL: gcc.dg/torture/pr39678.c  -O1  execution test
FAIL: gcc.dg/torture/pr39678.c  -O2  execution test
FAIL: gcc.dg/torture/pr39678.c  -O3 -fomit-frame-pointer  execution test
FAIL: gcc.dg/torture/pr39678.c  -O3 -g  execution test
FAIL: gcc.dg/torture/pr39678.c  -Os  execution test
FAIL: gcc.dg/tree-ssa/vrp47.c scan-tree-dump-times vrp1 "[xy][^ ]* !=" 0
FAIL: gcc.dg/tree-ssa/vrp47.c scan-tree-dump-times dom1 "x[^ ]* & y" 1
FAIL: gcc.dg/vect/pr35821-altivec.c scan-tree-dump-times vect "vectorized 1 loops" 1
FAIL: gcc.target/powerpc/ppc64-double-1.c scan-assembler-not stfd

		=== gcc Summary ===

# of expected passes		54061
# of unexpected failures	14
# of unexpected successes	3
# of expected failures		143
# of unsupported tests		556
/home/guerby/build/gcc/xgcc  version 4.5.0 20090414 (experimental) [trunk revision 146022] (GCC) 

		=== gnat tests ===


Running target unix

		=== gnat Summary ===

# of expected passes		617
# of expected failures		6
		=== libgomp tests ===


Running target unix

		=== libgomp Summary ===

# of expected passes		260
		=== libmudflap tests ===


Running target unix

		=== libmudflap Summary ===

# of expected passes		1740
# of unsupported tests		2

Compiler version: 4.5.0 20090414 (experimental) [trunk revision 146022] (GCC) 
Platform: powerpc-unknown-linux-gnu
configure flags: --prefix=/n/53/guerby/install-trunk --enable-languages=c,ada --enable-__cxa_atexit --disable-nls --enable-threads=posix --with-mpfr=/opt/cfarm/mpfr-2.3.2 --enable-stage1-checking=release


Index Nav: [Date Index] [Subject Index] [Author Index] [Thread Index]
Message Nav: [Date Prev] [Date Next] [Thread Prev] [Thread Next]