This is the mail archive of the gcc-testresults@gcc.gnu.org mailing list for the GCC project.


Index Nav: [Date Index] [Subject Index] [Author Index] [Thread Index]
Message Nav: [Date Prev] [Date Next] [Thread Prev] [Thread Next]
Other format: [Raw text]

Results for 4.4.0 20090414 (prerelease) [gcc-4_4-branch revision 146031] (SUSE Linux) testsuite on i586-suse-linux-gnu


LAST_UPDATED: Tue Apr 14 11:37:10 UTC 2009 (revision 146031)

Native configuration is i586-suse-linux-gnu

		=== g++ tests ===


Running target unix

		=== g++ Summary ===

# of expected passes		19676
# of expected failures		142
# of unsupported tests		100
/usr/src/packages/BUILD/gcc-4.4.0-20090414/obj-i586-suse-linux/gcc/testsuite/g++/../../g++  version 4.4.0 20090414 (prerelease) [gcc-4_4-branch revision 146031] (SUSE Linux) 

		=== gcc tests ===


Running target unix

		=== gcc Summary ===

# of expected passes		56781
# of expected failures		190
# of unsupported tests		433
/usr/src/packages/BUILD/gcc-4.4.0-20090414/obj-i586-suse-linux/gcc/xgcc  version 4.4.0 20090414 (prerelease) [gcc-4_4-branch revision 146031] (SUSE Linux) 

		=== gfortran tests ===


Running target unix

		=== gfortran Summary ===

# of expected passes		29274
# of expected failures		14
# of unsupported tests		105
/usr/src/packages/BUILD/gcc-4.4.0-20090414/obj-i586-suse-linux/gcc/testsuite/gfortran/../../gfortran  version 4.4.0 20090414 (prerelease) [gcc-4_4-branch revision 146031] (SUSE Linux) 

		=== objc tests ===


Running target unix
FAIL: objc.dg/try-catch-5.m (test for excess errors)

		=== objc Summary ===

# of expected passes		1871
# of unexpected failures	1
# of expected failures		7
# of unsupported tests		24
/usr/src/packages/BUILD/gcc-4.4.0-20090414/obj-i586-suse-linux/gcc/xgcc  version 4.4.0 20090414 (prerelease) [gcc-4_4-branch revision 146031] (SUSE Linux) 

		=== libffi tests ===


Running target unix

		=== libffi Summary ===

# of expected passes		1389
# of unsupported tests		10
		=== libgomp tests ===


Running target unix

		=== libgomp Summary ===

# of expected passes		2406
		=== libjava tests ===


Running target unix

		=== libjava Summary ===

# of expected passes		2574
		=== libstdc++ tests ===


Running target unix

		=== libstdc++ Summary ===

# of expected passes		1
		=== libstdc++ tests ===


Running target unix
FAIL: 22_locale/codecvt/unshift/char/1.cc execution test
FAIL: 22_locale/codecvt/unshift/char/wrapped_env.cc execution test
FAIL: 22_locale/codecvt/unshift/char/wrapped_locale.cc execution test

		=== libstdc++ Summary ===

# of expected passes		6475
# of unexpected failures	3
# of expected failures		81
# of unsupported tests		15

Compiler version: 4.4.0 20090414 (prerelease) [gcc-4_4-branch revision 146031] (SUSE Linux) 
Platform: i586-suse-linux-gnu
configure flags: --prefix=/usr --infodir=/usr/share/info --mandir=/usr/share/man --libdir=/usr/lib --libexecdir=/usr/lib --enable-languages=c,c++,objc,fortran,java --enable-checking=release --with-gxx-include-dir=/usr/include/c++/4.4 --enable-ssp --disable-libssp --with-bugurl=http://bugs.opensuse.org/ --with-pkgversion='SUSE Linux' --with-java-home=/usr/lib/jvm/java-1.5.0-gcj-4.4-1.5.0.0/jre --with-ecj-jar=/usr/lib/gcc/i586-suse-linux/4.4/ecj.jar --enable-java-awt=gtk --enable-gtk-cairo --disable-libjava-multilib --disable-libmudflap --with-slibdir=/lib --with-system-zlib --enable-__cxa_atexit --enable-libstdcxx-allocator=new --disable-libstdcxx-pch --enable-version-specific-runtime-libs --program-suffix=-4.4 --enable-linux-futex --without-system-libunwind --with-arch-32=i586 --with-tune=generic --build=i586-suse-linux


Index Nav: [Date Index] [Subject Index] [Author Index] [Thread Index]
Message Nav: [Date Prev] [Date Next] [Thread Prev] [Thread Next]