This is the mail archive of the gcc-testresults@gcc.gnu.org mailing list for the GCC project.


Index Nav: [Date Index] [Subject Index] [Author Index] [Thread Index]
Message Nav: [Date Prev] [Date Next] [Thread Prev] [Thread Next]
Other format: [Raw text]

Results for 4.5.0 20090406 (experimental) [lto revision 145996] (lto merged with rev 145637) testsuite on ia64-suse-linux-gnu


LAST_UPDATED: Mon Apr 13 08:00:08 UTC 2009 (revision 145996)

		=== acats tests ===

		=== acats Summary ===
# of expected passes		2315
# of unexpected failures	0
Native configuration is ia64-suse-linux-gnu

		=== g++ tests ===


Running target unix
FAIL: g++.dg/debug/template1.C -gdwarf-21 -flto (internal compiler error)
FAIL: g++.dg/debug/template1.C -gdwarf-21 -flto (test for excess errors)
FAIL: g++.dg/debug/template1.C -gdwarf-2 -flto (internal compiler error)
FAIL: g++.dg/debug/template1.C -gdwarf-2 -flto (test for excess errors)
FAIL: g++.dg/debug/template1.C -gdwarf-23 -flto (internal compiler error)
FAIL: g++.dg/debug/template1.C -gdwarf-23 -flto (test for excess errors)
FAIL: g++.dg/debug/using1.C -gdwarf-21 -flto (internal compiler error)
FAIL: g++.dg/debug/using1.C -gdwarf-21 -flto (test for excess errors)
FAIL: g++.dg/debug/using1.C -gdwarf-2 -flto (internal compiler error)
FAIL: g++.dg/debug/using1.C -gdwarf-2 -flto (test for excess errors)
FAIL: g++.dg/debug/using1.C -gdwarf-23 -flto (internal compiler error)
FAIL: g++.dg/debug/using1.C -gdwarf-23 -flto (test for excess errors)
FAIL: g++.dg/inherit/thunk1.C (test for excess errors)
WARNING: g++.dg/inherit/thunk1.C compilation failed to produce executable
FAIL: g++.dg/lto/20080904 cp_lto_20080904_0.o compile, -O0 -fwhopr (internal compiler error)
UNRESOLVED: g++.dg/lto/20080904 cp_lto_20080904_0.o-cp_lto_20080904_0.o link -O0 -fwhopr
UNRESOLVED: g++.dg/lto/20080904 cp_lto_20080904_0.o-cp_lto_20080904_0.o execute -O0 -fwhopr
FAIL: g++.dg/lto/20080904 cp_lto_20080904_0.o compile, -O2 -fwhopr (internal compiler error)
UNRESOLVED: g++.dg/lto/20080904 cp_lto_20080904_0.o-cp_lto_20080904_0.o link -O2 -fwhopr
UNRESOLVED: g++.dg/lto/20080904 cp_lto_20080904_0.o-cp_lto_20080904_0.o execute -O2 -fwhopr
FAIL: g++.dg/lto/20080904 cp_lto_20080904_0.o compile, -O0 -flto (internal compiler error)
UNRESOLVED: g++.dg/lto/20080904 cp_lto_20080904_0.o-cp_lto_20080904_0.o link -O0 -flto
UNRESOLVED: g++.dg/lto/20080904 cp_lto_20080904_0.o-cp_lto_20080904_0.o execute -O0 -flto
FAIL: g++.dg/lto/20080904 cp_lto_20080904_0.o compile, -O2 -flto (internal compiler error)
UNRESOLVED: g++.dg/lto/20080904 cp_lto_20080904_0.o-cp_lto_20080904_0.o link -O2 -flto
UNRESOLVED: g++.dg/lto/20080904 cp_lto_20080904_0.o-cp_lto_20080904_0.o execute -O2 -flto
FAIL: g++.dg/lto/20080912 cp_lto_20080912_0.o compile, -O0 -fwhopr (internal compiler error)
FAIL: g++.dg/lto/20080912 cp_lto_20080912_0.o compile, -O2 -fwhopr (internal compiler error)
FAIL: g++.dg/lto/20080912 cp_lto_20080912_0.o compile, -O0 -flto (internal compiler error)
FAIL: g++.dg/lto/20080912 cp_lto_20080912_0.o compile, -O2 -flto (internal compiler error)
FAIL: g++.dg/lto/20081118-1 cp_lto_20081118-1_0.o compile, -O0 -fwhopr (internal compiler error)
UNRESOLVED: g++.dg/lto/20081118-1 cp_lto_20081118-1_0.o-cp_lto_20081118-1_1.o link -O0 -fwhopr
UNRESOLVED: g++.dg/lto/20081118-1 cp_lto_20081118-1_0.o-cp_lto_20081118-1_1.o execute -O0 -fwhopr
FAIL: g++.dg/lto/20081118-1 cp_lto_20081118-1_0.o compile, -O2 -fwhopr (internal compiler error)
UNRESOLVED: g++.dg/lto/20081118-1 cp_lto_20081118-1_0.o-cp_lto_20081118-1_1.o link -O2 -fwhopr
UNRESOLVED: g++.dg/lto/20081118-1 cp_lto_20081118-1_0.o-cp_lto_20081118-1_1.o execute -O2 -fwhopr
FAIL: g++.dg/lto/20081118-1 cp_lto_20081118-1_0.o compile, -O0 -flto (internal compiler error)
UNRESOLVED: g++.dg/lto/20081118-1 cp_lto_20081118-1_0.o-cp_lto_20081118-1_1.o link -O0 -flto
UNRESOLVED: g++.dg/lto/20081118-1 cp_lto_20081118-1_0.o-cp_lto_20081118-1_1.o execute -O0 -flto
FAIL: g++.dg/lto/20081118-1 cp_lto_20081118-1_0.o compile, -O2 -flto (internal compiler error)
UNRESOLVED: g++.dg/lto/20081118-1 cp_lto_20081118-1_0.o-cp_lto_20081118-1_1.o link -O2 -flto
UNRESOLVED: g++.dg/lto/20081118-1 cp_lto_20081118-1_0.o-cp_lto_20081118-1_1.o execute -O2 -flto
FAIL: g++.dg/lto/20081118 cp_lto_20081118_0.o compile, -fPIC -fwhopr -shared (internal compiler error)
UNRESOLVED: g++.dg/lto/20081118 cp_lto_20081118_0.o-cp_lto_20081118_1.o link -fPIC -fwhopr -shared
UNRESOLVED: g++.dg/lto/20081118 cp_lto_20081118_0.o-cp_lto_20081118_1.o execute -fPIC -fwhopr -shared
FAIL: g++.dg/lto/20081119 cp_lto_20081119_0.o-cp_lto_20081119_1.o link
UNRESOLVED: g++.dg/lto/20081119 cp_lto_20081119_0.o-cp_lto_20081119_1.o execute -O0 -fwhopr
FAIL: g++.dg/lto/20081123 cp_lto_20081123_0.o-cp_lto_20081123_1.o link
UNRESOLVED: g++.dg/lto/20081123 cp_lto_20081123_0.o-cp_lto_20081123_1.o execute -fwhopr -shared -fPIC
FAIL: g++.dg/lto/20081125 cp_lto_20081125_0.o compile, -fwhopr (internal compiler error)
FAIL: g++.dg/lto/20081125 cp_lto_20081125_1.o compile, -fwhopr (internal compiler error)
UNRESOLVED: g++.dg/lto/20081125 cp_lto_20081125_0.o-cp_lto_20081125_1.o link -fwhopr
UNRESOLVED: g++.dg/lto/20081125 cp_lto_20081125_0.o-cp_lto_20081125_1.o execute -fwhopr
FAIL: g++.dg/lto/20081203 cp_lto_20081203_0.o-cp_lto_20081203_1.o link
UNRESOLVED: g++.dg/lto/20081203 cp_lto_20081203_0.o-cp_lto_20081203_1.o execute -O2 -fwhopr
FAIL: g++.dg/lto/20081204-1 cp_lto_20081204-1_0.o compile, -fwhopr -fPIC -shared (internal compiler error)
FAIL: g++.dg/lto/20081204-1 cp_lto_20081204-1_1.o compile, -fwhopr -fPIC -shared (internal compiler error)
UNRESOLVED: g++.dg/lto/20081204-1 cp_lto_20081204-1_0.o-cp_lto_20081204-1_1.o link -fwhopr -fPIC -shared
UNRESOLVED: g++.dg/lto/20081204-1 cp_lto_20081204-1_0.o-cp_lto_20081204-1_1.o execute -fwhopr -fPIC -shared
FAIL: g++.dg/lto/20081204-2 cp_lto_20081204-2_1.o compile, -fwhopr -O3 (internal compiler error)
UNRESOLVED: g++.dg/lto/20081204-2 cp_lto_20081204-2_0.o-cp_lto_20081204-2_1.o link -fwhopr -O3
UNRESOLVED: g++.dg/lto/20081204-2 cp_lto_20081204-2_0.o-cp_lto_20081204-2_1.o execute -fwhopr -O3
FAIL: g++.dg/lto/20081209 cp_lto_20081209_1.o compile, -O0 -fwhopr (internal compiler error)
UNRESOLVED: g++.dg/lto/20081209 cp_lto_20081209_0.o-cp_lto_20081209_1.o link -O0 -fwhopr
UNRESOLVED: g++.dg/lto/20081209 cp_lto_20081209_0.o-cp_lto_20081209_1.o execute -O0 -fwhopr
FAIL: g++.dg/lto/20081209 cp_lto_20081209_1.o compile, -O2 -fwhopr (internal compiler error)
UNRESOLVED: g++.dg/lto/20081209 cp_lto_20081209_0.o-cp_lto_20081209_1.o link -O2 -fwhopr
UNRESOLVED: g++.dg/lto/20081209 cp_lto_20081209_0.o-cp_lto_20081209_1.o execute -O2 -fwhopr
FAIL: g++.dg/lto/20081209 cp_lto_20081209_1.o compile, -O0 -flto (internal compiler error)
UNRESOLVED: g++.dg/lto/20081209 cp_lto_20081209_0.o-cp_lto_20081209_1.o link -O0 -flto
UNRESOLVED: g++.dg/lto/20081209 cp_lto_20081209_0.o-cp_lto_20081209_1.o execute -O0 -flto
FAIL: g++.dg/lto/20081209 cp_lto_20081209_1.o compile, -O2 -flto (internal compiler error)
UNRESOLVED: g++.dg/lto/20081209 cp_lto_20081209_0.o-cp_lto_20081209_1.o link -O2 -flto
UNRESOLVED: g++.dg/lto/20081209 cp_lto_20081209_0.o-cp_lto_20081209_1.o execute -O2 -flto
FAIL: g++.dg/lto/20081211-1 cp_lto_20081211-1_1.o compile, -O0 -fwhopr (internal compiler error)
UNRESOLVED: g++.dg/lto/20081211-1 cp_lto_20081211-1_0.o-cp_lto_20081211-1_1.o link -O0 -fwhopr
UNRESOLVED: g++.dg/lto/20081211-1 cp_lto_20081211-1_0.o-cp_lto_20081211-1_1.o execute -O0 -fwhopr
FAIL: g++.dg/lto/20081211-1 cp_lto_20081211-1_1.o compile, -O2 -fwhopr (internal compiler error)
UNRESOLVED: g++.dg/lto/20081211-1 cp_lto_20081211-1_0.o-cp_lto_20081211-1_1.o link -O2 -fwhopr
UNRESOLVED: g++.dg/lto/20081211-1 cp_lto_20081211-1_0.o-cp_lto_20081211-1_1.o execute -O2 -fwhopr
FAIL: g++.dg/lto/20081211-1 cp_lto_20081211-1_1.o compile, -O0 -flto (internal compiler error)
UNRESOLVED: g++.dg/lto/20081211-1 cp_lto_20081211-1_0.o-cp_lto_20081211-1_1.o link -O0 -flto
UNRESOLVED: g++.dg/lto/20081211-1 cp_lto_20081211-1_0.o-cp_lto_20081211-1_1.o execute -O0 -flto
FAIL: g++.dg/lto/20081211-1 cp_lto_20081211-1_1.o compile, -O2 -flto (internal compiler error)
UNRESOLVED: g++.dg/lto/20081211-1 cp_lto_20081211-1_0.o-cp_lto_20081211-1_1.o link -O2 -flto
UNRESOLVED: g++.dg/lto/20081211-1 cp_lto_20081211-1_0.o-cp_lto_20081211-1_1.o execute -O2 -flto
FAIL: g++.dg/lto/20081217-1 cp_lto_20081217-1_0.o compile, -O0 -fwhopr (internal compiler error)
UNRESOLVED: g++.dg/lto/20081217-1 cp_lto_20081217-1_0.o-cp_lto_20081217-1_0.o link -O0 -fwhopr
UNRESOLVED: g++.dg/lto/20081217-1 cp_lto_20081217-1_0.o-cp_lto_20081217-1_0.o execute -O0 -fwhopr
FAIL: g++.dg/lto/20081217-1 cp_lto_20081217-1_0.o compile, -O2 -fwhopr (internal compiler error)
UNRESOLVED: g++.dg/lto/20081217-1 cp_lto_20081217-1_0.o-cp_lto_20081217-1_0.o link -O2 -fwhopr
UNRESOLVED: g++.dg/lto/20081217-1 cp_lto_20081217-1_0.o-cp_lto_20081217-1_0.o execute -O2 -fwhopr
FAIL: g++.dg/lto/20081217-1 cp_lto_20081217-1_0.o compile, -O0 -flto (internal compiler error)
UNRESOLVED: g++.dg/lto/20081217-1 cp_lto_20081217-1_0.o-cp_lto_20081217-1_0.o link -O0 -flto
UNRESOLVED: g++.dg/lto/20081217-1 cp_lto_20081217-1_0.o-cp_lto_20081217-1_0.o execute -O0 -flto
FAIL: g++.dg/lto/20081217-1 cp_lto_20081217-1_0.o compile, -O2 -flto (internal compiler error)
UNRESOLVED: g++.dg/lto/20081217-1 cp_lto_20081217-1_0.o-cp_lto_20081217-1_0.o link -O2 -flto
UNRESOLVED: g++.dg/lto/20081217-1 cp_lto_20081217-1_0.o-cp_lto_20081217-1_0.o execute -O2 -flto
FAIL: g++.dg/lto/20081217-2 cp_lto_20081217-2_0.o compile, -O0 -fwhopr (internal compiler error)
UNRESOLVED: g++.dg/lto/20081217-2 cp_lto_20081217-2_0.o-cp_lto_20081217-2_0.o link -O0 -fwhopr
UNRESOLVED: g++.dg/lto/20081217-2 cp_lto_20081217-2_0.o-cp_lto_20081217-2_0.o execute -O0 -fwhopr
FAIL: g++.dg/lto/20081217-2 cp_lto_20081217-2_0.o compile, -O2 -fwhopr (internal compiler error)
UNRESOLVED: g++.dg/lto/20081217-2 cp_lto_20081217-2_0.o-cp_lto_20081217-2_0.o link -O2 -fwhopr
UNRESOLVED: g++.dg/lto/20081217-2 cp_lto_20081217-2_0.o-cp_lto_20081217-2_0.o execute -O2 -fwhopr
FAIL: g++.dg/lto/20081217-2 cp_lto_20081217-2_0.o compile, -O0 -flto (internal compiler error)
UNRESOLVED: g++.dg/lto/20081217-2 cp_lto_20081217-2_0.o-cp_lto_20081217-2_0.o link -O0 -flto
UNRESOLVED: g++.dg/lto/20081217-2 cp_lto_20081217-2_0.o-cp_lto_20081217-2_0.o execute -O0 -flto
FAIL: g++.dg/lto/20081217-2 cp_lto_20081217-2_0.o compile, -O2 -flto (internal compiler error)
UNRESOLVED: g++.dg/lto/20081217-2 cp_lto_20081217-2_0.o-cp_lto_20081217-2_0.o link -O2 -flto
UNRESOLVED: g++.dg/lto/20081217-2 cp_lto_20081217-2_0.o-cp_lto_20081217-2_0.o execute -O2 -flto
FAIL: g++.dg/lto/20081219 cp_lto_20081219_0.o compile, -fPIC -fwhopr -O2 (internal compiler error)
UNRESOLVED: g++.dg/lto/20081219 cp_lto_20081219_0.o-cp_lto_20081219_1.o link -fPIC -fwhopr -O2
UNRESOLVED: g++.dg/lto/20081219 cp_lto_20081219_0.o-cp_lto_20081219_1.o execute -fPIC -fwhopr -O2
FAIL: g++.dg/lto/20090106 cp_lto_20090106_0.o compile, -O0 -fwhopr (internal compiler error)
UNRESOLVED: g++.dg/lto/20090106 cp_lto_20090106_0.o-cp_lto_20090106_0.o link -O0 -fwhopr
UNRESOLVED: g++.dg/lto/20090106 cp_lto_20090106_0.o-cp_lto_20090106_0.o execute -O0 -fwhopr
FAIL: g++.dg/lto/20090106 cp_lto_20090106_0.o compile, -O0 -flto (internal compiler error)
UNRESOLVED: g++.dg/lto/20090106 cp_lto_20090106_0.o-cp_lto_20090106_0.o link -O0 -flto
UNRESOLVED: g++.dg/lto/20090106 cp_lto_20090106_0.o-cp_lto_20090106_0.o execute -O0 -flto
FAIL: g++.dg/lto/20090311-1 cp_lto_20090311-1_0.o-cp_lto_20090311-1_1.o link
UNRESOLVED: g++.dg/lto/20090311-1 cp_lto_20090311-1_0.o-cp_lto_20090311-1_1.o execute -O0 -fwhopr
FAIL: g++.dg/lto/20090311 cp_lto_20090311_0.o compile, -O0 -fwhopr (internal compiler error)
FAIL: g++.dg/lto/20090311 cp_lto_20090311_1.o compile, -O0 -fwhopr (internal compiler error)
UNRESOLVED: g++.dg/lto/20090311 cp_lto_20090311_0.o-cp_lto_20090311_1.o link -O0 -fwhopr
UNRESOLVED: g++.dg/lto/20090311 cp_lto_20090311_0.o-cp_lto_20090311_1.o execute -O0 -fwhopr
FAIL: g++.dg/lto/20090311 cp_lto_20090311_0.o compile, -O2 -fwhopr (internal compiler error)
FAIL: g++.dg/lto/20090311 cp_lto_20090311_1.o compile, -O2 -fwhopr (internal compiler error)
UNRESOLVED: g++.dg/lto/20090311 cp_lto_20090311_0.o-cp_lto_20090311_1.o link -O2 -fwhopr
UNRESOLVED: g++.dg/lto/20090311 cp_lto_20090311_0.o-cp_lto_20090311_1.o execute -O2 -fwhopr
FAIL: g++.dg/lto/20090311 cp_lto_20090311_0.o compile, -O0 -flto (internal compiler error)
FAIL: g++.dg/lto/20090311 cp_lto_20090311_1.o compile, -O0 -flto (internal compiler error)
UNRESOLVED: g++.dg/lto/20090311 cp_lto_20090311_0.o-cp_lto_20090311_1.o link -O0 -flto
UNRESOLVED: g++.dg/lto/20090311 cp_lto_20090311_0.o-cp_lto_20090311_1.o execute -O0 -flto
FAIL: g++.dg/lto/20090311 cp_lto_20090311_0.o compile, -O2 -flto (internal compiler error)
FAIL: g++.dg/lto/20090311 cp_lto_20090311_1.o compile, -O2 -flto (internal compiler error)
UNRESOLVED: g++.dg/lto/20090311 cp_lto_20090311_0.o-cp_lto_20090311_1.o link -O2 -flto
UNRESOLVED: g++.dg/lto/20090311 cp_lto_20090311_0.o-cp_lto_20090311_1.o execute -O2 -flto
FAIL: g++.dg/pch/array-1.C -O2 -flto assembly comparison
FAIL: g++.dg/pch/empty.C -O2 -flto assembly comparison
FAIL: g++.dg/pch/local-1.C -O2 -flto assembly comparison
FAIL: g++.dg/pch/pch.C -O2 -flto assembly comparison
FAIL: g++.dg/pch/static-1.C -O2 -flto assembly comparison
FAIL: g++.dg/pch/system-1.C -O2 -flto assembly comparison
FAIL: g++.dg/pch/system-2.C -O2 -flto assembly comparison
FAIL: g++.dg/pch/template-1.C -O2 -flto assembly comparison
FAIL: g++.dg/pch/uninst.C -O2 -flto assembly comparison
FAIL: g++.dg/torture/pr31863.C  -O2 -fwhopr  (test for excess errors)
FAIL: g++.dg/torture/pr33572.C  -O0 -flto  (internal compiler error)
FAIL: g++.dg/torture/pr33572.C  -O0 -flto  (test for excess errors)
WARNING: g++.dg/torture/pr33572.C  -O0 -flto  compilation failed to produce executable
FAIL: g++.dg/torture/pr33572.C  -O0 -fwhopr  (internal compiler error)
FAIL: g++.dg/torture/pr33572.C  -O0 -fwhopr  (test for excess errors)
WARNING: g++.dg/torture/pr33572.C  -O0 -fwhopr  compilation failed to produce executable
FAIL: g++.dg/torture/pr33572.C  -O1 -flto  (internal compiler error)
FAIL: g++.dg/torture/pr33572.C  -O1 -flto  (test for excess errors)
WARNING: g++.dg/torture/pr33572.C  -O1 -flto  compilation failed to produce executable
FAIL: g++.dg/torture/pr33572.C  -O2 -flto  (internal compiler error)
FAIL: g++.dg/torture/pr33572.C  -O2 -flto  (test for excess errors)
WARNING: g++.dg/torture/pr33572.C  -O2 -flto  compilation failed to produce executable
FAIL: g++.dg/torture/pr33572.C  -O2 -fwhopr  (internal compiler error)
FAIL: g++.dg/torture/pr33572.C  -O2 -fwhopr  (test for excess errors)
WARNING: g++.dg/torture/pr33572.C  -O2 -fwhopr  compilation failed to produce executable
FAIL: g++.dg/torture/pr33572.C  -O3 -flto -fomit-frame-pointer  (internal compiler error)
FAIL: g++.dg/torture/pr33572.C  -O3 -flto -fomit-frame-pointer  (test for excess errors)
WARNING: g++.dg/torture/pr33572.C  -O3 -flto -fomit-frame-pointer  compilation failed to produce executable
FAIL: g++.dg/torture/pr33572.C  -Os -flto  (internal compiler error)
FAIL: g++.dg/torture/pr33572.C  -Os -flto  (test for excess errors)
WARNING: g++.dg/torture/pr33572.C  -Os -flto  compilation failed to produce executable
FAIL: g++.dg/torture/pr33887-1.C  -O2 -fwhopr  (test for excess errors)
FAIL: g++.dg/torture/pr33887-3.C  -O2 -fwhopr  (test for excess errors)
FAIL: g++.dg/torture/pr37146-1.C  -O2 -fwhopr  (test for excess errors)
FAIL: g++.dg/torture/pr37345.C  -O0 -flto  (internal compiler error)
FAIL: g++.dg/torture/pr37345.C  -O0 -flto  (test for excess errors)
FAIL: g++.dg/torture/pr37345.C  -O0 -fwhopr  (internal compiler error)
FAIL: g++.dg/torture/pr37345.C  -O0 -fwhopr  (test for excess errors)
FAIL: g++.dg/torture/pr37345.C  -O1 -flto  (internal compiler error)
FAIL: g++.dg/torture/pr37345.C  -O1 -flto  (test for excess errors)
FAIL: g++.dg/torture/pr37345.C  -O2 -flto  (internal compiler error)
FAIL: g++.dg/torture/pr37345.C  -O2 -flto  (test for excess errors)
FAIL: g++.dg/torture/pr37345.C  -O2 -fwhopr  (internal compiler error)
FAIL: g++.dg/torture/pr37345.C  -O2 -fwhopr  (test for excess errors)
FAIL: g++.dg/torture/pr37345.C  -O3 -flto -fomit-frame-pointer  (internal compiler error)
FAIL: g++.dg/torture/pr37345.C  -O3 -flto -fomit-frame-pointer  (test for excess errors)
FAIL: g++.dg/torture/pr37345.C  -Os -flto  (internal compiler error)
FAIL: g++.dg/torture/pr37345.C  -Os -flto  (test for excess errors)
FAIL: g++.dg/torture/pr38811.C  -O0 -flto  (internal compiler error)
FAIL: g++.dg/torture/pr38811.C  -O0 -flto  (test for excess errors)
FAIL: g++.dg/torture/pr38811.C  -O0 -fwhopr  (internal compiler error)
FAIL: g++.dg/torture/pr38811.C  -O0 -fwhopr  (test for excess errors)
FAIL: g++.dg/torture/pr38811.C  -O1 -flto  (internal compiler error)
FAIL: g++.dg/torture/pr38811.C  -O1 -flto  (test for excess errors)
FAIL: g++.dg/torture/pr38811.C  -O2 -flto  (internal compiler error)
FAIL: g++.dg/torture/pr38811.C  -O2 -flto  (test for excess errors)
FAIL: g++.dg/torture/pr38811.C  -O2 -fwhopr  (internal compiler error)
FAIL: g++.dg/torture/pr38811.C  -O2 -fwhopr  (test for excess errors)
FAIL: g++.dg/torture/pr38811.C  -O3 -flto -fomit-frame-pointer  (internal compiler error)
FAIL: g++.dg/torture/pr38811.C  -O3 -flto -fomit-frame-pointer  (test for excess errors)
FAIL: g++.dg/torture/pr38811.C  -O3 -flto -fomit-frame-pointer -funroll-loops  (internal compiler error)
FAIL: g++.dg/torture/pr38811.C  -O3 -flto -fomit-frame-pointer -funroll-loops  (test for excess errors)
FAIL: g++.dg/torture/pr38811.C  -O3 -flto -fomit-frame-pointer -funroll-all-loops -finline-functions  (internal compiler error)
FAIL: g++.dg/torture/pr38811.C  -O3 -flto -fomit-frame-pointer -funroll-all-loops -finline-functions  (test for excess errors)
FAIL: g++.dg/torture/pr38811.C  -Os -flto  (internal compiler error)
FAIL: g++.dg/torture/pr38811.C  -Os -flto  (test for excess errors)
FAIL: g++.old-deja/g++.jason/thunk3.C (test for excess errors)
WARNING: g++.old-deja/g++.jason/thunk3.C compilation failed to produce executable

		=== g++ Summary ===

# of expected passes		18868
# of unexpected failures	122
# of expected failures		142
# of unresolved testcases	74
# of unsupported tests		153
/usr/local/gcc/gcc-20090413/Build/gcc/testsuite/g++/../../g++  version 4.5.0 20090406 (experimental) [lto revision 145996] (lto merged with rev 145637) 

		=== gcc tests ===


Running target unix
FAIL: gcc.c-torture/compile/920428-4.c  -O0 -flto  (internal compiler error)
FAIL: gcc.c-torture/compile/920428-4.c  -O0 -flto  (test for excess errors)
FAIL: gcc.c-torture/compile/920428-4.c  -O0 -fwhopr  (internal compiler error)
FAIL: gcc.c-torture/compile/920428-4.c  -O0 -fwhopr  (test for excess errors)
FAIL: gcc.c-torture/compile/limits-exprparen.c  -O0 -flto  (test for excess errors)
FAIL: gcc.c-torture/compile/limits-exprparen.c  -O0 -fwhopr  (test for excess errors)
FAIL: gcc.c-torture/compile/limits-exprparen.c  -O1 -flto  (test for excess errors)
FAIL: gcc.c-torture/compile/limits-exprparen.c  -O2 -flto  (test for excess errors)
FAIL: gcc.c-torture/compile/limits-exprparen.c  -O2 -fwhopr  (test for excess errors)
FAIL: gcc.c-torture/compile/limits-exprparen.c  -O3 -flto -fomit-frame-pointer  (test for excess errors)
FAIL: gcc.c-torture/compile/limits-exprparen.c  -O3 -g  (test for excess errors)
FAIL: gcc.c-torture/compile/limits-exprparen.c  -Os -flto  (test for excess errors)
FAIL: gcc.c-torture/execute/builtins/20010124-1.c compilation,  -O0 -fwhopr 
UNRESOLVED: gcc.c-torture/execute/builtins/20010124-1.c execution,  -O0 -fwhopr 
FAIL: gcc.c-torture/execute/builtins/abs-1.c compilation,  -O0 -fwhopr 
UNRESOLVED: gcc.c-torture/execute/builtins/abs-1.c execution,  -O0 -fwhopr 
FAIL: gcc.c-torture/execute/builtins/abs-2.c compilation,  -O0 -fwhopr 
UNRESOLVED: gcc.c-torture/execute/builtins/abs-2.c execution,  -O0 -fwhopr 
FAIL: gcc.c-torture/execute/builtins/complex-1.c compilation,  -O2 -fwhopr 
UNRESOLVED: gcc.c-torture/execute/builtins/complex-1.c execution,  -O2 -fwhopr 
FAIL: gcc.c-torture/execute/builtins/fprintf.c compilation,  -O0 -fwhopr 
UNRESOLVED: gcc.c-torture/execute/builtins/fprintf.c execution,  -O0 -fwhopr 
FAIL: gcc.c-torture/execute/builtins/fprintf.c compilation,  -O2 -fwhopr 
UNRESOLVED: gcc.c-torture/execute/builtins/fprintf.c execution,  -O2 -fwhopr 
FAIL: gcc.c-torture/execute/builtins/fputs.c compilation,  -O0 -fwhopr 
UNRESOLVED: gcc.c-torture/execute/builtins/fputs.c execution,  -O0 -fwhopr 
FAIL: gcc.c-torture/execute/builtins/memchr.c compilation,  -O0 -fwhopr 
UNRESOLVED: gcc.c-torture/execute/builtins/memchr.c execution,  -O0 -fwhopr 
FAIL: gcc.c-torture/execute/builtins/memcpy-chk.c compilation,  -O0 -fwhopr 
UNRESOLVED: gcc.c-torture/execute/builtins/memcpy-chk.c execution,  -O0 -fwhopr 
FAIL: gcc.c-torture/execute/builtins/memcpy-chk.c compilation,  -O2 -fwhopr 
UNRESOLVED: gcc.c-torture/execute/builtins/memcpy-chk.c execution,  -O2 -fwhopr 
FAIL: gcc.c-torture/execute/builtins/memcpy-chk.c execution,  -O3 -flto -fomit-frame-pointer 
FAIL: gcc.c-torture/execute/builtins/memcpy-chk.c execution,  -O3 -flto -fomit-frame-pointer -funroll-loops 
FAIL: gcc.c-torture/execute/builtins/memcpy-chk.c execution,  -O3 -flto -fomit-frame-pointer -funroll-all-loops -finline-functions 
FAIL: gcc.c-torture/execute/builtins/memmove-chk.c compilation,  -O2 -fwhopr 
UNRESOLVED: gcc.c-torture/execute/builtins/memmove-chk.c execution,  -O2 -fwhopr 
FAIL: gcc.c-torture/execute/builtins/memmove-chk.c execution,  -O3 -flto -fomit-frame-pointer 
FAIL: gcc.c-torture/execute/builtins/memmove-chk.c execution,  -O3 -flto -fomit-frame-pointer -funroll-loops 
FAIL: gcc.c-torture/execute/builtins/memmove-chk.c execution,  -O3 -flto -fomit-frame-pointer -funroll-all-loops -finline-functions 
FAIL: gcc.c-torture/execute/builtins/memmove.c compilation,  -O2 -fwhopr 
UNRESOLVED: gcc.c-torture/execute/builtins/memmove.c execution,  -O2 -fwhopr 
FAIL: gcc.c-torture/execute/builtins/memops-asm.c execution,  -O0 -flto 
FAIL: gcc.c-torture/execute/builtins/memops-asm.c compilation,  -O0 -fwhopr 
UNRESOLVED: gcc.c-torture/execute/builtins/memops-asm.c execution,  -O0 -fwhopr 
FAIL: gcc.c-torture/execute/builtins/memops-asm.c execution,  -O1 -flto 
FAIL: gcc.c-torture/execute/builtins/memops-asm.c execution,  -O2 -flto 
FAIL: gcc.c-torture/execute/builtins/memops-asm.c execution,  -O2 -fwhopr 
FAIL: gcc.c-torture/execute/builtins/memops-asm.c execution,  -O3 -flto -fomit-frame-pointer 
FAIL: gcc.c-torture/execute/builtins/memops-asm.c execution,  -Os -flto 
FAIL: gcc.c-torture/execute/builtins/mempcpy-chk.c execution,  -O3 -flto -fomit-frame-pointer 
FAIL: gcc.c-torture/execute/builtins/mempcpy-chk.c execution,  -O3 -flto -fomit-frame-pointer -funroll-loops 
FAIL: gcc.c-torture/execute/builtins/mempcpy-chk.c execution,  -O3 -flto -fomit-frame-pointer -funroll-all-loops -finline-functions 
FAIL: gcc.c-torture/execute/builtins/mempcpy.c execution,  -O3 -flto -fomit-frame-pointer 
FAIL: gcc.c-torture/execute/builtins/memset-chk.c compilation,  -O2 -fwhopr 
UNRESOLVED: gcc.c-torture/execute/builtins/memset-chk.c execution,  -O2 -fwhopr 
FAIL: gcc.c-torture/execute/builtins/memset-chk.c execution,  -O3 -flto -fomit-frame-pointer 
FAIL: gcc.c-torture/execute/builtins/memset-chk.c execution,  -O3 -flto -fomit-frame-pointer -funroll-loops 
FAIL: gcc.c-torture/execute/builtins/memset-chk.c execution,  -O3 -flto -fomit-frame-pointer -funroll-all-loops -finline-functions 
FAIL: gcc.c-torture/execute/builtins/pr22237.c compilation,  -O2 -fwhopr 
UNRESOLVED: gcc.c-torture/execute/builtins/pr22237.c execution,  -O2 -fwhopr 
FAIL: gcc.c-torture/execute/builtins/pr23484-chk.c execution,  -O3 -flto -fomit-frame-pointer 
FAIL: gcc.c-torture/execute/builtins/snprintf-chk.c execution,  -O3 -flto -fomit-frame-pointer 
FAIL: gcc.c-torture/execute/builtins/snprintf-chk.c execution,  -O3 -flto -fomit-frame-pointer -funroll-loops 
FAIL: gcc.c-torture/execute/builtins/snprintf-chk.c execution,  -O3 -flto -fomit-frame-pointer -funroll-all-loops -finline-functions 
FAIL: gcc.c-torture/execute/builtins/sprintf-chk.c compilation,  -O2 -fwhopr 
UNRESOLVED: gcc.c-torture/execute/builtins/sprintf-chk.c execution,  -O2 -fwhopr 
FAIL: gcc.c-torture/execute/builtins/stpcpy-chk.c execution,  -O3 -flto -fomit-frame-pointer 
FAIL: gcc.c-torture/execute/builtins/stpcpy-chk.c execution,  -O3 -flto -fomit-frame-pointer -funroll-loops 
FAIL: gcc.c-torture/execute/builtins/stpcpy-chk.c execution,  -O3 -flto -fomit-frame-pointer -funroll-all-loops -finline-functions 
FAIL: gcc.c-torture/execute/builtins/strcat-chk.c compilation,  -O2 -fwhopr 
UNRESOLVED: gcc.c-torture/execute/builtins/strcat-chk.c execution,  -O2 -fwhopr 
FAIL: gcc.c-torture/execute/builtins/strcat-chk.c execution,  -O3 -flto -fomit-frame-pointer 
FAIL: gcc.c-torture/execute/builtins/strcat-chk.c execution,  -O3 -flto -fomit-frame-pointer -funroll-loops 
FAIL: gcc.c-torture/execute/builtins/strcat-chk.c execution,  -O3 -flto -fomit-frame-pointer -funroll-all-loops -finline-functions 
FAIL: gcc.c-torture/execute/builtins/strcpy-2.c execution,  -O3 -flto -fomit-frame-pointer 
FAIL: gcc.c-torture/execute/builtins/strcpy-2.c execution,  -O3 -flto -fomit-frame-pointer -funroll-loops 
FAIL: gcc.c-torture/execute/builtins/strcpy-2.c execution,  -O3 -flto -fomit-frame-pointer -funroll-all-loops -finline-functions 
FAIL: gcc.c-torture/execute/builtins/strcpy-chk.c compilation,  -O2 -fwhopr 
UNRESOLVED: gcc.c-torture/execute/builtins/strcpy-chk.c execution,  -O2 -fwhopr 
FAIL: gcc.c-torture/execute/builtins/strcpy-chk.c execution,  -O3 -flto -fomit-frame-pointer 
FAIL: gcc.c-torture/execute/builtins/strcpy-chk.c execution,  -O3 -flto -fomit-frame-pointer -funroll-loops 
FAIL: gcc.c-torture/execute/builtins/strcpy-chk.c execution,  -O3 -flto -fomit-frame-pointer -funroll-all-loops -finline-functions 
FAIL: gcc.c-torture/execute/builtins/strlen-2.c compilation,  -O2 -fwhopr 
UNRESOLVED: gcc.c-torture/execute/builtins/strlen-2.c execution,  -O2 -fwhopr 
FAIL: gcc.c-torture/execute/builtins/strlen-2.c execution,  -O3 -flto -fomit-frame-pointer 
FAIL: gcc.c-torture/execute/builtins/strlen-3.c compilation,  -O2 -fwhopr 
UNRESOLVED: gcc.c-torture/execute/builtins/strlen-3.c execution,  -O2 -fwhopr 
FAIL: gcc.c-torture/execute/builtins/strlen-3.c execution,  -O3 -flto -fomit-frame-pointer 
FAIL: gcc.c-torture/execute/builtins/strlen-3.c execution,  -O3 -flto -fomit-frame-pointer -funroll-loops 
FAIL: gcc.c-torture/execute/builtins/strlen-3.c execution,  -O3 -flto -fomit-frame-pointer -funroll-all-loops -finline-functions 
FAIL: gcc.c-torture/execute/builtins/strncat-chk.c execution,  -O3 -flto -fomit-frame-pointer 
FAIL: gcc.c-torture/execute/builtins/strncat-chk.c execution,  -O3 -flto -fomit-frame-pointer -funroll-loops 
FAIL: gcc.c-torture/execute/builtins/strncat-chk.c execution,  -O3 -flto -fomit-frame-pointer -funroll-all-loops -finline-functions 
FAIL: gcc.c-torture/execute/builtins/strncmp-2.c compilation,  -O0 -fwhopr 
UNRESOLVED: gcc.c-torture/execute/builtins/strncmp-2.c execution,  -O0 -fwhopr 
FAIL: gcc.c-torture/execute/builtins/strncmp.c compilation,  -O0 -fwhopr 
UNRESOLVED: gcc.c-torture/execute/builtins/strncmp.c execution,  -O0 -fwhopr 
FAIL: gcc.c-torture/execute/builtins/strncpy-chk.c execution,  -O3 -flto -fomit-frame-pointer 
FAIL: gcc.c-torture/execute/builtins/strncpy-chk.c execution,  -O3 -flto -fomit-frame-pointer -funroll-loops 
FAIL: gcc.c-torture/execute/builtins/strncpy-chk.c execution,  -O3 -flto -fomit-frame-pointer -funroll-all-loops -finline-functions 
FAIL: gcc.c-torture/execute/builtins/strncpy.c compilation,  -O2 -fwhopr 
UNRESOLVED: gcc.c-torture/execute/builtins/strncpy.c execution,  -O2 -fwhopr 
FAIL: gcc.c-torture/execute/builtins/strncpy.c execution,  -O3 -flto -fomit-frame-pointer 
FAIL: gcc.c-torture/execute/builtins/strpbrk.c compilation,  -O0 -fwhopr 
UNRESOLVED: gcc.c-torture/execute/builtins/strpbrk.c execution,  -O0 -fwhopr 
FAIL: gcc.c-torture/execute/builtins/vsnprintf-chk.c compilation,  -O2 -fwhopr 
UNRESOLVED: gcc.c-torture/execute/builtins/vsnprintf-chk.c execution,  -O2 -fwhopr 
FAIL: gcc.c-torture/execute/builtins/vsnprintf-chk.c execution,  -O3 -flto -fomit-frame-pointer 
FAIL: gcc.c-torture/execute/builtins/vsnprintf-chk.c execution,  -O3 -flto -fomit-frame-pointer -funroll-loops 
FAIL: gcc.c-torture/execute/builtins/vsnprintf-chk.c execution,  -O3 -flto -fomit-frame-pointer -funroll-all-loops -finline-functions 
FAIL: gcc.c-torture/execute/builtins/vsprintf-chk.c compilation,  -O2 -fwhopr 
UNRESOLVED: gcc.c-torture/execute/builtins/vsprintf-chk.c execution,  -O2 -fwhopr 
FAIL: gcc.c-torture/execute/builtins/vsprintf-chk.c execution,  -O3 -flto -fomit-frame-pointer 
FAIL: gcc.c-torture/execute/builtins/vsprintf-chk.c execution,  -O3 -flto -fomit-frame-pointer -funroll-loops 
FAIL: gcc.c-torture/execute/builtins/vsprintf-chk.c execution,  -O3 -flto -fomit-frame-pointer -funroll-all-loops -finline-functions 
FAIL: gcc.c-torture/execute/20000112-1.c compilation,  -O2 -fwhopr 
UNRESOLVED: gcc.c-torture/execute/20000112-1.c execution,  -O2 -fwhopr 
FAIL: gcc.c-torture/execute/20000113-1.c compilation,  -O2 -fwhopr 
UNRESOLVED: gcc.c-torture/execute/20000113-1.c execution,  -O2 -fwhopr 
FAIL: gcc.c-torture/execute/20000314-1.c compilation,  -O0 -fwhopr 
UNRESOLVED: gcc.c-torture/execute/20000314-1.c execution,  -O0 -fwhopr 
FAIL: gcc.c-torture/execute/20000402-1.c compilation,  -O2 -fwhopr 
UNRESOLVED: gcc.c-torture/execute/20000402-1.c execution,  -O2 -fwhopr 
FAIL: gcc.c-torture/execute/20000412-1.c compilation,  -O2 -fwhopr 
UNRESOLVED: gcc.c-torture/execute/20000412-1.c execution,  -O2 -fwhopr 
FAIL: gcc.c-torture/execute/20000412-3.c compilation,  -O2 -fwhopr 
UNRESOLVED: gcc.c-torture/execute/20000412-3.c execution,  -O2 -fwhopr 
FAIL: gcc.c-torture/execute/20000412-4.c compilation,  -O2 -fwhopr 
UNRESOLVED: gcc.c-torture/execute/20000412-4.c execution,  -O2 -fwhopr 
FAIL: gcc.c-torture/execute/20000412-5.c compilation,  -O0 -fwhopr 
UNRESOLVED: gcc.c-torture/execute/20000412-5.c execution,  -O0 -fwhopr 
FAIL: gcc.c-torture/execute/20000412-6.c compilation,  -O2 -fwhopr 
UNRESOLVED: gcc.c-torture/execute/20000412-6.c execution,  -O2 -fwhopr 
FAIL: gcc.c-torture/execute/20000419-1.c compilation,  -O2 -fwhopr 
UNRESOLVED: gcc.c-torture/execute/20000419-1.c execution,  -O2 -fwhopr 
FAIL: gcc.c-torture/execute/20000422-1.c compilation,  -O2 -fwhopr 
UNRESOLVED: gcc.c-torture/execute/20000422-1.c execution,  -O2 -fwhopr 
FAIL: gcc.c-torture/execute/20000511-1.c compilation,  -O0 -fwhopr 
UNRESOLVED: gcc.c-torture/execute/20000511-1.c execution,  -O0 -fwhopr 
FAIL: gcc.c-torture/execute/20000519-2.c compilation,  -O0 -fwhopr 
UNRESOLVED: gcc.c-torture/execute/20000519-2.c execution,  -O0 -fwhopr 
FAIL: gcc.c-torture/execute/20000528-1.c compilation,  -O0 -fwhopr 
UNRESOLVED: gcc.c-torture/execute/20000528-1.c execution,  -O0 -fwhopr 
FAIL: gcc.c-torture/execute/20000603-1.c compilation,  -O0 -fwhopr 
UNRESOLVED: gcc.c-torture/execute/20000603-1.c execution,  -O0 -fwhopr 
FAIL: gcc.c-torture/execute/20000605-1.c compilation,  -O0 -fwhopr 
UNRESOLVED: gcc.c-torture/execute/20000605-1.c execution,  -O0 -fwhopr 
FAIL: gcc.c-torture/execute/20000605-3.c compilation,  -O0 -fwhopr 
UNRESOLVED: gcc.c-torture/execute/20000605-3.c execution,  -O0 -fwhopr 
FAIL: gcc.c-torture/execute/20000622-1.c compilation,  -O2 -fwhopr 
UNRESOLVED: gcc.c-torture/execute/20000622-1.c execution,  -O2 -fwhopr 
FAIL: gcc.c-torture/execute/20000706-1.c compilation,  -O2 -fwhopr 
UNRESOLVED: gcc.c-torture/execute/20000706-1.c execution,  -O2 -fwhopr 
FAIL: gcc.c-torture/execute/20000706-2.c compilation,  -O2 -fwhopr 
UNRESOLVED: gcc.c-torture/execute/20000706-2.c execution,  -O2 -fwhopr 
FAIL: gcc.c-torture/execute/20000706-3.c compilation,  -O2 -fwhopr 
UNRESOLVED: gcc.c-torture/execute/20000706-3.c execution,  -O2 -fwhopr 
FAIL: gcc.c-torture/execute/20000706-4.c compilation,  -O2 -fwhopr 
UNRESOLVED: gcc.c-torture/execute/20000706-4.c execution,  -O2 -fwhopr 
FAIL: gcc.c-torture/execute/20000717-2.c compilation,  -O2 -fwhopr 
UNRESOLVED: gcc.c-torture/execute/20000717-2.c execution,  -O2 -fwhopr 
FAIL: gcc.c-torture/execute/20000717-4.c compilation,  -O0 -fwhopr 
UNRESOLVED: gcc.c-torture/execute/20000717-4.c execution,  -O0 -fwhopr 
FAIL: gcc.c-torture/execute/20000717-5.c compilation,  -O2 -fwhopr 
UNRESOLVED: gcc.c-torture/execute/20000717-5.c execution,  -O2 -fwhopr 
FAIL: gcc.c-torture/execute/20000818-1.c compilation,  -O2 -fwhopr 
UNRESOLVED: gcc.c-torture/execute/20000818-1.c execution,  -O2 -fwhopr 
FAIL: gcc.c-torture/execute/20000822-1.c compilation,  -O0 -flto  (internal compiler error)
UNRESOLVED: gcc.c-torture/execute/20000822-1.c execution,  -O0 -flto 
FAIL: gcc.c-torture/execute/20000822-1.c compilation,  -O0 -fwhopr  (internal compiler error)
UNRESOLVED: gcc.c-torture/execute/20000822-1.c execution,  -O0 -fwhopr 
FAIL: gcc.c-torture/execute/20000822-1.c compilation,  -O1 -flto  (internal compiler error)
UNRESOLVED: gcc.c-torture/execute/20000822-1.c execution,  -O1 -flto 
FAIL: gcc.c-torture/execute/20000822-1.c compilation,  -O2 -flto  (internal compiler error)
UNRESOLVED: gcc.c-torture/execute/20000822-1.c execution,  -O2 -flto 
FAIL: gcc.c-torture/execute/20000822-1.c compilation,  -O2 -fwhopr  (internal compiler error)
UNRESOLVED: gcc.c-torture/execute/20000822-1.c execution,  -O2 -fwhopr 
FAIL: gcc.c-torture/execute/20000822-1.c compilation,  -O3 -flto -fomit-frame-pointer  (internal compiler error)
UNRESOLVED: gcc.c-torture/execute/20000822-1.c execution,  -O3 -flto -fomit-frame-pointer 
FAIL: gcc.c-torture/execute/20000822-1.c compilation,  -Os -flto  (internal compiler error)
UNRESOLVED: gcc.c-torture/execute/20000822-1.c execution,  -Os -flto 
FAIL: gcc.c-torture/execute/20000917-1.c compilation,  -O0 -fwhopr 
UNRESOLVED: gcc.c-torture/execute/20000917-1.c execution,  -O0 -fwhopr 
FAIL: gcc.c-torture/execute/20001009-1.c compilation,  -O2 -fwhopr 
UNRESOLVED: gcc.c-torture/execute/20001009-1.c execution,  -O2 -fwhopr 
FAIL: gcc.c-torture/execute/20001011-1.c compilation,  -O0 -fwhopr 
UNRESOLVED: gcc.c-torture/execute/20001011-1.c execution,  -O0 -fwhopr 
FAIL: gcc.c-torture/execute/20001013-1.c compilation,  -O2 -fwhopr 
UNRESOLVED: gcc.c-torture/execute/20001013-1.c execution,  -O2 -fwhopr 
FAIL: gcc.c-torture/execute/20001112-1.c compilation,  -O2 -fwhopr 
UNRESOLVED: gcc.c-torture/execute/20001112-1.c execution,  -O2 -fwhopr 
FAIL: gcc.c-torture/execute/20001124-1.c compilation,  -O0 -fwhopr 
UNRESOLVED: gcc.c-torture/execute/20001124-1.c execution,  -O0 -fwhopr 
FAIL: gcc.c-torture/execute/20001221-1.c compilation,  -O0 -fwhopr 
UNRESOLVED: gcc.c-torture/execute/20001221-1.c execution,  -O0 -fwhopr 
FAIL: gcc.c-torture/execute/20001228-1.c execution,  -O2 -flto 
FAIL: gcc.c-torture/execute/20001228-1.c execution,  -O2 -fwhopr 
FAIL: gcc.c-torture/execute/20001228-1.c execution,  -O3 -flto -fomit-frame-pointer 
FAIL: gcc.c-torture/execute/20001228-1.c execution,  -Os -flto 
FAIL: gcc.c-torture/execute/20010114-1.c compilation,  -O0 -fwhopr 
UNRESOLVED: gcc.c-torture/execute/20010114-1.c execution,  -O0 -fwhopr 
FAIL: gcc.c-torture/execute/20010116-1.c compilation,  -O2 -fwhopr 
UNRESOLVED: gcc.c-torture/execute/20010116-1.c execution,  -O2 -fwhopr 
FAIL: gcc.c-torture/execute/20010118-1.c compilation,  -O2 -fwhopr 
UNRESOLVED: gcc.c-torture/execute/20010118-1.c execution,  -O2 -fwhopr 
FAIL: gcc.c-torture/execute/20010122-1.c compilation,  -O2 -fwhopr 
UNRESOLVED: gcc.c-torture/execute/20010122-1.c execution,  -O2 -fwhopr 
FAIL: gcc.c-torture/execute/20010129-1.c compilation,  -O2 -fwhopr 
UNRESOLVED: gcc.c-torture/execute/20010129-1.c execution,  -O2 -fwhopr 
FAIL: gcc.c-torture/execute/20010209-1.c compilation,  -O2 -fwhopr 
UNRESOLVED: gcc.c-torture/execute/20010209-1.c execution,  -O2 -fwhopr 
FAIL: gcc.c-torture/execute/20010221-1.c compilation,  -O0 -fwhopr 
UNRESOLVED: gcc.c-torture/execute/20010221-1.c execution,  -O0 -fwhopr 
FAIL: gcc.c-torture/execute/20010222-1.c compilation,  -O2 -fwhopr 
UNRESOLVED: gcc.c-torture/execute/20010222-1.c execution,  -O2 -fwhopr 
FAIL: gcc.c-torture/execute/20010325-1.c compilation,  -O2 -fwhopr 
UNRESOLVED: gcc.c-torture/execute/20010325-1.c execution,  -O2 -fwhopr 
FAIL: gcc.c-torture/execute/20010403-1.c compilation,  -O0 -fwhopr 
UNRESOLVED: gcc.c-torture/execute/20010403-1.c execution,  -O0 -fwhopr 
FAIL: gcc.c-torture/execute/20010409-1.c compilation,  -O0 -fwhopr 
UNRESOLVED: gcc.c-torture/execute/20010409-1.c execution,  -O0 -fwhopr 
FAIL: gcc.c-torture/execute/20010422-1.c compilation,  -O2 -fwhopr 
UNRESOLVED: gcc.c-torture/execute/20010422-1.c execution,  -O2 -fwhopr 
FAIL: gcc.c-torture/execute/20010604-1.c compilation,  -O2 -fwhopr 
UNRESOLVED: gcc.c-torture/execute/20010604-1.c execution,  -O2 -fwhopr 
FAIL: gcc.c-torture/execute/20010605-1.c compilation,  -O2 -fwhopr 
UNRESOLVED: gcc.c-torture/execute/20010605-1.c execution,  -O2 -fwhopr 
FAIL: gcc.c-torture/execute/20010605-2.c compilation,  -O2 -fwhopr 
UNRESOLVED: gcc.c-torture/execute/20010605-2.c execution,  -O2 -fwhopr 
FAIL: gcc.c-torture/execute/20010711-1.c compilation,  -O2 -fwhopr 
UNRESOLVED: gcc.c-torture/execute/20010711-1.c execution,  -O2 -fwhopr 
FAIL: gcc.c-torture/execute/20010904-2.c compilation,  -O2 -fwhopr 
UNRESOLVED: gcc.c-torture/execute/20010904-2.c execution,  -O2 -fwhopr 
FAIL: gcc.c-torture/execute/20010924-1.c compilation,  -O2 -fwhopr 
UNRESOLVED: gcc.c-torture/execute/20010924-1.c execution,  -O2 -fwhopr 
FAIL: gcc.c-torture/execute/20011019-1.c compilation,  -O0 -fwhopr 
UNRESOLVED: gcc.c-torture/execute/20011019-1.c execution,  -O0 -fwhopr 
FAIL: gcc.c-torture/execute/20011024-1.c compilation,  -O2 -fwhopr 
UNRESOLVED: gcc.c-torture/execute/20011024-1.c execution,  -O2 -fwhopr 
FAIL: gcc.c-torture/execute/20011113-1.c compilation,  -O0 -fwhopr 
UNRESOLVED: gcc.c-torture/execute/20011113-1.c execution,  -O0 -fwhopr 
FAIL: gcc.c-torture/execute/20011114-1.c compilation,  -O2 -fwhopr 
UNRESOLVED: gcc.c-torture/execute/20011114-1.c execution,  -O2 -fwhopr 
FAIL: gcc.c-torture/execute/20011126-1.c compilation,  -O2 -fwhopr 
UNRESOLVED: gcc.c-torture/execute/20011126-1.c execution,  -O2 -fwhopr 
FAIL: gcc.c-torture/execute/20011223-1.c compilation,  -O0 -fwhopr 
UNRESOLVED: gcc.c-torture/execute/20011223-1.c execution,  -O0 -fwhopr 
FAIL: gcc.c-torture/execute/20020108-1.c compilation,  -O2 -fwhopr 
UNRESOLVED: gcc.c-torture/execute/20020108-1.c execution,  -O2 -fwhopr 
FAIL: gcc.c-torture/execute/20020127-1.c compilation,  -O0 -fwhopr 
UNRESOLVED: gcc.c-torture/execute/20020127-1.c execution,  -O0 -fwhopr 
FAIL: gcc.c-torture/execute/20020129-1.c compilation,  -O2 -fwhopr 
UNRESOLVED: gcc.c-torture/execute/20020129-1.c execution,  -O2 -fwhopr 
FAIL: gcc.c-torture/execute/20020201-1.c compilation,  -O2 -fwhopr 
UNRESOLVED: gcc.c-torture/execute/20020201-1.c execution,  -O2 -fwhopr 
FAIL: gcc.c-torture/execute/20020206-2.c compilation,  -O0 -fwhopr 
UNRESOLVED: gcc.c-torture/execute/20020206-2.c execution,  -O0 -fwhopr 
FAIL: gcc.c-torture/execute/20020219-1.c compilation,  -O0 -fwhopr 
UNRESOLVED: gcc.c-torture/execute/20020219-1.c execution,  -O0 -fwhopr 
FAIL: gcc.c-torture/execute/20020321-1.c compilation,  -O0 -fwhopr 
UNRESOLVED: gcc.c-torture/execute/20020321-1.c execution,  -O0 -fwhopr 
FAIL: gcc.c-torture/execute/20020402-2.c compilation,  -O2 -fwhopr 
UNRESOLVED: gcc.c-torture/execute/20020402-2.c execution,  -O2 -fwhopr 
FAIL: gcc.c-torture/execute/20020402-3.c compilation,  -O2 -fwhopr 
UNRESOLVED: gcc.c-torture/execute/20020402-3.c execution,  -O2 -fwhopr 
FAIL: gcc.c-torture/execute/20020404-1.c compilation,  -O2 -fwhopr 
UNRESOLVED: gcc.c-torture/execute/20020404-1.c execution,  -O2 -fwhopr 
FAIL: gcc.c-torture/execute/20020411-1.c compilation,  -O0 -fwhopr 
UNRESOLVED: gcc.c-torture/execute/20020411-1.c execution,  -O0 -fwhopr 
FAIL: gcc.c-torture/execute/20020412-1.c execution,  -O0 -flto 
FAIL: gcc.c-torture/execute/20020412-1.c execution,  -O0 -fwhopr 
FAIL: gcc.c-torture/execute/20020412-1.c execution,  -O1 -flto 
FAIL: gcc.c-torture/execute/20020412-1.c execution,  -O2 -flto 
FAIL: gcc.c-torture/execute/20020412-1.c execution,  -O2 -fwhopr 
FAIL: gcc.c-torture/execute/20020412-1.c execution,  -O3 -flto -fomit-frame-pointer 
FAIL: gcc.c-torture/execute/20020412-1.c execution,  -O3 -flto -fomit-frame-pointer -funroll-loops 
FAIL: gcc.c-torture/execute/20020412-1.c execution,  -O3 -flto -fomit-frame-pointer -funroll-all-loops -finline-functions 
FAIL: gcc.c-torture/execute/20020412-1.c execution,  -Os -flto 
FAIL: gcc.c-torture/execute/20020423-1.c compilation,  -O0 -fwhopr 
UNRESOLVED: gcc.c-torture/execute/20020423-1.c execution,  -O0 -fwhopr 
FAIL: gcc.c-torture/execute/20020503-1.c compilation,  -O0 -fwhopr 
UNRESOLVED: gcc.c-torture/execute/20020503-1.c execution,  -O0 -fwhopr 
FAIL: gcc.c-torture/execute/20020506-1.c compilation,  -O2 -fwhopr 
UNRESOLVED: gcc.c-torture/execute/20020506-1.c execution,  -O2 -fwhopr 
FAIL: gcc.c-torture/execute/20020508-2.c compilation,  -O0 -fwhopr 
UNRESOLVED: gcc.c-torture/execute/20020508-2.c execution,  -O0 -fwhopr 
FAIL: gcc.c-torture/execute/20020614-1.c compilation,  -O0 -fwhopr 
UNRESOLVED: gcc.c-torture/execute/20020614-1.c execution,  -O0 -fwhopr 
FAIL: gcc.c-torture/execute/20020615-1.c compilation,  -O2 -fwhopr 
UNRESOLVED: gcc.c-torture/execute/20020615-1.c execution,  -O2 -fwhopr 
FAIL: gcc.c-torture/execute/20020619-1.c execution,  -O2 -flto 
FAIL: gcc.c-torture/execute/20020619-1.c execution,  -O2 -fwhopr 
FAIL: gcc.c-torture/execute/20020619-1.c execution,  -O3 -flto -fomit-frame-pointer 
FAIL: gcc.c-torture/execute/20020619-1.c execution,  -Os -flto 
FAIL: gcc.c-torture/execute/20020716-1.c compilation,  -O0 -fwhopr 
UNRESOLVED: gcc.c-torture/execute/20020716-1.c execution,  -O0 -fwhopr 
FAIL: gcc.c-torture/execute/20020819-1.c compilation,  -O2 -fwhopr 
UNRESOLVED: gcc.c-torture/execute/20020819-1.c execution,  -O2 -fwhopr 
FAIL: gcc.c-torture/execute/20020904-1.c compilation,  -O2 -fwhopr 
UNRESOLVED: gcc.c-torture/execute/20020904-1.c execution,  -O2 -fwhopr 
FAIL: gcc.c-torture/execute/20020920-1.c compilation,  -O2 -fwhopr 
UNRESOLVED: gcc.c-torture/execute/20020920-1.c execution,  -O2 -fwhopr 
FAIL: gcc.c-torture/execute/20021010-2.c compilation,  -O0 -fwhopr 
UNRESOLVED: gcc.c-torture/execute/20021010-2.c execution,  -O0 -fwhopr 
FAIL: gcc.c-torture/execute/20021024-1.c compilation,  -O0 -fwhopr 
UNRESOLVED: gcc.c-torture/execute/20021024-1.c execution,  -O0 -fwhopr 
FAIL: gcc.c-torture/execute/20021111-1.c compilation,  -O2 -fwhopr 
UNRESOLVED: gcc.c-torture/execute/20021111-1.c execution,  -O2 -fwhopr 
FAIL: gcc.c-torture/execute/20021118-1.c compilation,  -O0 -fwhopr 
UNRESOLVED: gcc.c-torture/execute/20021118-1.c execution,  -O0 -fwhopr 
FAIL: gcc.c-torture/execute/20021118-2.c compilation,  -O0 -fwhopr 
UNRESOLVED: gcc.c-torture/execute/20021118-2.c execution,  -O0 -fwhopr 
FAIL: gcc.c-torture/execute/20021118-3.c compilation,  -O0 -fwhopr 
UNRESOLVED: gcc.c-torture/execute/20021118-3.c execution,  -O0 -fwhopr 
FAIL: gcc.c-torture/execute/20021119-1.c compilation,  -O0 -fwhopr 
UNRESOLVED: gcc.c-torture/execute/20021119-1.c execution,  -O0 -fwhopr 
FAIL: gcc.c-torture/execute/20021120-2.c compilation,  -O2 -fwhopr 
UNRESOLVED: gcc.c-torture/execute/20021120-2.c execution,  -O2 -fwhopr 
FAIL: gcc.c-torture/execute/20021127-1.c compilation,  -O0 -fwhopr 
UNRESOLVED: gcc.c-torture/execute/20021127-1.c execution,  -O0 -fwhopr 
FAIL: gcc.c-torture/execute/20030120-1.c compilation,  -O2 -fwhopr 
UNRESOLVED: gcc.c-torture/execute/20030120-1.c execution,  -O2 -fwhopr 
FAIL: gcc.c-torture/execute/20030218-1.c compilation,  -O0 -fwhopr 
UNRESOLVED: gcc.c-torture/execute/20030218-1.c execution,  -O0 -fwhopr 
FAIL: gcc.c-torture/execute/20030221-1.c compilation,  -O2 -fwhopr 
UNRESOLVED: gcc.c-torture/execute/20030221-1.c execution,  -O2 -fwhopr 
FAIL: gcc.c-torture/execute/20030224-2.c compilation,  -O0 -fwhopr 
UNRESOLVED: gcc.c-torture/execute/20030224-2.c execution,  -O0 -fwhopr 
FAIL: gcc.c-torture/execute/20030316-1.c compilation,  -O2 -fwhopr 
UNRESOLVED: gcc.c-torture/execute/20030316-1.c execution,  -O2 -fwhopr 
FAIL: gcc.c-torture/execute/20030501-1.c compilation,  -O0 -flto  (internal compiler error)
UNRESOLVED: gcc.c-torture/execute/20030501-1.c execution,  -O0 -flto 
FAIL: gcc.c-torture/execute/20030501-1.c compilation,  -O0 -fwhopr  (internal compiler error)
UNRESOLVED: gcc.c-torture/execute/20030501-1.c execution,  -O0 -fwhopr 
FAIL: gcc.c-torture/execute/20030501-1.c compilation,  -O1 -flto  (internal compiler error)
UNRESOLVED: gcc.c-torture/execute/20030501-1.c execution,  -O1 -flto 
FAIL: gcc.c-torture/execute/20030606-1.c compilation,  -O2 -fwhopr 
UNRESOLVED: gcc.c-torture/execute/20030606-1.c execution,  -O2 -fwhopr 
FAIL: gcc.c-torture/execute/20030613-1.c compilation,  -O2 -fwhopr 
UNRESOLVED: gcc.c-torture/execute/20030613-1.c execution,  -O2 -fwhopr 
FAIL: gcc.c-torture/execute/20030626-2.c compilation,  -O2 -fwhopr 
UNRESOLVED: gcc.c-torture/execute/20030626-2.c execution,  -O2 -fwhopr 
FAIL: gcc.c-torture/execute/20030811-1.c compilation,  -O2 -fwhopr 
UNRESOLVED: gcc.c-torture/execute/20030811-1.c execution,  -O2 -fwhopr 
FAIL: gcc.c-torture/execute/20030828-1.c compilation,  -O0 -fwhopr 
UNRESOLVED: gcc.c-torture/execute/20030828-1.c execution,  -O0 -fwhopr 
FAIL: gcc.c-torture/execute/20030914-2.c compilation,  -O2 -fwhopr 
UNRESOLVED: gcc.c-torture/execute/20030914-2.c execution,  -O2 -fwhopr 
FAIL: gcc.c-torture/execute/20030928-1.c compilation,  -O0 -fwhopr 
UNRESOLVED: gcc.c-torture/execute/20030928-1.c execution,  -O0 -fwhopr 
FAIL: gcc.c-torture/execute/20031011-1.c compilation,  -O0 -fwhopr 
UNRESOLVED: gcc.c-torture/execute/20031011-1.c execution,  -O0 -fwhopr 
FAIL: gcc.c-torture/execute/20031020-1.c compilation,  -O0 -fwhopr 
UNRESOLVED: gcc.c-torture/execute/20031020-1.c execution,  -O0 -fwhopr 
FAIL: gcc.c-torture/execute/20031201-1.c compilation,  -O2 -fwhopr 
UNRESOLVED: gcc.c-torture/execute/20031201-1.c execution,  -O2 -fwhopr 
FAIL: gcc.c-torture/execute/20031204-1.c compilation,  -O2 -fwhopr 
UNRESOLVED: gcc.c-torture/execute/20031204-1.c execution,  -O2 -fwhopr 
FAIL: gcc.c-torture/execute/20031216-1.c compilation,  -O0 -fwhopr 
UNRESOLVED: gcc.c-torture/execute/20031216-1.c execution,  -O0 -fwhopr 
FAIL: gcc.c-torture/execute/20040218-1.c compilation,  -O0 -fwhopr 
UNRESOLVED: gcc.c-torture/execute/20040218-1.c execution,  -O0 -fwhopr 
FAIL: gcc.c-torture/execute/20040308-1.c compilation,  -O0 -flto  (internal compiler error)
UNRESOLVED: gcc.c-torture/execute/20040308-1.c execution,  -O0 -flto 
FAIL: gcc.c-torture/execute/20040308-1.c compilation,  -O0 -fwhopr  (internal compiler error)
UNRESOLVED: gcc.c-torture/execute/20040308-1.c execution,  -O0 -fwhopr 
FAIL: gcc.c-torture/execute/20040308-1.c compilation,  -O1 -flto  (internal compiler error)
UNRESOLVED: gcc.c-torture/execute/20040308-1.c execution,  -O1 -flto 
FAIL: gcc.c-torture/execute/20040308-1.c compilation,  -O2 -flto  (internal compiler error)
UNRESOLVED: gcc.c-torture/execute/20040308-1.c execution,  -O2 -flto 
FAIL: gcc.c-torture/execute/20040308-1.c compilation,  -O2 -fwhopr  (internal compiler error)
UNRESOLVED: gcc.c-torture/execute/20040308-1.c execution,  -O2 -fwhopr 
FAIL: gcc.c-torture/execute/20040308-1.c compilation,  -O3 -flto -fomit-frame-pointer  (internal compiler error)
UNRESOLVED: gcc.c-torture/execute/20040308-1.c execution,  -O3 -flto -fomit-frame-pointer 
FAIL: gcc.c-torture/execute/20040308-1.c compilation,  -Os -flto  (internal compiler error)
UNRESOLVED: gcc.c-torture/execute/20040308-1.c execution,  -Os -flto 
FAIL: gcc.c-torture/execute/20040311-1.c compilation,  -O0 -fwhopr 
UNRESOLVED: gcc.c-torture/execute/20040311-1.c execution,  -O0 -fwhopr 
FAIL: gcc.c-torture/execute/20040319-1.c compilation,  -O2 -fwhopr 
UNRESOLVED: gcc.c-torture/execute/20040319-1.c execution,  -O2 -fwhopr 
FAIL: gcc.c-torture/execute/20040520-1.c compilation,  -O0 -flto  (internal compiler error)
UNRESOLVED: gcc.c-torture/execute/20040520-1.c execution,  -O0 -flto 
FAIL: gcc.c-torture/execute/20040520-1.c compilation,  -O0 -fwhopr  (internal compiler error)
UNRESOLVED: gcc.c-torture/execute/20040520-1.c execution,  -O0 -fwhopr 
FAIL: gcc.c-torture/execute/20040520-1.c execution,  -O1 -flto 
FAIL: gcc.c-torture/execute/20040629-1.c compilation,  -O0 -fwhopr 
UNRESOLVED: gcc.c-torture/execute/20040629-1.c execution,  -O0 -fwhopr 
FAIL: gcc.c-torture/execute/20040704-1.c compilation,  -O2 -fwhopr 
UNRESOLVED: gcc.c-torture/execute/20040704-1.c execution,  -O2 -fwhopr 
FAIL: gcc.c-torture/execute/20040706-1.c compilation,  -O0 -fwhopr 
UNRESOLVED: gcc.c-torture/execute/20040706-1.c execution,  -O0 -fwhopr 
FAIL: gcc.c-torture/execute/20040707-1.c compilation,  -O2 -fwhopr 
UNRESOLVED: gcc.c-torture/execute/20040707-1.c execution,  -O2 -fwhopr 
FAIL: gcc.c-torture/execute/20040709-1.c compilation,  -O2 -fwhopr 
UNRESOLVED: gcc.c-torture/execute/20040709-1.c execution,  -O2 -fwhopr 
FAIL: gcc.c-torture/execute/20040709-1.c execution,  -O3 -flto -fomit-frame-pointer 
FAIL: gcc.c-torture/execute/20040709-1.c execution,  -O3 -flto -fomit-frame-pointer -funroll-loops 
FAIL: gcc.c-torture/execute/20040709-1.c execution,  -O3 -flto -fomit-frame-pointer -funroll-all-loops -finline-functions 
FAIL: gcc.c-torture/execute/20040805-1.c compilation,  -O2 -fwhopr 
UNRESOLVED: gcc.c-torture/execute/20040805-1.c execution,  -O2 -fwhopr 
FAIL: gcc.c-torture/execute/20040823-1.c compilation,  -O0 -fwhopr 
UNRESOLVED: gcc.c-torture/execute/20040823-1.c execution,  -O0 -fwhopr 
FAIL: gcc.c-torture/execute/20041114-1.c compilation,  -O0 -fwhopr 
UNRESOLVED: gcc.c-torture/execute/20041114-1.c execution,  -O0 -fwhopr 
FAIL: gcc.c-torture/execute/20041212-1.c compilation,  -O0 -fwhopr 
UNRESOLVED: gcc.c-torture/execute/20041212-1.c execution,  -O0 -fwhopr 
FAIL: gcc.c-torture/execute/20041214-1.c compilation,  -O2 -fwhopr 
UNRESOLVED: gcc.c-torture/execute/20041214-1.c execution,  -O2 -fwhopr 
FAIL: gcc.c-torture/execute/20041218-2.c compilation,  -O0 -fwhopr 
UNRESOLVED: gcc.c-torture/execute/20041218-2.c execution,  -O0 -fwhopr 
FAIL: gcc.c-torture/execute/20050316-2.c execution,  -O2 -flto 
FAIL: gcc.c-torture/execute/20050316-2.c execution,  -O2 -fwhopr 
FAIL: gcc.c-torture/execute/20050316-2.c execution,  -O3 -flto -fomit-frame-pointer 
FAIL: gcc.c-torture/execute/20050316-2.c execution,  -Os -flto 
FAIL: gcc.c-torture/execute/20050410-1.c compilation,  -O2 -fwhopr 
UNRESOLVED: gcc.c-torture/execute/20050410-1.c execution,  -O2 -fwhopr 
FAIL: gcc.c-torture/execute/20050713-1.c compilation,  -O2 -fwhopr 
UNRESOLVED: gcc.c-torture/execute/20050713-1.c execution,  -O2 -fwhopr 
FAIL: gcc.c-torture/execute/20050826-2.c compilation,  -O0 -fwhopr 
UNRESOLVED: gcc.c-torture/execute/20050826-2.c execution,  -O0 -fwhopr 
FAIL: gcc.c-torture/execute/20051104-1.c compilation,  -O2 -fwhopr 
UNRESOLVED: gcc.c-torture/execute/20051104-1.c execution,  -O2 -fwhopr 
FAIL: gcc.c-torture/execute/20051113-1.c compilation,  -O0 -fwhopr 
UNRESOLVED: gcc.c-torture/execute/20051113-1.c execution,  -O0 -fwhopr 
FAIL: gcc.c-torture/execute/20051215-1.c compilation,  -O2 -fwhopr 
UNRESOLVED: gcc.c-torture/execute/20051215-1.c execution,  -O2 -fwhopr 
FAIL: gcc.c-torture/execute/20060110-2.c compilation,  -O0 -fwhopr 
UNRESOLVED: gcc.c-torture/execute/20060110-2.c execution,  -O0 -fwhopr 
FAIL: gcc.c-torture/execute/20060910-1.c compilation,  -O0 -fwhopr 
UNRESOLVED: gcc.c-torture/execute/20060910-1.c execution,  -O0 -fwhopr 
FAIL: gcc.c-torture/execute/20060930-1.c compilation,  -O0 -fwhopr 
UNRESOLVED: gcc.c-torture/execute/20060930-1.c execution,  -O0 -fwhopr 
FAIL: gcc.c-torture/execute/20061031-1.c compilation,  -O0 -fwhopr 
UNRESOLVED: gcc.c-torture/execute/20061031-1.c execution,  -O0 -fwhopr 
FAIL: gcc.c-torture/execute/20061101-2.c compilation,  -O0 -fwhopr 
UNRESOLVED: gcc.c-torture/execute/20061101-2.c execution,  -O0 -fwhopr 
FAIL: gcc.c-torture/execute/20061220-1.c compilation,  -O0 -flto  (internal compiler error)
UNRESOLVED: gcc.c-torture/execute/20061220-1.c execution,  -O0 -flto 
FAIL: gcc.c-torture/execute/20061220-1.c compilation,  -O0 -fwhopr  (internal compiler error)
UNRESOLVED: gcc.c-torture/execute/20061220-1.c execution,  -O0 -fwhopr 
FAIL: gcc.c-torture/execute/20061220-1.c compilation,  -O1 -flto  (internal compiler error)
UNRESOLVED: gcc.c-torture/execute/20061220-1.c execution,  -O1 -flto 
FAIL: gcc.c-torture/execute/20070201-1.c compilation,  -O2 -fwhopr 
UNRESOLVED: gcc.c-torture/execute/20070201-1.c execution,  -O2 -fwhopr 
FAIL: gcc.c-torture/execute/20070614-1.c compilation,  -O0 -fwhopr 
UNRESOLVED: gcc.c-torture/execute/20070614-1.c execution,  -O0 -fwhopr 
FAIL: gcc.c-torture/execute/20070724-1.c compilation,  -O0 -fwhopr 
UNRESOLVED: gcc.c-torture/execute/20070724-1.c execution,  -O0 -fwhopr 
FAIL: gcc.c-torture/execute/20070919-1.c compilation,  -O2 -fwhopr 
UNRESOLVED: gcc.c-torture/execute/20070919-1.c execution,  -O2 -fwhopr 
FAIL: gcc.c-torture/execute/20071120-1.c compilation,  -O2 -fwhopr 
UNRESOLVED: gcc.c-torture/execute/20071120-1.c execution,  -O2 -fwhopr 
FAIL: gcc.c-torture/execute/20071211-1.c compilation,  -O2 -fwhopr 
UNRESOLVED: gcc.c-torture/execute/20071211-1.c execution,  -O2 -fwhopr 
FAIL: gcc.c-torture/execute/20071219-1.c compilation,  -O0 -fwhopr 
UNRESOLVED: gcc.c-torture/execute/20071219-1.c execution,  -O0 -fwhopr 
FAIL: gcc.c-torture/execute/20071220-1.c compilation,  -O2 -fwhopr 
UNRESOLVED: gcc.c-torture/execute/20071220-1.c execution,  -O2 -fwhopr 
FAIL: gcc.c-torture/execute/20080408-1.c compilation,  -O2 -fwhopr 
UNRESOLVED: gcc.c-torture/execute/20080408-1.c execution,  -O2 -fwhopr 
FAIL: gcc.c-torture/execute/20080519-1.c compilation,  -O2 -fwhopr 
UNRESOLVED: gcc.c-torture/execute/20080519-1.c execution,  -O2 -fwhopr 
FAIL: gcc.c-torture/execute/20081112-1.c execution,  -O2 -flto 
FAIL: gcc.c-torture/execute/20081112-1.c compilation,  -O2 -fwhopr 
UNRESOLVED: gcc.c-torture/execute/20081112-1.c execution,  -O2 -fwhopr 
FAIL: gcc.c-torture/execute/20081112-1.c execution,  -O3 -flto -fomit-frame-pointer 
FAIL: gcc.c-torture/execute/20081112-1.c execution,  -Os -flto 
FAIL: gcc.c-torture/execute/20090219-1.c compilation,  -O0 -flto  (internal compiler error)
UNRESOLVED: gcc.c-torture/execute/20090219-1.c execution,  -O0 -flto 
FAIL: gcc.c-torture/execute/20090219-1.c compilation,  -O0 -fwhopr  (internal compiler error)
UNRESOLVED: gcc.c-torture/execute/20090219-1.c execution,  -O0 -fwhopr 
FAIL: gcc.c-torture/execute/920202-1.c compilation,  -O0 -fwhopr 
UNRESOLVED: gcc.c-torture/execute/920202-1.c execution,  -O0 -fwhopr 
FAIL: gcc.c-torture/execute/920411-1.c compilation,  -O0 -fwhopr 
UNRESOLVED: gcc.c-torture/execute/920411-1.c execution,  -O0 -fwhopr 
FAIL: gcc.c-torture/execute/920411-1.c execution,  -O3 -flto -fomit-frame-pointer 
FAIL: gcc.c-torture/execute/920411-1.c execution,  -O3 -flto -fomit-frame-pointer -funroll-loops 
FAIL: gcc.c-torture/execute/920411-1.c execution,  -O3 -flto -fomit-frame-pointer -funroll-all-loops -finline-functions 
FAIL: gcc.c-torture/execute/920415-1.c compilation,  -O0 -flto 
UNRESOLVED: gcc.c-torture/execute/920415-1.c execution,  -O0 -flto 
FAIL: gcc.c-torture/execute/920415-1.c compilation,  -O0 -fwhopr 
UNRESOLVED: gcc.c-torture/execute/920415-1.c execution,  -O0 -fwhopr 
FAIL: gcc.c-torture/execute/920415-1.c compilation,  -O1 -flto  (internal compiler error)
UNRESOLVED: gcc.c-torture/execute/920415-1.c execution,  -O1 -flto 
FAIL: gcc.c-torture/execute/920415-1.c compilation,  -O2 -fwhopr 
UNRESOLVED: gcc.c-torture/execute/920415-1.c execution,  -O2 -fwhopr 
FAIL: gcc.c-torture/execute/920428-1.c compilation,  -O2 -fwhopr 
UNRESOLVED: gcc.c-torture/execute/920428-1.c execution,  -O2 -fwhopr 
FAIL: gcc.c-torture/execute/920428-2.c compilation,  -O0 -flto  (internal compiler error)
UNRESOLVED: gcc.c-torture/execute/920428-2.c execution,  -O0 -flto 
FAIL: gcc.c-torture/execute/920428-2.c compilation,  -O0 -fwhopr  (internal compiler error)
UNRESOLVED: gcc.c-torture/execute/920428-2.c execution,  -O0 -fwhopr 
FAIL: gcc.c-torture/execute/920428-2.c compilation,  -O1 -flto  (internal compiler error)
UNRESOLVED: gcc.c-torture/execute/920428-2.c execution,  -O1 -flto 
FAIL: gcc.c-torture/execute/920428-2.c compilation,  -O2 -flto  (internal compiler error)
UNRESOLVED: gcc.c-torture/execute/920428-2.c execution,  -O2 -flto 
FAIL: gcc.c-torture/execute/920428-2.c compilation,  -O2 -fwhopr  (internal compiler error)
UNRESOLVED: gcc.c-torture/execute/920428-2.c execution,  -O2 -fwhopr 
FAIL: gcc.c-torture/execute/920428-2.c compilation,  -O3 -flto -fomit-frame-pointer  (internal compiler error)
UNRESOLVED: gcc.c-torture/execute/920428-2.c execution,  -O3 -flto -fomit-frame-pointer 
FAIL: gcc.c-torture/execute/920428-2.c compilation,  -Os -flto  (internal compiler error)
UNRESOLVED: gcc.c-torture/execute/920428-2.c execution,  -Os -flto 
FAIL: gcc.c-torture/execute/920501-1.c compilation,  -O2 -fwhopr 
UNRESOLVED: gcc.c-torture/execute/920501-1.c execution,  -O2 -fwhopr 
FAIL: gcc.c-torture/execute/920501-2.c compilation,  -O0 -fwhopr 
UNRESOLVED: gcc.c-torture/execute/920501-2.c execution,  -O0 -fwhopr 
FAIL: gcc.c-torture/execute/920501-4.c compilation,  -O0 -fwhopr 
UNRESOLVED: gcc.c-torture/execute/920501-4.c execution,  -O0 -fwhopr 
FAIL: gcc.c-torture/execute/920501-7.c compilation,  -O0 -flto  (internal compiler error)
UNRESOLVED: gcc.c-torture/execute/920501-7.c execution,  -O0 -flto 
FAIL: gcc.c-torture/execute/920501-7.c compilation,  -O0 -fwhopr  (internal compiler error)
UNRESOLVED: gcc.c-torture/execute/920501-7.c execution,  -O0 -fwhopr 
FAIL: gcc.c-torture/execute/920501-7.c compilation,  -O1 -flto  (internal compiler error)
UNRESOLVED: gcc.c-torture/execute/920501-7.c execution,  -O1 -flto 
FAIL: gcc.c-torture/execute/920501-7.c compilation,  -O2 -flto  (internal compiler error)
UNRESOLVED: gcc.c-torture/execute/920501-7.c execution,  -O2 -flto 
FAIL: gcc.c-torture/execute/920501-7.c compilation,  -O2 -fwhopr  (internal compiler error)
UNRESOLVED: gcc.c-torture/execute/920501-7.c execution,  -O2 -fwhopr 
FAIL: gcc.c-torture/execute/920501-7.c compilation,  -O3 -flto -fomit-frame-pointer  (internal compiler error)
UNRESOLVED: gcc.c-torture/execute/920501-7.c execution,  -O3 -flto -fomit-frame-pointer 
FAIL: gcc.c-torture/execute/920501-7.c compilation,  -Os -flto  (internal compiler error)
UNRESOLVED: gcc.c-torture/execute/920501-7.c execution,  -Os -flto 
FAIL: gcc.c-torture/execute/920501-8.c compilation,  -O0 -fwhopr 
UNRESOLVED: gcc.c-torture/execute/920501-8.c execution,  -O0 -fwhopr 
FAIL: gcc.c-torture/execute/920506-1.c compilation,  -O2 -fwhopr 
UNRESOLVED: gcc.c-torture/execute/920506-1.c execution,  -O2 -fwhopr 
FAIL: gcc.c-torture/execute/920603-1.c compilation,  -O2 -fwhopr 
UNRESOLVED: gcc.c-torture/execute/920603-1.c execution,  -O2 -fwhopr 
FAIL: gcc.c-torture/execute/920604-1.c compilation,  -O0 -fwhopr 
UNRESOLVED: gcc.c-torture/execute/920604-1.c execution,  -O0 -fwhopr 
FAIL: gcc.c-torture/execute/920612-2.c compilation,  -O0 -flto  (internal compiler error)
UNRESOLVED: gcc.c-torture/execute/920612-2.c execution,  -O0 -flto 
FAIL: gcc.c-torture/execute/920612-2.c compilation,  -O0 -fwhopr  (internal compiler error)
UNRESOLVED: gcc.c-torture/execute/920612-2.c execution,  -O0 -fwhopr 
FAIL: gcc.c-torture/execute/920612-2.c compilation,  -O1 -flto  (internal compiler error)
UNRESOLVED: gcc.c-torture/execute/920612-2.c execution,  -O1 -flto 
FAIL: gcc.c-torture/execute/920710-1.c compilation,  -O2 -fwhopr 
UNRESOLVED: gcc.c-torture/execute/920710-1.c execution,  -O2 -fwhopr 
FAIL: gcc.c-torture/execute/920721-1.c compilation,  -O2 -fwhopr 
UNRESOLVED: gcc.c-torture/execute/920721-1.c execution,  -O2 -fwhopr 
FAIL: gcc.c-torture/execute/920721-4.c execution,  -O0 -flto 
FAIL: gcc.c-torture/execute/920721-4.c compilation,  -O0 -fwhopr 
UNRESOLVED: gcc.c-torture/execute/920721-4.c execution,  -O0 -fwhopr 
FAIL: gcc.c-torture/execute/920721-4.c compilation,  -O1 -flto 
UNRESOLVED: gcc.c-torture/execute/920721-4.c execution,  -O1 -flto 
FAIL: gcc.c-torture/execute/920721-4.c compilation,  -O2 -flto 
UNRESOLVED: gcc.c-torture/execute/920721-4.c execution,  -O2 -flto 
FAIL: gcc.c-torture/execute/920721-4.c compilation,  -O2 -fwhopr 
UNRESOLVED: gcc.c-torture/execute/920721-4.c execution,  -O2 -fwhopr 
FAIL: gcc.c-torture/execute/920721-4.c compilation,  -O3 -flto -fomit-frame-pointer 
UNRESOLVED: gcc.c-torture/execute/920721-4.c execution,  -O3 -flto -fomit-frame-pointer 
FAIL: gcc.c-torture/execute/920721-4.c compilation,  -O3 -flto -fomit-frame-pointer -funroll-loops 
UNRESOLVED: gcc.c-torture/execute/920721-4.c execution,  -O3 -flto -fomit-frame-pointer -funroll-loops 
FAIL: gcc.c-torture/execute/920721-4.c compilation,  -O3 -flto -fomit-frame-pointer -funroll-all-loops -finline-functions 
UNRESOLVED: gcc.c-torture/execute/920721-4.c execution,  -O3 -flto -fomit-frame-pointer -funroll-all-loops -finline-functions 
FAIL: gcc.c-torture/execute/920721-4.c compilation,  -Os -flto 
UNRESOLVED: gcc.c-torture/execute/920721-4.c execution,  -Os -flto 
FAIL: gcc.c-torture/execute/920731-1.c compilation,  -O2 -fwhopr 
UNRESOLVED: gcc.c-torture/execute/920731-1.c execution,  -O2 -fwhopr 
FAIL: gcc.c-torture/execute/920810-1.c compilation,  -O2 -fwhopr 
UNRESOLVED: gcc.c-torture/execute/920810-1.c execution,  -O2 -fwhopr 
FAIL: gcc.c-torture/execute/920829-1.c compilation,  -O0 -fwhopr 
UNRESOLVED: gcc.c-torture/execute/920829-1.c execution,  -O0 -fwhopr 
FAIL: gcc.c-torture/execute/920922-1.c compilation,  -O0 -fwhopr 
UNRESOLVED: gcc.c-torture/execute/920922-1.c execution,  -O0 -fwhopr 
FAIL: gcc.c-torture/execute/921006-1.c compilation,  -O0 -fwhopr 
UNRESOLVED: gcc.c-torture/execute/921006-1.c execution,  -O0 -fwhopr 
FAIL: gcc.c-torture/execute/921007-1.c compilation,  -O2 -fwhopr 
UNRESOLVED: gcc.c-torture/execute/921007-1.c execution,  -O2 -fwhopr 
FAIL: gcc.c-torture/execute/921013-1.c compilation,  -O2 -fwhopr 
UNRESOLVED: gcc.c-torture/execute/921013-1.c execution,  -O2 -fwhopr 
FAIL: gcc.c-torture/execute/921016-1.c compilation,  -O2 -fwhopr 
UNRESOLVED: gcc.c-torture/execute/921016-1.c execution,  -O2 -fwhopr 
FAIL: gcc.c-torture/execute/921017-1.c compilation,  -O0 -flto  (internal compiler error)
UNRESOLVED: gcc.c-torture/execute/921017-1.c execution,  -O0 -flto 
FAIL: gcc.c-torture/execute/921017-1.c compilation,  -O0 -fwhopr  (internal compiler error)
UNRESOLVED: gcc.c-torture/execute/921017-1.c execution,  -O0 -fwhopr 
FAIL: gcc.c-torture/execute/921017-1.c compilation,  -O1 -flto  (internal compiler error)
UNRESOLVED: gcc.c-torture/execute/921017-1.c execution,  -O1 -flto 
FAIL: gcc.c-torture/execute/921019-1.c compilation,  -O0 -fwhopr 
UNRESOLVED: gcc.c-torture/execute/921019-1.c execution,  -O0 -fwhopr 
FAIL: gcc.c-torture/execute/921019-2.c compilation,  -O2 -fwhopr 
UNRESOLVED: gcc.c-torture/execute/921019-2.c execution,  -O2 -fwhopr 
FAIL: gcc.c-torture/execute/921029-1.c compilation,  -O2 -fwhopr 
UNRESOLVED: gcc.c-torture/execute/921029-1.c execution,  -O2 -fwhopr 
FAIL: gcc.c-torture/execute/921112-1.c compilation,  -O0 -fwhopr 
UNRESOLVED: gcc.c-torture/execute/921112-1.c execution,  -O0 -fwhopr 
FAIL: gcc.c-torture/execute/921113-1.c compilation,  -O0 -fwhopr 
UNRESOLVED: gcc.c-torture/execute/921113-1.c execution,  -O0 -fwhopr 
FAIL: gcc.c-torture/execute/921123-1.c compilation,  -O2 -fwhopr 
UNRESOLVED: gcc.c-torture/execute/921123-1.c execution,  -O2 -fwhopr 
FAIL: gcc.c-torture/execute/921202-1.c compilation,  -O0 -fwhopr 
UNRESOLVED: gcc.c-torture/execute/921202-1.c execution,  -O0 -fwhopr 
FAIL: gcc.c-torture/execute/921202-2.c compilation,  -O2 -fwhopr 
UNRESOLVED: gcc.c-torture/execute/921202-2.c execution,  -O2 -fwhopr 
FAIL: gcc.c-torture/execute/930126-1.c compilation,  -O0 -fwhopr 
UNRESOLVED: gcc.c-torture/execute/930126-1.c execution,  -O0 -fwhopr 
FAIL: gcc.c-torture/execute/930208-1.c compilation,  -O2 -fwhopr 
UNRESOLVED: gcc.c-torture/execute/930208-1.c execution,  -O2 -fwhopr 
FAIL: gcc.c-torture/execute/930408-1.c compilation,  -O0 -fwhopr 
UNRESOLVED: gcc.c-torture/execute/930408-1.c execution,  -O0 -fwhopr 
FAIL: gcc.c-torture/execute/930429-1.c compilation,  -O2 -fwhopr 
UNRESOLVED: gcc.c-torture/execute/930429-1.c execution,  -O2 -fwhopr 
FAIL: gcc.c-torture/execute/930518-1.c compilation,  -O2 -fwhopr 
UNRESOLVED: gcc.c-torture/execute/930518-1.c execution,  -O2 -fwhopr 
FAIL: gcc.c-torture/execute/930526-1.c compilation,  -O2 -fwhopr 
UNRESOLVED: gcc.c-torture/execute/930526-1.c execution,  -O2 -fwhopr 
FAIL: gcc.c-torture/execute/930527-1.c compilation,  -O2 -fwhopr 
UNRESOLVED: gcc.c-torture/execute/930527-1.c execution,  -O2 -fwhopr 
FAIL: gcc.c-torture/execute/930603-2.c compilation,  -O0 -fwhopr 
UNRESOLVED: gcc.c-torture/execute/930603-2.c execution,  -O0 -fwhopr 
FAIL: gcc.c-torture/execute/930603-3.c compilation,  -O0 -fwhopr 
UNRESOLVED: gcc.c-torture/execute/930603-3.c execution,  -O0 -fwhopr 
FAIL: gcc.c-torture/execute/930603-3.c execution,  -O3 -flto -fomit-frame-pointer 
FAIL: gcc.c-torture/execute/930622-1.c compilation,  -O2 -fwhopr 
UNRESOLVED: gcc.c-torture/execute/930622-1.c execution,  -O2 -fwhopr 
FAIL: gcc.c-torture/execute/930713-1.c compilation,  -O0 -fwhopr 
UNRESOLVED: gcc.c-torture/execute/930713-1.c execution,  -O0 -fwhopr 
FAIL: gcc.c-torture/execute/930818-1.c compilation,  -O0 -fwhopr 
UNRESOLVED: gcc.c-torture/execute/930818-1.c execution,  -O0 -fwhopr 
FAIL: gcc.c-torture/execute/930916-1.c compilation,  -O2 -fwhopr 
UNRESOLVED: gcc.c-torture/execute/930916-1.c execution,  -O2 -fwhopr 
FAIL: gcc.c-torture/execute/931004-1.c compilation,  -O0 -fwhopr 
UNRESOLVED: gcc.c-torture/execute/931004-1.c execution,  -O0 -fwhopr 
FAIL: gcc.c-torture/execute/931004-10.c compilation,  -O0 -fwhopr 
UNRESOLVED: gcc.c-torture/execute/931004-10.c execution,  -O0 -fwhopr 
FAIL: gcc.c-torture/execute/931004-14.c compilation,  -O0 -fwhopr 
UNRESOLVED: gcc.c-torture/execute/931004-14.c execution,  -O0 -fwhopr 
FAIL: gcc.c-torture/execute/931004-2.c compilation,  -O0 -fwhopr 
UNRESOLVED: gcc.c-torture/execute/931004-2.c execution,  -O0 -fwhopr 
FAIL: gcc.c-torture/execute/931004-4.c compilation,  -O2 -fwhopr 
UNRESOLVED: gcc.c-torture/execute/931004-4.c execution,  -O2 -fwhopr 
FAIL: gcc.c-torture/execute/931004-8.c compilation,  -O0 -fwhopr 
UNRESOLVED: gcc.c-torture/execute/931004-8.c execution,  -O0 -fwhopr 
FAIL: gcc.c-torture/execute/931009-1.c compilation,  -O2 -fwhopr 
UNRESOLVED: gcc.c-torture/execute/931009-1.c execution,  -O2 -fwhopr 
FAIL: gcc.c-torture/execute/931031-1.c compilation,  -O2 -fwhopr 
UNRESOLVED: gcc.c-torture/execute/931031-1.c execution,  -O2 -fwhopr 
FAIL: gcc.c-torture/execute/931110-1.c compilation,  -O0 -fwhopr 
UNRESOLVED: gcc.c-torture/execute/931110-1.c execution,  -O0 -fwhopr 
FAIL: gcc.c-torture/execute/940115-1.c compilation,  -O0 -fwhopr 
UNRESOLVED: gcc.c-torture/execute/940115-1.c execution,  -O0 -fwhopr 
FAIL: gcc.c-torture/execute/940122-1.c compilation,  -O2 -fwhopr 
UNRESOLVED: gcc.c-torture/execute/940122-1.c execution,  -O2 -fwhopr 
FAIL: gcc.c-torture/execute/941014-1.c compilation,  -O2 -fwhopr 
UNRESOLVED: gcc.c-torture/execute/941014-1.c execution,  -O2 -fwhopr 
FAIL: gcc.c-torture/execute/941015-1.c compilation,  -O0 -fwhopr 
UNRESOLVED: gcc.c-torture/execute/941015-1.c execution,  -O0 -fwhopr 
FAIL: gcc.c-torture/execute/941031-1.c compilation,  -O0 -fwhopr 
UNRESOLVED: gcc.c-torture/execute/941031-1.c execution,  -O0 -fwhopr 
FAIL: gcc.c-torture/execute/950322-1.c compilation,  -O0 -fwhopr 
UNRESOLVED: gcc.c-torture/execute/950322-1.c execution,  -O0 -fwhopr 
FAIL: gcc.c-torture/execute/950503-1.c compilation,  -O2 -fwhopr 
UNRESOLVED: gcc.c-torture/execute/950503-1.c execution,  -O2 -fwhopr 
FAIL: gcc.c-torture/execute/950512-1.c compilation,  -O0 -fwhopr 
UNRESOLVED: gcc.c-torture/execute/950512-1.c execution,  -O0 -fwhopr 
FAIL: gcc.c-torture/execute/950607-2.c compilation,  -O0 -fwhopr 
UNRESOLVED: gcc.c-torture/execute/950607-2.c execution,  -O0 -fwhopr 
FAIL: gcc.c-torture/execute/950612-1.c compilation,  -O0 -fwhopr 
UNRESOLVED: gcc.c-torture/execute/950612-1.c execution,  -O0 -fwhopr 
FAIL: gcc.c-torture/execute/950621-1.c compilation,  -O0 -fwhopr 
UNRESOLVED: gcc.c-torture/execute/950621-1.c execution,  -O0 -fwhopr 
FAIL: gcc.c-torture/execute/950628-1.c compilation,  -O2 -fwhopr 
UNRESOLVED: gcc.c-torture/execute/950628-1.c execution,  -O2 -fwhopr 
FAIL: gcc.c-torture/execute/950706-1.c compilation,  -O0 -fwhopr 
UNRESOLVED: gcc.c-torture/execute/950706-1.c execution,  -O0 -fwhopr 
FAIL: gcc.c-torture/execute/950809-1.c compilation,  -O0 -fwhopr 
UNRESOLVED: gcc.c-torture/execute/950809-1.c execution,  -O0 -fwhopr 
FAIL: gcc.c-torture/execute/960311-2.c compilation,  -O0 -fwhopr 
UNRESOLVED: gcc.c-torture/execute/960311-2.c execution,  -O0 -fwhopr 
FAIL: gcc.c-torture/execute/960312-1.c compilation,  -O2 -fwhopr 
UNRESOLVED: gcc.c-torture/execute/960312-1.c execution,  -O2 -fwhopr 
FAIL: gcc.c-torture/execute/960321-1.c compilation,  -O0 -fwhopr 
UNRESOLVED: gcc.c-torture/execute/960321-1.c execution,  -O0 -fwhopr 
FAIL: gcc.c-torture/execute/960326-1.c compilation,  -O2 -fwhopr 
UNRESOLVED: gcc.c-torture/execute/960326-1.c execution,  -O2 -fwhopr 
FAIL: gcc.c-torture/execute/960402-1.c compilation,  -O0 -fwhopr 
UNRESOLVED: gcc.c-torture/execute/960402-1.c execution,  -O0 -fwhopr 
FAIL: gcc.c-torture/execute/960512-1.c compilation,  -O0 -fwhopr 
UNRESOLVED: gcc.c-torture/execute/960512-1.c execution,  -O0 -fwhopr 
FAIL: gcc.c-torture/execute/960802-1.c compilation,  -O2 -fwhopr 
UNRESOLVED: gcc.c-torture/execute/960802-1.c execution,  -O2 -fwhopr 
FAIL: gcc.c-torture/execute/961017-1.c compilation,  -O0 -fwhopr 
UNRESOLVED: gcc.c-torture/execute/961017-1.c execution,  -O0 -fwhopr 
FAIL: gcc.c-torture/execute/961017-2.c compilation,  -O0 -fwhopr 
UNRESOLVED: gcc.c-torture/execute/961017-2.c execution,  -O0 -fwhopr 
FAIL: gcc.c-torture/execute/961223-1.c compilation,  -O0 -fwhopr 
UNRESOLVED: gcc.c-torture/execute/961223-1.c execution,  -O0 -fwhopr 
FAIL: gcc.c-torture/execute/970214-1.c compilation,  -O2 -fwhopr 
UNRESOLVED: gcc.c-torture/execute/970214-1.c execution,  -O2 -fwhopr 
FAIL: gcc.c-torture/execute/970217-1.c compilation,  -O2 -fwhopr 
UNRESOLVED: gcc.c-torture/execute/970217-1.c execution,  -O2 -fwhopr 
FAIL: gcc.c-torture/execute/980205.c compilation,  -O0 -fwhopr 
UNRESOLVED: gcc.c-torture/execute/980205.c execution,  -O0 -fwhopr 
FAIL: gcc.c-torture/execute/980505-1.c compilation,  -O2 -fwhopr 
UNRESOLVED: gcc.c-torture/execute/980505-1.c execution,  -O2 -fwhopr 
FAIL: gcc.c-torture/execute/980506-1.c compilation,  -O0 -fwhopr 
UNRESOLVED: gcc.c-torture/execute/980506-1.c execution,  -O0 -fwhopr 
FAIL: gcc.c-torture/execute/980526-1.c compilation,  -O0 -fwhopr 
UNRESOLVED: gcc.c-torture/execute/980526-1.c execution,  -O0 -fwhopr 
FAIL: gcc.c-torture/execute/980526-3.c compilation,  -O2 -fwhopr 
UNRESOLVED: gcc.c-torture/execute/980526-3.c execution,  -O2 -fwhopr 
FAIL: gcc.c-torture/execute/980602-2.c compilation,  -O0 -fwhopr 
UNRESOLVED: gcc.c-torture/execute/980602-2.c execution,  -O0 -fwhopr 
FAIL: gcc.c-torture/execute/980604-1.c compilation,  -O2 -fwhopr 
UNRESOLVED: gcc.c-torture/execute/980604-1.c execution,  -O2 -fwhopr 
FAIL: gcc.c-torture/execute/980701-1.c compilation,  -O2 -fwhopr 
UNRESOLVED: gcc.c-torture/execute/980701-1.c execution,  -O2 -fwhopr 
FAIL: gcc.c-torture/execute/980716-1.c compilation,  -O0 -fwhopr 
UNRESOLVED: gcc.c-torture/execute/980716-1.c execution,  -O0 -fwhopr 
FAIL: gcc.c-torture/execute/980929-1.c compilation,  -O2 -fwhopr 
UNRESOLVED: gcc.c-torture/execute/980929-1.c execution,  -O2 -fwhopr 
FAIL: gcc.c-torture/execute/981001-1.c compilation,  -O2 -fwhopr 
UNRESOLVED: gcc.c-torture/execute/981001-1.c execution,  -O2 -fwhopr 
FAIL: gcc.c-torture/execute/981019-1.c compilation,  -O2 -fwhopr 
UNRESOLVED: gcc.c-torture/execute/981019-1.c execution,  -O2 -fwhopr 
FAIL: gcc.c-torture/execute/981206-1.c compilation,  -O0 -fwhopr 
UNRESOLVED: gcc.c-torture/execute/981206-1.c execution,  -O0 -fwhopr 
FAIL: gcc.c-torture/execute/990127-1.c compilation,  -O0 -fwhopr 
UNRESOLVED: gcc.c-torture/execute/990127-1.c execution,  -O0 -fwhopr 
FAIL: gcc.c-torture/execute/990130-1.c compilation,  -O2 -fwhopr 
UNRESOLVED: gcc.c-torture/execute/990130-1.c execution,  -O2 -fwhopr 
FAIL: gcc.c-torture/execute/990326-1.c compilation,  -O0 -fwhopr 
UNRESOLVED: gcc.c-torture/execute/990326-1.c execution,  -O0 -fwhopr 
FAIL: gcc.c-torture/execute/990404-1.c compilation,  -O0 -fwhopr 
UNRESOLVED: gcc.c-torture/execute/990404-1.c execution,  -O0 -fwhopr 
FAIL: gcc.c-torture/execute/990524-1.c compilation,  -O0 -fwhopr 
UNRESOLVED: gcc.c-torture/execute/990524-1.c execution,  -O0 -fwhopr 
FAIL: gcc.c-torture/execute/990527-1.c compilation,  -O0 -fwhopr 
UNRESOLVED: gcc.c-torture/execute/990527-1.c execution,  -O0 -fwhopr 
FAIL: gcc.c-torture/execute/990826-0.c compilation,  -O2 -fwhopr 
UNRESOLVED: gcc.c-torture/execute/990826-0.c execution,  -O2 -fwhopr 
FAIL: gcc.c-torture/execute/990827-1.c compilation,  -O2 -fwhopr 
UNRESOLVED: gcc.c-torture/execute/990827-1.c execution,  -O2 -fwhopr 
FAIL: gcc.c-torture/execute/991030-1.c compilation,  -O0 -fwhopr 
UNRESOLVED: gcc.c-torture/execute/991030-1.c execution,  -O0 -fwhopr 
FAIL: gcc.c-torture/execute/991202-1.c compilation,  -O2 -fwhopr 
UNRESOLVED: gcc.c-torture/execute/991202-1.c execution,  -O2 -fwhopr 
FAIL: gcc.c-torture/execute/991202-3.c compilation,  -O2 -fwhopr 
UNRESOLVED: gcc.c-torture/execute/991202-3.c execution,  -O2 -fwhopr 
FAIL: gcc.c-torture/execute/991216-1.c compilation,  -O2 -fwhopr 
UNRESOLVED: gcc.c-torture/execute/991216-1.c execution,  -O2 -fwhopr 
FAIL: gcc.c-torture/execute/991216-2.c compilation,  -O2 -fwhopr 
UNRESOLVED: gcc.c-torture/execute/991216-2.c execution,  -O2 -fwhopr 
FAIL: gcc.c-torture/execute/991227-1.c compilation,  -O0 -fwhopr 
UNRESOLVED: gcc.c-torture/execute/991227-1.c execution,  -O0 -fwhopr 
FAIL: gcc.c-torture/execute/alloca-1.c compilation,  -O2 -fwhopr 
UNRESOLVED: gcc.c-torture/execute/alloca-1.c execution,  -O2 -fwhopr 
FAIL: gcc.c-torture/execute/arith-1.c compilation,  -O0 -fwhopr 
UNRESOLVED: gcc.c-torture/execute/arith-1.c execution,  -O0 -fwhopr 
FAIL: gcc.c-torture/execute/arith-rand-ll.c compilation,  -O2 -fwhopr 
UNRESOLVED: gcc.c-torture/execute/arith-rand-ll.c execution,  -O2 -fwhopr 
FAIL: gcc.c-torture/execute/ashldi-1.c compilation,  -O2 -fwhopr 
UNRESOLVED: gcc.c-torture/execute/ashldi-1.c execution,  -O2 -fwhopr 
FAIL: gcc.c-torture/execute/bf-sign-1.c compilation,  -O0 -fwhopr 
UNRESOLVED: gcc.c-torture/execute/bf-sign-1.c execution,  -O0 -fwhopr 
FAIL: gcc.c-torture/execute/bf64-1.c compilation,  -O0 -fwhopr 
UNRESOLVED: gcc.c-torture/execute/bf64-1.c execution,  -O0 -fwhopr 
FAIL: gcc.c-torture/execute/bitfld-2.c compilation,  -O2 -fwhopr 
UNRESOLVED: gcc.c-torture/execute/bitfld-2.c execution,  -O2 -fwhopr 
FAIL: gcc.c-torture/execute/builtin-prefetch-2.c compilation,  -O2 -fwhopr 
UNRESOLVED: gcc.c-torture/execute/builtin-prefetch-2.c execution,  -O2 -fwhopr 
FAIL: gcc.c-torture/execute/cbrt.c compilation,  -O0 -fwhopr 
UNRESOLVED: gcc.c-torture/execute/cbrt.c execution,  -O0 -fwhopr 
FAIL: gcc.c-torture/execute/cbrt.c execution,  -O2 -flto 
FAIL: gcc.c-torture/execute/cbrt.c execution,  -O2 -fwhopr 
FAIL: gcc.c-torture/execute/cbrt.c execution,  -O3 -flto -fomit-frame-pointer 
FAIL: gcc.c-torture/execute/cbrt.c execution,  -Os -flto 
FAIL: gcc.c-torture/execute/cmpdi-1.c compilation,  -O2 -fwhopr 
UNRESOLVED: gcc.c-torture/execute/cmpdi-1.c execution,  -O2 -fwhopr 
FAIL: gcc.c-torture/execute/cmpsi-1.c compilation,  -O0 -fwhopr 
UNRESOLVED: gcc.c-torture/execute/cmpsi-1.c execution,  -O0 -fwhopr 
FAIL: gcc.c-torture/execute/comp-goto-2.c compilation,  -O0 -flto  (internal compiler error)
UNRESOLVED: gcc.c-torture/execute/comp-goto-2.c execution,  -O0 -flto 
FAIL: gcc.c-torture/execute/comp-goto-2.c compilation,  -O0 -fwhopr  (internal compiler error)
UNRESOLVED: gcc.c-torture/execute/comp-goto-2.c execution,  -O0 -fwhopr 
FAIL: gcc.c-torture/execute/comp-goto-2.c compilation,  -O1 -flto  (internal compiler error)
UNRESOLVED: gcc.c-torture/execute/comp-goto-2.c execution,  -O1 -flto 
FAIL: gcc.c-torture/execute/comp-goto-2.c compilation,  -O2 -flto  (internal compiler error)
UNRESOLVED: gcc.c-torture/execute/comp-goto-2.c execution,  -O2 -flto 
FAIL: gcc.c-torture/execute/comp-goto-2.c compilation,  -O2 -fwhopr  (internal compiler error)
UNRESOLVED: gcc.c-torture/execute/comp-goto-2.c execution,  -O2 -fwhopr 
FAIL: gcc.c-torture/execute/comp-goto-2.c compilation,  -O3 -flto -fomit-frame-pointer  (internal compiler error)
UNRESOLVED: gcc.c-torture/execute/comp-goto-2.c execution,  -O3 -flto -fomit-frame-pointer 
FAIL: gcc.c-torture/execute/comp-goto-2.c compilation,  -Os -flto  (internal compiler error)
UNRESOLVED: gcc.c-torture/execute/comp-goto-2.c execution,  -Os -flto 
FAIL: gcc.c-torture/execute/complex-6.c compilation,  -O0 -fwhopr 
UNRESOLVED: gcc.c-torture/execute/complex-6.c execution,  -O0 -fwhopr 
FAIL: gcc.c-torture/execute/conversion.c compilation,  -O0 -fwhopr 
UNRESOLVED: gcc.c-torture/execute/conversion.c execution,  -O0 -fwhopr 
FAIL: gcc.c-torture/execute/cvt-1.c compilation,  -O0 -fwhopr 
UNRESOLVED: gcc.c-torture/execute/cvt-1.c execution,  -O0 -fwhopr 
FAIL: gcc.c-torture/execute/divcmp-4.c compilation,  -O0 -fwhopr 
UNRESOLVED: gcc.c-torture/execute/divcmp-4.c execution,  -O0 -fwhopr 
FAIL: gcc.c-torture/execute/divconst-3.c compilation,  -O2 -fwhopr 
UNRESOLVED: gcc.c-torture/execute/divconst-3.c execution,  -O2 -fwhopr 
FAIL: gcc.c-torture/execute/eeprof-1.c compilation,  -O2 -fwhopr 
UNRESOLVED: gcc.c-torture/execute/eeprof-1.c execution,  -O2 -fwhopr 
FAIL: gcc.c-torture/execute/ffs-1.c compilation,  -O2 -fwhopr 
UNRESOLVED: gcc.c-torture/execute/ffs-1.c execution,  -O2 -fwhopr 
FAIL: gcc.c-torture/execute/gofast.c compilation,  -O0 -fwhopr 
UNRESOLVED: gcc.c-torture/execute/gofast.c execution,  -O0 -fwhopr 
FAIL: gcc.c-torture/execute/inst-check.c compilation,  -O0 -fwhopr 
UNRESOLVED: gcc.c-torture/execute/inst-check.c execution,  -O0 -fwhopr 
FAIL: gcc.c-torture/execute/longlong.c compilation,  -O0 -fwhopr 
UNRESOLVED: gcc.c-torture/execute/longlong.c execution,  -O0 -fwhopr 
FAIL: gcc.c-torture/execute/loop-10.c compilation,  -O2 -fwhopr 
UNRESOLVED: gcc.c-torture/execute/loop-10.c execution,  -O2 -fwhopr 
FAIL: gcc.c-torture/execute/loop-14.c compilation,  -O2 -fwhopr 
UNRESOLVED: gcc.c-torture/execute/loop-14.c execution,  -O2 -fwhopr 
FAIL: gcc.c-torture/execute/loop-2f.c compilation,  -O2 -fwhopr 
UNRESOLVED: gcc.c-torture/execute/loop-2f.c execution,  -O2 -fwhopr 
FAIL: gcc.c-torture/execute/loop-3.c compilation,  -O0 -fwhopr 
UNRESOLVED: gcc.c-torture/execute/loop-3.c execution,  -O0 -fwhopr 
FAIL: gcc.c-torture/execute/loop-3c.c compilation,  -O0 -fwhopr 
UNRESOLVED: gcc.c-torture/execute/loop-3c.c execution,  -O0 -fwhopr 
FAIL: gcc.c-torture/execute/loop-4b.c compilation,  -O0 -fwhopr 
UNRESOLVED: gcc.c-torture/execute/loop-4b.c execution,  -O0 -fwhopr 
FAIL: gcc.c-torture/execute/loop-6.c compilation,  -O0 -fwhopr 
UNRESOLVED: gcc.c-torture/execute/loop-6.c execution,  -O0 -fwhopr 
FAIL: gcc.c-torture/execute/loop-8.c compilation,  -O0 -fwhopr 
UNRESOLVED: gcc.c-torture/execute/loop-8.c execution,  -O0 -fwhopr 
FAIL: gcc.c-torture/execute/loop-ivopts-1.c compilation,  -O0 -fwhopr 
UNRESOLVED: gcc.c-torture/execute/loop-ivopts-1.c execution,  -O0 -fwhopr 
FAIL: gcc.c-torture/execute/mayalias-1.c compilation,  -O2 -fwhopr 
UNRESOLVED: gcc.c-torture/execute/mayalias-1.c execution,  -O2 -fwhopr 
FAIL: gcc.c-torture/execute/medce-1.c compilation,  -O0 -fwhopr 
UNRESOLVED: gcc.c-torture/execute/medce-1.c execution,  -O0 -fwhopr 
FAIL: gcc.c-torture/execute/memcpy-bi.c compilation,  -O2 -fwhopr 
UNRESOLVED: gcc.c-torture/execute/memcpy-bi.c execution,  -O2 -fwhopr 
FAIL: gcc.c-torture/execute/multi-ix.c compilation,  -O0 -fwhopr 
UNRESOLVED: gcc.c-torture/execute/multi-ix.c execution,  -O0 -fwhopr 
FAIL: gcc.c-torture/execute/nest-align-1.c compilation,  -O0 -flto  (internal compiler error)
UNRESOLVED: gcc.c-torture/execute/nest-align-1.c execution,  -O0 -flto 
FAIL: gcc.c-torture/execute/nest-align-1.c compilation,  -O0 -fwhopr  (internal compiler error)
UNRESOLVED: gcc.c-torture/execute/nest-align-1.c execution,  -O0 -fwhopr 
FAIL: gcc.c-torture/execute/nest-align-1.c compilation,  -O1 -flto  (internal compiler error)
UNRESOLVED: gcc.c-torture/execute/nest-align-1.c execution,  -O1 -flto 
FAIL: gcc.c-torture/execute/nestfunc-3.c compilation,  -O0 -flto  (internal compiler error)
UNRESOLVED: gcc.c-torture/execute/nestfunc-3.c execution,  -O0 -flto 
FAIL: gcc.c-torture/execute/nestfunc-3.c compilation,  -O0 -fwhopr  (internal compiler error)
UNRESOLVED: gcc.c-torture/execute/nestfunc-3.c execution,  -O0 -fwhopr 
FAIL: gcc.c-torture/execute/nestfunc-3.c compilation,  -O1 -flto  (internal compiler error)
UNRESOLVED: gcc.c-torture/execute/nestfunc-3.c execution,  -O1 -flto 
FAIL: gcc.c-torture/execute/nestfunc-3.c compilation,  -O2 -flto  (internal compiler error)
UNRESOLVED: gcc.c-torture/execute/nestfunc-3.c execution,  -O2 -flto 
FAIL: gcc.c-torture/execute/nestfunc-3.c compilation,  -O2 -fwhopr  (internal compiler error)
UNRESOLVED: gcc.c-torture/execute/nestfunc-3.c execution,  -O2 -fwhopr 
FAIL: gcc.c-torture/execute/nestfunc-3.c compilation,  -O3 -flto -fomit-frame-pointer  (internal compiler error)
UNRESOLVED: gcc.c-torture/execute/nestfunc-3.c execution,  -O3 -flto -fomit-frame-pointer 
FAIL: gcc.c-torture/execute/nestfunc-3.c compilation,  -O3 -flto -fomit-frame-pointer -funroll-loops  (internal compiler error)
UNRESOLVED: gcc.c-torture/execute/nestfunc-3.c execution,  -O3 -flto -fomit-frame-pointer -funroll-loops 
FAIL: gcc.c-torture/execute/nestfunc-3.c compilation,  -O3 -flto -fomit-frame-pointer -funroll-all-loops -finline-functions  (internal compiler error)
UNRESOLVED: gcc.c-torture/execute/nestfunc-3.c execution,  -O3 -flto -fomit-frame-pointer -funroll-all-loops -finline-functions 
FAIL: gcc.c-torture/execute/nestfunc-3.c compilation,  -Os -flto  (internal compiler error)
UNRESOLVED: gcc.c-torture/execute/nestfunc-3.c execution,  -Os -flto 
FAIL: gcc.c-torture/execute/nestfunc-5.c compilation,  -O0 -flto  (internal compiler error)
UNRESOLVED: gcc.c-torture/execute/nestfunc-5.c execution,  -O0 -flto 
FAIL: gcc.c-torture/execute/nestfunc-5.c compilation,  -O0 -fwhopr  (internal compiler error)
UNRESOLVED: gcc.c-torture/execute/nestfunc-5.c execution,  -O0 -fwhopr 
FAIL: gcc.c-torture/execute/nestfunc-5.c compilation,  -O1 -flto  (internal compiler error)
UNRESOLVED: gcc.c-torture/execute/nestfunc-5.c execution,  -O1 -flto 
FAIL: gcc.c-torture/execute/nestfunc-5.c compilation,  -O2 -flto  (internal compiler error)
UNRESOLVED: gcc.c-torture/execute/nestfunc-5.c execution,  -O2 -flto 
FAIL: gcc.c-torture/execute/nestfunc-5.c compilation,  -O2 -fwhopr  (internal compiler error)
UNRESOLVED: gcc.c-torture/execute/nestfunc-5.c execution,  -O2 -fwhopr 
FAIL: gcc.c-torture/execute/nestfunc-5.c compilation,  -O3 -flto -fomit-frame-pointer  (internal compiler error)
UNRESOLVED: gcc.c-torture/execute/nestfunc-5.c execution,  -O3 -flto -fomit-frame-pointer 
FAIL: gcc.c-torture/execute/nestfunc-5.c compilation,  -Os -flto  (internal compiler error)
UNRESOLVED: gcc.c-torture/execute/nestfunc-5.c execution,  -Os -flto 
FAIL: gcc.c-torture/execute/nestfunc-6.c compilation,  -O0 -flto  (internal compiler error)
UNRESOLVED: gcc.c-torture/execute/nestfunc-6.c execution,  -O0 -flto 
FAIL: gcc.c-torture/execute/nestfunc-6.c compilation,  -O0 -fwhopr  (internal compiler error)
UNRESOLVED: gcc.c-torture/execute/nestfunc-6.c execution,  -O0 -fwhopr 
FAIL: gcc.c-torture/execute/nestfunc-6.c compilation,  -O1 -flto  (internal compiler error)
UNRESOLVED: gcc.c-torture/execute/nestfunc-6.c execution,  -O1 -flto 
FAIL: gcc.c-torture/execute/nestfunc-6.c compilation,  -O2 -flto  (internal compiler error)
UNRESOLVED: gcc.c-torture/execute/nestfunc-6.c execution,  -O2 -flto 
FAIL: gcc.c-torture/execute/nestfunc-6.c compilation,  -O2 -fwhopr  (internal compiler error)
UNRESOLVED: gcc.c-torture/execute/nestfunc-6.c execution,  -O2 -fwhopr 
FAIL: gcc.c-torture/execute/nestfunc-6.c compilation,  -O3 -flto -fomit-frame-pointer  (internal compiler error)
UNRESOLVED: gcc.c-torture/execute/nestfunc-6.c execution,  -O3 -flto -fomit-frame-pointer 
FAIL: gcc.c-torture/execute/nestfunc-6.c compilation,  -Os -flto  (internal compiler error)
UNRESOLVED: gcc.c-torture/execute/nestfunc-6.c execution,  -Os -flto 
FAIL: gcc.c-torture/execute/nestfunc-7.c compilation,  -O0 -flto  (internal compiler error)
UNRESOLVED: gcc.c-torture/execute/nestfunc-7.c execution,  -O0 -flto 
FAIL: gcc.c-torture/execute/nestfunc-7.c compilation,  -O0 -fwhopr  (internal compiler error)
UNRESOLVED: gcc.c-torture/execute/nestfunc-7.c execution,  -O0 -fwhopr 
FAIL: gcc.c-torture/execute/nestfunc-7.c compilation,  -O1 -flto  (internal compiler error)
UNRESOLVED: gcc.c-torture/execute/nestfunc-7.c execution,  -O1 -flto 
FAIL: gcc.c-torture/execute/pending-4.c compilation,  -O0 -fwhopr 
UNRESOLVED: gcc.c-torture/execute/pending-4.c execution,  -O0 -fwhopr 
FAIL: gcc.c-torture/execute/pr15262-2.c compilation,  -O2 -fwhopr 
UNRESOLVED: gcc.c-torture/execute/pr15262-2.c execution,  -O2 -fwhopr 
FAIL: gcc.c-torture/execute/pr16790-1.c compilation,  -O0 -fwhopr 
UNRESOLVED: gcc.c-torture/execute/pr16790-1.c execution,  -O0 -fwhopr 
FAIL: gcc.c-torture/execute/pr17252.c compilation,  -O0 -fwhopr 
UNRESOLVED: gcc.c-torture/execute/pr17252.c execution,  -O0 -fwhopr 
FAIL: gcc.c-torture/execute/pr17252.c execution,  -O2 -flto 
FAIL: gcc.c-torture/execute/pr17252.c execution,  -O2 -fwhopr 
FAIL: gcc.c-torture/execute/pr17252.c execution,  -O3 -flto -fomit-frame-pointer 
FAIL: gcc.c-torture/execute/pr17252.c execution,  -Os -flto 
FAIL: gcc.c-torture/execute/pr19005.c compilation,  -O2 -fwhopr 
UNRESOLVED: gcc.c-torture/execute/pr19005.c execution,  -O2 -fwhopr 
FAIL: gcc.c-torture/execute/pr19606.c compilation,  -O2 -fwhopr 
UNRESOLVED: gcc.c-torture/execute/pr19606.c execution,  -O2 -fwhopr 
FAIL: gcc.c-torture/execute/pr20100-1.c compilation,  -O0 -fwhopr 
UNRESOLVED: gcc.c-torture/execute/pr20100-1.c execution,  -O0 -fwhopr 
FAIL: gcc.c-torture/execute/pr20466-1.c compilation,  -O2 -fwhopr 
UNRESOLVED: gcc.c-torture/execute/pr20466-1.c execution,  -O2 -fwhopr 
FAIL: gcc.c-torture/execute/pr20601-1.c compilation,  -O2 -fwhopr 
UNRESOLVED: gcc.c-torture/execute/pr20601-1.c execution,  -O2 -fwhopr 
FAIL: gcc.c-torture/execute/pr21173.c compilation,  -O2 -fwhopr 
UNRESOLVED: gcc.c-torture/execute/pr21173.c execution,  -O2 -fwhopr 
FAIL: gcc.c-torture/execute/pr22061-3.c compilation,  -O0 -flto  (internal compiler error)
UNRESOLVED: gcc.c-torture/execute/pr22061-3.c execution,  -O0 -flto 
FAIL: gcc.c-torture/execute/pr22061-3.c compilation,  -O0 -fwhopr  (internal compiler error)
UNRESOLVED: gcc.c-torture/execute/pr22061-3.c execution,  -O0 -fwhopr 
FAIL: gcc.c-torture/execute/pr22061-3.c compilation,  -O1 -flto  (internal compiler error)
UNRESOLVED: gcc.c-torture/execute/pr22061-3.c execution,  -O1 -flto 
FAIL: gcc.c-torture/execute/pr22061-4.c compilation,  -O0 -flto  (internal compiler error)
UNRESOLVED: gcc.c-torture/execute/pr22061-4.c execution,  -O0 -flto 
FAIL: gcc.c-torture/execute/pr22061-4.c compilation,  -O0 -fwhopr  (internal compiler error)
UNRESOLVED: gcc.c-torture/execute/pr22061-4.c execution,  -O0 -fwhopr 
FAIL: gcc.c-torture/execute/pr22061-4.c compilation,  -O1 -flto  (internal compiler error)
UNRESOLVED: gcc.c-torture/execute/pr22061-4.c execution,  -O1 -flto 
FAIL: gcc.c-torture/execute/pr22098-3.c compilation,  -O0 -fwhopr 
UNRESOLVED: gcc.c-torture/execute/pr22098-3.c execution,  -O0 -fwhopr 
FAIL: gcc.c-torture/execute/pr22493-1.c compilation,  -O0 -fwhopr 
UNRESOLVED: gcc.c-torture/execute/pr22493-1.c execution,  -O0 -fwhopr 
FAIL: gcc.c-torture/execute/pr23324.c compilation,  -O0 -fwhopr 
UNRESOLVED: gcc.c-torture/execute/pr23324.c execution,  -O0 -fwhopr 
FAIL: gcc.c-torture/execute/pr23604.c compilation,  -O2 -fwhopr 
UNRESOLVED: gcc.c-torture/execute/pr23604.c execution,  -O2 -fwhopr 
FAIL: gcc.c-torture/execute/pr24135.c compilation,  -O0 -flto  (internal compiler error)
UNRESOLVED: gcc.c-torture/execute/pr24135.c execution,  -O0 -flto 
FAIL: gcc.c-torture/execute/pr24135.c compilation,  -O0 -fwhopr  (internal compiler error)
UNRESOLVED: gcc.c-torture/execute/pr24135.c execution,  -O0 -fwhopr 
FAIL: gcc.c-torture/execute/pr24135.c compilation,  -O1 -flto  (internal compiler error)
UNRESOLVED: gcc.c-torture/execute/pr24135.c execution,  -O1 -flto 
FAIL: gcc.c-torture/execute/pr24135.c compilation,  -O2 -flto  (internal compiler error)
UNRESOLVED: gcc.c-torture/execute/pr24135.c execution,  -O2 -flto 
FAIL: gcc.c-torture/execute/pr24135.c compilation,  -O2 -fwhopr  (internal compiler error)
UNRESOLVED: gcc.c-torture/execute/pr24135.c execution,  -O2 -fwhopr 
FAIL: gcc.c-torture/execute/pr24135.c compilation,  -O3 -flto -fomit-frame-pointer  (internal compiler error)
UNRESOLVED: gcc.c-torture/execute/pr24135.c execution,  -O3 -flto -fomit-frame-pointer 
FAIL: gcc.c-torture/execute/pr24135.c compilation,  -O3 -flto -fomit-frame-pointer -funroll-loops  (internal compiler error)
UNRESOLVED: gcc.c-torture/execute/pr24135.c execution,  -O3 -flto -fomit-frame-pointer -funroll-loops 
FAIL: gcc.c-torture/execute/pr24135.c compilation,  -O3 -flto -fomit-frame-pointer -funroll-all-loops -finline-functions  (internal compiler error)
UNRESOLVED: gcc.c-torture/execute/pr24135.c execution,  -O3 -flto -fomit-frame-pointer -funroll-all-loops -finline-functions 
FAIL: gcc.c-torture/execute/pr24135.c compilation,  -Os -flto  (internal compiler error)
UNRESOLVED: gcc.c-torture/execute/pr24135.c execution,  -Os -flto 
FAIL: gcc.c-torture/execute/pr24141.c compilation,  -O0 -fwhopr 
UNRESOLVED: gcc.c-torture/execute/pr24141.c execution,  -O0 -fwhopr 
FAIL: gcc.c-torture/execute/pr25737.c compilation,  -O0 -fwhopr 
UNRESOLVED: gcc.c-torture/execute/pr25737.c execution,  -O0 -fwhopr 
FAIL: gcc.c-torture/execute/pr27260.c compilation,  -O0 -fwhopr 
UNRESOLVED: gcc.c-torture/execute/pr27260.c execution,  -O0 -fwhopr 
FAIL: gcc.c-torture/execute/pr27364.c compilation,  -O0 -fwhopr 
UNRESOLVED: gcc.c-torture/execute/pr27364.c execution,  -O0 -fwhopr 
FAIL: gcc.c-torture/execute/pr28403.c compilation,  -O0 -fwhopr 
UNRESOLVED: gcc.c-torture/execute/pr28403.c execution,  -O0 -fwhopr 
FAIL: gcc.c-torture/execute/pr28982a.c compilation,  -O0 -fwhopr 
UNRESOLVED: gcc.c-torture/execute/pr28982a.c execution,  -O0 -fwhopr 
FAIL: gcc.c-torture/execute/pr28982b.c compilation,  -O0 -fwhopr 
UNRESOLVED: gcc.c-torture/execute/pr28982b.c execution,  -O0 -fwhopr 
FAIL: gcc.c-torture/execute/pr29006.c compilation,  -O0 -fwhopr 
UNRESOLVED: gcc.c-torture/execute/pr29006.c execution,  -O0 -fwhopr 
FAIL: gcc.c-torture/execute/pr29695-2.c compilation,  -O0 -fwhopr 
UNRESOLVED: gcc.c-torture/execute/pr29695-2.c execution,  -O0 -fwhopr 
FAIL: gcc.c-torture/execute/pr29797-2.c compilation,  -O2 -fwhopr 
UNRESOLVED: gcc.c-torture/execute/pr29797-2.c execution,  -O2 -fwhopr 
FAIL: gcc.c-torture/execute/pr31448.c compilation,  -O2 -fwhopr 
UNRESOLVED: gcc.c-torture/execute/pr31448.c execution,  -O2 -fwhopr 
FAIL: gcc.c-torture/execute/pr32500.c compilation,  -O0 -fwhopr 
UNRESOLVED: gcc.c-torture/execute/pr32500.c execution,  -O0 -fwhopr 
FAIL: gcc.c-torture/execute/pr33382.c compilation,  -O2 -fwhopr 
UNRESOLVED: gcc.c-torture/execute/pr33382.c execution,  -O2 -fwhopr 
FAIL: gcc.c-torture/execute/pr33779-1.c compilation,  -O2 -fwhopr 
UNRESOLVED: gcc.c-torture/execute/pr33779-1.c execution,  -O2 -fwhopr 
FAIL: gcc.c-torture/execute/pr33870.c compilation,  -O0 -fwhopr 
UNRESOLVED: gcc.c-torture/execute/pr33870.c execution,  -O0 -fwhopr 
FAIL: gcc.c-torture/execute/pr33992.c compilation,  -O2 -fwhopr 
UNRESOLVED: gcc.c-torture/execute/pr33992.c execution,  -O2 -fwhopr 
FAIL: gcc.c-torture/execute/pr34099-2.c compilation,  -O0 -fwhopr 
UNRESOLVED: gcc.c-torture/execute/pr34099-2.c execution,  -O0 -fwhopr 
FAIL: gcc.c-torture/execute/pr34154.c compilation,  -O0 -fwhopr 
UNRESOLVED: gcc.c-torture/execute/pr34154.c execution,  -O0 -fwhopr 
FAIL: gcc.c-torture/execute/pr34415.c compilation,  -O2 -fwhopr 
UNRESOLVED: gcc.c-torture/execute/pr34415.c execution,  -O2 -fwhopr 
FAIL: gcc.c-torture/execute/pr34768-1.c compilation,  -O2 -fwhopr 
UNRESOLVED: gcc.c-torture/execute/pr34768-1.c execution,  -O2 -fwhopr 
FAIL: gcc.c-torture/execute/pr35390.c compilation,  -O0 -fwhopr 
UNRESOLVED: gcc.c-torture/execute/pr35390.c execution,  -O0 -fwhopr 
FAIL: gcc.c-torture/execute/pr35800.c compilation,  -O0 -fwhopr 
UNRESOLVED: gcc.c-torture/execute/pr35800.c execution,  -O0 -fwhopr 
FAIL: gcc.c-torture/execute/pr36034-2.c compilation,  -O0 -fwhopr 
UNRESOLVED: gcc.c-torture/execute/pr36034-2.c execution,  -O0 -fwhopr 
FAIL: gcc.c-torture/execute/pr36077.c compilation,  -O0 -fwhopr 
UNRESOLVED: gcc.c-torture/execute/pr36077.c execution,  -O0 -fwhopr 
FAIL: gcc.c-torture/execute/pr36321.c compilation,  -O2 -fwhopr 
UNRESOLVED: gcc.c-torture/execute/pr36321.c execution,  -O2 -fwhopr 
FAIL: gcc.c-torture/execute/pr36691.c compilation,  -O0 -fwhopr 
UNRESOLVED: gcc.c-torture/execute/pr36691.c execution,  -O0 -fwhopr 
FAIL: gcc.c-torture/execute/pr37102.c compilation,  -O2 -fwhopr 
UNRESOLVED: gcc.c-torture/execute/pr37102.c execution,  -O2 -fwhopr 
FAIL: gcc.c-torture/execute/pr37882.c compilation,  -O0 -fwhopr 
UNRESOLVED: gcc.c-torture/execute/pr37882.c execution,  -O0 -fwhopr 
FAIL: gcc.c-torture/execute/pr38048-1.c compilation,  -O0 -fwhopr 
UNRESOLVED: gcc.c-torture/execute/pr38048-1.c execution,  -O0 -fwhopr 
FAIL: gcc.c-torture/execute/pr38051.c execution,  -O2 -flto 
FAIL: gcc.c-torture/execute/pr38051.c compilation,  -O2 -fwhopr 
UNRESOLVED: gcc.c-torture/execute/pr38051.c execution,  -O2 -fwhopr 
FAIL: gcc.c-torture/execute/pr38051.c execution,  -O3 -flto -fomit-frame-pointer 
FAIL: gcc.c-torture/execute/pr38051.c execution,  -O3 -flto -fomit-frame-pointer -funroll-loops 
FAIL: gcc.c-torture/execute/pr38051.c execution,  -O3 -flto -fomit-frame-pointer -funroll-all-loops -finline-functions 
FAIL: gcc.c-torture/execute/pr38051.c execution,  -Os -flto 
FAIL: gcc.c-torture/execute/pr38151.c compilation,  -O2 -fwhopr 
UNRESOLVED: gcc.c-torture/execute/pr38151.c execution,  -O2 -fwhopr 
FAIL: gcc.c-torture/execute/pr38533.c compilation,  -O0 -fwhopr 
UNRESOLVED: gcc.c-torture/execute/pr38533.c execution,  -O0 -fwhopr 
FAIL: gcc.c-torture/execute/pr39100.c compilation,  -O2 -fwhopr 
UNRESOLVED: gcc.c-torture/execute/pr39100.c execution,  -O2 -fwhopr 
FAIL: gcc.c-torture/execute/pr39233.c compilation,  -O0 -fwhopr 
UNRESOLVED: gcc.c-torture/execute/pr39233.c execution,  -O0 -fwhopr 
FAIL: gcc.c-torture/execute/pr39339.c compilation,  -O0 -fwhopr 
UNRESOLVED: gcc.c-torture/execute/pr39339.c execution,  -O0 -fwhopr 
FAIL: gcc.c-torture/execute/pr39501.c compilation,  -O2 -fwhopr 
UNRESOLVED: gcc.c-torture/execute/pr39501.c execution,  -O2 -fwhopr 
FAIL: gcc.c-torture/execute/printf-1.c compilation,  -O2 -fwhopr 
UNRESOLVED: gcc.c-torture/execute/printf-1.c execution,  -O2 -fwhopr 
FAIL: gcc.c-torture/execute/pta-field-1.c compilation,  -O0 -fwhopr 
UNRESOLVED: gcc.c-torture/execute/pta-field-1.c execution,  -O0 -fwhopr 
FAIL: gcc.c-torture/execute/pure-1.c compilation,  -O0 -fwhopr 
UNRESOLVED: gcc.c-torture/execute/pure-1.c execution,  -O0 -fwhopr 
FAIL: gcc.c-torture/execute/scope-1.c compilation,  -O0 -fwhopr 
UNRESOLVED: gcc.c-torture/execute/scope-1.c execution,  -O0 -fwhopr 
FAIL: gcc.c-torture/execute/simd-2.c compilation,  -O2 -fwhopr 
UNRESOLVED: gcc.c-torture/execute/simd-2.c execution,  -O2 -fwhopr 
FAIL: gcc.c-torture/execute/simd-4.c execution,  -O2 -flto 
FAIL: gcc.c-torture/execute/simd-4.c execution,  -O2 -fwhopr 
FAIL: gcc.c-torture/execute/simd-4.c execution,  -O3 -flto -fomit-frame-pointer 
FAIL: gcc.c-torture/execute/simd-4.c execution,  -Os -flto 
FAIL: gcc.c-torture/execute/simd-6.c compilation,  -O0 -fwhopr 
UNRESOLVED: gcc.c-torture/execute/simd-6.c execution,  -O0 -fwhopr 
FAIL: gcc.c-torture/execute/stdarg-2.c compilation,  -O0 -fwhopr 
UNRESOLVED: gcc.c-torture/execute/stdarg-2.c execution,  -O0 -fwhopr 
FAIL: gcc.c-torture/execute/stdarg-3.c compilation,  -O2 -fwhopr 
UNRESOLVED: gcc.c-torture/execute/stdarg-3.c execution,  -O2 -fwhopr 
FAIL: gcc.c-torture/execute/stdarg-4.c compilation,  -O0 -fwhopr 
UNRESOLVED: gcc.c-torture/execute/stdarg-4.c execution,  -O0 -fwhopr 
FAIL: gcc.c-torture/execute/strcmp-1.c compilation,  -O2 -fwhopr 
UNRESOLVED: gcc.c-torture/execute/strcmp-1.c execution,  -O2 -fwhopr 
FAIL: gcc.c-torture/execute/strcpy-1.c compilation,  -O0 -fwhopr 
UNRESOLVED: gcc.c-torture/execute/strcpy-1.c execution,  -O0 -fwhopr 
FAIL: gcc.c-torture/execute/strct-pack-2.c compilation,  -O0 -fwhopr 
UNRESOLVED: gcc.c-torture/execute/strct-pack-2.c execution,  -O0 -fwhopr 
FAIL: gcc.c-torture/execute/strct-stdarg-1.c compilation,  -O0 -fwhopr 
UNRESOLVED: gcc.c-torture/execute/strct-stdarg-1.c execution,  -O0 -fwhopr 
FAIL: gcc.c-torture/execute/string-opt-17.c compilation,  -O0 -fwhopr 
UNRESOLVED: gcc.c-torture/execute/string-opt-17.c execution,  -O0 -fwhopr 
FAIL: gcc.c-torture/execute/string-opt-5.c compilation,  -O2 -fwhopr 
UNRESOLVED: gcc.c-torture/execute/string-opt-5.c execution,  -O2 -fwhopr 
FAIL: gcc.c-torture/execute/strncmp-1.c compilation,  -O0 -fwhopr 
UNRESOLVED: gcc.c-torture/execute/strncmp-1.c execution,  -O0 -fwhopr 
FAIL: gcc.c-torture/execute/struct-aliasing-1.c compilation,  -O0 -fwhopr 
UNRESOLVED: gcc.c-torture/execute/struct-aliasing-1.c execution,  -O0 -fwhopr 
FAIL: gcc.c-torture/execute/struct-ini-2.c compilation,  -O0 -fwhopr 
UNRESOLVED: gcc.c-torture/execute/struct-ini-2.c execution,  -O0 -fwhopr 
FAIL: gcc.c-torture/execute/struct-ret-1.c compilation,  -O0 -fwhopr 
UNRESOLVED: gcc.c-torture/execute/struct-ret-1.c execution,  -O0 -fwhopr 
FAIL: gcc.c-torture/execute/switch-1.c compilation,  -O2 -fwhopr 
UNRESOLVED: gcc.c-torture/execute/switch-1.c execution,  -O2 -fwhopr 
FAIL: gcc.c-torture/execute/unroll-1.c compilation,  -O2 -fwhopr 
UNRESOLVED: gcc.c-torture/execute/unroll-1.c execution,  -O2 -fwhopr 
FAIL: gcc.c-torture/execute/va-arg-10.c compilation,  -O0 -fwhopr 
UNRESOLVED: gcc.c-torture/execute/va-arg-10.c execution,  -O0 -fwhopr 
FAIL: gcc.c-torture/execute/va-arg-11.c compilation,  -O0 -fwhopr 
UNRESOLVED: gcc.c-torture/execute/va-arg-11.c execution,  -O0 -fwhopr 
FAIL: gcc.c-torture/execute/va-arg-17.c compilation,  -O2 -fwhopr 
UNRESOLVED: gcc.c-torture/execute/va-arg-17.c execution,  -O2 -fwhopr 
FAIL: gcc.c-torture/execute/va-arg-20.c compilation,  -O0 -fwhopr 
UNRESOLVED: gcc.c-torture/execute/va-arg-20.c execution,  -O0 -fwhopr 
FAIL: gcc.c-torture/execute/va-arg-22.c compilation,  -O0 -fwhopr 
UNRESOLVED: gcc.c-torture/execute/va-arg-22.c execution,  -O0 -fwhopr 
FAIL: gcc.c-torture/execute/va-arg-23.c compilation,  -O2 -fwhopr 
UNRESOLVED: gcc.c-torture/execute/va-arg-23.c execution,  -O2 -fwhopr 
FAIL: gcc.c-torture/execute/va-arg-4.c compilation,  -O0 -fwhopr 
UNRESOLVED: gcc.c-torture/execute/va-arg-4.c execution,  -O0 -fwhopr 
FAIL: gcc.c-torture/execute/va-arg-6.c compilation,  -O0 -fwhopr 
UNRESOLVED: gcc.c-torture/execute/va-arg-6.c execution,  -O0 -fwhopr 
FAIL: gcc.c-torture/execute/va-arg-8.c compilation,  -O2 -fwhopr 
UNRESOLVED: gcc.c-torture/execute/va-arg-8.c execution,  -O2 -fwhopr 
FAIL: gcc.c-torture/execute/va-arg-trap-1.c compilation,  -O2 -fwhopr 
UNRESOLVED: gcc.c-torture/execute/va-arg-trap-1.c execution,  -O2 -fwhopr 
FAIL: gcc.c-torture/execute/vrp-5.c compilation,  -O2 -fwhopr 
UNRESOLVED: gcc.c-torture/execute/vrp-5.c execution,  -O2 -fwhopr 
FAIL: gcc.c-torture/execute/wchar_t-1.c compilation,  -O0 -fwhopr 
UNRESOLVED: gcc.c-torture/execute/wchar_t-1.c execution,  -O0 -fwhopr 
FAIL: gcc.c-torture/execute/zero-struct-1.c compilation,  -O0 -fwhopr 
UNRESOLVED: gcc.c-torture/execute/zero-struct-1.c execution,  -O0 -fwhopr 
FAIL: gcc.c-torture/execute/zerolen-2.c compilation,  -O0 -fwhopr 
UNRESOLVED: gcc.c-torture/execute/zerolen-2.c execution,  -O0 -fwhopr 
FAIL: gcc.c-torture/execute/ieee/20030331-1.c compilation,  -O0 -fwhopr 
UNRESOLVED: gcc.c-torture/execute/ieee/20030331-1.c execution,  -O0 -fwhopr 
FAIL: gcc.c-torture/execute/ieee/920518-1.c compilation,  -O0 -fwhopr 
UNRESOLVED: gcc.c-torture/execute/ieee/920518-1.c execution,  -O0 -fwhopr 
FAIL: gcc.c-torture/execute/ieee/930529-1.c compilation,  -O0 -fwhopr 
UNRESOLVED: gcc.c-torture/execute/ieee/930529-1.c execution,  -O0 -fwhopr 
FAIL: gcc.c-torture/execute/ieee/acc1.c compilation,  -O0 -fwhopr 
UNRESOLVED: gcc.c-torture/execute/ieee/acc1.c execution,  -O0 -fwhopr 
FAIL: gcc.c-torture/execute/ieee/acc1.c compilation,  -O2 -fwhopr 
UNRESOLVED: gcc.c-torture/execute/ieee/acc1.c execution,  -O2 -fwhopr 
FAIL: gcc.c-torture/execute/ieee/builtin-nan-1.c compilation,  -O2 -fwhopr 
UNRESOLVED: gcc.c-torture/execute/ieee/builtin-nan-1.c execution,  -O2 -fwhopr 
FAIL: gcc.c-torture/execute/ieee/compare-fp-2.c compilation,  -O0 -fwhopr 
UNRESOLVED: gcc.c-torture/execute/ieee/compare-fp-2.c execution,  -O0 -fwhopr 
FAIL: gcc.c-torture/execute/ieee/compare-fp-4.c compilation,  -O0 -fwhopr 
UNRESOLVED: gcc.c-torture/execute/ieee/compare-fp-4.c execution,  -O0 -fwhopr 
FAIL: gcc.c-torture/execute/ieee/copysign1.c compilation,  -O0 -fwhopr 
UNRESOLVED: gcc.c-torture/execute/ieee/copysign1.c execution,  -O0 -fwhopr 
FAIL: gcc.c-torture/execute/ieee/fp-cmp-3.c compilation,  -O0 -fwhopr 
UNRESOLVED: gcc.c-torture/execute/ieee/fp-cmp-3.c execution,  -O0 -fwhopr 
FAIL: gcc.c-torture/execute/ieee/fp-cmp-4.c compilation,  -O2 -fwhopr 
UNRESOLVED: gcc.c-torture/execute/ieee/fp-cmp-4.c execution,  -O2 -fwhopr 
FAIL: gcc.c-torture/execute/ieee/fp-cmp-4e.c compilation,  -O2 -fwhopr 
UNRESOLVED: gcc.c-torture/execute/ieee/fp-cmp-4e.c execution,  -O2 -fwhopr 
FAIL: gcc.c-torture/execute/ieee/fp-cmp-4l.c compilation,  -O0 -fwhopr 
UNRESOLVED: gcc.c-torture/execute/ieee/fp-cmp-4l.c execution,  -O0 -fwhopr 
FAIL: gcc.c-torture/execute/ieee/fp-cmp-7.c compilation,  -O0 -fwhopr 
UNRESOLVED: gcc.c-torture/execute/ieee/fp-cmp-7.c execution,  -O0 -fwhopr 
FAIL: gcc.c-torture/execute/ieee/inf-1.c compilation,  -O0 -fwhopr 
UNRESOLVED: gcc.c-torture/execute/ieee/inf-1.c execution,  -O0 -fwhopr 
FAIL: gcc.c-torture/execute/ieee/inf-3.c compilation,  -O2 -fwhopr 
UNRESOLVED: gcc.c-torture/execute/ieee/inf-3.c execution,  -O2 -fwhopr 
FAIL: gcc.c-torture/execute/ieee/minuszero.c execution,  -O2 -flto 
FAIL: gcc.c-torture/execute/ieee/minuszero.c execution,  -O2 -fwhopr 
FAIL: gcc.c-torture/execute/ieee/minuszero.c execution,  -O3 -flto -fomit-frame-pointer 
FAIL: gcc.c-torture/execute/ieee/minuszero.c execution,  -O3 -flto -fomit-frame-pointer -funroll-loops 
FAIL: gcc.c-torture/execute/ieee/minuszero.c execution,  -O3 -flto -fomit-frame-pointer -funroll-all-loops -finline-functions 
FAIL: gcc.c-torture/execute/ieee/minuszero.c execution,  -Os -flto 
FAIL: gcc.c-torture/execute/ieee/mzero3.c compilation,  -O2 -fwhopr 
UNRESOLVED: gcc.c-torture/execute/ieee/mzero3.c execution,  -O2 -fwhopr 
FAIL: gcc.c-torture/execute/ieee/pr30704.c compilation,  -O2 -fwhopr 
UNRESOLVED: gcc.c-torture/execute/ieee/pr30704.c execution,  -O2 -fwhopr 
FAIL: gcc.c-torture/execute/ieee/unsafe-fp-assoc.c compilation,  -O0 -fwhopr 
UNRESOLVED: gcc.c-torture/execute/ieee/unsafe-fp-assoc.c execution,  -O0 -fwhopr 
FAIL: gcc.dg/autopar/parallelization-1.c scan-tree-dump-times final_cleanup "loopfn" 5
FAIL: gcc.dg/debug/pr39412.c -gdwarf-21 -flto (internal compiler error)
FAIL: gcc.dg/debug/pr39412.c -gdwarf-21 -flto (test for excess errors)
FAIL: gcc.dg/debug/pr39412.c -gdwarf-2 -flto (internal compiler error)
FAIL: gcc.dg/debug/pr39412.c -gdwarf-2 -flto (test for excess errors)
FAIL: gcc.dg/debug/pr39412.c -gdwarf-23 -flto (internal compiler error)
FAIL: gcc.dg/debug/pr39412.c -gdwarf-23 -flto (test for excess errors)
FAIL: gcc.dg/builtin-apply4.c execution test
FAIL: gcc.dg/c99-stdint-1.c (test for excess errors)
FAIL: gcc.dg/exceptions.c scan-assembler .cfi_personality
FAIL: gcc.dg/pr37106-1.c (internal compiler error)
FAIL: gcc.dg/pr37106-1.c (test for excess errors)
FAIL: gcc.dg/visibility-7.c  (test for warnings, line 8)
FAIL: gcc.dg/visibility-7.c (test for excess errors)
FAIL: gcc.dg/lto/20081111 c_lto_20081111_0.o-c_lto_20081111_1.o link
UNRESOLVED: gcc.dg/lto/20081111 c_lto_20081111_0.o-c_lto_20081111_1.o execute -O2 -fwhopr
FAIL: gcc.dg/lto/20081125 c_lto_20081125_0.o-c_lto_20081125_1.o link
UNRESOLVED: gcc.dg/lto/20081125 c_lto_20081125_0.o-c_lto_20081125_1.o execute -O0 -fwhopr
FAIL: gcc.dg/lto/20081126 c_lto_20081126_0.o compile, -flto -shared
UNRESOLVED: gcc.dg/lto/20081126 c_lto_20081126_0.o-c_lto_20081126_0.o link -flto -shared
UNRESOLVED: gcc.dg/lto/20081126 c_lto_20081126_0.o-c_lto_20081126_0.o execute -flto -shared
FAIL: gcc.dg/lto/20081204-2 c_lto_20081204-2_0.o compile, -w -flto -fPIC -shared
UNRESOLVED: gcc.dg/lto/20081204-2 c_lto_20081204-2_0.o-c_lto_20081204-2_0.o link -w -flto -fPIC -shared
UNRESOLVED: gcc.dg/lto/20081204-2 c_lto_20081204-2_0.o-c_lto_20081204-2_0.o execute -w -flto -fPIC -shared
FAIL: gcc.dg/lto/20090206-1 c_lto_20090206-1_0.o compile, -shared -fwhopr -msse2
UNRESOLVED: gcc.dg/lto/20090206-1 c_lto_20090206-1_0.o-c_lto_20090206-1_0.o link -shared -fwhopr
UNRESOLVED: gcc.dg/lto/20090206-1 c_lto_20090206-1_0.o-c_lto_20090206-1_0.o execute -shared -fwhopr
FAIL: gcc.dg/lto/20090213 c_lto_20090213_0.o-c_lto_20090213_1.o link
UNRESOLVED: gcc.dg/lto/20090213 c_lto_20090213_0.o-c_lto_20090213_1.o execute -O2 -fwhopr
FAIL: gcc.dg/matrix/matrix-1.c scan-ipa-dump-times matrix-reorg "Flattened 3 dimensions" 1: dump file does not exist
FAIL: gcc.dg/matrix/matrix-2.c scan-ipa-dump-times matrix-reorg "Flattened 2 dimensions" 1: dump file does not exist
FAIL: gcc.dg/matrix/matrix-5.c scan-ipa-dump-times matrix-reorg "Flattened" 0: dump file does not exist
FAIL: gcc.dg/matrix/matrix-6.c scan-ipa-dump-times matrix-reorg "Flattened 2 dimensions" 1: dump file does not exist
FAIL: gcc.dg/pch/counter-1.c  -O0 -flto  assembly comparison
FAIL: gcc.dg/pch/counter-1.c  -O0 -fwhopr  assembly comparison
FAIL: gcc.dg/pch/counter-1.c  -O1 -flto  assembly comparison
FAIL: gcc.dg/pch/counter-1.c  -O2 -flto  assembly comparison
FAIL: gcc.dg/pch/counter-1.c  -O2 -fwhopr  assembly comparison
FAIL: gcc.dg/pch/counter-1.c  -O3 -flto -fomit-frame-pointer  assembly comparison
FAIL: gcc.dg/pch/counter-1.c  -Os -flto  assembly comparison
FAIL: gcc.dg/pch/counter-3.c  -O0 -flto  assembly comparison
FAIL: gcc.dg/pch/counter-3.c  -O0 -fwhopr  assembly comparison
FAIL: gcc.dg/pch/counter-3.c  -O1 -flto  assembly comparison
FAIL: gcc.dg/pch/counter-3.c  -O2 -flto  assembly comparison
FAIL: gcc.dg/pch/counter-3.c  -O2 -fwhopr  assembly comparison
FAIL: gcc.dg/pch/counter-3.c  -O3 -flto -fomit-frame-pointer  assembly comparison
FAIL: gcc.dg/pch/counter-3.c  -Os -flto  assembly comparison
FAIL: gcc.dg/pch/cpp-3.c  -O0 -flto  assembly comparison
FAIL: gcc.dg/pch/cpp-3.c  -O0 -fwhopr  assembly comparison
FAIL: gcc.dg/pch/cpp-3.c  -O1 -flto  assembly comparison
FAIL: gcc.dg/pch/cpp-3.c  -O2 -flto  assembly comparison
FAIL: gcc.dg/pch/cpp-3.c  -O2 -fwhopr  assembly comparison
FAIL: gcc.dg/pch/cpp-3.c  -O3 -flto -fomit-frame-pointer  assembly comparison
FAIL: gcc.dg/pch/cpp-3.c  -Os -flto  assembly comparison
FAIL: gcc.dg/pch/decl-1.c  -O0 -flto  assembly comparison
FAIL: gcc.dg/pch/decl-1.c  -O0 -fwhopr  assembly comparison
FAIL: gcc.dg/pch/decl-1.c  -O1 -flto  assembly comparison
FAIL: gcc.dg/pch/decl-1.c  -O2 -flto  assembly comparison
FAIL: gcc.dg/pch/decl-1.c  -O2 -fwhopr  assembly comparison
FAIL: gcc.dg/pch/decl-1.c  -O3 -flto -fomit-frame-pointer  assembly comparison
FAIL: gcc.dg/pch/decl-1.c  -Os -flto  assembly comparison
FAIL: gcc.dg/pch/decl-2.c  -O0 -flto  assembly comparison
FAIL: gcc.dg/pch/decl-2.c  -O0 -fwhopr  assembly comparison
FAIL: gcc.dg/pch/decl-2.c  -O1 -flto  assembly comparison
FAIL: gcc.dg/pch/decl-2.c  -O2 -flto  assembly comparison
FAIL: gcc.dg/pch/decl-2.c  -O2 -fwhopr  assembly comparison
FAIL: gcc.dg/pch/decl-2.c  -O3 -flto -fomit-frame-pointer  assembly comparison
FAIL: gcc.dg/pch/decl-2.c  -Os -flto  assembly comparison
FAIL: gcc.dg/pch/decl-3.c  -O0 -flto  assembly comparison
FAIL: gcc.dg/pch/decl-3.c  -O0 -fwhopr  assembly comparison
FAIL: gcc.dg/pch/decl-3.c  -O1 -flto  assembly comparison
FAIL: gcc.dg/pch/decl-3.c  -O2 -flto  assembly comparison
FAIL: gcc.dg/pch/decl-3.c  -O2 -fwhopr  assembly comparison
FAIL: gcc.dg/pch/decl-3.c  -O3 -flto -fomit-frame-pointer  assembly comparison
FAIL: gcc.dg/pch/decl-3.c  -Os -flto  assembly comparison
FAIL: gcc.dg/pch/decl-4.c  -O0 -flto  assembly comparison
FAIL: gcc.dg/pch/decl-4.c  -O0 -fwhopr  assembly comparison
FAIL: gcc.dg/pch/decl-4.c  -O1 -flto  assembly comparison
FAIL: gcc.dg/pch/decl-4.c  -O2 -flto  assembly comparison
FAIL: gcc.dg/pch/decl-4.c  -O2 -fwhopr  assembly comparison
FAIL: gcc.dg/pch/decl-4.c  -O3 -flto -fomit-frame-pointer  assembly comparison
FAIL: gcc.dg/pch/decl-4.c  -Os -flto  assembly comparison
FAIL: gcc.dg/pch/empty.c  -O0 -flto  assembly comparison
FAIL: gcc.dg/pch/empty.c  -O0 -fwhopr  assembly comparison
FAIL: gcc.dg/pch/empty.c  -O1 -flto  assembly comparison
FAIL: gcc.dg/pch/empty.c  -O2 -flto  assembly comparison
FAIL: gcc.dg/pch/empty.c  -O2 -fwhopr  assembly comparison
FAIL: gcc.dg/pch/empty.c  -O3 -flto -fomit-frame-pointer  assembly comparison
FAIL: gcc.dg/pch/empty.c  -Os -flto  assembly comparison
FAIL: gcc.dg/pch/except-1.c  -O0 -flto  assembly comparison
FAIL: gcc.dg/pch/except-1.c  -O0 -fwhopr  assembly comparison
FAIL: gcc.dg/pch/except-1.c  -O1 -flto  assembly comparison
FAIL: gcc.dg/pch/except-1.c  -O2 -flto  assembly comparison
FAIL: gcc.dg/pch/except-1.c  -O2 -fwhopr  assembly comparison
FAIL: gcc.dg/pch/except-1.c  -O3 -flto -fomit-frame-pointer  assembly comparison
FAIL: gcc.dg/pch/except-1.c  -Os -flto  assembly comparison
FAIL: gcc.dg/pch/import-2.c  -O0 -flto  assembly comparison
FAIL: gcc.dg/pch/import-2.c  -O0 -fwhopr  assembly comparison
FAIL: gcc.dg/pch/import-2.c  -O1 -flto  assembly comparison
FAIL: gcc.dg/pch/import-2.c  -O2 -flto  assembly comparison
FAIL: gcc.dg/pch/import-2.c  -O2 -fwhopr  assembly comparison
FAIL: gcc.dg/pch/import-2.c  -O3 -flto -fomit-frame-pointer  assembly comparison
FAIL: gcc.dg/pch/import-2.c  -Os -flto  assembly comparison
FAIL: gcc.dg/pch/inline-1.c  -O0 -flto  assembly comparison
FAIL: gcc.dg/pch/inline-1.c  -O0 -fwhopr  assembly comparison
FAIL: gcc.dg/pch/inline-1.c  -O1 -flto  assembly comparison
FAIL: gcc.dg/pch/inline-1.c  -O2 -flto  assembly comparison
FAIL: gcc.dg/pch/inline-1.c  -O2 -fwhopr  assembly comparison
FAIL: gcc.dg/pch/inline-1.c  -O3 -flto -fomit-frame-pointer  assembly comparison
FAIL: gcc.dg/pch/inline-1.c  -Os -flto  assembly comparison
FAIL: gcc.dg/pch/inline-3.c  -O0 -flto  assembly comparison
FAIL: gcc.dg/pch/inline-3.c  -O0 -fwhopr  assembly comparison
FAIL: gcc.dg/pch/inline-3.c  -O1 -flto  assembly comparison
FAIL: gcc.dg/pch/inline-3.c  -O2 -flto  assembly comparison
FAIL: gcc.dg/pch/inline-3.c  -O2 -fwhopr  assembly comparison
FAIL: gcc.dg/pch/inline-3.c  -O3 -flto -fomit-frame-pointer  assembly comparison
FAIL: gcc.dg/pch/inline-3.c  -Os -flto  assembly comparison
FAIL: gcc.dg/pch/inline-4.c  -O0 -flto  assembly comparison
FAIL: gcc.dg/pch/inline-4.c  -O0 -fwhopr  assembly comparison
FAIL: gcc.dg/pch/inline-4.c  -O1 -flto  assembly comparison
FAIL: gcc.dg/pch/inline-4.c  -O2 -flto  assembly comparison
FAIL: gcc.dg/pch/inline-4.c  -O2 -fwhopr  assembly comparison
FAIL: gcc.dg/pch/inline-4.c  -O3 -flto -fomit-frame-pointer  assembly comparison
FAIL: gcc.dg/pch/inline-4.c  -Os -flto  assembly comparison
FAIL: gcc.dg/pch/macro-1.c  -O0 -flto  assembly comparison
FAIL: gcc.dg/pch/macro-1.c  -O0 -fwhopr  assembly comparison
FAIL: gcc.dg/pch/macro-1.c  -O1 -flto  assembly comparison
FAIL: gcc.dg/pch/macro-1.c  -O2 -flto  assembly comparison
FAIL: gcc.dg/pch/macro-1.c  -O2 -fwhopr  assembly comparison
FAIL: gcc.dg/pch/macro-1.c  -O3 -flto -fomit-frame-pointer  assembly comparison
FAIL: gcc.dg/pch/macro-1.c  -Os -flto  assembly comparison
FAIL: gcc.dg/pch/macro-2.c  -O0 -flto  assembly comparison
FAIL: gcc.dg/pch/macro-2.c  -O0 -fwhopr  assembly comparison
FAIL: gcc.dg/pch/macro-2.c  -O1 -flto  assembly comparison
FAIL: gcc.dg/pch/macro-2.c  -O2 -flto  assembly comparison
FAIL: gcc.dg/pch/macro-2.c  -O2 -fwhopr  assembly comparison
FAIL: gcc.dg/pch/macro-2.c  -O3 -flto -fomit-frame-pointer  assembly comparison
FAIL: gcc.dg/pch/macro-2.c  -Os -flto  assembly comparison
FAIL: gcc.dg/pch/macro-3.c  -O0 -flto  assembly comparison
FAIL: gcc.dg/pch/macro-3.c  -O0 -fwhopr  assembly comparison
FAIL: gcc.dg/pch/macro-3.c  -O1 -flto  assembly comparison
FAIL: gcc.dg/pch/macro-3.c  -O2 -flto  assembly comparison
FAIL: gcc.dg/pch/macro-3.c  -O2 -fwhopr  assembly comparison
FAIL: gcc.dg/pch/macro-3.c  -O3 -flto -fomit-frame-pointer  assembly comparison
FAIL: gcc.dg/pch/macro-3.c  -Os -flto  assembly comparison
FAIL: gcc.dg/pch/macro-4.c  -O0 -flto  assembly comparison
FAIL: gcc.dg/pch/macro-4.c  -O0 -fwhopr  assembly comparison
FAIL: gcc.dg/pch/macro-4.c  -O1 -flto  assembly comparison
FAIL: gcc.dg/pch/macro-4.c  -O2 -flto  assembly comparison
FAIL: gcc.dg/pch/macro-4.c  -O2 -fwhopr  assembly comparison
FAIL: gcc.dg/pch/macro-4.c  -O3 -flto -fomit-frame-pointer  assembly comparison
FAIL: gcc.dg/pch/macro-4.c  -Os -flto  assembly comparison
FAIL: gcc.dg/pch/save-temps-1.c  -O0 -flto  assembly comparison
FAIL: gcc.dg/pch/save-temps-1.c  -O0 -fwhopr  assembly comparison
FAIL: gcc.dg/pch/save-temps-1.c  -O1 -flto  assembly comparison
FAIL: gcc.dg/pch/save-temps-1.c  -O2 -flto  assembly comparison
FAIL: gcc.dg/pch/save-temps-1.c  -O2 -fwhopr  assembly comparison
FAIL: gcc.dg/pch/save-temps-1.c  -O3 -flto -fomit-frame-pointer  assembly comparison
FAIL: gcc.dg/pch/save-temps-1.c  -Os -flto  assembly comparison
FAIL: gcc.dg/pch/static-1.c  -O0 -flto  assembly comparison
FAIL: gcc.dg/pch/static-1.c  -O0 -fwhopr  assembly comparison
FAIL: gcc.dg/pch/static-2.c  -O0 -flto  assembly comparison
FAIL: gcc.dg/pch/static-2.c  -O0 -fwhopr  assembly comparison
FAIL: gcc.dg/pch/static-2.c  -O1 -flto  assembly comparison
FAIL: gcc.dg/pch/static-2.c  -O2 -flto  assembly comparison
FAIL: gcc.dg/pch/static-2.c  -O2 -fwhopr  assembly comparison
FAIL: gcc.dg/pch/static-2.c  -O3 -flto -fomit-frame-pointer  assembly comparison
FAIL: gcc.dg/pch/static-2.c  -Os -flto  assembly comparison
FAIL: gcc.dg/pch/static-3.c  -O0 -flto  assembly comparison
FAIL: gcc.dg/pch/static-3.c  -O0 -fwhopr  assembly comparison
FAIL: gcc.dg/pch/static-3.c  -O1 -flto  assembly comparison
FAIL: gcc.dg/pch/static-3.c  -O2 -flto  assembly comparison
FAIL: gcc.dg/pch/static-3.c  -O2 -fwhopr  assembly comparison
FAIL: gcc.dg/pch/static-3.c  -O3 -flto -fomit-frame-pointer  assembly comparison
FAIL: gcc.dg/pch/static-3.c  -Os -flto  assembly comparison
FAIL: gcc.dg/pch/struct-1.c  -O0 -flto  assembly comparison
FAIL: gcc.dg/pch/struct-1.c  -O0 -fwhopr  assembly comparison
FAIL: gcc.dg/pch/struct-1.c  -O1 -flto  assembly comparison
FAIL: gcc.dg/pch/struct-1.c  -O2 -flto  assembly comparison
FAIL: gcc.dg/pch/struct-1.c  -O2 -fwhopr  assembly comparison
FAIL: gcc.dg/pch/struct-1.c  -O3 -flto -fomit-frame-pointer  assembly comparison
FAIL: gcc.dg/pch/struct-1.c  -Os -flto  assembly comparison
FAIL: gcc.dg/pch/system-1.c  -O0 -flto  assembly comparison
FAIL: gcc.dg/pch/system-1.c  -O0 -fwhopr  assembly comparison
FAIL: gcc.dg/pch/system-1.c  -O1 -flto  assembly comparison
FAIL: gcc.dg/pch/system-1.c  -O2 -flto  assembly comparison
FAIL: gcc.dg/pch/system-1.c  -O2 -fwhopr  assembly comparison
FAIL: gcc.dg/pch/system-1.c  -O3 -flto -fomit-frame-pointer  assembly comparison
FAIL: gcc.dg/pch/system-1.c  -Os -flto  assembly comparison
FAIL: gcc.dg/pch/valid-1b.c  -O0 -flto  assembly comparison
FAIL: gcc.dg/pch/valid-1b.c  -O0 -fwhopr  assembly comparison
FAIL: gcc.dg/pch/valid-1b.c  -O1 -flto  assembly comparison
FAIL: gcc.dg/pch/valid-1b.c  -O2 -flto  assembly comparison
FAIL: gcc.dg/pch/valid-1b.c  -O2 -fwhopr  assembly comparison
FAIL: gcc.dg/pch/valid-1b.c  -O3 -flto -fomit-frame-pointer  assembly comparison
FAIL: gcc.dg/pch/valid-1b.c  -Os -flto  assembly comparison
FAIL: gcc.dg/struct/wo_prof_array_field.c scan-ipa-dump ipa_struct_reorg "Number of structures to transform is 1": dump file does not exist
FAIL: gcc.dg/struct/wo_prof_double_malloc.c scan-ipa-dump ipa_struct_reorg "Number of structures to transform is 1": dump file does not exist
FAIL: gcc.dg/struct/wo_prof_escape_str_init.c scan-ipa-dump ipa_struct_reorg "is initialized...Excluded": dump file does not exist
FAIL: gcc.dg/struct/wo_prof_escape_substr_array.c scan-ipa-dump ipa_struct_reorg "is a field in the structure": dump file does not exist
FAIL: gcc.dg/struct/wo_prof_escape_substr_pointer.c scan-ipa-dump ipa_struct_reorg "is a field in the structure": dump file does not exist
FAIL: gcc.dg/struct/wo_prof_escape_substr_value.c scan-ipa-dump ipa_struct_reorg "is a field in the structure": dump file does not exist
FAIL: gcc.dg/struct/wo_prof_global_array.c scan-ipa-dump ipa_struct_reorg "Number of structures to transform is 1": dump file does not exist
FAIL: gcc.dg/struct/wo_prof_global_var.c scan-ipa-dump ipa_struct_reorg "Number of structures to transform is 1": dump file does not exist
FAIL: gcc.dg/struct/wo_prof_local_array.c scan-ipa-dump ipa_struct_reorg "Number of structures to transform is 1": dump file does not exist
FAIL: gcc.dg/struct/wo_prof_local_var.c scan-ipa-dump ipa_struct_reorg "Number of structures to transform is 1": dump file does not exist
FAIL: gcc.dg/struct/wo_prof_malloc_size_var.c scan-ipa-dump ipa_struct_reorg "Number of structures to transform is 1": dump file does not exist
FAIL: gcc.dg/struct/wo_prof_single_str_global.c scan-ipa-dump ipa_struct_reorg "Number of structures to transform is 1": dump file does not exist
FAIL: gcc.dg/struct/wo_prof_single_str_local.c scan-ipa-dump ipa_struct_reorg "No structures to transform": dump file does not exist
FAIL: gcc.dg/struct/wo_prof_two_strs.c scan-ipa-dump ipa_struct_reorg "Number of structures to transform is 2": dump file does not exist
FAIL: gcc.dg/torture/badshift.c  -O2 -fwhopr  (test for excess errors)
FAIL: gcc.dg/torture/builtin-convert-1.c  -O2 -fwhopr  (test for excess errors)
FAIL: gcc.dg/torture/builtin-logb-1.c  -O0 -fwhopr  (test for excess errors)
FAIL: gcc.dg/torture/builtin-rounding-1.c  -O2 -fwhopr  (test for excess errors)
FAIL: gcc.dg/torture/builtin-wctype-1.c  -O0 -fwhopr  (test for excess errors)
FAIL: gcc.dg/torture/fp-int-convert-float.c  -O2 -fwhopr  (test for excess errors)
FAIL: gcc.dg/torture/fp-int-convert-float128-timode.c  -O0 -flto  (internal compiler error)
FAIL: gcc.dg/torture/fp-int-convert-float128-timode.c  -O0 -flto  (test for excess errors)
WARNING: gcc.dg/torture/fp-int-convert-float128-timode.c  -O0 -flto  compilation failed to produce executable
FAIL: gcc.dg/torture/fp-int-convert-float128-timode.c  -O0 -fwhopr  (internal compiler error)
FAIL: gcc.dg/torture/fp-int-convert-float128-timode.c  -O0 -fwhopr  (test for excess errors)
WARNING: gcc.dg/torture/fp-int-convert-float128-timode.c  -O0 -fwhopr  compilation failed to produce executable
FAIL: gcc.dg/torture/fp-int-convert-float128-timode.c  -O1 -flto  (internal compiler error)
FAIL: gcc.dg/torture/fp-int-convert-float128-timode.c  -O1 -flto  (test for excess errors)
WARNING: gcc.dg/torture/fp-int-convert-float128-timode.c  -O1 -flto  compilation failed to produce executable
FAIL: gcc.dg/torture/fp-int-convert-float128-timode.c  -O2 -flto  (internal compiler error)
FAIL: gcc.dg/torture/fp-int-convert-float128-timode.c  -O2 -flto  (test for excess errors)
WARNING: gcc.dg/torture/fp-int-convert-float128-timode.c  -O2 -flto  compilation failed to produce executable
FAIL: gcc.dg/torture/fp-int-convert-float128-timode.c  -O2 -fwhopr  (internal compiler error)
FAIL: gcc.dg/torture/fp-int-convert-float128-timode.c  -O2 -fwhopr  (test for excess errors)
WARNING: gcc.dg/torture/fp-int-convert-float128-timode.c  -O2 -fwhopr  compilation failed to produce executable
FAIL: gcc.dg/torture/fp-int-convert-float128-timode.c  -O3 -flto -fomit-frame-pointer  (internal compiler error)
FAIL: gcc.dg/torture/fp-int-convert-float128-timode.c  -O3 -flto -fomit-frame-pointer  (test for excess errors)
WARNING: gcc.dg/torture/fp-int-convert-float128-timode.c  -O3 -flto -fomit-frame-pointer  compilation failed to produce executable
FAIL: gcc.dg/torture/fp-int-convert-float128-timode.c  -Os -flto  (internal compiler error)
FAIL: gcc.dg/torture/fp-int-convert-float128-timode.c  -Os -flto  (test for excess errors)
WARNING: gcc.dg/torture/fp-int-convert-float128-timode.c  -Os -flto  compilation failed to produce executable
FAIL: gcc.dg/torture/fp-int-convert-float128.c  -O2 -fwhopr  (test for excess errors)
FAIL: gcc.dg/torture/fp-int-convert-float80-timode.c  -O0 -flto  (internal compiler error)
FAIL: gcc.dg/torture/fp-int-convert-float80-timode.c  -O0 -flto  (test for excess errors)
WARNING: gcc.dg/torture/fp-int-convert-float80-timode.c  -O0 -flto  compilation failed to produce executable
FAIL: gcc.dg/torture/fp-int-convert-float80-timode.c  -O0 -fwhopr  (internal compiler error)
FAIL: gcc.dg/torture/fp-int-convert-float80-timode.c  -O0 -fwhopr  (test for excess errors)
WARNING: gcc.dg/torture/fp-int-convert-float80-timode.c  -O0 -fwhopr  compilation failed to produce executable
FAIL: gcc.dg/torture/fp-int-convert-float80-timode.c  -O1 -flto  (internal compiler error)
FAIL: gcc.dg/torture/fp-int-convert-float80-timode.c  -O1 -flto  (test for excess errors)
WARNING: gcc.dg/torture/fp-int-convert-float80-timode.c  -O1 -flto  compilation failed to produce executable
FAIL: gcc.dg/torture/fp-int-convert-float80-timode.c  -O2 -flto  (internal compiler error)
FAIL: gcc.dg/torture/fp-int-convert-float80-timode.c  -O2 -flto  (test for excess errors)
WARNING: gcc.dg/torture/fp-int-convert-float80-timode.c  -O2 -flto  compilation failed to produce executable
FAIL: gcc.dg/torture/fp-int-convert-float80-timode.c  -O2 -fwhopr  (internal compiler error)
FAIL: gcc.dg/torture/fp-int-convert-float80-timode.c  -O2 -fwhopr  (test for excess errors)
WARNING: gcc.dg/torture/fp-int-convert-float80-timode.c  -O2 -fwhopr  compilation failed to produce executable
FAIL: gcc.dg/torture/fp-int-convert-float80-timode.c  -O3 -flto -fomit-frame-pointer  (internal compiler error)
FAIL: gcc.dg/torture/fp-int-convert-float80-timode.c  -O3 -flto -fomit-frame-pointer  (test for excess errors)
WARNING: gcc.dg/torture/fp-int-convert-float80-timode.c  -O3 -flto -fomit-frame-pointer  compilation failed to produce executable
FAIL: gcc.dg/torture/fp-int-convert-float80-timode.c  -Os -flto  (internal compiler error)
FAIL: gcc.dg/torture/fp-int-convert-float80-timode.c  -Os -flto  (test for excess errors)
WARNING: gcc.dg/torture/fp-int-convert-float80-timode.c  -Os -flto  compilation failed to produce executable
FAIL: gcc.dg/torture/fp-int-convert-timode.c  -O0 -flto  (internal compiler error)
FAIL: gcc.dg/torture/fp-int-convert-timode.c  -O0 -flto  (test for excess errors)
WARNING: gcc.dg/torture/fp-int-convert-timode.c  -O0 -flto  compilation failed to produce executable
FAIL: gcc.dg/torture/fp-int-convert-timode.c  -O0 -fwhopr  (internal compiler error)
FAIL: gcc.dg/torture/fp-int-convert-timode.c  -O0 -fwhopr  (test for excess errors)
WARNING: gcc.dg/torture/fp-int-convert-timode.c  -O0 -fwhopr  compilation failed to produce executable
FAIL: gcc.dg/torture/fp-int-convert-timode.c  -O1 -flto  (internal compiler error)
FAIL: gcc.dg/torture/fp-int-convert-timode.c  -O1 -flto  (test for excess errors)
WARNING: gcc.dg/torture/fp-int-convert-timode.c  -O1 -flto  compilation failed to produce executable
FAIL: gcc.dg/torture/fp-int-convert-timode.c  -O2 -flto  (internal compiler error)
FAIL: gcc.dg/torture/fp-int-convert-timode.c  -O2 -flto  (test for excess errors)
WARNING: gcc.dg/torture/fp-int-convert-timode.c  -O2 -flto  compilation failed to produce executable
FAIL: gcc.dg/torture/fp-int-convert-timode.c  -O2 -fwhopr  (internal compiler error)
FAIL: gcc.dg/torture/fp-int-convert-timode.c  -O2 -fwhopr  (test for excess errors)
WARNING: gcc.dg/torture/fp-int-convert-timode.c  -O2 -fwhopr  compilation failed to produce executable
FAIL: gcc.dg/torture/fp-int-convert-timode.c  -O3 -flto -fomit-frame-pointer  (internal compiler error)
FAIL: gcc.dg/torture/fp-int-convert-timode.c  -O3 -flto -fomit-frame-pointer  (test for excess errors)
WARNING: gcc.dg/torture/fp-int-convert-timode.c  -O3 -flto -fomit-frame-pointer  compilation failed to produce executable
FAIL: gcc.dg/torture/fp-int-convert-timode.c  -Os -flto  (internal compiler error)
FAIL: gcc.dg/torture/fp-int-convert-timode.c  -Os -flto  (test for excess errors)
WARNING: gcc.dg/torture/fp-int-convert-timode.c  -Os -flto  compilation failed to produce executable
FAIL: gcc.dg/torture/pr25718-1.c  -O2 -fwhopr  (test for excess errors)
FAIL: gcc.dg/torture/pr26565.c  -O2 -fwhopr  (test for excess errors)
FAIL: gcc.dg/torture/pr26898-1.c  -O2 -fwhopr  (test for excess errors)
FAIL: gcc.dg/torture/pr27116.c  -O2 -fwhopr  (test for excess errors)
FAIL: gcc.dg/torture/pr27302.c  -O2 -fwhopr  (test for excess errors)
FAIL: gcc.dg/torture/pr30364-1.c  -O0 -fwhopr  (test for excess errors)
FAIL: gcc.dg/torture/pr30375.c  -O0 -fwhopr  (test for excess errors)
FAIL: gcc.dg/torture/pr33563.c  -O0 -fwhopr  (test for excess errors)
FAIL: gcc.dg/torture/pr33870.c  -O0 -fwhopr  (test for excess errors)
FAIL: gcc.dg/torture/pr36373-4.c  -O2 -fwhopr  (test for excess errors)
FAIL: gcc.dg/torture/pr36373-7.c  -O0 -fwhopr  (test for excess errors)
FAIL: gcc.dg/torture/pr37731-2.c  -O2 -fwhopr  (test for excess errors)
FAIL: gcc.dg/torture/pr38405.c  -O0 -fwhopr  (test for excess errors)
FAIL: gcc.dg/torture/pr39074.c  -O2 -fwhopr  (test for excess errors)
FAIL: gcc.dg/torture/pta-callused-1.c  -O2 -fwhopr  (test for excess errors)
FAIL: gcc.dg/torture/pta-ptrarith-3.c  -O2 -fwhopr  (test for excess errors)
FAIL: gcc.dg/torture/ssa-pta-fn-1.c  -O3 -flto -fomit-frame-pointer  execution test
XPASS: gcc.dg/tree-ssa/loop-1.c scan-assembler-times foo 5
FAIL: gcc.dg/tree-ssa/loop-31.c scan-tree-dump-times optimized " \\+ 2" 1
FAIL: gcc.dg/tree-ssa/pr27236.c scan-tree-dump-times optimized "foo_read" 5
FAIL: gcc.dg/tree-ssa/tailrecursion-5.c scan-tree-dump-times optimized "\\msum\\M" 4
FAIL: gcc.dg/tree-ssa/tailrecursion-5.c scan-tree-dump-times optimized "\\mfac\\M" 4
FAIL: gcc.dg/tree-ssa/tailrecursion-5.c scan-tree-dump-times optimized "\\msq_sum\\M" 4
FAIL: gcc.dg/tree-ssa/tailrecursion-5.c scan-tree-dump-times optimized "\\mpow2m1\\M" 4
FAIL: gcc.dg/tree-ssa/tailrecursion-5.c scan-tree-dump-times optimized "\\mfib\\M" 5
FAIL: gcc.dg/vect/vect-35.c scan-tree-dump-times vect "vectorized 2 loops" 1
FAIL: gcc.dg/vect/no-vfa-vect-43.c scan-tree-dump-times vect "Alignment of access forced using versioning" 1
FAIL: gcc.dg/vect/no-vfa-vect-57.c scan-tree-dump-times vect "vectorized 1 loops" 1
FAIL: gcc.dg/vect/no-vfa-vect-61.c scan-tree-dump-times vect "vectorized 1 loops" 1

		=== gcc Summary ===

# of expected passes		58146
# of unexpected failures	912
# of unexpected successes	1
# of expected failures		200
# of unresolved testcases	523
# of unsupported tests		540
/usr/local/gcc/gcc-20090413/Build/gcc/xgcc  version 4.5.0 20090406 (experimental) [lto revision 145996] (lto merged with rev 145637) 

		=== gnat tests ===


Running target unix

		=== gnat Summary ===

# of expected passes		611
# of expected failures		6
		=== obj-c++ tests ===


Running target unix
WARNING: obj-c++.dg/lookup-2.mm compilation failed to produce executable
WARNING: obj-c++.dg/try-catch-2.mm compilation failed to produce executable
WARNING: obj-c++.dg/try-catch-9.mm compilation failed to produce executable

		=== obj-c++ Summary ===

# of expected passes		427
# of expected failures		21
# of unsupported tests		13
/usr/local/gcc/gcc-20090413/Build/gcc/testsuite/obj-c++/../../g++  version 4.5.0 20090406 (experimental) [lto revision 145996] (lto merged with rev 145637) 

		=== objc tests ===


Running target unix
FAIL: objc/execute/exceptions/catchall-1.m execution,  -O0 -fgnu-runtime
FAIL: objc/execute/exceptions/catchall-1.m execution,  -O1 -fgnu-runtime
FAIL: objc/execute/exceptions/catchall-1.m execution,  -O2 -fgnu-runtime
FAIL: objc/execute/exceptions/catchall-1.m execution,  -Os -fgnu-runtime
FAIL: objc/execute/exceptions/handler-1.m execution,  -O0 -fgnu-runtime
FAIL: objc/execute/exceptions/handler-1.m execution,  -O1 -fgnu-runtime
FAIL: objc/execute/exceptions/handler-1.m execution,  -O2 -fgnu-runtime
FAIL: objc/execute/exceptions/handler-1.m execution,  -O3 -fomit-frame-pointer -fgnu-runtime
FAIL: objc/execute/exceptions/handler-1.m execution,  -O3 -g -fgnu-runtime
FAIL: objc/execute/exceptions/handler-1.m execution,  -Os -fgnu-runtime
FAIL: objc/execute/exceptions/local-variables-1.m execution,  -O0 -fgnu-runtime
FAIL: objc/execute/exceptions/local-variables-1.m execution,  -O1 -fgnu-runtime
FAIL: objc/execute/exceptions/local-variables-1.m execution,  -O2 -fgnu-runtime
FAIL: objc/execute/exceptions/local-variables-1.m execution,  -Os -fgnu-runtime
FAIL: objc/execute/forward-1.m execution,  -O0 -fgnu-runtime
FAIL: objc/execute/forward-1.m execution,  -O1 -fgnu-runtime
FAIL: objc/execute/forward-1.m execution,  -O2 -fgnu-runtime
FAIL: objc/execute/forward-1.m execution,  -O3 -fomit-frame-pointer -fgnu-runtime
FAIL: objc/execute/forward-1.m execution,  -O3 -fomit-frame-pointer -funroll-loops -fgnu-runtime
FAIL: objc/execute/forward-1.m execution,  -O3 -fomit-frame-pointer -funroll-all-loops -finline-functions -fgnu-runtime
FAIL: objc/execute/forward-1.m execution,  -O3 -g -fgnu-runtime
FAIL: objc/execute/forward-1.m execution,  -Os -fgnu-runtime
FAIL: ./interface-1.h  -O0 -flto  (test for excess errors)
FAIL: objc.dg/pch/interface-1.m  -O0 -flto  -I. (test for excess errors)
FAIL: objc.dg/pch/interface-1.m  -O0 -flto  (test for excess errors)
FAIL: ./interface-1.h  -O0 -fwhopr  (test for excess errors)
FAIL: objc.dg/pch/interface-1.m  -O0 -fwhopr  -I. (test for excess errors)
FAIL: objc.dg/pch/interface-1.m  -O0 -fwhopr  (test for excess errors)
FAIL: ./interface-1.h  -O1 -flto  (test for excess errors)
FAIL: objc.dg/pch/interface-1.m  -O1 -flto  -I. (test for excess errors)
FAIL: objc.dg/pch/interface-1.m  -O1 -flto  (test for excess errors)
FAIL: ./interface-1.h  -O2 -flto  (test for excess errors)
FAIL: objc.dg/pch/interface-1.m  -O2 -flto  -I. (test for excess errors)
FAIL: objc.dg/pch/interface-1.m  -O2 -flto  (test for excess errors)
FAIL: ./interface-1.h  -O2 -fwhopr  (test for excess errors)
FAIL: objc.dg/pch/interface-1.m  -O2 -fwhopr  -I. (test for excess errors)
FAIL: objc.dg/pch/interface-1.m  -O2 -fwhopr  (test for excess errors)
FAIL: ./interface-1.h  -O3 -flto -fomit-frame-pointer  (test for excess errors)
FAIL: objc.dg/pch/interface-1.m  -O3 -flto -fomit-frame-pointer  -I. (test for excess errors)
FAIL: objc.dg/pch/interface-1.m  -O3 -flto -fomit-frame-pointer  (test for excess errors)
FAIL: ./interface-1.h  -Os -flto  (test for excess errors)
FAIL: objc.dg/pch/interface-1.m  -Os -flto  -I. (test for excess errors)
FAIL: objc.dg/pch/interface-1.m  -Os -flto  (test for excess errors)

		=== objc Summary ===

# of expected passes		1835
# of unexpected failures	43
# of expected failures		7
# of unsupported tests		25
/usr/local/gcc/gcc-20090413/Build/gcc/xgcc  version 4.5.0 20090406 (experimental) [lto revision 145996] (lto merged with rev 145637) 

		=== libffi tests ===


Running target unix

		=== libffi Summary ===

# of expected passes		1389
# of unsupported tests		10
		=== libgomp tests ===


Running target unix
FAIL: libgomp.c++/collapse-2.C  -O3 -flto -fomit-frame-pointer -funroll-loops  (internal compiler error)
FAIL: libgomp.c++/collapse-2.C  -O3 -flto -fomit-frame-pointer -funroll-loops  (test for excess errors)
WARNING: libgomp.c++/collapse-2.C  -O3 -flto -fomit-frame-pointer -funroll-loops  compilation failed to produce executable
FAIL: libgomp.c++/collapse-2.C  -O3 -flto -fomit-frame-pointer -funroll-all-loops -finline-functions  (internal compiler error)
FAIL: libgomp.c++/collapse-2.C  -O3 -flto -fomit-frame-pointer -funroll-all-loops -finline-functions  (test for excess errors)
WARNING: libgomp.c++/collapse-2.C  -O3 -flto -fomit-frame-pointer -funroll-all-loops -finline-functions  compilation failed to produce executable
FAIL: libgomp.c++/ctor-10.C  -O0 -fwhopr  (test for excess errors)
FAIL: libgomp.c++/ctor-11.C  -O0 -flto  (internal compiler error)
FAIL: libgomp.c++/ctor-11.C  -O0 -flto  (test for excess errors)
WARNING: libgomp.c++/ctor-11.C  -O0 -flto  compilation failed to produce executable
FAIL: libgomp.c++/ctor-11.C  -O0 -fwhopr  (internal compiler error)
FAIL: libgomp.c++/ctor-11.C  -O0 -fwhopr  (test for excess errors)
WARNING: libgomp.c++/ctor-11.C  -O0 -fwhopr  compilation failed to produce executable
FAIL: libgomp.c++/ctor-11.C  -O1 -flto  (internal compiler error)
FAIL: libgomp.c++/ctor-11.C  -O1 -flto  (test for excess errors)
WARNING: libgomp.c++/ctor-11.C  -O1 -flto  compilation failed to produce executable
FAIL: libgomp.c++/ctor-11.C  -O2 -flto  (internal compiler error)
FAIL: libgomp.c++/ctor-11.C  -O2 -flto  (test for excess errors)
WARNING: libgomp.c++/ctor-11.C  -O2 -flto  compilation failed to produce executable
FAIL: libgomp.c++/ctor-11.C  -O2 -fwhopr  (internal compiler error)
FAIL: libgomp.c++/ctor-11.C  -O2 -fwhopr  (test for excess errors)
WARNING: libgomp.c++/ctor-11.C  -O2 -fwhopr  compilation failed to produce executable
FAIL: libgomp.c++/ctor-11.C  -O3 -flto -fomit-frame-pointer  (internal compiler error)
FAIL: libgomp.c++/ctor-11.C  -O3 -flto -fomit-frame-pointer  (test for excess errors)
WARNING: libgomp.c++/ctor-11.C  -O3 -flto -fomit-frame-pointer  compilation failed to produce executable
FAIL: libgomp.c++/ctor-11.C  -O3 -flto -fomit-frame-pointer -funroll-loops  (internal compiler error)
FAIL: libgomp.c++/ctor-11.C  -O3 -flto -fomit-frame-pointer -funroll-loops  (test for excess errors)
WARNING: libgomp.c++/ctor-11.C  -O3 -flto -fomit-frame-pointer -funroll-loops  compilation failed to produce executable
FAIL: libgomp.c++/ctor-11.C  -O3 -flto -fomit-frame-pointer -funroll-all-loops -finline-functions  (internal compiler error)
FAIL: libgomp.c++/ctor-11.C  -O3 -flto -fomit-frame-pointer -funroll-all-loops -finline-functions  (test for excess errors)
WARNING: libgomp.c++/ctor-11.C  -O3 -flto -fomit-frame-pointer -funroll-all-loops -finline-functions  compilation failed to produce executable
FAIL: libgomp.c++/ctor-11.C  -Os -flto  (internal compiler error)
FAIL: libgomp.c++/ctor-11.C  -Os -flto  (test for excess errors)
WARNING: libgomp.c++/ctor-11.C  -Os -flto  compilation failed to produce executable
FAIL: libgomp.c++/ctor-12.C  -O0 -flto  (internal compiler error)
FAIL: libgomp.c++/ctor-12.C  -O0 -flto  (test for excess errors)
WARNING: libgomp.c++/ctor-12.C  -O0 -flto  compilation failed to produce executable
FAIL: libgomp.c++/ctor-12.C  -O0 -fwhopr  (internal compiler error)
FAIL: libgomp.c++/ctor-12.C  -O0 -fwhopr  (test for excess errors)
WARNING: libgomp.c++/ctor-12.C  -O0 -fwhopr  compilation failed to produce executable
FAIL: libgomp.c++/ctor-12.C  -O1 -flto  (internal compiler error)
FAIL: libgomp.c++/ctor-12.C  -O1 -flto  (test for excess errors)
WARNING: libgomp.c++/ctor-12.C  -O1 -flto  compilation failed to produce executable
FAIL: libgomp.c++/ctor-12.C  -O2 -flto  (internal compiler error)
FAIL: libgomp.c++/ctor-12.C  -O2 -flto  (test for excess errors)
WARNING: libgomp.c++/ctor-12.C  -O2 -flto  compilation failed to produce executable
FAIL: libgomp.c++/ctor-12.C  -O2 -fwhopr  (internal compiler error)
FAIL: libgomp.c++/ctor-12.C  -O2 -fwhopr  (test for excess errors)
WARNING: libgomp.c++/ctor-12.C  -O2 -fwhopr  compilation failed to produce executable
FAIL: libgomp.c++/ctor-12.C  -O3 -flto -fomit-frame-pointer  (internal compiler error)
FAIL: libgomp.c++/ctor-12.C  -O3 -flto -fomit-frame-pointer  (test for excess errors)
WARNING: libgomp.c++/ctor-12.C  -O3 -flto -fomit-frame-pointer  compilation failed to produce executable
FAIL: libgomp.c++/ctor-12.C  -O3 -flto -fomit-frame-pointer -funroll-loops  (internal compiler error)
FAIL: libgomp.c++/ctor-12.C  -O3 -flto -fomit-frame-pointer -funroll-loops  (test for excess errors)
WARNING: libgomp.c++/ctor-12.C  -O3 -flto -fomit-frame-pointer -funroll-loops  compilation failed to produce executable
FAIL: libgomp.c++/ctor-12.C  -O3 -flto -fomit-frame-pointer -funroll-all-loops -finline-functions  (internal compiler error)
FAIL: libgomp.c++/ctor-12.C  -O3 -flto -fomit-frame-pointer -funroll-all-loops -finline-functions  (test for excess errors)
WARNING: libgomp.c++/ctor-12.C  -O3 -flto -fomit-frame-pointer -funroll-all-loops -finline-functions  compilation failed to produce executable
FAIL: libgomp.c++/ctor-12.C  -Os -flto  (internal compiler error)
FAIL: libgomp.c++/ctor-12.C  -Os -flto  (test for excess errors)
WARNING: libgomp.c++/ctor-12.C  -Os -flto  compilation failed to produce executable
FAIL: libgomp.c++/for-1.C  -O2 -fwhopr  (test for excess errors)
FAIL: libgomp.c++/for-3.C  -O2 -fwhopr  (test for excess errors)
FAIL: libgomp.c++/loop-10.C  -O2 -fwhopr  (test for excess errors)
FAIL: libgomp.c++/loop-9.C  -O0 -fwhopr  (test for excess errors)
FAIL: libgomp.c++/pr24455.C  -O2 -fwhopr  (test for excess errors)
FAIL: libgomp.c++/pr26943.C  -O2 -fwhopr  (test for excess errors)
FAIL: libgomp.c++/pr34513.C  -O0 -fwhopr  (test for excess errors)
FAIL: libgomp.c++/pr35185.C  -O0 -fwhopr  (test for excess errors)
FAIL: libgomp.c++/task-2.C  -O2 -fwhopr  (test for excess errors)
FAIL: libgomp.c++/task-3.C  -O2 -fwhopr  (test for excess errors)
FAIL: libgomp.c++/task-5.C  -O0 -fwhopr  (test for excess errors)

		=== libgomp Summary ===

# of expected passes		1111
# of unexpected failures	52
		=== libjava tests ===


Running target unix
FAIL: TestClosureGC run
FAIL: getlocalvartable output
FAIL: Array_3 execution - source compiled test
FAIL: Array_3 -findirect-dispatch execution - source compiled test
FAIL: Array_3 -O3 execution - source compiled test
FAIL: Array_3 -O3 -findirect-dispatch execution - source compiled test
FAIL: Invoke_1 execution - source compiled test
FAIL: Invoke_1 -findirect-dispatch execution - source compiled test
FAIL: Invoke_1 -O3 execution - source compiled test
FAIL: Invoke_1 -O3 -findirect-dispatch execution - source compiled test
FAIL: Throw_3 -O3 output - source compiled test
FAIL: Throw_3 -O3 -findirect-dispatch output - source compiled test
FAIL: pr83 -findirect-dispatch execution - source compiled test
FAIL: pr83 -O3 -findirect-dispatch execution - source compiled test

		=== libjava Summary ===

# of expected passes		2550
# of unexpected failures	14
# of untested testcases		11
		=== libmudflap tests ===


Running target unix
FAIL: libmudflap.c++/fail24-frag.cxx (test for excess errors)
WARNING: libmudflap.c++/fail24-frag.cxx compilation failed to produce executable
FAIL: libmudflap.c++/pass27-frag.cxx (test for excess errors)
WARNING: libmudflap.c++/pass27-frag.cxx compilation failed to produce executable
FAIL: libmudflap.c++/pass28-frag.cxx (test for excess errors)
WARNING: libmudflap.c++/pass28-frag.cxx compilation failed to produce executable
FAIL: libmudflap.c++/pass31-frag.cxx (test for excess errors)
WARNING: libmudflap.c++/pass31-frag.cxx compilation failed to produce executable
FAIL: libmudflap.c++/pass41-frag.cxx (test for excess errors)
WARNING: libmudflap.c++/pass41-frag.cxx compilation failed to produce executable
FAIL: libmudflap.c++/pass55-frag.cxx (test for excess errors)
WARNING: libmudflap.c++/pass55-frag.cxx compilation failed to produce executable
FAIL: libmudflap.c++/pass57-frag.cxx (test for excess errors)
WARNING: libmudflap.c++/pass57-frag.cxx compilation failed to produce executable
FAIL: libmudflap.c++/pass58-frag.cxx (test for excess errors)
WARNING: libmudflap.c++/pass58-frag.cxx compilation failed to produce executable
FAIL: libmudflap.c++/pass60-frag.cxx (test for excess errors)
WARNING: libmudflap.c++/pass60-frag.cxx compilation failed to produce executable
FAIL: libmudflap.c++/fail24-frag.cxx ( -O) (test for excess errors)
WARNING: libmudflap.c++/fail24-frag.cxx ( -O) compilation failed to produce executable
FAIL: libmudflap.c++/pass27-frag.cxx ( -O) (test for excess errors)
WARNING: libmudflap.c++/pass27-frag.cxx ( -O) compilation failed to produce executable
FAIL: libmudflap.c++/pass28-frag.cxx ( -O) (test for excess errors)
WARNING: libmudflap.c++/pass28-frag.cxx ( -O) compilation failed to produce executable
FAIL: libmudflap.c++/pass31-frag.cxx ( -O) (test for excess errors)
WARNING: libmudflap.c++/pass31-frag.cxx ( -O) compilation failed to produce executable
FAIL: libmudflap.c++/pass41-frag.cxx ( -O) (test for excess errors)
WARNING: libmudflap.c++/pass41-frag.cxx ( -O) compilation failed to produce executable
FAIL: libmudflap.c++/pass55-frag.cxx ( -O) (test for excess errors)
WARNING: libmudflap.c++/pass55-frag.cxx ( -O) compilation failed to produce executable
FAIL: libmudflap.c++/pass57-frag.cxx ( -O) (test for excess errors)
WARNING: libmudflap.c++/pass57-frag.cxx ( -O) compilation failed to produce executable
FAIL: libmudflap.c++/pass58-frag.cxx ( -O) (test for excess errors)
WARNING: libmudflap.c++/pass58-frag.cxx ( -O) compilation failed to produce executable
FAIL: libmudflap.c++/pass60-frag.cxx ( -O) (test for excess errors)
WARNING: libmudflap.c++/pass60-frag.cxx ( -O) compilation failed to produce executable
FAIL: libmudflap.c++/fail24-frag.cxx (-O2) (test for excess errors)
WARNING: libmudflap.c++/fail24-frag.cxx (-O2) compilation failed to produce executable
FAIL: libmudflap.c++/pass27-frag.cxx (-O2) (test for excess errors)
WARNING: libmudflap.c++/pass27-frag.cxx (-O2) compilation failed to produce executable
FAIL: libmudflap.c++/pass28-frag.cxx (-O2) (test for excess errors)
WARNING: libmudflap.c++/pass28-frag.cxx (-O2) compilation failed to produce executable
FAIL: libmudflap.c++/pass31-frag.cxx (-O2) (test for excess errors)
WARNING: libmudflap.c++/pass31-frag.cxx (-O2) compilation failed to produce executable
FAIL: libmudflap.c++/pass41-frag.cxx (-O2) (test for excess errors)
WARNING: libmudflap.c++/pass41-frag.cxx (-O2) compilation failed to produce executable
FAIL: libmudflap.c++/pass55-frag.cxx (-O2) (test for excess errors)
WARNING: libmudflap.c++/pass55-frag.cxx (-O2) compilation failed to produce executable
FAIL: libmudflap.c++/pass57-frag.cxx (-O2) (test for excess errors)
WARNING: libmudflap.c++/pass57-frag.cxx (-O2) compilation failed to produce executable
FAIL: libmudflap.c++/pass58-frag.cxx (-O2) (test for excess errors)
WARNING: libmudflap.c++/pass58-frag.cxx (-O2) compilation failed to produce executable
FAIL: libmudflap.c++/pass60-frag.cxx (-O2) (test for excess errors)
WARNING: libmudflap.c++/pass60-frag.cxx (-O2) compilation failed to produce executable
FAIL: libmudflap.c++/fail24-frag.cxx (-O3) (test for excess errors)
WARNING: libmudflap.c++/fail24-frag.cxx (-O3) compilation failed to produce executable
FAIL: libmudflap.c++/pass27-frag.cxx (-O3) (test for excess errors)
WARNING: libmudflap.c++/pass27-frag.cxx (-O3) compilation failed to produce executable
FAIL: libmudflap.c++/pass28-frag.cxx (-O3) (test for excess errors)
WARNING: libmudflap.c++/pass28-frag.cxx (-O3) compilation failed to produce executable
FAIL: libmudflap.c++/pass31-frag.cxx (-O3) (test for excess errors)
WARNING: libmudflap.c++/pass31-frag.cxx (-O3) compilation failed to produce executable
FAIL: libmudflap.c++/pass41-frag.cxx (-O3) (test for excess errors)
WARNING: libmudflap.c++/pass41-frag.cxx (-O3) compilation failed to produce executable
FAIL: libmudflap.c++/pass55-frag.cxx (-O3) (test for excess errors)
WARNING: libmudflap.c++/pass55-frag.cxx (-O3) compilation failed to produce executable
FAIL: libmudflap.c++/pass57-frag.cxx (-O3) (test for excess errors)
WARNING: libmudflap.c++/pass57-frag.cxx (-O3) compilation failed to produce executable
FAIL: libmudflap.c++/pass58-frag.cxx (-O3) (test for excess errors)
WARNING: libmudflap.c++/pass58-frag.cxx (-O3) compilation failed to produce executable
FAIL: libmudflap.c++/pass60-frag.cxx (-O3) (test for excess errors)
WARNING: libmudflap.c++/pass60-frag.cxx (-O3) compilation failed to produce executable
FAIL: ctors-12 linkage 
FAIL: ctors-21 linkage 
WARNING: program timed out.
FAIL: ctors-12 execution 
WARNING: program timed out.
FAIL: ctors-21 execution 
FAIL: ctors-12 linkage -O2
FAIL: ctors-21 linkage -O2
WARNING: program timed out.
FAIL: ctors-12 execution -O2
WARNING: program timed out.
FAIL: ctors-21 execution -O2
FAIL: ctors-12 linkage -O3
FAIL: ctors-21 linkage -O3
WARNING: program timed out.
FAIL: ctors-12 execution -O3
WARNING: program timed out.
FAIL: ctors-21 execution -O3

		=== libmudflap Summary ===

# of expected passes		1774
# of unexpected failures	48
		=== libstdc++ tests ===


Running target unix
ERROR: tcl error sourcing /usr/local/gcc/gcc-20090413/libstdc++-v3/testsuite/libstdc++-abi/abi.exp.
ERROR: could not compile testsuite_character.cc
ERROR: could not compile testsuite_character.cc
ERROR: could not compile testsuite_character.cc
ERROR: could not compile testsuite_character.cc
ERROR: could not compile testsuite_character.cc
ERROR: tcl error sourcing /usr/local/gcc/gcc-20090413/libstdc++-v3/testsuite/libstdc++-dg/conformance.exp.
ERROR: tcl error sourcing /usr/local/gcc/gcc-20090413/libstdc++-v3/testsuite/libstdc++-dg/conformance.exp.
ERROR: tcl error sourcing /usr/local/gcc/gcc-20090413/libstdc++-v3/testsuite/libstdc++-dg/conformance.exp.
ERROR: tcl error sourcing /usr/local/gcc/gcc-20090413/libstdc++-v3/testsuite/libstdc++-dg/conformance.exp.

		=== libstdc++ Summary ===


		=== libstdc++ Summary ===


Compiler version: 4.5.0 20090406 (experimental) [lto revision 145996] (lto merged with rev 145637) 
Platform: ia64-suse-linux-gnu
configure flags: --prefix=/usr --build=ia64-suse-linux --host=ia64-suse-linux --enable-shared --enable-threads --enable-__cxa_atexit --with-system-zlib --with-system-libunwind


Index Nav: [Date Index] [Subject Index] [Author Index] [Thread Index]
Message Nav: [Date Prev] [Date Next] [Thread Prev] [Thread Next]