This is the mail archive of the gcc-testresults@gcc.gnu.org mailing list for the GCC project.


Index Nav: [Date Index] [Subject Index] [Author Index] [Thread Index]
Message Nav: [Date Prev] [Date Next] [Thread Prev] [Thread Next]
Other format: [Raw text]

Results for 4.4.0 20090410 (prerelease) [gcc-4_4-branch revision 145939] (GCC) testsuite on x86_64-unknown-linux-gnu


LAST_UPDATED: Fri Apr 10 19:51:35 UTC 2009 (revision 145939)

Native configuration is x86_64-unknown-linux-gnu

		=== gcc tests ===


Running target unix/-m32
FAIL: gcc.c-torture/compile/limits-exprparen.c  -O0  (test for excess errors)
FAIL: gcc.c-torture/compile/limits-exprparen.c  -O1  (test for excess errors)
FAIL: gcc.c-torture/compile/limits-exprparen.c  -O2  (test for excess errors)
FAIL: gcc.c-torture/compile/limits-exprparen.c  -O3 -fomit-frame-pointer  (test for excess errors)
FAIL: gcc.c-torture/compile/limits-exprparen.c  -O3 -g  (test for excess errors)
FAIL: gcc.c-torture/compile/limits-exprparen.c  -Os  (test for excess errors)

		=== gcc Summary for unix/-m32 ===


Running target unix
FAIL: gcc.c-torture/compile/limits-exprparen.c  -O0  (test for excess errors)
FAIL: gcc.c-torture/compile/limits-exprparen.c  -O1  (test for excess errors)
FAIL: gcc.c-torture/compile/limits-exprparen.c  -O2  (test for excess errors)
FAIL: gcc.c-torture/compile/limits-exprparen.c  -O3 -fomit-frame-pointer  (test for excess errors)
FAIL: gcc.c-torture/compile/limits-exprparen.c  -O3 -g  (test for excess errors)
FAIL: gcc.c-torture/compile/limits-exprparen.c  -Os  (test for excess errors)
FAIL: gcc.dg/tree-prof/bb-reorg.c compilation,  -fprofile-use -D_PROFILE_USE
UNRESOLVED: gcc.dg/tree-prof/bb-reorg.c execution,    -fprofile-use -D_PROFILE_USE
FAIL: gcc.dg/tree-prof/pr34999.c compilation,  -fprofile-use -D_PROFILE_USE
UNRESOLVED: gcc.dg/tree-prof/pr34999.c execution,    -fprofile-use -D_PROFILE_USE

		=== gcc Summary for unix ===


		=== gcc Summary ===

# of expected passes		113065
# of unexpected failures	14
# of expected failures		375
# of unresolved testcases	2
# of unsupported tests		1142
/export/build/gnu/gcc-4.4/build-x86_64-linux/gcc/xgcc  version 4.4.0 20090410 (prerelease) [gcc-4_4-branch revision 145939] (GCC) 

		=== gfortran tests ===


Running target unix/-m32

		=== gfortran Summary for unix/-m32 ===

# of expected passes		3978

Running target unix

		=== gfortran Summary for unix ===

# of expected passes		3978

		=== gfortran Summary ===

# of expected passes		58665
# of expected failures		20
# of unsupported tests		141
/export/build/gnu/gcc-4.4/build-x86_64-linux/gcc/testsuite/gfortran/../../gfortran  version 4.4.0 20090410 (prerelease) [gcc-4_4-branch revision 145939] (GCC) 

		=== g++ tests ===


Running target unix/-m32

		=== g++ Summary for unix/-m32 ===

# of expected passes		6804
# of expected failures		30
# of unsupported tests		10

Running target unix

		=== g++ Summary for unix ===

# of expected passes		6757
# of expected failures		30
# of unsupported tests		20

		=== g++ Summary ===

# of expected passes		39013
# of expected failures		284
# of unsupported tests		350
/export/build/gnu/gcc-4.4/build-x86_64-linux/gcc/testsuite/g++/../../g++  version 4.4.0 20090410 (prerelease) [gcc-4_4-branch revision 145939] (GCC) 

		=== objc tests ===


Running target unix/-m32

		=== objc Summary for unix/-m32 ===

# of expected passes		2

Running target unix

		=== objc Summary for unix ===

# of expected passes		2

		=== objc Summary ===

# of expected passes		3736
# of expected failures		22
# of unsupported tests		48
/export/build/gnu/gcc-4.4/build-x86_64-linux/gcc/xgcc  version 4.4.0 20090410 (prerelease) [gcc-4_4-branch revision 145939] (GCC) 

		=== libffi tests ===


Running target unix/-m32

		=== libffi Summary for unix/-m32 ===

# of expected passes		24

Running target unix

		=== libffi Summary for unix ===

# of expected passes		24

		=== libffi Summary ===

# of expected passes		2778
# of unsupported tests		20
		=== libgomp tests ===


Running target unix/-m32

		=== libgomp Summary for unix/-m32 ===

# of expected passes		1399

Running target unix

		=== libgomp Summary for unix ===

# of expected passes		1399

		=== libgomp Summary ===

# of expected passes		4812
		=== libjava tests ===


Running target unix/-m32

		=== libjava Summary for unix/-m32 ===


Running target unix

		=== libjava Summary for unix ===


		=== libjava Summary ===

# of expected passes		5148
		=== libmudflap tests ===


Running target unix/-m32
FAIL: libmudflap.c++/pass41-frag.cxx execution test
FAIL: libmudflap.c++/pass41-frag.cxx (-static) execution test
FAIL: libmudflap.c++/pass41-frag.cxx (-O2) execution test
FAIL: libmudflap.c++/pass41-frag.cxx (-O3) execution test
FAIL: libmudflap.cth/pass39-frag.c (rerun 8) execution test
FAIL: libmudflap.cth/pass39-frag.c (rerun 8) output pattern test
FAIL: libmudflap.cth/pass39-frag.c (rerun 9) execution test
FAIL: libmudflap.cth/pass39-frag.c (rerun 9) output pattern test
FAIL: libmudflap.cth/pass39-frag.c (-O3) (rerun 18) execution test
FAIL: libmudflap.cth/pass39-frag.c (-O3) (rerun 18) output pattern test

		=== libmudflap Summary for unix/-m32 ===

# of expected passes		346
# of unexpected failures	6

Running target unix
FAIL: libmudflap.c++/pass41-frag.cxx execution test
FAIL: libmudflap.c++/pass41-frag.cxx (-static) execution test
FAIL: libmudflap.c++/pass41-frag.cxx (-O2) execution test
FAIL: libmudflap.c++/pass41-frag.cxx (-O3) execution test

		=== libmudflap Summary for unix ===

# of expected passes		352

		=== libmudflap Summary ===

# of expected passes		3774
# of unexpected failures	14
		=== libstdc++ tests ===


Running target unix/-m32
XPASS: 26_numerics/headers/cmath/c99_classification_macros_c.cc (test for excess errors)

		=== libstdc++ Summary for unix/-m32 ===

# of expected passes		6471
# of unexpected successes	1
# of expected failures		80
# of unsupported tests		18

Running target unix
XPASS: 26_numerics/headers/cmath/c99_classification_macros_c.cc (test for excess errors)

		=== libstdc++ Summary for unix ===

# of expected passes		6477
# of unexpected successes	1
# of expected failures		80
# of unsupported tests		15

		=== libstdc++ Summary ===

# of expected passes		12950
# of unexpected successes	2
# of expected failures		160
# of unsupported tests		33

Compiler version: 4.4.0 20090410 (prerelease) [gcc-4_4-branch revision 145939] (GCC) 
Platform: x86_64-unknown-linux-gnu
configure flags: --enable-clocale=gnu --with-system-zlib --enable-checking=assert --with-demangler-in-ld --enable-shared --enable-threads=posix --enable-haifa --prefix=/usr/gcc-4.4.0 --with-local-prefix=/usr/local


Index Nav: [Date Index] [Subject Index] [Author Index] [Thread Index]
Message Nav: [Date Prev] [Date Next] [Thread Prev] [Thread Next]