This is the mail archive of the
gcc-testresults@gcc.gnu.org
mailing list for the GCC project.
Results for 4.5.0 20090410 (experimental) [trunk revision 145872] (GCC) testsuite on x86_64-unknown-linux-gnu
- From: hjl at gnu-33 dot sc dot intel dot com (H.J. Lu (Intel64))
- To: gcc-testresults at gcc dot gnu dot org
- Date: Thu, 09 Apr 2009 22:33:28 -0700
- Subject: Results for 4.5.0 20090410 (experimental) [trunk revision 145872] (GCC) testsuite on x86_64-unknown-linux-gnu
LAST_UPDATED: Fri Apr 10 03:12:14 UTC 2009 (revision 145872)
Native configuration is x86_64-unknown-linux-gnu
=== g++ tests ===
Running target unix/-m32
FAIL: g++.dg/tree-ssa/pr31146-2.C scan-tree-dump forwprop1 "Replaced .* != 0B. with .1"
=== g++ Summary for unix/-m32 ===
# of expected passes 6803
# of expected failures 30
# of unsupported tests 10
Running target unix
FAIL: g++.dg/tree-ssa/pr31146-2.C scan-tree-dump forwprop1 "Replaced .* != 0B. with .1"
=== g++ Summary for unix ===
# of expected passes 6756
# of expected failures 30
# of unsupported tests 20
=== g++ Summary ===
# of expected passes 39195
# of unexpected failures 2
# of expected failures 284
# of unsupported tests 350
/export/gnu/import/svn/gcc-test/bld/gcc/testsuite/g++/../../g++ version 4.5.0 20090410 (experimental) [trunk revision 145872] (GCC)
=== gcc tests ===
Running target unix/-m32
XPASS: gcc.dg/Warray-bounds.c (test for warnings, line 59)
XPASS: gcc.dg/Warray-bounds.c (test for warnings, line 65)
FAIL: gcc.dg/pr36901-1.c (test for excess errors)
FAIL: gcc.dg/pr36901-2.c (test for excess errors)
FAIL: gcc.dg/pr36901-3.c (test for excess errors)
FAIL: gcc.dg/pr36901-4.c (test for excess errors)
XPASS: gcc.dg/struct/wo_prof_array_through_pointer.c scan-ipa-dump ipa_struct_reorg "Number of structures to transform is 1"
FAIL: gcc.dg/tree-ssa/20030807-2.c scan-tree-dump-times dom2 "if " 0
FAIL: gcc.dg/tree-ssa/forwprop-4.c scan-tree-dump-not forwprop1 "link_error"
=== gcc Summary for unix/-m32 ===
Running target unix
XPASS: gcc.dg/Warray-bounds.c (test for warnings, line 59)
XPASS: gcc.dg/Warray-bounds.c (test for warnings, line 65)
FAIL: gcc.dg/pr36901-1.c (test for excess errors)
FAIL: gcc.dg/pr36901-2.c (test for excess errors)
FAIL: gcc.dg/pr36901-3.c (test for excess errors)
FAIL: gcc.dg/pr36901-4.c (test for excess errors)
XPASS: gcc.dg/struct/wo_prof_array_through_pointer.c scan-ipa-dump ipa_struct_reorg "Number of structures to transform is 1"
FAIL: gcc.dg/tree-prof/bb-reorg.c compilation, -fprofile-use -D_PROFILE_USE
UNRESOLVED: gcc.dg/tree-prof/bb-reorg.c execution, -fprofile-use -D_PROFILE_USE
FAIL: gcc.dg/tree-prof/pr34999.c compilation, -fprofile-use -D_PROFILE_USE
UNRESOLVED: gcc.dg/tree-prof/pr34999.c execution, -fprofile-use -D_PROFILE_USE
FAIL: gcc.dg/tree-ssa/20030807-2.c scan-tree-dump-times dom2 "if " 0
FAIL: gcc.dg/tree-ssa/forwprop-4.c scan-tree-dump-not forwprop1 "link_error"
FAIL: compiler driver -v --help option(s) (assembler options)
FAIL: compiler driver -v --help option(s) (linker options)
FAIL: compiler driver -v --help option(s) (assembler options)
FAIL: compiler driver --help=optimizers option(s) (assembler options)
FAIL: compiler driver --help=params option(s) (assembler options)
FAIL: compiler driver --help=C option(s) (assembler options)
FAIL: compiler driver --help=C++ option(s) (assembler options)
FAIL: compiler driver --help=common option(s) (assembler options)
FAIL: compiler driver --help=undocumented option(s) (linker options)
FAIL: compiler driver --help=^undocumented option(s) (compiler options)
FAIL: compiler driver --help=target,undocumented option(s) (linker options)
FAIL: compiler driver --help=target,optimizers option(s) (linker options)
FAIL: compiler driver --help=warnings,^joined,^undocumented option(s) (linker options)
FAIL: compiler driver -Q -O2 --help=optimizers option(s) (compiler options)
FAIL: compiler driver -Q -O3 --help=optimizers option(s) (compiler options)
FAIL: compiler driver --help=params --help=optimizers option(s) (compiler options)
FAIL: compiler driver --help=joined option(s) (assembler options)
FAIL: compiler driver --help=separate option(s) (assembler options)
FAIL: compiler driver --help=warnings,joined option(s) (assembler options)
FAIL: compiler driver --help=warnings,^joined option(s) (assembler options)
FAIL: compiler driver --help=joined,separate option(s) (linker options)
FAIL: compiler driver --help=^joined,separate option(s) (linker options)
FAIL: compiler driver --help=joined,^separate option(s) (linker options)
FAIL: compiler driver --help=joined,undocumented option(s) (linker options)
FAIL: compiler driver --help=^joined,^separate option(s) (linker options)
=== gcc Summary for unix ===
=== gcc Summary ===
# of expected passes 114623
# of unexpected failures 39
# of unexpected successes 6
# of expected failures 289
# of unresolved testcases 2
# of unsupported tests 1155
/export/gnu/import/svn/gcc-test/bld/gcc/xgcc version 4.5.0 20090410 (experimental) [trunk revision 145872] (GCC)
=== gfortran tests ===
Running target unix/-m32
FAIL: gfortran.dg/alloc_comp_basics_2.f90 -O0 (internal compiler error)
FAIL: gfortran.dg/alloc_comp_basics_2.f90 -O0 (test for excess errors)
WARNING: gfortran.dg/alloc_comp_basics_2.f90 -O0 compilation failed to produce executable
FAIL: gfortran.dg/alloc_comp_basics_2.f90 -O1 (internal compiler error)
FAIL: gfortran.dg/alloc_comp_basics_2.f90 -O1 (test for excess errors)
WARNING: gfortran.dg/alloc_comp_basics_2.f90 -O1 compilation failed to produce executable
FAIL: gfortran.dg/alloc_comp_basics_5.f90 -O0 (internal compiler error)
FAIL: gfortran.dg/alloc_comp_basics_5.f90 -O0 (test for excess errors)
WARNING: gfortran.dg/alloc_comp_basics_5.f90 -O0 compilation failed to produce executable
FAIL: gfortran.dg/alloc_comp_basics_5.f90 -O1 (internal compiler error)
FAIL: gfortran.dg/alloc_comp_basics_5.f90 -O1 (test for excess errors)
WARNING: gfortran.dg/alloc_comp_basics_5.f90 -O1 compilation failed to produce executable
FAIL: gfortran.dg/alloc_comp_initializer_1.f90 -O0 (internal compiler error)
FAIL: gfortran.dg/alloc_comp_initializer_1.f90 -O0 (test for excess errors)
WARNING: gfortran.dg/alloc_comp_initializer_1.f90 -O0 compilation failed to produce executable
FAIL: gfortran.dg/alloc_comp_initializer_1.f90 -O1 (internal compiler error)
FAIL: gfortran.dg/alloc_comp_initializer_1.f90 -O1 (test for excess errors)
WARNING: gfortran.dg/alloc_comp_initializer_1.f90 -O1 compilation failed to produce executable
FAIL: gfortran.dg/allocate_alloc_opt_3.f90 -O0 (internal compiler error)
FAIL: gfortran.dg/allocate_alloc_opt_3.f90 -O0 (test for excess errors)
WARNING: gfortran.dg/allocate_alloc_opt_3.f90 -O0 compilation failed to produce executable
FAIL: gfortran.dg/allocate_alloc_opt_3.f90 -O1 (internal compiler error)
FAIL: gfortran.dg/allocate_alloc_opt_3.f90 -O1 (test for excess errors)
WARNING: gfortran.dg/allocate_alloc_opt_3.f90 -O1 compilation failed to produce executable
FAIL: gfortran.dg/allocate_stat.f90 -O (internal compiler error)
FAIL: gfortran.dg/allocate_stat.f90 -O (test for errors, line 41)
FAIL: gfortran.dg/allocate_stat.f90 -O (test for errors, line 54)
FAIL: gfortran.dg/allocate_stat.f90 -O (test for errors, line 71)
FAIL: gfortran.dg/allocate_stat.f90 -O (test for errors, line 73)
FAIL: gfortran.dg/allocate_stat.f90 -O (test for excess errors)
FAIL: gfortran.dg/char_array_structure_constructor.f90 -O0 (internal compiler error)
FAIL: gfortran.dg/char_array_structure_constructor.f90 -O0 (test for excess errors)
WARNING: gfortran.dg/char_array_structure_constructor.f90 -O0 compilation failed to produce executable
FAIL: gfortran.dg/char_array_structure_constructor.f90 -O1 (internal compiler error)
FAIL: gfortran.dg/char_array_structure_constructor.f90 -O1 (test for excess errors)
WARNING: gfortran.dg/char_array_structure_constructor.f90 -O1 compilation failed to produce executable
FAIL: gfortran.dg/host_assoc_variable_1.f90 -O (internal compiler error)
FAIL: gfortran.dg/host_assoc_variable_1.f90 -O (test for excess errors)
FAIL: gfortran.dg/implicit_11.f90 -O (internal compiler error)
FAIL: gfortran.dg/implicit_11.f90 -O (test for errors, line 34)
FAIL: gfortran.dg/implicit_11.f90 -O (test for excess errors)
FAIL: gfortran.dg/move_alloc.f90 -O0 (internal compiler error)
FAIL: gfortran.dg/move_alloc.f90 -O0 (test for excess errors)
WARNING: gfortran.dg/move_alloc.f90 -O0 compilation failed to produce executable
FAIL: gfortran.dg/move_alloc.f90 -O1 (internal compiler error)
FAIL: gfortran.dg/move_alloc.f90 -O1 (test for excess errors)
WARNING: gfortran.dg/move_alloc.f90 -O1 compilation failed to produce executable
FAIL: gfortran.dg/multiple_allocation_1.f90 -O0 (internal compiler error)
FAIL: gfortran.dg/multiple_allocation_1.f90 -O0 (test for excess errors)
WARNING: gfortran.dg/multiple_allocation_1.f90 -O0 compilation failed to produce executable
FAIL: gfortran.dg/multiple_allocation_1.f90 -O1 (internal compiler error)
FAIL: gfortran.dg/multiple_allocation_1.f90 -O1 (test for excess errors)
WARNING: gfortran.dg/multiple_allocation_1.f90 -O1 compilation failed to produce executable
FAIL: gfortran.dg/nullify_3.f90 -O0 (internal compiler error)
FAIL: gfortran.dg/nullify_3.f90 -O0 (test for excess errors)
WARNING: gfortran.dg/nullify_3.f90 -O0 compilation failed to produce executable
FAIL: gfortran.dg/nullify_3.f90 -O1 (internal compiler error)
FAIL: gfortran.dg/nullify_3.f90 -O1 (test for excess errors)
WARNING: gfortran.dg/nullify_3.f90 -O1 compilation failed to produce executable
FAIL: gfortran.dg/nullify_3.f90 -O2 (internal compiler error)
FAIL: gfortran.dg/nullify_3.f90 -O2 (test for excess errors)
WARNING: gfortran.dg/nullify_3.f90 -O2 compilation failed to produce executable
FAIL: gfortran.dg/nullify_3.f90 -O3 -fomit-frame-pointer (internal compiler error)
FAIL: gfortran.dg/nullify_3.f90 -O3 -fomit-frame-pointer (test for excess errors)
WARNING: gfortran.dg/nullify_3.f90 -O3 -fomit-frame-pointer compilation failed to produce executable
FAIL: gfortran.dg/nullify_3.f90 -O3 -fomit-frame-pointer -funroll-loops (internal compiler error)
FAIL: gfortran.dg/nullify_3.f90 -O3 -fomit-frame-pointer -funroll-loops (test for excess errors)
WARNING: gfortran.dg/nullify_3.f90 -O3 -fomit-frame-pointer -funroll-loops compilation failed to produce executable
FAIL: gfortran.dg/nullify_3.f90 -O3 -fomit-frame-pointer -funroll-all-loops -finline-functions (internal compiler error)
FAIL: gfortran.dg/nullify_3.f90 -O3 -fomit-frame-pointer -funroll-all-loops -finline-functions (test for excess errors)
WARNING: gfortran.dg/nullify_3.f90 -O3 -fomit-frame-pointer -funroll-all-loops -finline-functions compilation failed to produce executable
FAIL: gfortran.dg/nullify_3.f90 -O3 -g (internal compiler error)
FAIL: gfortran.dg/nullify_3.f90 -O3 -g (test for excess errors)
WARNING: gfortran.dg/nullify_3.f90 -O3 -g compilation failed to produce executable
FAIL: gfortran.dg/nullify_3.f90 -Os (internal compiler error)
FAIL: gfortran.dg/nullify_3.f90 -Os (test for excess errors)
WARNING: gfortran.dg/nullify_3.f90 -Os compilation failed to produce executable
FAIL: gfortran.fortran-torture/compile/ambig.f90, -O0 (internal compiler error)
FAIL: gfortran.fortran-torture/compile/ambig.f90, -O1 (internal compiler error)
=== gfortran Summary for unix/-m32 ===
# of expected passes 3978
Running target unix
FAIL: gfortran.dg/alloc_comp_basics_2.f90 -O0 (internal compiler error)
FAIL: gfortran.dg/alloc_comp_basics_2.f90 -O0 (test for excess errors)
WARNING: gfortran.dg/alloc_comp_basics_2.f90 -O0 compilation failed to produce executable
FAIL: gfortran.dg/alloc_comp_basics_2.f90 -O1 (internal compiler error)
FAIL: gfortran.dg/alloc_comp_basics_2.f90 -O1 (test for excess errors)
WARNING: gfortran.dg/alloc_comp_basics_2.f90 -O1 compilation failed to produce executable
FAIL: gfortran.dg/alloc_comp_basics_5.f90 -O0 (internal compiler error)
FAIL: gfortran.dg/alloc_comp_basics_5.f90 -O0 (test for excess errors)
WARNING: gfortran.dg/alloc_comp_basics_5.f90 -O0 compilation failed to produce executable
FAIL: gfortran.dg/alloc_comp_basics_5.f90 -O1 (internal compiler error)
FAIL: gfortran.dg/alloc_comp_basics_5.f90 -O1 (test for excess errors)
WARNING: gfortran.dg/alloc_comp_basics_5.f90 -O1 compilation failed to produce executable
FAIL: gfortran.dg/alloc_comp_initializer_1.f90 -O0 (internal compiler error)
FAIL: gfortran.dg/alloc_comp_initializer_1.f90 -O0 (test for excess errors)
WARNING: gfortran.dg/alloc_comp_initializer_1.f90 -O0 compilation failed to produce executable
FAIL: gfortran.dg/alloc_comp_initializer_1.f90 -O1 (internal compiler error)
FAIL: gfortran.dg/alloc_comp_initializer_1.f90 -O1 (test for excess errors)
WARNING: gfortran.dg/alloc_comp_initializer_1.f90 -O1 compilation failed to produce executable
FAIL: gfortran.dg/allocate_alloc_opt_3.f90 -O0 (internal compiler error)
FAIL: gfortran.dg/allocate_alloc_opt_3.f90 -O0 (test for excess errors)
WARNING: gfortran.dg/allocate_alloc_opt_3.f90 -O0 compilation failed to produce executable
FAIL: gfortran.dg/allocate_alloc_opt_3.f90 -O1 (internal compiler error)
FAIL: gfortran.dg/allocate_alloc_opt_3.f90 -O1 (test for excess errors)
WARNING: gfortran.dg/allocate_alloc_opt_3.f90 -O1 compilation failed to produce executable
FAIL: gfortran.dg/allocate_stat.f90 -O (internal compiler error)
FAIL: gfortran.dg/allocate_stat.f90 -O (test for errors, line 41)
FAIL: gfortran.dg/allocate_stat.f90 -O (test for errors, line 54)
FAIL: gfortran.dg/allocate_stat.f90 -O (test for errors, line 71)
FAIL: gfortran.dg/allocate_stat.f90 -O (test for errors, line 73)
FAIL: gfortran.dg/allocate_stat.f90 -O (test for excess errors)
FAIL: gfortran.dg/char_array_structure_constructor.f90 -O0 (internal compiler error)
FAIL: gfortran.dg/char_array_structure_constructor.f90 -O0 (test for excess errors)
WARNING: gfortran.dg/char_array_structure_constructor.f90 -O0 compilation failed to produce executable
FAIL: gfortran.dg/char_array_structure_constructor.f90 -O1 (internal compiler error)
FAIL: gfortran.dg/char_array_structure_constructor.f90 -O1 (test for excess errors)
WARNING: gfortran.dg/char_array_structure_constructor.f90 -O1 compilation failed to produce executable
FAIL: gfortran.dg/f2003_io_1.f03 -O0 execution test
FAIL: gfortran.dg/f2003_io_1.f03 -O1 execution test
FAIL: gfortran.dg/f2003_io_1.f03 -O2 execution test
FAIL: gfortran.dg/f2003_io_1.f03 -O3 -fomit-frame-pointer execution test
FAIL: gfortran.dg/f2003_io_1.f03 -O3 -fomit-frame-pointer -funroll-loops execution test
FAIL: gfortran.dg/f2003_io_1.f03 -O3 -fomit-frame-pointer -funroll-all-loops -finline-functions execution test
FAIL: gfortran.dg/f2003_io_1.f03 -O3 -g execution test
FAIL: gfortran.dg/f2003_io_1.f03 -Os execution test
FAIL: gfortran.dg/f2003_io_4.f03 -O0 execution test
FAIL: gfortran.dg/f2003_io_4.f03 -O1 execution test
FAIL: gfortran.dg/f2003_io_4.f03 -O2 execution test
FAIL: gfortran.dg/f2003_io_4.f03 -O3 -fomit-frame-pointer execution test
FAIL: gfortran.dg/f2003_io_4.f03 -O3 -fomit-frame-pointer -funroll-loops execution test
FAIL: gfortran.dg/f2003_io_4.f03 -O3 -fomit-frame-pointer -funroll-all-loops -finline-functions execution test
FAIL: gfortran.dg/f2003_io_4.f03 -O3 -g execution test
FAIL: gfortran.dg/f2003_io_4.f03 -Os execution test
FAIL: gfortran.dg/f2003_io_5.f03 -O0 execution test
FAIL: gfortran.dg/f2003_io_5.f03 -O1 execution test
FAIL: gfortran.dg/f2003_io_5.f03 -O2 execution test
FAIL: gfortran.dg/f2003_io_5.f03 -O3 -fomit-frame-pointer execution test
FAIL: gfortran.dg/f2003_io_5.f03 -O3 -fomit-frame-pointer -funroll-loops execution test
FAIL: gfortran.dg/f2003_io_5.f03 -O3 -fomit-frame-pointer -funroll-all-loops -finline-functions execution test
FAIL: gfortran.dg/f2003_io_5.f03 -O3 -g execution test
FAIL: gfortran.dg/f2003_io_5.f03 -Os execution test
FAIL: gfortran.dg/f2003_io_6.f03 -O0 execution test
FAIL: gfortran.dg/f2003_io_6.f03 -O1 execution test
FAIL: gfortran.dg/f2003_io_6.f03 -O2 execution test
FAIL: gfortran.dg/f2003_io_6.f03 -O3 -fomit-frame-pointer execution test
FAIL: gfortran.dg/f2003_io_6.f03 -O3 -fomit-frame-pointer -funroll-loops execution test
FAIL: gfortran.dg/f2003_io_6.f03 -O3 -fomit-frame-pointer -funroll-all-loops -finline-functions execution test
FAIL: gfortran.dg/f2003_io_6.f03 -O3 -g execution test
FAIL: gfortran.dg/f2003_io_6.f03 -Os execution test
FAIL: gfortran.dg/f2003_io_7.f03 -O0 execution test
FAIL: gfortran.dg/f2003_io_7.f03 -O1 execution test
FAIL: gfortran.dg/f2003_io_7.f03 -O2 execution test
FAIL: gfortran.dg/f2003_io_7.f03 -O3 -fomit-frame-pointer execution test
FAIL: gfortran.dg/f2003_io_7.f03 -O3 -fomit-frame-pointer -funroll-loops execution test
FAIL: gfortran.dg/f2003_io_7.f03 -O3 -fomit-frame-pointer -funroll-all-loops -finline-functions execution test
FAIL: gfortran.dg/f2003_io_7.f03 -O3 -g execution test
FAIL: gfortran.dg/f2003_io_7.f03 -Os execution test
FAIL: gfortran.dg/fmt_t_5.f90 -O0 execution test
FAIL: gfortran.dg/fmt_t_5.f90 -O1 execution test
FAIL: gfortran.dg/fmt_t_5.f90 -O2 execution test
FAIL: gfortran.dg/fmt_t_5.f90 -O3 -fomit-frame-pointer execution test
FAIL: gfortran.dg/fmt_t_5.f90 -O3 -fomit-frame-pointer -funroll-loops execution test
FAIL: gfortran.dg/fmt_t_5.f90 -O3 -fomit-frame-pointer -funroll-all-loops -finline-functions execution test
FAIL: gfortran.dg/fmt_t_5.f90 -O3 -g execution test
FAIL: gfortran.dg/fmt_t_5.f90 -Os execution test
FAIL: gfortran.dg/fmt_t_7.f -O0 execution test
FAIL: gfortran.dg/fmt_t_7.f -O1 execution test
FAIL: gfortran.dg/fmt_t_7.f -O2 execution test
FAIL: gfortran.dg/fmt_t_7.f -O3 -fomit-frame-pointer execution test
FAIL: gfortran.dg/fmt_t_7.f -O3 -fomit-frame-pointer -funroll-loops execution test
FAIL: gfortran.dg/fmt_t_7.f -O3 -fomit-frame-pointer -funroll-all-loops -finline-functions execution test
FAIL: gfortran.dg/fmt_t_7.f -O3 -g execution test
FAIL: gfortran.dg/fmt_t_7.f -Os execution test
FAIL: gfortran.dg/host_assoc_variable_1.f90 -O (internal compiler error)
FAIL: gfortran.dg/host_assoc_variable_1.f90 -O (test for excess errors)
FAIL: gfortran.dg/implicit_11.f90 -O (internal compiler error)
FAIL: gfortran.dg/implicit_11.f90 -O (test for errors, line 34)
FAIL: gfortran.dg/implicit_11.f90 -O (test for excess errors)
FAIL: gfortran.dg/move_alloc.f90 -O0 (internal compiler error)
FAIL: gfortran.dg/move_alloc.f90 -O0 (test for excess errors)
WARNING: gfortran.dg/move_alloc.f90 -O0 compilation failed to produce executable
FAIL: gfortran.dg/move_alloc.f90 -O1 (internal compiler error)
FAIL: gfortran.dg/move_alloc.f90 -O1 (test for excess errors)
WARNING: gfortran.dg/move_alloc.f90 -O1 compilation failed to produce executable
FAIL: gfortran.dg/multiple_allocation_1.f90 -O0 (internal compiler error)
FAIL: gfortran.dg/multiple_allocation_1.f90 -O0 (test for excess errors)
WARNING: gfortran.dg/multiple_allocation_1.f90 -O0 compilation failed to produce executable
FAIL: gfortran.dg/multiple_allocation_1.f90 -O1 (internal compiler error)
FAIL: gfortran.dg/multiple_allocation_1.f90 -O1 (test for excess errors)
WARNING: gfortran.dg/multiple_allocation_1.f90 -O1 compilation failed to produce executable
FAIL: gfortran.dg/nullify_3.f90 -O0 (internal compiler error)
FAIL: gfortran.dg/nullify_3.f90 -O0 (test for excess errors)
WARNING: gfortran.dg/nullify_3.f90 -O0 compilation failed to produce executable
FAIL: gfortran.dg/nullify_3.f90 -O1 (internal compiler error)
FAIL: gfortran.dg/nullify_3.f90 -O1 (test for excess errors)
WARNING: gfortran.dg/nullify_3.f90 -O1 compilation failed to produce executable
FAIL: gfortran.dg/nullify_3.f90 -O2 (internal compiler error)
FAIL: gfortran.dg/nullify_3.f90 -O2 (test for excess errors)
WARNING: gfortran.dg/nullify_3.f90 -O2 compilation failed to produce executable
FAIL: gfortran.dg/nullify_3.f90 -O3 -fomit-frame-pointer (internal compiler error)
FAIL: gfortran.dg/nullify_3.f90 -O3 -fomit-frame-pointer (test for excess errors)
WARNING: gfortran.dg/nullify_3.f90 -O3 -fomit-frame-pointer compilation failed to produce executable
FAIL: gfortran.dg/nullify_3.f90 -O3 -fomit-frame-pointer -funroll-loops (internal compiler error)
FAIL: gfortran.dg/nullify_3.f90 -O3 -fomit-frame-pointer -funroll-loops (test for excess errors)
WARNING: gfortran.dg/nullify_3.f90 -O3 -fomit-frame-pointer -funroll-loops compilation failed to produce executable
FAIL: gfortran.dg/nullify_3.f90 -O3 -fomit-frame-pointer -funroll-all-loops -finline-functions (internal compiler error)
FAIL: gfortran.dg/nullify_3.f90 -O3 -fomit-frame-pointer -funroll-all-loops -finline-functions (test for excess errors)
WARNING: gfortran.dg/nullify_3.f90 -O3 -fomit-frame-pointer -funroll-all-loops -finline-functions compilation failed to produce executable
FAIL: gfortran.dg/nullify_3.f90 -O3 -g (internal compiler error)
FAIL: gfortran.dg/nullify_3.f90 -O3 -g (test for excess errors)
WARNING: gfortran.dg/nullify_3.f90 -O3 -g compilation failed to produce executable
FAIL: gfortran.dg/nullify_3.f90 -Os (internal compiler error)
FAIL: gfortran.dg/nullify_3.f90 -Os (test for excess errors)
WARNING: gfortran.dg/nullify_3.f90 -Os compilation failed to produce executable
FAIL: gfortran.dg/streamio_1.f90 -O0 execution test
FAIL: gfortran.dg/streamio_1.f90 -O1 execution test
FAIL: gfortran.dg/streamio_1.f90 -O2 execution test
FAIL: gfortran.dg/streamio_1.f90 -O3 -fomit-frame-pointer execution test
FAIL: gfortran.dg/streamio_1.f90 -O3 -fomit-frame-pointer -funroll-loops execution test
FAIL: gfortran.dg/streamio_1.f90 -O3 -fomit-frame-pointer -funroll-all-loops -finline-functions execution test
FAIL: gfortran.dg/streamio_1.f90 -O3 -g execution test
FAIL: gfortran.dg/streamio_1.f90 -Os execution test
FAIL: gfortran.dg/streamio_10.f90 -O0 execution test
FAIL: gfortran.dg/streamio_10.f90 -O1 execution test
FAIL: gfortran.dg/streamio_10.f90 -O2 execution test
FAIL: gfortran.dg/streamio_10.f90 -O3 -fomit-frame-pointer execution test
FAIL: gfortran.dg/streamio_10.f90 -O3 -fomit-frame-pointer -funroll-loops execution test
FAIL: gfortran.dg/streamio_10.f90 -O3 -fomit-frame-pointer -funroll-all-loops -finline-functions execution test
FAIL: gfortran.dg/streamio_10.f90 -O3 -g execution test
FAIL: gfortran.dg/streamio_10.f90 -Os execution test
FAIL: gfortran.dg/streamio_12.f90 -O0 execution test
FAIL: gfortran.dg/streamio_12.f90 -O1 execution test
FAIL: gfortran.dg/streamio_12.f90 -O2 execution test
FAIL: gfortran.dg/streamio_12.f90 -O3 -fomit-frame-pointer execution test
FAIL: gfortran.dg/streamio_12.f90 -O3 -fomit-frame-pointer -funroll-loops execution test
FAIL: gfortran.dg/streamio_12.f90 -O3 -fomit-frame-pointer -funroll-all-loops -finline-functions execution test
FAIL: gfortran.dg/streamio_12.f90 -O3 -g execution test
FAIL: gfortran.dg/streamio_12.f90 -Os execution test
FAIL: gfortran.dg/streamio_14.f90 -O0 execution test
FAIL: gfortran.dg/streamio_14.f90 -O1 execution test
FAIL: gfortran.dg/streamio_14.f90 -O2 execution test
FAIL: gfortran.dg/streamio_14.f90 -O3 -fomit-frame-pointer execution test
FAIL: gfortran.dg/streamio_14.f90 -O3 -fomit-frame-pointer -funroll-loops execution test
FAIL: gfortran.dg/streamio_14.f90 -O3 -fomit-frame-pointer -funroll-all-loops -finline-functions execution test
FAIL: gfortran.dg/streamio_14.f90 -O3 -g execution test
FAIL: gfortran.dg/streamio_14.f90 -Os execution test
FAIL: gfortran.dg/streamio_15.f90 -O0 execution test
FAIL: gfortran.dg/streamio_15.f90 -O1 execution test
FAIL: gfortran.dg/streamio_15.f90 -O2 execution test
FAIL: gfortran.dg/streamio_15.f90 -O3 -fomit-frame-pointer execution test
FAIL: gfortran.dg/streamio_15.f90 -O3 -fomit-frame-pointer -funroll-loops execution test
FAIL: gfortran.dg/streamio_15.f90 -O3 -fomit-frame-pointer -funroll-all-loops -finline-functions execution test
FAIL: gfortran.dg/streamio_15.f90 -O3 -g execution test
FAIL: gfortran.dg/streamio_15.f90 -Os execution test
FAIL: gfortran.dg/streamio_16.f90 -O0 execution test
FAIL: gfortran.dg/streamio_16.f90 -O1 execution test
FAIL: gfortran.dg/streamio_16.f90 -O2 execution test
FAIL: gfortran.dg/streamio_16.f90 -O3 -fomit-frame-pointer execution test
FAIL: gfortran.dg/streamio_16.f90 -O3 -fomit-frame-pointer -funroll-loops execution test
FAIL: gfortran.dg/streamio_16.f90 -O3 -fomit-frame-pointer -funroll-all-loops -finline-functions execution test
FAIL: gfortran.dg/streamio_16.f90 -O3 -g execution test
FAIL: gfortran.dg/streamio_16.f90 -Os execution test
FAIL: gfortran.dg/streamio_2.f90 -O0 execution test
FAIL: gfortran.dg/streamio_2.f90 -O1 execution test
FAIL: gfortran.dg/streamio_2.f90 -O2 execution test
FAIL: gfortran.dg/streamio_2.f90 -O3 -fomit-frame-pointer execution test
FAIL: gfortran.dg/streamio_2.f90 -O3 -fomit-frame-pointer -funroll-loops execution test
FAIL: gfortran.dg/streamio_2.f90 -O3 -fomit-frame-pointer -funroll-all-loops -finline-functions execution test
FAIL: gfortran.dg/streamio_2.f90 -O3 -g execution test
FAIL: gfortran.dg/streamio_2.f90 -Os execution test
FAIL: gfortran.dg/streamio_6.f90 -O0 execution test
FAIL: gfortran.dg/streamio_6.f90 -O1 execution test
FAIL: gfortran.dg/streamio_6.f90 -O2 execution test
FAIL: gfortran.dg/streamio_6.f90 -O3 -fomit-frame-pointer execution test
FAIL: gfortran.dg/streamio_6.f90 -O3 -fomit-frame-pointer -funroll-loops execution test
FAIL: gfortran.dg/streamio_6.f90 -O3 -fomit-frame-pointer -funroll-all-loops -finline-functions execution test
FAIL: gfortran.dg/streamio_6.f90 -O3 -g execution test
FAIL: gfortran.dg/streamio_6.f90 -Os execution test
FAIL: gfortran.dg/streamio_7.f90 -O0 execution test
FAIL: gfortran.dg/streamio_7.f90 -O1 execution test
FAIL: gfortran.dg/streamio_7.f90 -O2 execution test
FAIL: gfortran.dg/streamio_7.f90 -O3 -fomit-frame-pointer execution test
FAIL: gfortran.dg/streamio_7.f90 -O3 -fomit-frame-pointer -funroll-loops execution test
FAIL: gfortran.dg/streamio_7.f90 -O3 -fomit-frame-pointer -funroll-all-loops -finline-functions execution test
FAIL: gfortran.dg/streamio_7.f90 -O3 -g execution test
FAIL: gfortran.dg/streamio_7.f90 -Os execution test
FAIL: gfortran.dg/streamio_8.f90 -O0 execution test
FAIL: gfortran.dg/streamio_8.f90 -O1 execution test
FAIL: gfortran.dg/streamio_8.f90 -O2 execution test
FAIL: gfortran.dg/streamio_8.f90 -O3 -fomit-frame-pointer execution test
FAIL: gfortran.dg/streamio_8.f90 -O3 -fomit-frame-pointer -funroll-loops execution test
FAIL: gfortran.dg/streamio_8.f90 -O3 -fomit-frame-pointer -funroll-all-loops -finline-functions execution test
FAIL: gfortran.dg/streamio_8.f90 -O3 -g execution test
FAIL: gfortran.dg/streamio_8.f90 -Os execution test
FAIL: gfortran.fortran-torture/compile/ambig.f90, -O0 (internal compiler error)
FAIL: gfortran.fortran-torture/compile/ambig.f90, -O1 (internal compiler error)
=== gfortran Summary for unix ===
# of expected passes 3978
=== gfortran Summary ===
# of expected passes 59819
# of unexpected failures 250
# of expected failures 22
# of unsupported tests 141
/export/gnu/import/svn/gcc-test/bld/gcc/testsuite/gfortran/../../gfortran version 4.5.0 20090410 (experimental) [trunk revision 145872] (GCC)
=== objc tests ===
Running target unix/-m32
=== objc Summary for unix/-m32 ===
# of expected passes 2
Running target unix
FAIL: objc/execute/forward-1.m execution, -O0 -fgnu-runtime
FAIL: objc/execute/forward-1.m execution, -O1 -fgnu-runtime
FAIL: objc/execute/forward-1.m execution, -O2 -fgnu-runtime
FAIL: objc/execute/forward-1.m execution, -O3 -fomit-frame-pointer -fgnu-runtime
FAIL: objc/execute/forward-1.m execution, -O3 -fomit-frame-pointer -funroll-loops -fgnu-runtime
FAIL: objc/execute/forward-1.m execution, -O3 -fomit-frame-pointer -funroll-all-loops -finline-functions -fgnu-runtime
FAIL: objc/execute/forward-1.m execution, -O3 -g -fgnu-runtime
FAIL: objc/execute/forward-1.m execution, -Os -fgnu-runtime
=== objc Summary for unix ===
# of expected passes 2
=== objc Summary ===
# of expected passes 3736
# of unexpected failures 8
# of expected failures 14
# of unsupported tests 48
/export/gnu/import/svn/gcc-test/bld/gcc/xgcc version 4.5.0 20090410 (experimental) [trunk revision 145872] (GCC)
=== libffi tests ===
Running target unix/-m32
=== libffi Summary for unix/-m32 ===
# of expected passes 24
Running target unix
=== libffi Summary for unix ===
# of expected passes 24
=== libffi Summary ===
# of expected passes 2778
# of unsupported tests 20
=== libgomp tests ===
Running target unix/-m32
=== libgomp Summary for unix/-m32 ===
# of expected passes 1399
Running target unix
=== libgomp Summary for unix ===
# of expected passes 1399
=== libgomp Summary ===
# of expected passes 4812
=== libjava tests ===
Running target unix/-m32
=== libjava Summary for unix/-m32 ===
Running target unix
=== libjava Summary for unix ===
=== libjava Summary ===
# of expected passes 5148
=== libmudflap tests ===
Running target unix/-m32
FAIL: libmudflap.c++/pass41-frag.cxx execution test
FAIL: libmudflap.c++/pass41-frag.cxx (-static) execution test
FAIL: libmudflap.c++/pass41-frag.cxx (-O2) execution test
FAIL: libmudflap.c++/pass41-frag.cxx (-O3) execution test
FAIL: libmudflap.cth/pass39-frag.c (-static -DSTATIC) (rerun 18) execution test
FAIL: libmudflap.cth/pass39-frag.c (-static -DSTATIC) (rerun 18) output pattern test
FAIL: libmudflap.cth/pass39-frag.c (-O3) (rerun 16) execution test
FAIL: libmudflap.cth/pass39-frag.c (-O3) (rerun 16) output pattern test
=== libmudflap Summary for unix/-m32 ===
# of expected passes 348
# of unexpected failures 4
Running target unix
FAIL: libmudflap.c++/pass41-frag.cxx execution test
FAIL: libmudflap.c++/pass41-frag.cxx (-static) execution test
FAIL: libmudflap.c++/pass41-frag.cxx (-O2) execution test
FAIL: libmudflap.c++/pass41-frag.cxx (-O3) execution test
=== libmudflap Summary for unix ===
# of expected passes 352
=== libmudflap Summary ===
# of expected passes 3776
# of unexpected failures 12
=== libstdc++ tests ===
Running target unix/-m32
XPASS: 26_numerics/headers/cmath/c99_classification_macros_c.cc (test for excess errors)
=== libstdc++ Summary for unix/-m32 ===
# of expected passes 6708
# of unexpected successes 1
# of expected failures 82
# of unsupported tests 18
Running target unix
XPASS: 26_numerics/headers/cmath/c99_classification_macros_c.cc (test for excess errors)
=== libstdc++ Summary for unix ===
# of expected passes 6714
# of unexpected successes 1
# of expected failures 82
# of unsupported tests 15
=== libstdc++ Summary ===
# of expected passes 13424
# of unexpected successes 2
# of expected failures 164
# of unsupported tests 33
Compiler version: 4.5.0 20090410 (experimental) [trunk revision 145872] (GCC)
Platform: x86_64-unknown-linux-gnu
configure flags: --enable-clocale=gnu --with-system-zlib --enable-shared --with-demangler-in-ld