This is the mail archive of the
gcc-testresults@gcc.gnu.org
mailing list for the GCC project.
Results for 4.5.0 20090409 (experimental) [trunk revision 145853] (GCC) testsuite on x86_64-unknown-linux-gnu
- From: hjl at gnu-16 dot sc dot intel dot com (H.J. Lu (Intel64))
- To: gcc-testresults at gcc dot gnu dot org
- Date: Thu, 09 Apr 2009 16:57:49 -0700
- Subject: Results for 4.5.0 20090409 (experimental) [trunk revision 145853] (GCC) testsuite on x86_64-unknown-linux-gnu
LAST_UPDATED: Thu Apr 9 19:47:42 UTC 2009 (revision 145853)
Native configuration is x86_64-unknown-linux-gnu
=== gcc tests ===
Running target emx-avx-sim/-m32
FAIL: gcc.c-torture/compile/limits-exprparen.c -O0 (test for excess errors)
FAIL: gcc.c-torture/compile/limits-exprparen.c -O1 (test for excess errors)
FAIL: gcc.c-torture/compile/limits-exprparen.c -O2 (test for excess errors)
FAIL: gcc.c-torture/compile/limits-exprparen.c -O3 -fomit-frame-pointer (test for excess errors)
FAIL: gcc.c-torture/compile/limits-exprparen.c -O3 -g (test for excess errors)
FAIL: gcc.c-torture/compile/limits-exprparen.c -Os (test for excess errors)
XPASS: gcc.dg/Warray-bounds.c (test for warnings, line 59)
XPASS: gcc.dg/Warray-bounds.c (test for warnings, line 65)
FAIL: gcc.dg/pr36901-1.c (test for excess errors)
FAIL: gcc.dg/pr36901-2.c (test for excess errors)
FAIL: gcc.dg/pr36901-3.c (test for excess errors)
FAIL: gcc.dg/pr36901-4.c (test for excess errors)
XPASS: gcc.dg/struct/wo_prof_array_through_pointer.c scan-ipa-dump ipa_struct_reorg "Number of structures to transform is 1"
FAIL: gcc.dg/torture/stackalign/builtin-apply-4.c -O0 execution test
FAIL: gcc.dg/torture/stackalign/builtin-apply-4.c -O1 execution test
FAIL: gcc.dg/torture/stackalign/builtin-apply-4.c -O2 execution test
FAIL: gcc.dg/torture/stackalign/builtin-apply-4.c -O3 -fomit-frame-pointer execution test
FAIL: gcc.dg/torture/stackalign/builtin-apply-4.c -O3 -g execution test
FAIL: gcc.dg/torture/stackalign/builtin-apply-4.c -Os execution test
FAIL: gcc.dg/torture/stackalign/builtin-apply-4.c -O0 execution test
FAIL: gcc.dg/torture/stackalign/builtin-apply-4.c -O1 execution test
FAIL: gcc.dg/torture/stackalign/builtin-apply-4.c -O2 execution test
FAIL: gcc.dg/torture/stackalign/builtin-apply-4.c -O3 -fomit-frame-pointer execution test
FAIL: gcc.dg/torture/stackalign/builtin-apply-4.c -O3 -g execution test
FAIL: gcc.dg/torture/stackalign/builtin-apply-4.c -Os execution test
FAIL: gcc.dg/torture/stackalign/builtin-apply-4.c -O0 execution test
FAIL: gcc.dg/torture/stackalign/builtin-apply-4.c -O1 execution test
FAIL: gcc.dg/torture/stackalign/builtin-apply-4.c -O2 execution test
FAIL: gcc.dg/torture/stackalign/builtin-apply-4.c -O3 -fomit-frame-pointer execution test
FAIL: gcc.dg/torture/stackalign/builtin-apply-4.c -O3 -g execution test
FAIL: gcc.dg/torture/stackalign/builtin-apply-4.c -Os execution test
FAIL: gcc.dg/torture/stackalign/builtin-apply-4.c -O0 execution test
FAIL: gcc.dg/torture/stackalign/builtin-apply-4.c -O1 execution test
FAIL: gcc.dg/torture/stackalign/builtin-apply-4.c -O2 execution test
FAIL: gcc.dg/torture/stackalign/builtin-apply-4.c -O3 -fomit-frame-pointer execution test
FAIL: gcc.dg/torture/stackalign/builtin-apply-4.c -O3 -g execution test
FAIL: gcc.dg/torture/stackalign/builtin-apply-4.c -Os execution test
FAIL: gcc.dg/tree-ssa/20030807-2.c scan-tree-dump-times dom2 "if " 0
FAIL: gcc.dg/tree-ssa/forwprop-4.c scan-tree-dump-not forwprop1 "link_error"
FAIL: compiler driver --help=undocumented option(s): This switch lacks documentation
FAIL: gcc.misc-tests/i386-pf-none-1.c scan-assembler-not fetch
FAIL: gcc.misc-tests/i386-pf-none-1.c scan-assembler-not fetch
FAIL: gcc.misc-tests/i386-pf-none-1.c scan-assembler-not fetch
FAIL: gcc.misc-tests/i386-pf-none-1.c scan-assembler-not fetch
FAIL: gcc.misc-tests/i386-pf-none-1.c scan-assembler-not fetch
FAIL: gcc.misc-tests/i386-pf-none-1.c scan-assembler-not fetch
FAIL: gcc.misc-tests/i386-pf-none-1.c scan-assembler-not fetch
FAIL: gcc.misc-tests/i386-pf-none-1.c scan-assembler-not fetch
FAIL: gcc.misc-tests/i386-pf-none-1.c scan-assembler-not fetch
FAIL: gcc.misc-tests/i386-pf-none-1.c scan-assembler-not fetch
FAIL: gcc.misc-tests/i386-pf-none-1.c scan-assembler-not fetch
FAIL: gcc.misc-tests/i386-pf-none-1.c scan-assembler-not fetch
FAIL: gcc.misc-tests/i386-pf-none-1.c scan-assembler-not fetch
FAIL: gcc.misc-tests/i386-pf-none-1.c scan-assembler-not fetch
FAIL: gcc.misc-tests/i386-pf-3dnow-1.c scan-assembler-not prefetchnta
FAIL: gcc.misc-tests/i386-pf-3dnow-1.c scan-assembler-not prefetcht
FAIL: gcc.misc-tests/i386-pf-3dnow-1.c scan-assembler-not prefetchnta
FAIL: gcc.misc-tests/i386-pf-3dnow-1.c scan-assembler-not prefetcht
FAIL: gcc.misc-tests/i386-pf-3dnow-1.c scan-assembler-not prefetchnta
FAIL: gcc.misc-tests/i386-pf-3dnow-1.c scan-assembler-not prefetcht
FAIL: gcc.target/i386/avx-vpabsw-1.c execution test
FAIL: gcc.target/i386/avx-vphaddsw-1.c execution test
FAIL: gcc.target/i386/avx-vphaddw-1.c execution test
FAIL: gcc.target/i386/avx-vphsubsw-1.c execution test
FAIL: gcc.target/i386/avx-vphsubw-1.c execution test
FAIL: gcc.target/i386/avx-vpmaddubsw-1.c execution test
FAIL: gcc.target/i386/avx-vpmulhrsw-1.c execution test
FAIL: gcc.target/i386/avx-vpsignw-1.c execution test
FAIL: gcc.target/i386/defines-1.c (test for excess errors)
FAIL: gcc.target/i386/funcspec-1.c scan-assembler fsubs[ \\t]
FAIL: gcc.target/i386/funcspec-10.c scan-assembler-not cmov
FAIL: gcc.target/i386/funcspec-8.c (test for errors, line 27)
FAIL: gcc.target/i386/funcspec-8.c (test for errors, line 46)
FAIL: gcc.target/i386/funcspec-8.c (test for errors, line 65)
FAIL: gcc.target/i386/funcspec-8.c (test for errors, line 84)
FAIL: gcc.target/i386/funcspec-8.c (test for errors, line 103)
FAIL: gcc.target/i386/funcspec-8.c (test for errors, line 122)
FAIL: gcc.target/i386/funcspec-8.c (test for errors, line 141)
FAIL: gcc.target/i386/funcspec-8.c (test for errors, line 160)
FAIL: gcc.target/i386/funcspec-8.c (test for excess errors)
FAIL: gcc.target/i386/isa-10.c execution test
FAIL: gcc.target/i386/isa-11.c execution test
FAIL: gcc.target/i386/isa-12.c execution test
FAIL: gcc.target/i386/isa-13.c execution test
FAIL: gcc.target/i386/isa-14.c execution test
FAIL: gcc.target/i386/isa-4.c execution test
FAIL: gcc.target/i386/isa-5.c execution test
FAIL: gcc.target/i386/isa-6.c execution test
FAIL: gcc.target/i386/isa-7.c execution test
FAIL: gcc.target/i386/isa-8.c execution test
FAIL: gcc.target/i386/isa-9.c execution test
FAIL: gcc.target/i386/parity-1.c scan-assembler setnp
FAIL: gcc.target/i386/parity-2.c scan-assembler setnp
FAIL: gcc.target/i386/pr38824.c scan-assembler-not addps[^\\\\n]*%[er]
FAIL: gcc.target/i386/pr39162.c (test for warnings, line 7)
FAIL: gcc.target/i386/sse-21.c scan-assembler-not fisttp
FAIL: gcc.target/i386/sse-5.c (test for warnings, line 7)
FAIL: gcc.target/i386/ssefn-1.c scan-assembler-not movsd
FAIL: gcc.target/i386/ssefn-1.c scan-assembler-not mulsd
FAIL: gcc.target/i386/sseregparm-2.c (test for errors, line 7)
FAIL: gcc.target/i386/sseregparm-2.c (test for errors, line 8)
FAIL: gcc.target/i386/sseregparm-8.c (test for errors, line 13)
FAIL: gcc.target/i386/sseregparm-8.c (test for errors, line 14)
FAIL: gcc.target/i386/sseregparm-8.c (test for errors, line 15)
FAIL: gcc.target/i386/sseregparm-8.c (test for errors, line 16)
FAIL: gcc.target/i386/vecinit-1.c scan-assembler-not xor
FAIL: gcc.target/i386/vecinit-2.c scan-assembler-not xor
FAIL: gcc.target/i386/xorps-sse.c scan-assembler xorps[ \\t]
=== gcc Summary for emx-avx-sim/-m32 ===
Running target emx-avx-sim
FAIL: gcc.c-torture/compile/limits-exprparen.c -O0 (test for excess errors)
FAIL: gcc.c-torture/compile/limits-exprparen.c -O1 (test for excess errors)
FAIL: gcc.c-torture/compile/limits-exprparen.c -O2 (test for excess errors)
FAIL: gcc.c-torture/compile/limits-exprparen.c -O3 -fomit-frame-pointer (test for excess errors)
FAIL: gcc.c-torture/compile/limits-exprparen.c -O3 -g (test for excess errors)
FAIL: gcc.c-torture/compile/limits-exprparen.c -Os (test for excess errors)
XPASS: gcc.dg/Warray-bounds.c (test for warnings, line 59)
XPASS: gcc.dg/Warray-bounds.c (test for warnings, line 65)
FAIL: gcc.dg/pr36901-1.c (test for excess errors)
FAIL: gcc.dg/pr36901-2.c (test for excess errors)
FAIL: gcc.dg/pr36901-3.c (test for excess errors)
FAIL: gcc.dg/pr36901-4.c (test for excess errors)
XPASS: gcc.dg/struct/wo_prof_array_through_pointer.c scan-ipa-dump ipa_struct_reorg "Number of structures to transform is 1"
FAIL: gcc.dg/tree-prof/bb-reorg.c compilation, -fprofile-use -D_PROFILE_USE
UNRESOLVED: gcc.dg/tree-prof/bb-reorg.c execution, -fprofile-use -D_PROFILE_USE
FAIL: gcc.dg/tree-prof/pr34999.c compilation, -fprofile-use -D_PROFILE_USE
UNRESOLVED: gcc.dg/tree-prof/pr34999.c execution, -fprofile-use -D_PROFILE_USE
FAIL: gcc.dg/tree-ssa/20030807-2.c scan-tree-dump-times dom2 "if " 0
FAIL: gcc.dg/tree-ssa/forwprop-4.c scan-tree-dump-not forwprop1 "link_error"
FAIL: compiler driver --help option(s) (assembler options)
FAIL: compiler driver -v --help option(s) (assembler options)
FAIL: compiler driver -v --help option(s) (assembler options)
FAIL: compiler driver -v --help option(s) (assembler options)
FAIL: compiler driver --help=optimizers option(s) (assembler options)
FAIL: compiler driver --help=params option(s) (assembler options)
FAIL: compiler driver --help=C option(s) (assembler options)
FAIL: compiler driver --help=C++ option(s) (assembler options)
FAIL: compiler driver --help=common option(s) (assembler options)
FAIL: compiler driver --help=undocumented option(s) (compiler options)
FAIL: compiler driver --help=^undocumented option(s) (compiler options)
FAIL: compiler driver --help=target,undocumented option(s) (linker options)
FAIL: compiler driver --help=target,optimizers option(s) (linker options)
FAIL: compiler driver --help=warnings,^joined,^undocumented option(s) (linker options)
FAIL: compiler driver -Q -O2 --help=optimizers option(s) (compiler options)
FAIL: compiler driver -Q -O3 --help=optimizers option(s) (compiler options)
FAIL: compiler driver --help=params --help=optimizers option(s) (compiler options)
FAIL: compiler driver --help=joined option(s) (assembler options)
FAIL: compiler driver --help=separate option(s) (assembler options)
FAIL: compiler driver --help=warnings,joined option(s) (assembler options)
FAIL: compiler driver --help=warnings,^joined option(s) (assembler options)
FAIL: compiler driver --help=joined,separate option(s) (linker options)
FAIL: compiler driver --help=^joined,separate option(s) (linker options)
FAIL: compiler driver --help=joined,^separate option(s) (linker options)
FAIL: compiler driver --help=joined,undocumented option(s) (linker options)
FAIL: compiler driver --help=^joined,^separate option(s) (linker options)
FAIL: gcc.target/i386/amd64-abi-1.c (test for errors, line 5)
FAIL: gcc.target/i386/amd64-abi-3.c scan-assembler subq[\\\\t ]*\\\\\$88,[\\\\t ]*%rsp
FAIL: gcc.target/i386/amd64-abi-3.c scan-assembler-not subq[\\\\t ]*\\\\\$216,[\\\\t ]*%rsp
FAIL: gcc.target/i386/avx-vpabsw-1.c execution test
FAIL: gcc.target/i386/avx-vphaddsw-1.c execution test
FAIL: gcc.target/i386/avx-vphaddw-1.c execution test
FAIL: gcc.target/i386/avx-vphsubsw-1.c execution test
FAIL: gcc.target/i386/avx-vphsubw-1.c execution test
FAIL: gcc.target/i386/avx-vpmaddubsw-1.c execution test
FAIL: gcc.target/i386/avx-vpmulhrsw-1.c execution test
FAIL: gcc.target/i386/avx-vpsignw-1.c execution test
FAIL: gcc.target/i386/defines-1.c (test for excess errors)
FAIL: gcc.target/i386/funcspec-3.c scan-assembler call\\t(.*)sse42_pop_l
FAIL: gcc.target/i386/funcspec-3.c scan-assembler call\\t(.*)popcountdi2
FAIL: gcc.target/i386/funcspec-8.c (test for errors, line 27)
FAIL: gcc.target/i386/funcspec-8.c (test for errors, line 46)
FAIL: gcc.target/i386/funcspec-8.c (test for errors, line 65)
FAIL: gcc.target/i386/funcspec-8.c (test for errors, line 84)
FAIL: gcc.target/i386/funcspec-8.c (test for errors, line 103)
FAIL: gcc.target/i386/funcspec-8.c (test for errors, line 122)
FAIL: gcc.target/i386/funcspec-8.c (test for errors, line 141)
FAIL: gcc.target/i386/funcspec-8.c (test for errors, line 160)
FAIL: gcc.target/i386/funcspec-8.c (test for excess errors)
FAIL: gcc.target/i386/isa-10.c execution test
FAIL: gcc.target/i386/isa-11.c execution test
FAIL: gcc.target/i386/isa-12.c execution test
FAIL: gcc.target/i386/isa-13.c execution test
FAIL: gcc.target/i386/isa-14.c execution test
FAIL: gcc.target/i386/isa-4.c execution test
FAIL: gcc.target/i386/isa-5.c execution test
FAIL: gcc.target/i386/isa-6.c execution test
FAIL: gcc.target/i386/isa-7.c execution test
FAIL: gcc.target/i386/isa-8.c execution test
FAIL: gcc.target/i386/isa-9.c execution test
FAIL: gcc.target/i386/parity-1.c scan-assembler setnp
FAIL: gcc.target/i386/parity-2.c scan-assembler setnp
FAIL: gcc.target/i386/pr33524.c scan-assembler pperm
FAIL: gcc.target/i386/pr38824.c scan-assembler-not addps[^\\\\n]*%[er]
FAIL: gcc.target/i386/pr39162.c (test for warnings, line 7)
FAIL: gcc.target/i386/sse-21.c scan-assembler-not fisttp
FAIL: gcc.target/i386/vecinit-1.c scan-assembler-not xor
FAIL: gcc.target/i386/vecinit-2.c scan-assembler-not xor
FAIL: gcc.target/i386/xorps-sse.c scan-assembler xorps[ \\t]
=== gcc Summary for emx-avx-sim ===
=== gcc Summary ===
# of expected passes 114545
# of unexpected failures 188
# of unexpected successes 6
# of expected failures 288
# of unresolved testcases 2
# of unsupported tests 1155
/export/build/gnu/gcc-avx/build-x86_64-linux/gcc/xgcc version 4.5.0 20090409 (experimental) [trunk revision 145853] (GCC)
=== gfortran tests ===
Running target emx-avx-sim/-m32
WARNING: program timed out.
FAIL: gfortran.dg/vect/fast-math-pr38968.f90 execution test
=== gfortran Summary for emx-avx-sim/-m32 ===
# of expected passes 3978
Running target emx-avx-sim
FAIL: gfortran.dg/f2003_io_1.f03 -O0 execution test
FAIL: gfortran.dg/f2003_io_1.f03 -O1 execution test
FAIL: gfortran.dg/f2003_io_1.f03 -O2 execution test
FAIL: gfortran.dg/f2003_io_1.f03 -O3 -fomit-frame-pointer execution test
FAIL: gfortran.dg/f2003_io_1.f03 -O3 -fomit-frame-pointer -funroll-loops execution test
FAIL: gfortran.dg/f2003_io_1.f03 -O3 -fomit-frame-pointer -funroll-all-loops -finline-functions execution test
FAIL: gfortran.dg/f2003_io_1.f03 -O3 -g execution test
FAIL: gfortran.dg/f2003_io_1.f03 -Os execution test
FAIL: gfortran.dg/f2003_io_4.f03 -O0 execution test
FAIL: gfortran.dg/f2003_io_4.f03 -O1 execution test
FAIL: gfortran.dg/f2003_io_4.f03 -O2 execution test
FAIL: gfortran.dg/f2003_io_4.f03 -O3 -fomit-frame-pointer execution test
FAIL: gfortran.dg/f2003_io_4.f03 -O3 -fomit-frame-pointer -funroll-loops execution test
FAIL: gfortran.dg/f2003_io_4.f03 -O3 -fomit-frame-pointer -funroll-all-loops -finline-functions execution test
FAIL: gfortran.dg/f2003_io_4.f03 -O3 -g execution test
FAIL: gfortran.dg/f2003_io_4.f03 -Os execution test
FAIL: gfortran.dg/f2003_io_5.f03 -O0 execution test
FAIL: gfortran.dg/f2003_io_5.f03 -O1 execution test
FAIL: gfortran.dg/f2003_io_5.f03 -O2 execution test
FAIL: gfortran.dg/f2003_io_5.f03 -O3 -fomit-frame-pointer execution test
FAIL: gfortran.dg/f2003_io_5.f03 -O3 -fomit-frame-pointer -funroll-loops execution test
FAIL: gfortran.dg/f2003_io_5.f03 -O3 -fomit-frame-pointer -funroll-all-loops -finline-functions execution test
FAIL: gfortran.dg/f2003_io_5.f03 -O3 -g execution test
FAIL: gfortran.dg/f2003_io_5.f03 -Os execution test
FAIL: gfortran.dg/f2003_io_6.f03 -O0 execution test
FAIL: gfortran.dg/f2003_io_6.f03 -O1 execution test
FAIL: gfortran.dg/f2003_io_6.f03 -O2 execution test
FAIL: gfortran.dg/f2003_io_6.f03 -O3 -fomit-frame-pointer execution test
FAIL: gfortran.dg/f2003_io_6.f03 -O3 -fomit-frame-pointer -funroll-loops execution test
FAIL: gfortran.dg/f2003_io_6.f03 -O3 -fomit-frame-pointer -funroll-all-loops -finline-functions execution test
FAIL: gfortran.dg/f2003_io_6.f03 -O3 -g execution test
FAIL: gfortran.dg/f2003_io_6.f03 -Os execution test
FAIL: gfortran.dg/f2003_io_7.f03 -O0 execution test
FAIL: gfortran.dg/f2003_io_7.f03 -O1 execution test
FAIL: gfortran.dg/f2003_io_7.f03 -O2 execution test
FAIL: gfortran.dg/f2003_io_7.f03 -O3 -fomit-frame-pointer execution test
FAIL: gfortran.dg/f2003_io_7.f03 -O3 -fomit-frame-pointer -funroll-loops execution test
FAIL: gfortran.dg/f2003_io_7.f03 -O3 -fomit-frame-pointer -funroll-all-loops -finline-functions execution test
FAIL: gfortran.dg/f2003_io_7.f03 -O3 -g execution test
FAIL: gfortran.dg/f2003_io_7.f03 -Os execution test
FAIL: gfortran.dg/fmt_t_5.f90 -O0 execution test
FAIL: gfortran.dg/fmt_t_5.f90 -O1 execution test
FAIL: gfortran.dg/fmt_t_5.f90 -O2 execution test
FAIL: gfortran.dg/fmt_t_5.f90 -O3 -fomit-frame-pointer execution test
FAIL: gfortran.dg/fmt_t_5.f90 -O3 -fomit-frame-pointer -funroll-loops execution test
FAIL: gfortran.dg/fmt_t_5.f90 -O3 -fomit-frame-pointer -funroll-all-loops -finline-functions execution test
FAIL: gfortran.dg/fmt_t_5.f90 -O3 -g execution test
FAIL: gfortran.dg/fmt_t_5.f90 -Os execution test
FAIL: gfortran.dg/fmt_t_7.f -O0 execution test
FAIL: gfortran.dg/fmt_t_7.f -O1 execution test
FAIL: gfortran.dg/fmt_t_7.f -O2 execution test
FAIL: gfortran.dg/fmt_t_7.f -O3 -fomit-frame-pointer execution test
FAIL: gfortran.dg/fmt_t_7.f -O3 -fomit-frame-pointer -funroll-loops execution test
FAIL: gfortran.dg/fmt_t_7.f -O3 -fomit-frame-pointer -funroll-all-loops -finline-functions execution test
FAIL: gfortran.dg/fmt_t_7.f -O3 -g execution test
FAIL: gfortran.dg/fmt_t_7.f -Os execution test
FAIL: gfortran.dg/streamio_1.f90 -O0 execution test
FAIL: gfortran.dg/streamio_1.f90 -O1 execution test
FAIL: gfortran.dg/streamio_1.f90 -O2 execution test
FAIL: gfortran.dg/streamio_1.f90 -O3 -fomit-frame-pointer execution test
FAIL: gfortran.dg/streamio_1.f90 -O3 -fomit-frame-pointer -funroll-loops execution test
FAIL: gfortran.dg/streamio_1.f90 -O3 -fomit-frame-pointer -funroll-all-loops -finline-functions execution test
FAIL: gfortran.dg/streamio_1.f90 -O3 -g execution test
FAIL: gfortran.dg/streamio_1.f90 -Os execution test
FAIL: gfortran.dg/streamio_10.f90 -O0 execution test
FAIL: gfortran.dg/streamio_10.f90 -O1 execution test
FAIL: gfortran.dg/streamio_10.f90 -O2 execution test
FAIL: gfortran.dg/streamio_10.f90 -O3 -fomit-frame-pointer execution test
FAIL: gfortran.dg/streamio_10.f90 -O3 -fomit-frame-pointer -funroll-loops execution test
FAIL: gfortran.dg/streamio_10.f90 -O3 -fomit-frame-pointer -funroll-all-loops -finline-functions execution test
FAIL: gfortran.dg/streamio_10.f90 -O3 -g execution test
FAIL: gfortran.dg/streamio_10.f90 -Os execution test
FAIL: gfortran.dg/streamio_12.f90 -O0 execution test
FAIL: gfortran.dg/streamio_12.f90 -O1 execution test
FAIL: gfortran.dg/streamio_12.f90 -O2 execution test
FAIL: gfortran.dg/streamio_12.f90 -O3 -fomit-frame-pointer execution test
FAIL: gfortran.dg/streamio_12.f90 -O3 -fomit-frame-pointer -funroll-loops execution test
FAIL: gfortran.dg/streamio_12.f90 -O3 -fomit-frame-pointer -funroll-all-loops -finline-functions execution test
FAIL: gfortran.dg/streamio_12.f90 -O3 -g execution test
FAIL: gfortran.dg/streamio_12.f90 -Os execution test
FAIL: gfortran.dg/streamio_14.f90 -O0 execution test
FAIL: gfortran.dg/streamio_14.f90 -O1 execution test
FAIL: gfortran.dg/streamio_14.f90 -O2 execution test
FAIL: gfortran.dg/streamio_14.f90 -O3 -fomit-frame-pointer execution test
FAIL: gfortran.dg/streamio_14.f90 -O3 -fomit-frame-pointer -funroll-loops execution test
FAIL: gfortran.dg/streamio_14.f90 -O3 -fomit-frame-pointer -funroll-all-loops -finline-functions execution test
FAIL: gfortran.dg/streamio_14.f90 -O3 -g execution test
FAIL: gfortran.dg/streamio_14.f90 -Os execution test
FAIL: gfortran.dg/streamio_15.f90 -O0 execution test
FAIL: gfortran.dg/streamio_15.f90 -O1 execution test
FAIL: gfortran.dg/streamio_15.f90 -O2 execution test
FAIL: gfortran.dg/streamio_15.f90 -O3 -fomit-frame-pointer execution test
FAIL: gfortran.dg/streamio_15.f90 -O3 -fomit-frame-pointer -funroll-loops execution test
FAIL: gfortran.dg/streamio_15.f90 -O3 -fomit-frame-pointer -funroll-all-loops -finline-functions execution test
FAIL: gfortran.dg/streamio_15.f90 -O3 -g execution test
FAIL: gfortran.dg/streamio_15.f90 -Os execution test
FAIL: gfortran.dg/streamio_16.f90 -O0 execution test
FAIL: gfortran.dg/streamio_16.f90 -O1 execution test
FAIL: gfortran.dg/streamio_16.f90 -O2 execution test
FAIL: gfortran.dg/streamio_16.f90 -O3 -fomit-frame-pointer execution test
FAIL: gfortran.dg/streamio_16.f90 -O3 -fomit-frame-pointer -funroll-loops execution test
FAIL: gfortran.dg/streamio_16.f90 -O3 -fomit-frame-pointer -funroll-all-loops -finline-functions execution test
FAIL: gfortran.dg/streamio_16.f90 -O3 -g execution test
FAIL: gfortran.dg/streamio_16.f90 -Os execution test
FAIL: gfortran.dg/streamio_2.f90 -O0 execution test
FAIL: gfortran.dg/streamio_2.f90 -O1 execution test
FAIL: gfortran.dg/streamio_2.f90 -O2 execution test
FAIL: gfortran.dg/streamio_2.f90 -O3 -fomit-frame-pointer execution test
FAIL: gfortran.dg/streamio_2.f90 -O3 -fomit-frame-pointer -funroll-loops execution test
FAIL: gfortran.dg/streamio_2.f90 -O3 -fomit-frame-pointer -funroll-all-loops -finline-functions execution test
FAIL: gfortran.dg/streamio_2.f90 -O3 -g execution test
FAIL: gfortran.dg/streamio_2.f90 -Os execution test
FAIL: gfortran.dg/streamio_6.f90 -O0 execution test
FAIL: gfortran.dg/streamio_6.f90 -O1 execution test
FAIL: gfortran.dg/streamio_6.f90 -O2 execution test
FAIL: gfortran.dg/streamio_6.f90 -O3 -fomit-frame-pointer execution test
FAIL: gfortran.dg/streamio_6.f90 -O3 -fomit-frame-pointer -funroll-loops execution test
FAIL: gfortran.dg/streamio_6.f90 -O3 -fomit-frame-pointer -funroll-all-loops -finline-functions execution test
FAIL: gfortran.dg/streamio_6.f90 -O3 -g execution test
FAIL: gfortran.dg/streamio_6.f90 -Os execution test
FAIL: gfortran.dg/streamio_7.f90 -O0 execution test
FAIL: gfortran.dg/streamio_7.f90 -O1 execution test
FAIL: gfortran.dg/streamio_7.f90 -O2 execution test
FAIL: gfortran.dg/streamio_7.f90 -O3 -fomit-frame-pointer execution test
FAIL: gfortran.dg/streamio_7.f90 -O3 -fomit-frame-pointer -funroll-loops execution test
FAIL: gfortran.dg/streamio_7.f90 -O3 -fomit-frame-pointer -funroll-all-loops -finline-functions execution test
FAIL: gfortran.dg/streamio_7.f90 -O3 -g execution test
FAIL: gfortran.dg/streamio_7.f90 -Os execution test
FAIL: gfortran.dg/streamio_8.f90 -O0 execution test
FAIL: gfortran.dg/streamio_8.f90 -O1 execution test
FAIL: gfortran.dg/streamio_8.f90 -O2 execution test
FAIL: gfortran.dg/streamio_8.f90 -O3 -fomit-frame-pointer execution test
FAIL: gfortran.dg/streamio_8.f90 -O3 -fomit-frame-pointer -funroll-loops execution test
FAIL: gfortran.dg/streamio_8.f90 -O3 -fomit-frame-pointer -funroll-all-loops -finline-functions execution test
FAIL: gfortran.dg/streamio_8.f90 -O3 -g execution test
FAIL: gfortran.dg/streamio_8.f90 -Os execution test
WARNING: program timed out.
FAIL: gfortran.dg/vect/fast-math-pr38968.f90 execution test
=== gfortran Summary for emx-avx-sim ===
# of expected passes 3978
=== gfortran Summary ===
# of expected passes 59925
# of unexpected failures 138
# of expected failures 22
# of unsupported tests 141
/export/build/gnu/gcc-avx/build-x86_64-linux/gcc/testsuite/gfortran/../../gfortran version 4.5.0 20090409 (experimental) [trunk revision 145853] (GCC)
=== g++ tests ===
Running target emx-avx-sim/-m32
FAIL: g++.dg/tree-ssa/pr31146-2.C scan-tree-dump forwprop1 "Replaced .* != 0B. with .1"
=== g++ Summary for emx-avx-sim/-m32 ===
# of expected passes 6803
# of expected failures 30
# of unsupported tests 10
Running target emx-avx-sim
FAIL: g++.dg/tree-ssa/pr31146-2.C scan-tree-dump forwprop1 "Replaced .* != 0B. with .1"
=== g++ Summary for emx-avx-sim ===
# of expected passes 6756
# of expected failures 30
# of unsupported tests 20
=== g++ Summary ===
# of expected passes 39207
# of unexpected failures 2
# of expected failures 284
# of unsupported tests 350
/export/build/gnu/gcc-avx/build-x86_64-linux/gcc/testsuite/g++/../../g++ version 4.5.0 20090409 (experimental) [trunk revision 145853] (GCC)
=== objc tests ===
Running target emx-avx-sim/-m32
=== objc Summary for emx-avx-sim/-m32 ===
# of expected passes 2
Running target emx-avx-sim
FAIL: objc/execute/forward-1.m execution, -O0 -fgnu-runtime
FAIL: objc/execute/forward-1.m execution, -O1 -fgnu-runtime
FAIL: objc/execute/forward-1.m execution, -O2 -fgnu-runtime
FAIL: objc/execute/forward-1.m execution, -O3 -fomit-frame-pointer -fgnu-runtime
FAIL: objc/execute/forward-1.m execution, -O3 -fomit-frame-pointer -funroll-loops -fgnu-runtime
FAIL: objc/execute/forward-1.m execution, -O3 -fomit-frame-pointer -funroll-all-loops -finline-functions -fgnu-runtime
FAIL: objc/execute/forward-1.m execution, -O3 -g -fgnu-runtime
FAIL: objc/execute/forward-1.m execution, -Os -fgnu-runtime
=== objc Summary for emx-avx-sim ===
# of expected passes 2
=== objc Summary ===
# of expected passes 3736
# of unexpected failures 8
# of expected failures 14
# of unsupported tests 48
/export/build/gnu/gcc-avx/build-x86_64-linux/gcc/xgcc version 4.5.0 20090409 (experimental) [trunk revision 145853] (GCC)
=== libffi tests ===
Running target emx-avx-sim/-m32
=== libffi Summary for emx-avx-sim/-m32 ===
# of expected passes 24
Running target emx-avx-sim
=== libffi Summary for emx-avx-sim ===
# of expected passes 24
=== libffi Summary ===
# of expected passes 2778
# of unsupported tests 20
=== libgomp tests ===
Running target emx-avx-sim/-m32
=== libgomp Summary for emx-avx-sim/-m32 ===
# of expected passes 1399
Running target emx-avx-sim
=== libgomp Summary for emx-avx-sim ===
# of expected passes 1399
=== libgomp Summary ===
# of expected passes 4812
=== libjava tests ===
Running target emx-avx-sim/-m32
WARNING: program timed out.
FAIL: PR18699 -O3 execution - source compiled test
=== libjava Summary for emx-avx-sim/-m32 ===
Running target emx-avx-sim
=== libjava Summary for emx-avx-sim ===
=== libjava Summary ===
# of expected passes 5146
# of unexpected failures 1
# of untested testcases 1
=== libmudflap tests ===
Running target emx-avx-sim/-m32
FAIL: externs-12 execution
FAIL: externs-21 execution
FAIL: externs-12 execution -static
FAIL: externs-21 execution -static
FAIL: externs-12 execution -O2
FAIL: externs-21 execution -O2
FAIL: externs-12 execution -O3
FAIL: externs-21 execution -O3
FAIL: libmudflap.c++/pass41-frag.cxx execution test
FAIL: libmudflap.c++/pass41-frag.cxx (-static) execution test
FAIL: libmudflap.c++/pass41-frag.cxx (-O2) execution test
FAIL: libmudflap.c++/pass41-frag.cxx (-O3) execution test
FAIL: ctors-12 execution
FAIL: ctors-21 execution
FAIL: ctors-12 execution -static
FAIL: ctors-21 execution -static
FAIL: ctors-12 execution -O2
FAIL: ctors-21 execution -O2
FAIL: ctors-12 execution -O3
FAIL: ctors-21 execution -O3
FAIL: libmudflap.cth/pass39-frag.c (rerun 19) execution test
FAIL: libmudflap.cth/pass39-frag.c (rerun 19) output pattern test
WARNING: program timed out.
FAIL: libmudflap.cth/pass40-frag.c execution test
FAIL: libmudflap.cth/pass40-frag.c output pattern test
WARNING: program timed out.
FAIL: libmudflap.cth/pass40-frag.c (-static -DSTATIC) execution test
FAIL: libmudflap.cth/pass40-frag.c (-static -DSTATIC) output pattern test
WARNING: program timed out.
FAIL: libmudflap.cth/pass40-frag.c (-O2) execution test
FAIL: libmudflap.cth/pass40-frag.c (-O2) output pattern test
WARNING: program timed out.
FAIL: libmudflap.cth/pass40-frag.c (-O3) execution test
FAIL: libmudflap.cth/pass40-frag.c (-O3) output pattern test
=== libmudflap Summary for emx-avx-sim/-m32 ===
# of expected passes 342
# of unexpected failures 10
Running target emx-avx-sim
FAIL: libmudflap.c++/pass41-frag.cxx execution test
FAIL: libmudflap.c++/pass41-frag.cxx (-static) execution test
FAIL: libmudflap.c++/pass41-frag.cxx (-O2) execution test
FAIL: libmudflap.c++/pass41-frag.cxx (-O3) execution test
WARNING: program timed out.
FAIL: libmudflap.cth/pass40-frag.c execution test
FAIL: libmudflap.cth/pass40-frag.c output pattern test
WARNING: program timed out.
FAIL: libmudflap.cth/pass40-frag.c (-static -DSTATIC) execution test
FAIL: libmudflap.cth/pass40-frag.c (-static -DSTATIC) output pattern test
WARNING: program timed out.
FAIL: libmudflap.cth/pass40-frag.c (-O3) execution test
FAIL: libmudflap.cth/pass40-frag.c (-O3) output pattern test
=== libmudflap Summary for emx-avx-sim ===
# of expected passes 346
# of unexpected failures 6
=== libmudflap Summary ===
# of expected passes 3748
# of unexpected failures 40
=== libstdc++ tests ===
Running target emx-avx-sim/-m32
FAIL: 21_strings/basic_string/cons/char/1.cc execution test
FAIL: 21_strings/basic_string/cons/wchar_t/1.cc execution test
FAIL: 21_strings/basic_string/init-list.cc execution test
FAIL: 21_strings/basic_string/insert/char/1.cc execution test
FAIL: 21_strings/basic_string/insert/wchar_t/1.cc execution test
FAIL: 22_locale/locale/cons/12438.cc execution test
FAIL: 23_containers/map/init-list.cc execution test
FAIL: 23_containers/multimap/init-list.cc execution test
FAIL: 23_containers/multiset/init-list.cc execution test
FAIL: 23_containers/set/init-list.cc execution test
FAIL: 23_containers/unordered_map/init-list.cc execution test
FAIL: 23_containers/unordered_multimap/init-list.cc execution test
FAIL: 23_containers/unordered_multiset/init-list.cc execution test
FAIL: 23_containers/unordered_set/init-list.cc execution test
XPASS: 26_numerics/headers/cmath/c99_classification_macros_c.cc (test for excess errors)
FAIL: 26_numerics/random/knuth_b.cc execution test
FAIL: 26_numerics/random/piecewise_linear_distribution/operators/serialize.cc execution test
FAIL: 26_numerics/random/ranlux48.cc execution test
FAIL: 26_numerics/random/ranlux48_base.cc execution test
FAIL: 26_numerics/valarray/init-list.cc execution test
FAIL: 27_io/ios_base/storage/1.cc execution test
FAIL: 27_io/ios_base/storage/2.cc execution test
FAIL: 27_io/ios_base/storage/3.cc execution test
FAIL: ext/pb_ds/regression/list_update_no_data_map_rand.cc execution test
FAIL: ext/vstring/init-list.cc execution test
=== libstdc++ Summary for emx-avx-sim/-m32 ===
# of expected passes 6724
# of unexpected failures 24
# of unexpected successes 1
# of expected failures 82
# of unsupported tests 18
Running target emx-avx-sim
FAIL: 21_strings/basic_string/cons/char/1.cc execution test
FAIL: 21_strings/basic_string/cons/wchar_t/1.cc execution test
FAIL: 21_strings/basic_string/init-list.cc execution test
FAIL: 21_strings/basic_string/insert/char/1.cc execution test
FAIL: 21_strings/basic_string/insert/wchar_t/1.cc execution test
FAIL: 22_locale/locale/cons/12438.cc execution test
FAIL: 23_containers/map/init-list.cc execution test
FAIL: 23_containers/multimap/init-list.cc execution test
FAIL: 23_containers/multiset/init-list.cc execution test
FAIL: 23_containers/set/init-list.cc execution test
FAIL: 23_containers/unordered_map/init-list.cc execution test
FAIL: 23_containers/unordered_multimap/init-list.cc execution test
FAIL: 23_containers/unordered_multiset/init-list.cc execution test
FAIL: 23_containers/unordered_set/init-list.cc execution test
XPASS: 26_numerics/headers/cmath/c99_classification_macros_c.cc (test for excess errors)
FAIL: 26_numerics/valarray/init-list.cc execution test
FAIL: 27_io/ios_base/storage/1.cc execution test
FAIL: 27_io/ios_base/storage/2.cc execution test
FAIL: 27_io/ios_base/storage/3.cc execution test
FAIL: ext/pb_ds/regression/list_update_no_data_map_rand.cc execution test
FAIL: ext/vstring/init-list.cc execution test
=== libstdc++ Summary for emx-avx-sim ===
# of expected passes 6734
# of unexpected failures 20
# of unexpected successes 1
# of expected failures 82
# of unsupported tests 15
=== libstdc++ Summary ===
# of expected passes 13460
# of unexpected failures 44
# of unexpected successes 2
# of expected failures 164
# of unsupported tests 33
Compiler version: 4.5.0 20090409 (experimental) [trunk revision 145853] (GCC)
Platform: x86_64-unknown-linux-gnu
configure flags: --enable-clocale=gnu --with-system-zlib --enable-checking=assert --with-demangler-in-ld --enable-shared --enable-threads=posix --enable-haifa --prefix=/usr/gcc-4.5-avx --with-local-prefix=/usr/local