This is the mail archive of the
gcc-testresults@gcc.gnu.org
mailing list for the GCC project.
Results for 4.5.0 20090328 (experimental) [trunk revision 145181] (GCC) testsuite on hppa-unknown-linux-gnu
- From: dave at gsyprf11 dot external dot hp dot com (John David Anglin)
- To: dave dot anglin at nrc-cnrc dot gc dot ca, gcc-testresults at gcc dot gnu dot org
- Date: Mon, 6 Apr 2009 17:57:29 -0700 (PDT)
- Subject: Results for 4.5.0 20090328 (experimental) [trunk revision 145181] (GCC) testsuite on hppa-unknown-linux-gnu
LAST_UPDATED: Sun Apr 5 16:55:15 UTC 2009 (revision 145181)
Native configuration is hppa-unknown-linux-gnu
=== gcc tests ===
Running target unix
FAIL: gcc.dg/Warray-bounds.c (test for warnings, line 32)
FAIL: gcc.dg/Warray-bounds.c (test for warnings, line 43)
FAIL: gcc.dg/Warray-bounds.c (test for warnings, line 54)
FAIL: gcc.dg/torture/ipa-pta-1.c -O1 scan-ipa-dump pta "bar.arg0 = { test4.arg0 test3.arg0 test2.arg0 test1.arg0 }"
FAIL: gcc.dg/torture/ipa-pta-1.c -O2 scan-ipa-dump pta "bar.arg0 = { test4.arg0 test3.arg0 test2.arg0 test1.arg0 }"
FAIL: gcc.dg/torture/ipa-pta-1.c -O3 -fomit-frame-pointer scan-ipa-dump pta "bar.arg0 = { test4.arg0 test3.arg0 test2.arg0 test1.arg0 }"
FAIL: gcc.dg/torture/ipa-pta-1.c -O3 -g scan-ipa-dump pta "bar.arg0 = { test4.arg0 test3.arg0 test2.arg0 test1.arg0 }"
FAIL: gcc.dg/torture/ipa-pta-1.c -Os scan-ipa-dump pta "bar.arg0 = { test4.arg0 test3.arg0 test2.arg0 test1.arg0 }"
XPASS: gcc.dg/tree-ssa/loop-1.c scan-assembler-times foo 5
=== gcc Summary ===
# of expected passes 49285
# of unexpected failures 8
# of unexpected successes 1
# of expected failures 128
# of unsupported tests 513
/home/dave/gcc-4.5/objdir/gcc/xgcc version 4.5.0 20090328 (experimental) [trunk revision 145181] (GCC)
=== libgomp tests ===
Running target unix
=== libgomp Summary ===
# of expected passes 240
# of unsupported tests 7
=== libmudflap tests ===
Running target unix
=== libmudflap Summary ===
# of expected passes 1740
# of unsupported tests 2
Compiler version: 4.5.0 20090328 (experimental) [trunk revision 145181] (GCC)
Platform: hppa-unknown-linux-gnu
configure flags: --with-gnu-as --with-gnu-ld --enable-shared --enable-nls --prefix=/home/dave/opt/gnu/gcc/gcc-4.5.0 --with-local-prefix=/home/dave/opt/gnu --enable-threads=posix --enable-__cxa_atexit --build=hppa-linux --enable-clocale=gnu --enable-java-gc=boehm --enable-java-awt=xlib --enable-languages=c --disable-libstdcxx-pch