This is the mail archive of the gcc-testresults@gcc.gnu.org mailing list for the GCC project.


Index Nav: [Date Index] [Subject Index] [Author Index] [Thread Index]
Message Nav: [Date Prev] [Date Next] [Thread Prev] [Thread Next]
Other format: [Raw text]

Results for 4.3.3 (Debian 4.3.3-5) testsuite on i486-pc-kfreebsd-gnu


LAST_UPDATED: Sun Mar  1 10:10:57 UTC 2009 (revision 144512)

Target: i486-kfreebsd-gnu
gcc version 4.3.3 (Debian 4.3.3-5) 
Native configuration is i486-pc-kfreebsd-gnu

		=== g++ tests ===


Running target unix
FAIL: g++.dg/cpp0x/rv3n.C  (test for errors, line 310)
FAIL: g++.dg/cpp0x/rv3n.C  (test for errors, line 311)
FAIL: g++.dg/cpp0x/rv3n.C  (test for errors, line 312)
FAIL: g++.dg/cpp0x/rv3n.C  (test for errors, line 320)
FAIL: g++.dg/cpp0x/rv3n.C  (test for errors, line 321)
FAIL: g++.dg/cpp0x/rv3n.C  (test for errors, line 322)
FAIL: g++.dg/cpp0x/rv3n.C  (test for errors, line 323)
FAIL: g++.dg/cpp0x/rv3n.C  (test for errors, line 327)
FAIL: g++.dg/cpp0x/rv3n.C  (test for errors, line 328)
FAIL: g++.dg/cpp0x/rv3n.C  (test for errors, line 329)
FAIL: g++.dg/cpp0x/rv3n.C  (test for errors, line 337)
FAIL: g++.dg/cpp0x/rv3n.C  (test for errors, line 338)
FAIL: g++.dg/cpp0x/rv3n.C  (test for errors, line 339)
FAIL: g++.dg/cpp0x/rv3n.C  (test for errors, line 353)

		=== g++ Summary for unix ===

# of expected passes		17702
# of unexpected failures	14
# of expected failures		82
# of unsupported tests		102

Running target unix/-fstack-protector
FAIL: g++.dg/cpp0x/rv2n.C  (test for errors, line 33)
FAIL: g++.dg/cpp0x/rv2n.C  (test for errors, line 34)
FAIL: g++.dg/cpp0x/rv2n.C  (test for errors, line 43)
FAIL: g++.dg/cpp0x/rv2n.C  (test for errors, line 44)
FAIL: g++.dg/cpp0x/rv2n.C  (test for errors, line 45)
FAIL: g++.dg/cpp0x/rv2n.C  (test for errors, line 49)
FAIL: g++.dg/cpp0x/rv2n.C  (test for errors, line 50)
FAIL: g++.dg/cpp0x/rv2n.C  (test for errors, line 58)
FAIL: g++.dg/cpp0x/rv2n.C  (test for errors, line 59)
FAIL: g++.dg/cpp0x/rv2n.C  (test for errors, line 60)
FAIL: g++.dg/cpp0x/rv2n.C  (test for errors, line 61)
FAIL: g++.dg/cpp0x/rv2n.C  (test for errors, line 62)
FAIL: g++.dg/cpp0x/rv2n.C  (test for errors, line 63)
FAIL: g++.dg/cpp0x/rv2n.C  (test for errors, line 67)
FAIL: g++.dg/cpp0x/rv2n.C  (test for errors, line 68)
FAIL: g++.dg/cpp0x/rv2n.C  (test for errors, line 76)
FAIL: g++.dg/cpp0x/rv2n.C  (test for errors, line 77)
FAIL: g++.dg/cpp0x/rv2n.C  (test for errors, line 78)
FAIL: g++.dg/cpp0x/rv2n.C  (test for errors, line 79)
FAIL: g++.dg/cpp0x/rv2n.C  (test for errors, line 83)
FAIL: g++.dg/cpp0x/rv2n.C  (test for errors, line 84)
FAIL: g++.dg/cpp0x/rv2n.C  (test for errors, line 92)
FAIL: g++.dg/cpp0x/rv2n.C  (test for errors, line 93)
FAIL: g++.dg/cpp0x/rv2n.C  (test for errors, line 94)
FAIL: g++.dg/cpp0x/rv2n.C  (test for errors, line 95)
FAIL: g++.dg/cpp0x/rv2n.C  (test for errors, line 96)
FAIL: g++.dg/cpp0x/rv2n.C  (test for errors, line 97)
FAIL: g++.dg/cpp0x/rv2n.C  (test for errors, line 110)
FAIL: g++.dg/cpp0x/rv2n.C  (test for errors, line 111)
FAIL: g++.dg/cpp0x/rv2n.C  (test for errors, line 112)
FAIL: g++.dg/cpp0x/rv2n.C  (test for errors, line 113)
FAIL: g++.old-deja/g++.mike/p700.C  (test for errors, line 270)
FAIL: g++.old-deja/g++.mike/p700.C  (test for errors, line 271)
FAIL: g++.old-deja/g++.mike/p700.C  (test for errors, line 272)
FAIL: g++.old-deja/g++.mike/p700.C  (test for errors, line 273)
FAIL: g++.old-deja/g++.mike/p700.C  (test for errors, line 274)
FAIL: g++.old-deja/g++.mike/p700.C  (test for errors, line 275)
FAIL: g++.old-deja/g++.mike/p700.C  (test for errors, line 276)
FAIL: g++.old-deja/g++.mike/p700.C  (test for errors, line 277)
FAIL: g++.old-deja/g++.mike/p700.C  (test for errors, line 278)
FAIL: g++.old-deja/g++.mike/p700.C  (test for errors, line 280)
FAIL: g++.old-deja/g++.mike/p700.C  (test for errors, line 281)
FAIL: g++.old-deja/g++.mike/p700.C  (test for errors, line 282)
FAIL: g++.old-deja/g++.mike/p700.C  (test for errors, line 283)
FAIL: g++.old-deja/g++.mike/p700.C  (test for errors, line 284)
FAIL: g++.old-deja/g++.mike/p700.C  (test for errors, line 285)
FAIL: g++.old-deja/g++.mike/p700.C  (test for errors, line 286)
FAIL: g++.old-deja/g++.mike/p700.C  (test for errors, line 287)

		=== g++ Summary for unix/-fstack-protector ===

# of expected passes		17668
# of unexpected failures	48
# of expected failures		82
# of unsupported tests		102

		=== g++ Summary ===

# of expected passes		35370
# of unexpected failures	62
# of expected failures		164
# of unsupported tests		204
/build/buildd/gcc-4.3-4.3.3/build/gcc/testsuite/g++/../../g++  version 4.3.3 (Debian 4.3.3-5) 

		=== gcc tests ===


Running target unix
FAIL: gcc.dg/c99-vla-jump-1.c  (test for errors, line 19)
FAIL: gcc.dg/c99-vla-jump-1.c  (test for errors, line 20)
FAIL: gcc.dg/c99-vla-jump-1.c  (test for errors, line 21)
FAIL: gcc.dg/c99-vla-jump-1.c  (test for errors, line 22)
FAIL: gcc.dg/c99-vla-jump-1.c  (test for errors, line 23)
FAIL: gcc.dg/c99-vla-jump-1.c  (test for errors, line 25)
FAIL: gcc.dg/c99-vla-jump-1.c  (test for errors, line 26)
FAIL: gcc.dg/c99-vla-jump-1.c  (test for errors, line 27)
FAIL: gcc.dg/c99-vla-jump-1.c  (test for errors, line 28)
FAIL: gcc.dg/c99-vla-jump-1.c  (test for errors, line 29)
FAIL: gcc.dg/c99-vla-jump-1.c  (test for errors, line 30)
FAIL: gcc.dg/c99-vla-jump-1.c  (test for errors, line 32)
FAIL: gcc.dg/c99-vla-jump-1.c  (test for errors, line 36)
FAIL: gcc.dg/c99-vla-jump-1.c  (test for errors, line 38)
FAIL: gcc.dg/c99-vla-jump-1.c  (test for errors, line 40)
FAIL: gcc.dg/c99-vla-jump-1.c  (test for errors, line 42)
FAIL: gcc.dg/c99-vla-jump-1.c  (test for errors, line 43)
FAIL: gcc.dg/c99-vla-jump-1.c  (test for errors, line 44)
FAIL: gcc.dg/c99-vla-jump-1.c  (test for errors, line 45)
FAIL: gcc.dg/c99-vla-jump-1.c  (test for errors, line 46)
FAIL: gcc.dg/c99-vla-jump-1.c  (test for errors, line 47)
FAIL: gcc.dg/c99-vla-jump-1.c  (test for errors, line 49)
FAIL: gcc.dg/c99-vla-jump-1.c  (test for errors, line 55)
FAIL: gcc.dg/c99-vla-jump-1.c  (test for errors, line 57)
FAIL: gcc.dg/c99-vla-jump-1.c  (test for errors, line 59)
FAIL: gcc.dg/c99-vla-jump-1.c  (test for errors, line 60)
FAIL: gcc.dg/c99-vla-jump-1.c  (test for errors, line 61)
FAIL: gcc.dg/c99-vla-jump-1.c  (test for errors, line 62)
FAIL: gcc.dg/c99-vla-jump-1.c  (test for errors, line 63)
FAIL: gcc.dg/c99-vla-jump-1.c  (test for errors, line 64)
FAIL: gcc.dg/c99-vla-jump-1.c  (test for errors, line 66)
FAIL: gcc.dg/c99-vla-jump-1.c  (test for errors, line 70)
FAIL: gcc.dg/c99-vla-jump-1.c  (test for errors, line 72)
FAIL: gcc.dg/c99-vla-jump-1.c  (test for errors, line 74)
FAIL: gcc.dg/c99-vla-jump-1.c  (test for errors, line 76)
FAIL: gcc.dg/c99-vla-jump-1.c  (test for errors, line 77)
FAIL: gcc.dg/c99-vla-jump-1.c  (test for errors, line 78)
FAIL: gcc.dg/c99-vla-jump-1.c  (test for errors, line 79)
FAIL: gcc.dg/c99-vla-jump-1.c  (test for errors, line 80)
FAIL: gcc.dg/c99-vla-jump-1.c  (test for errors, line 81)
FAIL: gcc.dg/c99-vla-jump-1.c  (test for errors, line 83)
FAIL: gcc.dg/c99-vla-jump-1.c  (test for errors, line 87)
FAIL: gcc.dg/c99-vla-jump-1.c  (test for errors, line 91)
FAIL: gcc.dg/c99-vla-jump-1.c  (test for errors, line 93)
FAIL: gcc.dg/c99-vla-jump-1.c  (test for errors, line 94)
FAIL: gcc.dg/c99-vla-jump-1.c  (test for errors, line 95)
FAIL: gcc.dg/c99-vla-jump-1.c  (test for errors, line 96)
FAIL: gcc.dg/c99-vla-jump-1.c  (test for errors, line 97)
FAIL: gcc.dg/c99-vla-jump-1.c  (test for errors, line 98)
FAIL: gcc.dg/c99-vla-jump-1.c  (test for errors, line 100)
FAIL: gcc.dg/c99-vla-jump-1.c  (test for errors, line 104)
FAIL: gcc.dg/c99-vla-jump-1.c  (test for errors, line 106)
FAIL: gcc.dg/c99-vla-jump-1.c  (test for errors, line 108)
FAIL: gcc.dg/c99-vla-jump-1.c  (test for errors, line 110)
FAIL: gcc.dg/c99-vla-jump-1.c  (test for errors, line 111)
FAIL: gcc.dg/c99-vla-jump-1.c  (test for errors, line 112)
FAIL: gcc.dg/c99-vla-jump-1.c  (test for errors, line 113)
FAIL: gcc.dg/c99-vla-jump-1.c  (test for errors, line 114)
FAIL: gcc.dg/c99-vla-jump-1.c  (test for errors, line 115)
FAIL: gcc.dg/c99-vla-jump-1.c  (test for errors, line 117)
FAIL: gcc.dg/c99-vla-jump-1.c  (test for errors, line 121)
FAIL: gcc.dg/c99-vla-jump-1.c  (test for errors, line 123)
FAIL: gcc.dg/c99-vla-jump-1.c  (test for errors, line 127)
FAIL: gcc.dg/c99-vla-jump-1.c  (test for errors, line 128)
FAIL: gcc.dg/c99-vla-jump-1.c  (test for errors, line 129)
FAIL: gcc.dg/c99-vla-jump-1.c  (test for errors, line 130)
FAIL: gcc.dg/c99-vla-jump-1.c  (test for errors, line 131)
FAIL: gcc.dg/c99-vla-jump-1.c  (test for errors, line 132)
FAIL: gcc.dg/c99-vla-jump-1.c  (test for errors, line 134)
FAIL: gcc.dg/c99-vla-jump-1.c  (test for errors, line 137)
FAIL: gcc.dg/c99-vla-jump-3.c  (test for errors, line 18)
FAIL: gcc.dg/c99-vla-jump-3.c  (test for errors, line 19)
FAIL: gcc.dg/c99-vla-jump-3.c  (test for errors, line 20)
FAIL: gcc.dg/c99-vla-jump-3.c  (test for errors, line 21)
FAIL: gcc.dg/c99-vla-jump-3.c  (test for errors, line 22)
FAIL: gcc.dg/c99-vla-jump-3.c  (test for errors, line 23)
FAIL: gcc.dg/c99-vla-jump-3.c  (test for errors, line 25)
FAIL: gcc.dg/c99-vla-jump-3.c  (test for errors, line 26)
FAIL: gcc.dg/c99-vla-jump-3.c  (test for errors, line 27)
FAIL: gcc.dg/c99-vla-jump-3.c  (test for errors, line 28)
FAIL: gcc.dg/c99-vla-jump-3.c  (test for errors, line 29)
FAIL: gcc.dg/c99-vla-jump-3.c  (test for errors, line 30)
FAIL: gcc.dg/c99-vla-jump-3.c  (test for errors, line 32)
FAIL: gcc.dg/c99-vla-jump-3.c  (test for errors, line 36)
FAIL: gcc.dg/c99-vla-jump-3.c  (test for errors, line 38)
FAIL: gcc.dg/c99-vla-jump-3.c  (test for errors, line 40)
FAIL: gcc.dg/c99-vla-jump-3.c  (test for errors, line 42)
FAIL: gcc.dg/c99-vla-jump-3.c  (test for errors, line 43)
FAIL: gcc.dg/c99-vla-jump-3.c  (test for errors, line 44)
FAIL: gcc.dg/c99-vla-jump-3.c  (test for errors, line 45)
FAIL: gcc.dg/c99-vla-jump-3.c  (test for errors, line 46)
FAIL: gcc.dg/c99-vla-jump-3.c  (test for errors, line 47)
FAIL: gcc.dg/c99-vla-jump-3.c  (test for errors, line 49)
FAIL: gcc.dg/c99-vla-jump-3.c  (test for errors, line 55)
FAIL: gcc.dg/c99-vla-jump-3.c  (test for errors, line 57)
FAIL: gcc.dg/c99-vla-jump-3.c  (test for errors, line 59)
FAIL: gcc.dg/c99-vla-jump-3.c  (test for errors, line 60)
FAIL: gcc.dg/c99-vla-jump-3.c  (test for errors, line 61)
FAIL: gcc.dg/c99-vla-jump-3.c  (test for errors, line 62)
FAIL: gcc.dg/c99-vla-jump-3.c  (test for errors, line 63)
FAIL: gcc.dg/c99-vla-jump-3.c  (test for errors, line 64)
FAIL: gcc.dg/c99-vla-jump-3.c  (test for errors, line 66)
FAIL: gcc.dg/c99-vla-jump-3.c  (test for errors, line 70)
FAIL: gcc.dg/c99-vla-jump-3.c  (test for errors, line 72)
FAIL: gcc.dg/c99-vla-jump-3.c  (test for errors, line 74)
FAIL: gcc.dg/c99-vla-jump-3.c  (test for errors, line 76)
FAIL: gcc.dg/c99-vla-jump-3.c  (test for errors, line 77)
FAIL: gcc.dg/c99-vla-jump-3.c  (test for errors, line 78)
FAIL: gcc.dg/c99-vla-jump-3.c  (test for errors, line 79)
FAIL: gcc.dg/c99-vla-jump-3.c  (test for errors, line 80)
FAIL: gcc.dg/c99-vla-jump-3.c  (test for errors, line 81)
FAIL: gcc.dg/c99-vla-jump-3.c  (test for errors, line 83)
FAIL: gcc.dg/c99-vla-jump-3.c  (test for errors, line 87)
FAIL: gcc.dg/c99-vla-jump-3.c  (test for errors, line 91)
FAIL: gcc.dg/c99-vla-jump-3.c  (test for errors, line 93)
FAIL: gcc.dg/c99-vla-jump-3.c  (test for errors, line 94)
FAIL: gcc.dg/c99-vla-jump-3.c  (test for errors, line 95)
FAIL: gcc.dg/c99-vla-jump-3.c  (test for errors, line 96)
FAIL: gcc.dg/c99-vla-jump-3.c  (test for errors, line 97)
FAIL: gcc.dg/c99-vla-jump-3.c  (test for errors, line 98)
FAIL: gcc.dg/c99-vla-jump-3.c  (test for errors, line 100)
FAIL: gcc.dg/c99-vla-jump-3.c  (test for errors, line 104)
FAIL: gcc.dg/c99-vla-jump-3.c  (test for errors, line 106)
FAIL: gcc.dg/c99-vla-jump-3.c  (test for errors, line 108)
FAIL: gcc.dg/c99-vla-jump-3.c  (test for errors, line 110)
FAIL: gcc.dg/c99-vla-jump-3.c  (test for errors, line 111)
FAIL: gcc.dg/c99-vla-jump-3.c  (test for errors, line 112)
FAIL: gcc.dg/c99-vla-jump-3.c  (test for errors, line 113)
FAIL: gcc.dg/c99-vla-jump-3.c  (test for errors, line 114)
FAIL: gcc.dg/c99-vla-jump-3.c  (test for errors, line 115)
FAIL: gcc.dg/c99-vla-jump-3.c  (test for errors, line 117)
FAIL: gcc.dg/c99-vla-jump-3.c  (test for errors, line 121)
FAIL: gcc.dg/c99-vla-jump-3.c  (test for errors, line 123)
FAIL: gcc.dg/c99-vla-jump-3.c  (test for errors, line 127)
FAIL: gcc.dg/c99-vla-jump-3.c  (test for errors, line 128)
FAIL: gcc.dg/c99-vla-jump-3.c  (test for errors, line 129)
FAIL: gcc.dg/c99-vla-jump-3.c  (test for errors, line 130)
FAIL: gcc.dg/c99-vla-jump-3.c  (test for errors, line 131)
FAIL: gcc.dg/c99-vla-jump-3.c  (test for errors, line 132)
FAIL: gcc.dg/c99-vla-jump-3.c  (test for errors, line 134)
FAIL: gcc.dg/c99-vla-jump-4.c  (test for errors, line 32)
FAIL: gcc.dg/c99-vla-jump-4.c  (test for errors, line 36)
FAIL: gcc.dg/c99-vla-jump-4.c  (test for errors, line 38)
FAIL: gcc.dg/c99-vla-jump-4.c  (test for errors, line 40)
FAIL: gcc.dg/c99-vla-jump-4.c  (test for errors, line 42)
FAIL: gcc.dg/c99-vla-jump-4.c  (test for errors, line 43)
FAIL: gcc.dg/c99-vla-jump-4.c  (test for errors, line 44)
FAIL: gcc.dg/c99-vla-jump-4.c  (test for errors, line 45)
FAIL: gcc.dg/c99-vla-jump-4.c  (test for errors, line 46)
FAIL: gcc.dg/c99-vla-jump-4.c  (test for errors, line 47)
FAIL: gcc.dg/c99-vla-jump-4.c  (test for errors, line 49)
FAIL: gcc.dg/c99-vla-jump-4.c  (test for errors, line 55)
FAIL: gcc.dg/c99-vla-jump-4.c  (test for errors, line 57)
FAIL: gcc.dg/c99-vla-jump-4.c  (test for errors, line 59)
FAIL: gcc.dg/c99-vla-jump-4.c  (test for errors, line 60)
FAIL: gcc.dg/c99-vla-jump-4.c  (test for errors, line 61)
FAIL: gcc.dg/c99-vla-jump-4.c  (test for errors, line 62)
FAIL: gcc.dg/c99-vla-jump-4.c  (test for errors, line 63)
FAIL: gcc.dg/c99-vla-jump-4.c  (test for errors, line 64)
FAIL: gcc.dg/c99-vla-jump-4.c  (test for errors, line 66)
FAIL: gcc.dg/c99-vla-jump-4.c  (test for errors, line 70)
FAIL: gcc.dg/c99-vla-jump-4.c  (test for errors, line 72)
FAIL: gcc.dg/c99-vla-jump-4.c  (test for errors, line 74)
FAIL: gcc.dg/c99-vla-jump-4.c  (test for errors, line 76)
FAIL: gcc.dg/c99-vla-jump-4.c  (test for errors, line 77)
FAIL: gcc.dg/c99-vla-jump-4.c  (test for errors, line 78)
FAIL: gcc.dg/c99-vla-jump-4.c  (test for errors, line 79)
FAIL: gcc.dg/c99-vla-jump-4.c  (test for errors, line 80)
FAIL: gcc.dg/c99-vla-jump-4.c  (test for errors, line 81)
FAIL: gcc.dg/c99-vla-jump-4.c  (test for errors, line 83)
FAIL: gcc.dg/c99-vla-jump-4.c  (test for errors, line 87)
FAIL: gcc.dg/c99-vla-jump-4.c  (test for errors, line 91)
FAIL: gcc.dg/c99-vla-jump-4.c  (test for errors, line 93)
FAIL: gcc.dg/c99-vla-jump-4.c  (test for errors, line 94)
FAIL: gcc.dg/c99-vla-jump-4.c  (test for errors, line 95)
FAIL: gcc.dg/c99-vla-jump-4.c  (test for errors, line 96)
FAIL: gcc.dg/c99-vla-jump-4.c  (test for errors, line 97)
FAIL: gcc.dg/c99-vla-jump-4.c  (test for errors, line 98)
FAIL: gcc.dg/long-long-typespec-1.c long unsigned long void (test for errors, line 514)
FAIL: gcc.dg/long-long-typespec-1.c long unsigned long char (test for errors, line 515)
FAIL: gcc.dg/long-long-typespec-1.c long unsigned long short (test for errors, line 516)
FAIL: gcc.dg/long-long-typespec-1.c long unsigned long long (test for errors, line 518)
FAIL: gcc.dg/long-long-typespec-1.c long unsigned long float (test for errors, line 519)
FAIL: gcc.dg/long-long-typespec-1.c long unsigned long double (test for errors, line 520)
FAIL: gcc.dg/long-long-typespec-1.c long unsigned long signed (test for errors, line 521)
FAIL: gcc.dg/long-long-typespec-1.c long unsigned long unsigned (test for errors, line 522)
FAIL: gcc.dg/long-long-typespec-1.c signed short int void (test for errors, line 523)
FAIL: gcc.dg/long-long-typespec-1.c signed short int char (test for errors, line 524)
FAIL: gcc.dg/long-long-typespec-1.c signed short int short (test for errors, line 525)
FAIL: gcc.dg/long-long-typespec-1.c signed short int int (test for errors, line 526)
FAIL: gcc.dg/long-long-typespec-1.c signed short int long (test for errors, line 527)
FAIL: gcc.dg/long-long-typespec-1.c signed short int float (test for errors, line 528)
FAIL: gcc.dg/long-long-typespec-1.c signed short int double (test for errors, line 529)
FAIL: gcc.dg/long-long-typespec-1.c signed short int signed (test for errors, line 530)
FAIL: gcc.dg/long-long-typespec-1.c signed short int unsigned (test for errors, line 531)
FAIL: gcc.dg/long-long-typespec-1.c signed int short void (test for errors, line 532)
FAIL: gcc.dg/long-long-typespec-1.c signed int short char (test for errors, line 533)
FAIL: gcc.dg/long-long-typespec-1.c signed int short short (test for errors, line 534)
FAIL: gcc.dg/long-long-typespec-1.c signed int short int (test for errors, line 535)
FAIL: gcc.dg/long-long-typespec-1.c signed int short long (test for errors, line 536)
FAIL: gcc.dg/long-long-typespec-1.c signed int short float (test for errors, line 537)
FAIL: gcc.dg/long-long-typespec-1.c signed int short double (test for errors, line 538)
FAIL: gcc.dg/long-long-typespec-1.c signed int short signed (test for errors, line 539)
FAIL: gcc.dg/long-long-typespec-1.c signed int short unsigned (test for errors, line 540)
FAIL: gcc.dg/long-long-typespec-1.c signed int long void (test for errors, line 541)
FAIL: gcc.dg/long-long-typespec-1.c signed int long char (test for errors, line 542)
FAIL: gcc.dg/long-long-typespec-1.c signed int long short (test for errors, line 543)
FAIL: gcc.dg/long-long-typespec-1.c signed int long int (test for errors, line 544)
FAIL: gcc.dg/long-long-typespec-1.c signed int long float (test for errors, line 546)
FAIL: gcc.dg/long-long-typespec-1.c signed int long double (test for errors, line 547)
FAIL: gcc.dg/long-long-typespec-1.c signed int long signed (test for errors, line 548)
FAIL: gcc.dg/long-long-typespec-1.c signed int long unsigned (test for errors, line 549)
FAIL: gcc.dg/long-long-typespec-1.c signed long int void (test for errors, line 550)
FAIL: gcc.dg/long-long-typespec-1.c signed long int char (test for errors, line 551)
FAIL: gcc.dg/long-long-typespec-1.c signed long int short (test for errors, line 552)
FAIL: gcc.dg/long-long-typespec-1.c signed long int int (test for errors, line 553)
FAIL: gcc.dg/long-long-typespec-1.c signed long int float (test for errors, line 555)
FAIL: gcc.dg/long-long-typespec-1.c signed long int double (test for errors, line 556)
FAIL: gcc.dg/long-long-typespec-1.c signed long int signed (test for errors, line 557)
FAIL: gcc.dg/long-long-typespec-1.c signed long int unsigned (test for errors, line 558)
FAIL: gcc.dg/long-long-typespec-1.c signed long long void (test for errors, line 559)
FAIL: gcc.dg/long-long-typespec-1.c signed long long char (test for errors, line 560)
FAIL: gcc.dg/long-long-typespec-1.c signed long long short (test for errors, line 561)
FAIL: gcc.dg/long-long-typespec-1.c signed long long long (test for errors, line 563)
FAIL: gcc.dg/long-long-typespec-1.c signed long long float (test for errors, line 564)
FAIL: gcc.dg/long-long-typespec-1.c signed long long double (test for errors, line 565)
FAIL: gcc.dg/long-long-typespec-1.c signed long long signed (test for errors, line 566)
FAIL: gcc.dg/long-long-typespec-1.c signed long long unsigned (test for errors, line 567)
FAIL: gcc.dg/long-long-typespec-1.c unsigned short int void (test for errors, line 568)
FAIL: gcc.dg/long-long-typespec-1.c unsigned short int char (test for errors, line 569)
FAIL: gcc.dg/long-long-typespec-1.c unsigned short int short (test for errors, line 570)
FAIL: gcc.dg/long-long-typespec-1.c unsigned short int int (test for errors, line 571)
FAIL: gcc.dg/long-long-typespec-1.c unsigned short int long (test for errors, line 572)
FAIL: gcc.dg/long-long-typespec-1.c unsigned short int float (test for errors, line 573)
FAIL: gcc.dg/long-long-typespec-1.c unsigned short int double (test for errors, line 574)
FAIL: gcc.dg/long-long-typespec-1.c unsigned short int signed (test for errors, line 575)
FAIL: gcc.dg/long-long-typespec-1.c unsigned short int unsigned (test for errors, line 576)
FAIL: gcc.dg/long-long-typespec-1.c unsigned int short void (test for errors, line 577)
FAIL: gcc.dg/long-long-typespec-1.c unsigned int short char (test for errors, line 578)
FAIL: gcc.dg/long-long-typespec-1.c unsigned int short short (test for errors, line 579)
FAIL: gcc.dg/long-long-typespec-1.c unsigned int short int (test for errors, line 580)
FAIL: gcc.dg/long-long-typespec-1.c unsigned int short long (test for errors, line 581)
FAIL: gcc.dg/long-long-typespec-1.c unsigned int short float (test for errors, line 582)
FAIL: gcc.dg/long-long-typespec-1.c unsigned int short double (test for errors, line 583)
FAIL: gcc.dg/long-long-typespec-1.c unsigned int short signed (test for errors, line 584)
FAIL: gcc.dg/long-long-typespec-1.c unsigned int short unsigned (test for errors, line 585)
FAIL: gcc.dg/long-long-typespec-1.c unsigned int long void (test for errors, line 586)
FAIL: gcc.dg/long-long-typespec-1.c unsigned int long char (test for errors, line 587)
FAIL: gcc.dg/long-long-typespec-1.c unsigned int long short (test for errors, line 588)
FAIL: gcc.dg/long-long-typespec-1.c unsigned int long int (test for errors, line 589)
FAIL: gcc.dg/long-long-typespec-1.c unsigned int long float (test for errors, line 591)
FAIL: gcc.dg/long-long-typespec-1.c unsigned int long double (test for errors, line 592)
FAIL: gcc.dg/long-long-typespec-1.c unsigned int long signed (test for errors, line 593)
FAIL: gcc.dg/long-long-typespec-1.c unsigned int long unsigned (test for errors, line 594)
FAIL: gcc.dg/long-long-typespec-1.c unsigned long int void (test for errors, line 595)
FAIL: gcc.dg/long-long-typespec-1.c unsigned long int char (test for errors, line 596)
FAIL: gcc.dg/long-long-typespec-1.c unsigned long int short (test for errors, line 597)
FAIL: gcc.dg/long-long-typespec-1.c unsigned long int int (test for errors, line 598)
FAIL: gcc.dg/long-long-typespec-1.c unsigned long int float (test for errors, line 600)
FAIL: gcc.dg/long-long-typespec-1.c unsigned long int double (test for errors, line 601)
FAIL: gcc.dg/long-long-typespec-1.c unsigned long int signed (test for errors, line 602)
FAIL: gcc.dg/long-long-typespec-1.c unsigned long int unsigned (test for errors, line 603)
FAIL: gcc.dg/long-long-typespec-1.c unsigned long long void (test for errors, line 604)
FAIL: gcc.dg/long-long-typespec-1.c unsigned long long char (test for errors, line 605)
FAIL: gcc.dg/long-long-typespec-1.c unsigned long long short (test for errors, line 606)
FAIL: gcc.dg/long-long-typespec-1.c unsigned long long long (test for errors, line 608)
FAIL: gcc.dg/long-long-typespec-1.c unsigned long long float (test for errors, line 609)
FAIL: gcc.dg/long-long-typespec-1.c unsigned long long double (test for errors, line 610)
FAIL: gcc.dg/long-long-typespec-1.c unsigned long long signed (test for errors, line 611)
FAIL: gcc.dg/long-long-typespec-1.c unsigned long long unsigned (test for errors, line 612)
FAIL: gcc.dg/long-long-typespec-1.c int long long signed void (test for errors, line 613)
FAIL: gcc.dg/long-long-typespec-1.c int long long signed char (test for errors, line 614)
FAIL: gcc.dg/long-long-typespec-1.c int long long signed short (test for errors, line 615)
FAIL: gcc.dg/long-long-typespec-1.c int long long signed int (test for errors, line 616)
FAIL: gcc.dg/long-long-typespec-1.c int long long signed long (test for errors, line 617)
FAIL: gcc.dg/long-long-typespec-1.c int long long signed float (test for errors, line 618)
FAIL: gcc.dg/long-long-typespec-1.c int long long signed double (test for errors, line 619)
FAIL: gcc.dg/long-long-typespec-1.c int long long signed signed (test for errors, line 620)
FAIL: gcc.dg/long-long-typespec-1.c int long long signed unsigned (test for errors, line 621)
FAIL: gcc.dg/long-long-typespec-1.c int long long unsigned void (test for errors, line 622)
FAIL: gcc.dg/long-long-typespec-1.c int long long unsigned char (test for errors, line 623)
FAIL: gcc.dg/long-long-typespec-1.c int long long unsigned short (test for errors, line 624)
FAIL: gcc.dg/long-long-typespec-1.c int long long unsigned int (test for errors, line 625)
FAIL: gcc.dg/long-long-typespec-1.c int long long unsigned long (test for errors, line 626)
FAIL: gcc.dg/long-long-typespec-1.c int long long unsigned float (test for errors, line 627)
FAIL: gcc.dg/long-long-typespec-1.c int long long unsigned double (test for errors, line 628)
FAIL: gcc.dg/long-long-typespec-1.c int long long unsigned signed (test for errors, line 629)
FAIL: gcc.dg/long-long-typespec-1.c int long long unsigned unsigned (test for errors, line 630)
FAIL: gcc.dg/long-long-typespec-1.c int long signed long void (test for errors, line 631)
FAIL: gcc.dg/long-long-typespec-1.c int long signed long char (test for errors, line 632)
FAIL: gcc.dg/long-long-typespec-1.c int long signed long short (test for errors, line 633)
FAIL: gcc.dg/long-long-typespec-1.c int long signed long int (test for errors, line 634)
FAIL: gcc.dg/long-long-typespec-1.c int long signed long long (test for errors, line 635)
FAIL: gcc.dg/long-long-typespec-1.c int long signed long float (test for errors, line 636)
FAIL: gcc.dg/long-long-typespec-1.c int long signed long double (test for errors, line 637)
FAIL: gcc.dg/long-long-typespec-1.c int long signed long signed (test for errors, line 638)
FAIL: gcc.dg/long-long-typespec-1.c int long signed long unsigned (test for errors, line 639)
FAIL: gcc.dg/long-long-typespec-1.c int long unsigned long void (test for errors, line 640)
FAIL: gcc.dg/long-long-typespec-1.c int long unsigned long char (test for errors, line 641)
FAIL: gcc.dg/long-long-typespec-1.c (test for excess errors)
FAIL: gcc.dg/stmt-expr-label-1.c  (test for errors, line 15)
FAIL: gcc.dg/stmt-expr-label-1.c  (test for errors, line 16)
FAIL: gcc.dg/stmt-expr-label-1.c  (test for errors, line 17)
FAIL: gcc.dg/stmt-expr-label-1.c  (test for errors, line 18)
FAIL: gcc.dg/stmt-expr-label-1.c  (test for errors, line 19)
FAIL: gcc.dg/stmt-expr-label-1.c  (test for errors, line 20)
FAIL: gcc.dg/stmt-expr-label-1.c  (test for errors, line 21)
FAIL: gcc.dg/stmt-expr-label-1.c  (test for errors, line 22)
FAIL: gcc.dg/stmt-expr-label-1.c  (test for errors, line 23)
FAIL: gcc.dg/stmt-expr-label-1.c  (test for errors, line 24)
FAIL: gcc.dg/stmt-expr-label-1.c  (test for errors, line 27)
FAIL: gcc.dg/stmt-expr-label-1.c  (test for errors, line 28)
FAIL: gcc.dg/stmt-expr-label-1.c  (test for errors, line 29)
FAIL: gcc.dg/stmt-expr-label-1.c  (test for errors, line 30)
FAIL: gcc.dg/stmt-expr-label-1.c  (test for errors, line 31)
FAIL: gcc.dg/stmt-expr-label-1.c  (test for errors, line 32)
FAIL: gcc.dg/stmt-expr-label-1.c  (test for errors, line 33)
FAIL: gcc.dg/stmt-expr-label-1.c  (test for errors, line 34)
FAIL: gcc.dg/stmt-expr-label-1.c  (test for errors, line 35)
FAIL: gcc.dg/stmt-expr-label-1.c  (test for errors, line 36)
FAIL: gcc.dg/stmt-expr-label-1.c  (test for errors, line 45)
FAIL: gcc.dg/stmt-expr-label-1.c  (test for errors, line 46)
FAIL: gcc.dg/stmt-expr-label-1.c  (test for errors, line 49)
FAIL: gcc.dg/stmt-expr-label-1.c  (test for errors, line 50)
FAIL: gcc.dg/stmt-expr-label-1.c  (test for errors, line 55)
FAIL: gcc.dg/stmt-expr-label-1.c  (test for errors, line 56)
FAIL: gcc.dg/stmt-expr-label-1.c  (test for errors, line 57)
FAIL: gcc.dg/stmt-expr-label-1.c  (test for errors, line 58)
FAIL: gcc.dg/stmt-expr-label-1.c  (test for errors, line 59)
FAIL: gcc.dg/stmt-expr-label-1.c  (test for errors, line 60)
FAIL: gcc.dg/stmt-expr-label-1.c  (test for errors, line 61)
FAIL: gcc.dg/stmt-expr-label-1.c  (test for errors, line 62)
FAIL: gcc.dg/stmt-expr-label-1.c  (test for errors, line 63)
FAIL: gcc.dg/stmt-expr-label-1.c  (test for errors, line 64)
FAIL: gcc.dg/stmt-expr-label-1.c  (test for errors, line 77)
FAIL: gcc.dg/stmt-expr-label-1.c  (test for errors, line 78)
FAIL: gcc.dg/stmt-expr-label-1.c  (test for errors, line 83)
FAIL: gcc.dg/stmt-expr-label-1.c  (test for errors, line 84)
FAIL: gcc.dg/stmt-expr-label-1.c  (test for errors, line 85)
FAIL: gcc.dg/stmt-expr-label-1.c  (test for errors, line 86)
FAIL: gcc.dg/stmt-expr-label-1.c  (test for errors, line 87)
FAIL: gcc.dg/stmt-expr-label-1.c  (test for errors, line 88)
FAIL: gcc.dg/stmt-expr-label-1.c  (test for errors, line 89)
FAIL: gcc.dg/stmt-expr-label-1.c  (test for errors, line 90)
FAIL: gcc.dg/stmt-expr-label-1.c  (test for errors, line 91)
FAIL: gcc.dg/stmt-expr-label-1.c  (test for errors, line 92)
FAIL: gcc.dg/stmt-expr-label-1.c  (test for errors, line 101)
FAIL: gcc.dg/stmt-expr-label-1.c  (test for errors, line 102)
FAIL: gcc.dg/stmt-expr-label-1.c  (test for errors, line 105)
FAIL: gcc.dg/stmt-expr-label-1.c  (test for errors, line 106)
FAIL: gcc.dg/stmt-expr-label-1.c  (test for errors, line 111)
FAIL: gcc.dg/stmt-expr-label-1.c  (test for errors, line 112)
FAIL: gcc.dg/stmt-expr-label-1.c  (test for errors, line 113)
FAIL: gcc.dg/stmt-expr-label-1.c  (test for errors, line 114)
FAIL: gcc.dg/stmt-expr-label-1.c  (test for errors, line 115)
FAIL: gcc.dg/stmt-expr-label-1.c  (test for errors, line 116)
FAIL: gcc.dg/stmt-expr-label-1.c  (test for errors, line 117)
FAIL: gcc.dg/stmt-expr-label-1.c  (test for errors, line 118)
FAIL: gcc.dg/stmt-expr-label-1.c  (test for errors, line 119)
FAIL: gcc.dg/stmt-expr-label-1.c  (test for errors, line 120)
FAIL: gcc.dg/stmt-expr-label-1.c  (test for errors, line 129)
FAIL: gcc.dg/stmt-expr-label-1.c  (test for errors, line 130)
FAIL: gcc.dg/stmt-expr-label-1.c  (test for errors, line 139)
FAIL: gcc.dg/stmt-expr-label-1.c  (test for errors, line 140)
FAIL: gcc.dg/stmt-expr-label-1.c  (test for errors, line 141)
FAIL: gcc.dg/stmt-expr-label-1.c  (test for errors, line 142)
FAIL: gcc.dg/stmt-expr-label-1.c  (test for errors, line 143)
FAIL: gcc.dg/stmt-expr-label-1.c  (test for errors, line 144)
FAIL: gcc.dg/stmt-expr-label-1.c  (test for errors, line 145)
FAIL: gcc.dg/stmt-expr-label-1.c  (test for errors, line 146)
FAIL: gcc.dg/stmt-expr-label-1.c  (test for errors, line 147)
FAIL: gcc.dg/stmt-expr-label-1.c  (test for errors, line 148)
FAIL: gcc.dg/stmt-expr-label-1.c  (test for errors, line 157)
FAIL: gcc.dg/stmt-expr-label-1.c  (test for errors, line 158)
FAIL: gcc.dg/stmt-expr-label-1.c  (test for errors, line 161)
FAIL: gcc.dg/stmt-expr-label-1.c  (test for errors, line 162)
FAIL: gcc.dg/stmt-expr-label-1.c  (test for errors, line 167)
FAIL: gcc.dg/typespec-1.c int unsigned char (test for errors, line 219)
FAIL: gcc.dg/typespec-1.c int unsigned int (test for errors, line 221)
FAIL: gcc.dg/typespec-1.c int unsigned float (test for errors, line 223)
FAIL: gcc.dg/typespec-1.c int unsigned double (test for errors, line 224)
FAIL: gcc.dg/typespec-1.c int unsigned signed (test for errors, line 225)
FAIL: gcc.dg/typespec-1.c int unsigned unsigned (test for errors, line 226)
FAIL: gcc.dg/typespec-1.c int unsigned _Bool (test for errors, line 227)
FAIL: gcc.dg/typespec-1.c long int void (test for errors, line 228)
FAIL: gcc.dg/typespec-1.c long int char (test for errors, line 229)
FAIL: gcc.dg/typespec-1.c long int short (test for errors, line 230)
FAIL: gcc.dg/typespec-1.c long int int (test for errors, line 231)
FAIL: gcc.dg/typespec-1.c long int float (test for errors, line 233)
FAIL: gcc.dg/typespec-1.c long int double (test for errors, line 234)
FAIL: gcc.dg/typespec-1.c long int _Bool (test for errors, line 237)
FAIL: gcc.dg/typespec-1.c long long void (test for errors, line 238)
FAIL: gcc.dg/typespec-1.c long long char (test for errors, line 239)
FAIL: gcc.dg/typespec-1.c long long short (test for errors, line 240)
FAIL: gcc.dg/typespec-1.c long long long (test for errors, line 242)
FAIL: gcc.dg/typespec-1.c long long float (test for errors, line 243)
FAIL: gcc.dg/typespec-1.c long long double (test for errors, line 244)
FAIL: gcc.dg/typespec-1.c long long _Bool (test for errors, line 247)
FAIL: gcc.dg/typespec-1.c long double void (test for errors, line 248)
FAIL: gcc.dg/typespec-1.c long double char (test for errors, line 249)
FAIL: gcc.dg/typespec-1.c long double short (test for errors, line 250)
FAIL: gcc.dg/typespec-1.c long double int (test for errors, line 251)
FAIL: gcc.dg/typespec-1.c long double long (test for errors, line 252)
FAIL: gcc.dg/typespec-1.c long double float (test for errors, line 253)
FAIL: gcc.dg/typespec-1.c long double double (test for errors, line 254)
FAIL: gcc.dg/typespec-1.c long double signed (test for errors, line 255)
FAIL: gcc.dg/typespec-1.c long double unsigned (test for errors, line 256)
FAIL: gcc.dg/typespec-1.c long double _Bool (test for errors, line 257)
FAIL: gcc.dg/typespec-1.c long signed void (test for errors, line 258)
FAIL: gcc.dg/typespec-1.c long signed char (test for errors, line 259)
FAIL: gcc.dg/typespec-1.c long signed short (test for errors, line 260)
FAIL: gcc.dg/typespec-1.c long signed float (test for errors, line 263)
FAIL: gcc.dg/typespec-1.c long signed double (test for errors, line 264)
FAIL: gcc.dg/typespec-1.c long signed signed (test for errors, line 265)
FAIL: gcc.dg/typespec-1.c long signed unsigned (test for errors, line 266)
FAIL: gcc.dg/typespec-1.c long signed _Bool (test for errors, line 267)
FAIL: gcc.dg/typespec-1.c long unsigned void (test for errors, line 268)
FAIL: gcc.dg/typespec-1.c long unsigned char (test for errors, line 269)
FAIL: gcc.dg/typespec-1.c long unsigned short (test for errors, line 270)
FAIL: gcc.dg/typespec-1.c long unsigned float (test for errors, line 273)
FAIL: gcc.dg/typespec-1.c long unsigned double (test for errors, line 274)
FAIL: gcc.dg/typespec-1.c long unsigned signed (test for errors, line 275)
FAIL: gcc.dg/typespec-1.c long unsigned unsigned (test for errors, line 276)
FAIL: gcc.dg/typespec-1.c long unsigned _Bool (test for errors, line 277)
FAIL: gcc.dg/typespec-1.c double long void (test for errors, line 278)
FAIL: gcc.dg/typespec-1.c double long char (test for errors, line 279)
FAIL: gcc.dg/typespec-1.c double long short (test for errors, line 280)
FAIL: gcc.dg/typespec-1.c double long int (test for errors, line 281)
FAIL: gcc.dg/typespec-1.c double long long (test for errors, line 282)
FAIL: gcc.dg/typespec-1.c double long float (test for errors, line 283)
FAIL: gcc.dg/typespec-1.c double long double (test for errors, line 284)
FAIL: gcc.dg/typespec-1.c double long signed (test for errors, line 285)
FAIL: gcc.dg/typespec-1.c double long unsigned (test for errors, line 286)
FAIL: gcc.dg/typespec-1.c double long _Bool (test for errors, line 287)
FAIL: gcc.dg/typespec-1.c signed char void (test for errors, line 288)
FAIL: gcc.dg/typespec-1.c signed char char (test for errors, line 289)
FAIL: gcc.dg/typespec-1.c signed char short (test for errors, line 290)
FAIL: gcc.dg/typespec-1.c signed char int (test for errors, line 291)
FAIL: gcc.dg/typespec-1.c signed char long (test for errors, line 292)
FAIL: gcc.dg/typespec-1.c signed char float (test for errors, line 293)
FAIL: gcc.dg/typespec-1.c signed char double (test for errors, line 294)
FAIL: gcc.dg/typespec-1.c signed char signed (test for errors, line 295)
FAIL: gcc.dg/typespec-1.c signed char unsigned (test for errors, line 296)
FAIL: gcc.dg/typespec-1.c signed char _Bool (test for errors, line 297)
FAIL: gcc.dg/typespec-1.c signed short void (test for errors, line 298)
FAIL: gcc.dg/typespec-1.c signed short char (test for errors, line 299)
FAIL: gcc.dg/typespec-1.c signed short short (test for errors, line 300)
FAIL: gcc.dg/typespec-1.c signed short long (test for errors, line 302)
FAIL: gcc.dg/typespec-1.c signed short float (test for errors, line 303)
FAIL: gcc.dg/typespec-1.c signed short double (test for errors, line 304)
FAIL: gcc.dg/typespec-1.c signed short signed (test for errors, line 305)
FAIL: gcc.dg/typespec-1.c signed short unsigned (test for errors, line 306)
FAIL: gcc.dg/typespec-1.c signed short _Bool (test for errors, line 307)
FAIL: gcc.dg/typespec-1.c signed int void (test for errors, line 308)
FAIL: gcc.dg/typespec-1.c signed int char (test for errors, line 309)
FAIL: gcc.dg/typespec-1.c signed int int (test for errors, line 311)
FAIL: gcc.dg/typespec-1.c signed int float (test for errors, line 313)
FAIL: gcc.dg/typespec-1.c signed int double (test for errors, line 314)
FAIL: gcc.dg/typespec-1.c signed int signed (test for errors, line 315)
FAIL: gcc.dg/typespec-1.c signed int unsigned (test for errors, line 316)
FAIL: gcc.dg/typespec-1.c signed int _Bool (test for errors, line 317)
FAIL: gcc.dg/typespec-1.c signed long void (test for errors, line 318)
FAIL: gcc.dg/typespec-1.c signed long char (test for errors, line 319)
FAIL: gcc.dg/typespec-1.c signed long short (test for errors, line 320)
FAIL: gcc.dg/typespec-1.c signed long float (test for errors, line 323)
FAIL: gcc.dg/typespec-1.c signed long double (test for errors, line 324)
FAIL: gcc.dg/typespec-1.c signed long signed (test for errors, line 325)
FAIL: gcc.dg/typespec-1.c signed long unsigned (test for errors, line 326)
FAIL: gcc.dg/typespec-1.c signed long _Bool (test for errors, line 327)
FAIL: gcc.dg/typespec-1.c unsigned char void (test for errors, line 328)
FAIL: gcc.dg/typespec-1.c unsigned char char (test for errors, line 329)
FAIL: gcc.dg/typespec-1.c unsigned char short (test for errors, line 330)
FAIL: gcc.dg/typespec-1.c unsigned char int (test for errors, line 331)
FAIL: gcc.dg/typespec-1.c unsigned char long (test for errors, line 332)
FAIL: gcc.dg/typespec-1.c unsigned char float (test for errors, line 333)
FAIL: gcc.dg/typespec-1.c unsigned char double (test for errors, line 334)
FAIL: gcc.dg/typespec-1.c unsigned char signed (test for errors, line 335)
FAIL: gcc.dg/typespec-1.c unsigned char unsigned (test for errors, line 336)
FAIL: gcc.dg/typespec-1.c unsigned char _Bool (test for errors, line 337)
FAIL: gcc.dg/typespec-1.c unsigned short void (test for errors, line 338)
FAIL: gcc.dg/typespec-1.c unsigned short char (test for errors, line 339)
FAIL: gcc.dg/typespec-1.c unsigned short short (test for errors, line 340)
FAIL: gcc.dg/typespec-1.c unsigned short long (test for errors, line 342)
FAIL: gcc.dg/typespec-1.c unsigned short float (test for errors, line 343)
FAIL: gcc.dg/typespec-1.c unsigned short double (test for errors, line 344)
FAIL: gcc.dg/typespec-1.c unsigned short signed (test for errors, line 345)
FAIL: gcc.dg/typespec-1.c unsigned short unsigned (test for errors, line 346)
FAIL: gcc.dg/typespec-1.c unsigned short _Bool (test for errors, line 347)
FAIL: gcc.dg/typespec-1.c unsigned int void (test for errors, line 348)
FAIL: gcc.dg/typespec-1.c unsigned int char (test for errors, line 349)
FAIL: gcc.dg/typespec-1.c unsigned int int (test for errors, line 351)
FAIL: gcc.dg/typespec-1.c unsigned int float (test for errors, line 353)
FAIL: gcc.dg/typespec-1.c unsigned int double (test for errors, line 354)
FAIL: gcc.dg/typespec-1.c unsigned int signed (test for errors, line 355)
FAIL: gcc.dg/typespec-1.c unsigned int unsigned (test for errors, line 356)
FAIL: gcc.dg/typespec-1.c unsigned int _Bool (test for errors, line 357)
FAIL: gcc.dg/typespec-1.c unsigned long void (test for errors, line 358)
FAIL: gcc.dg/typespec-1.c unsigned long char (test for errors, line 359)
FAIL: gcc.dg/typespec-1.c unsigned long short (test for errors, line 360)
FAIL: gcc.dg/typespec-1.c unsigned long float (test for errors, line 363)
FAIL: gcc.dg/typespec-1.c unsigned long double (test for errors, line 364)
FAIL: gcc.dg/typespec-1.c unsigned long signed (test for errors, line 365)
FAIL: gcc.dg/typespec-1.c unsigned long unsigned (test for errors, line 366)
FAIL: gcc.dg/typespec-1.c unsigned long _Bool (test for errors, line 367)
FAIL: gcc.dg/typespec-1.c short int signed void (test for errors, line 368)
FAIL: gcc.dg/typespec-1.c short int signed char (test for errors, line 369)
FAIL: gcc.dg/typespec-1.c short int signed short (test for errors, line 370)
FAIL: gcc.dg/typespec-1.c short int signed int (test for errors, line 371)
FAIL: gcc.dg/typespec-1.c short int signed long (test for errors, line 372)
FAIL: gcc.dg/typespec-1.c short int signed float (test for errors, line 373)
FAIL: gcc.dg/typespec-1.c short int signed double (test for errors, line 374)
FAIL: gcc.dg/typespec-1.c short int signed signed (test for errors, line 375)
FAIL: gcc.dg/typespec-1.c short int signed unsigned (test for errors, line 376)
FAIL: gcc.dg/typespec-1.c short int signed _Bool (test for errors, line 377)
FAIL: gcc.dg/typespec-1.c short int unsigned void (test for errors, line 378)
FAIL: gcc.dg/typespec-1.c short int unsigned char (test for errors, line 379)
FAIL: gcc.dg/typespec-1.c short int unsigned short (test for errors, line 380)
FAIL: gcc.dg/typespec-1.c short int unsigned int (test for errors, line 381)
FAIL: gcc.dg/typespec-1.c short int unsigned long (test for errors, line 382)
FAIL: gcc.dg/typespec-1.c short int unsigned float (test for errors, line 383)
FAIL: gcc.dg/typespec-1.c short int unsigned double (test for errors, line 384)
FAIL: gcc.dg/typespec-1.c short int unsigned signed (test for errors, line 385)
FAIL: gcc.dg/typespec-1.c short int unsigned unsigned (test for errors, line 386)
FAIL: gcc.dg/typespec-1.c short int unsigned _Bool (test for errors, line 387)
FAIL: gcc.dg/typespec-1.c short signed int void (test for errors, line 388)
FAIL: gcc.dg/typespec-1.c short signed int char (test for errors, line 389)
FAIL: gcc.dg/typespec-1.c short signed int short (test for errors, line 390)
FAIL: gcc.dg/typespec-1.c short signed int int (test for errors, line 391)
FAIL: gcc.dg/typespec-1.c short signed int long (test for errors, line 392)
FAIL: gcc.dg/typespec-1.c short signed int float (test for errors, line 393)
FAIL: gcc.dg/typespec-1.c short signed int double (test for errors, line 394)
FAIL: gcc.dg/typespec-1.c short signed int signed (test for errors, line 395)
FAIL: gcc.dg/typespec-1.c short signed int unsigned (test for errors, line 396)
FAIL: gcc.dg/typespec-1.c short signed int _Bool (test for errors, line 397)
FAIL: gcc.dg/typespec-1.c short unsigned int void (test for errors, line 398)
FAIL: gcc.dg/typespec-1.c short unsigned int char (test for errors, line 399)
FAIL: gcc.dg/typespec-1.c short unsigned int short (test for errors, line 400)
FAIL: gcc.dg/typespec-1.c short unsigned int int (test for errors, line 401)
FAIL: gcc.dg/typespec-1.c short unsigned int long (test for errors, line 402)
FAIL: gcc.dg/typespec-1.c short unsigned int float (test for errors, line 403)
FAIL: gcc.dg/typespec-1.c short unsigned int double (test for errors, line 404)
FAIL: gcc.dg/typespec-1.c short unsigned int signed (test for errors, line 405)
FAIL: gcc.dg/typespec-1.c short unsigned int unsigned (test for errors, line 406)
FAIL: gcc.dg/typespec-1.c short unsigned int _Bool (test for errors, line 407)
FAIL: gcc.dg/typespec-1.c int short signed void (test for errors, line 408)
FAIL: gcc.dg/typespec-1.c int short signed char (test for errors, line 409)
FAIL: gcc.dg/typespec-1.c int short signed short (test for errors, line 410)
FAIL: gcc.dg/typespec-1.c int short signed int (test for errors, line 411)
FAIL: gcc.dg/typespec-1.c int short signed long (test for errors, line 412)
FAIL: gcc.dg/typespec-1.c int short signed float (test for errors, line 413)
FAIL: gcc.dg/typespec-1.c int short signed double (test for errors, line 414)
FAIL: gcc.dg/typespec-1.c int short signed signed (test for errors, line 415)
FAIL: gcc.dg/typespec-1.c int short signed unsigned (test for errors, line 416)
FAIL: gcc.dg/typespec-1.c int short signed _Bool (test for errors, line 417)
FAIL: gcc.dg/typespec-1.c int short unsigned void (test for errors, line 418)
FAIL: gcc.dg/typespec-1.c int short unsigned char (test for errors, line 419)
FAIL: gcc.dg/typespec-1.c int short unsigned short (test for errors, line 420)
FAIL: gcc.dg/typespec-1.c int short unsigned int (test for errors, line 421)
FAIL: gcc.dg/typespec-1.c int short unsigned long (test for errors, line 422)
FAIL: gcc.dg/typespec-1.c int short unsigned float (test for errors, line 423)
FAIL: gcc.dg/typespec-1.c int short unsigned double (test for errors, line 424)
FAIL: gcc.dg/typespec-1.c int short unsigned signed (test for errors, line 425)
FAIL: gcc.dg/typespec-1.c int short unsigned unsigned (test for errors, line 426)
FAIL: gcc.dg/typespec-1.c int short unsigned _Bool (test for errors, line 427)
FAIL: gcc.dg/typespec-1.c int long long void (test for errors, line 428)
FAIL: gcc.dg/typespec-1.c int long long char (test for errors, line 429)
FAIL: gcc.dg/typespec-1.c int long long short (test for errors, line 430)
FAIL: gcc.dg/typespec-1.c int long long int (test for errors, line 431)
FAIL: gcc.dg/typespec-1.c int long long long (test for errors, line 432)
FAIL: gcc.dg/typespec-1.c int long long float (test for errors, line 433)
FAIL: gcc.dg/typespec-1.c int long long double (test for errors, line 434)
FAIL: gcc.dg/typespec-1.c int long long _Bool (test for errors, line 437)
FAIL: gcc.dg/typespec-1.c int long signed void (test for errors, line 438)
FAIL: gcc.dg/typespec-1.c int long signed char (test for errors, line 439)
FAIL: gcc.dg/typespec-1.c int long signed short (test for errors, line 440)
FAIL: gcc.dg/typespec-1.c int long signed int (test for errors, line 441)
FAIL: gcc.dg/typespec-1.c int long signed float (test for errors, line 443)
FAIL: gcc.dg/typespec-1.c int long signed double (test for errors, line 444)
FAIL: gcc.dg/typespec-1.c int long signed signed (test for errors, line 445)
FAIL: gcc.dg/typespec-1.c int long signed unsigned (test for errors, line 446)
FAIL: gcc.dg/typespec-1.c int long signed _Bool (test for errors, line 447)
FAIL: gcc.dg/typespec-1.c int long unsigned void (test for errors, line 448)
FAIL: gcc.dg/typespec-1.c int long unsigned char (test for errors, line 449)
FAIL: gcc.dg/typespec-1.c int long unsigned short (test for errors, line 450)
FAIL: gcc.dg/typespec-1.c int long unsigned int (test for errors, line 451)
FAIL: gcc.dg/typespec-1.c int long unsigned float (test for errors, line 453)
FAIL: gcc.dg/typespec-1.c int long unsigned double (test for errors, line 454)
FAIL: gcc.dg/typespec-1.c int long unsigned signed (test for errors, line 455)
FAIL: gcc.dg/typespec-1.c int long unsigned unsigned (test for errors, line 456)
FAIL: gcc.dg/typespec-1.c int long unsigned _Bool (test for errors, line 457)
FAIL: gcc.dg/typespec-1.c int signed short void (test for errors, line 458)
FAIL: gcc.dg/typespec-1.c int signed short char (test for errors, line 459)
FAIL: gcc.dg/typespec-1.c int signed short short (test for errors, line 460)
FAIL: gcc.dg/typespec-1.c int signed short int (test for errors, line 461)
FAIL: gcc.dg/typespec-1.c int signed short long (test for errors, line 462)
FAIL: gcc.dg/typespec-1.c int signed short float (test for errors, line 463)
FAIL: gcc.dg/typespec-1.c int signed short double (test for errors, line 464)
FAIL: gcc.dg/typespec-1.c int signed short signed (test for errors, line 465)
FAIL: gcc.dg/typespec-1.c int signed short unsigned (test for errors, line 466)
FAIL: gcc.dg/typespec-1.c int signed short _Bool (test for errors, line 467)
FAIL: gcc.dg/typespec-1.c int signed long void (test for errors, line 468)
FAIL: gcc.dg/typespec-1.c int signed long char (test for errors, line 469)
FAIL: gcc.dg/typespec-1.c int signed long short (test for errors, line 470)
FAIL: gcc.dg/typespec-1.c int signed long int (test for errors, line 471)
FAIL: gcc.dg/typespec-1.c int signed long float (test for errors, line 473)
FAIL: gcc.dg/typespec-1.c int signed long double (test for errors, line 474)
FAIL: gcc.dg/typespec-1.c int signed long signed (test for errors, line 475)
FAIL: gcc.dg/typespec-1.c int signed long unsigned (test for errors, line 476)
FAIL: gcc.dg/typespec-1.c int signed long _Bool (test for errors, line 477)
FAIL: gcc.dg/typespec-1.c int unsigned short void (test for errors, line 478)
FAIL: gcc.dg/typespec-1.c int unsigned short char (test for errors, line 479)
FAIL: gcc.dg/typespec-1.c int unsigned short short (test for errors, line 480)
FAIL: gcc.dg/typespec-1.c int unsigned short int (test for errors, line 481)
FAIL: gcc.dg/typespec-1.c int unsigned short long (test for errors, line 482)
FAIL: gcc.dg/typespec-1.c int unsigned short float (test for errors, line 483)
FAIL: gcc.dg/typespec-1.c int unsigned short double (test for errors, line 484)
FAIL: gcc.dg/typespec-1.c int unsigned short signed (test for errors, line 485)
FAIL: gcc.dg/typespec-1.c int unsigned short unsigned (test for errors, line 486)
FAIL: gcc.dg/typespec-1.c int unsigned short _Bool (test for errors, line 487)
FAIL: gcc.dg/typespec-1.c int unsigned long void (test for errors, line 488)
FAIL: gcc.dg/typespec-1.c int unsigned long char (test for errors, line 489)
FAIL: gcc.dg/typespec-1.c int unsigned long short (test for errors, line 490)
FAIL: gcc.dg/typespec-1.c int unsigned long int (test for errors, line 491)
FAIL: gcc.dg/typespec-1.c int unsigned long float (test for errors, line 493)
FAIL: gcc.dg/typespec-1.c int unsigned long double (test for errors, line 494)
FAIL: gcc.dg/typespec-1.c int unsigned long signed (test for errors, line 495)
FAIL: gcc.dg/typespec-1.c int unsigned long unsigned (test for errors, line 496)
FAIL: gcc.dg/typespec-1.c int unsigned long _Bool (test for errors, line 497)
FAIL: gcc.dg/typespec-1.c long int long void (test for errors, line 498)
FAIL: gcc.dg/typespec-1.c long int long char (test for errors, line 499)
FAIL: gcc.dg/typespec-1.c long int long short (test for errors, line 500)
FAIL: gcc.dg/typespec-1.c long int long int (test for errors, line 501)
FAIL: gcc.dg/typespec-1.c long int long long (test for errors, line 502)
FAIL: gcc.dg/typespec-1.c long int long float (test for errors, line 503)
FAIL: gcc.dg/typespec-1.c long int long double (test for errors, line 504)
FAIL: gcc.dg/typespec-1.c long int long _Bool (test for errors, line 507)
FAIL: gcc.dg/typespec-1.c long int signed void (test for errors, line 508)
FAIL: gcc.dg/typespec-1.c long int signed char (test for errors, line 509)
FAIL: gcc.dg/typespec-1.c long int signed short (test for errors, line 510)
FAIL: gcc.dg/typespec-1.c long int signed int (test for errors, line 511)
FAIL: gcc.dg/typespec-1.c long int signed float (test for errors, line 513)
FAIL: gcc.dg/typespec-1.c long int signed double (test for errors, line 514)
FAIL: gcc.dg/typespec-1.c long int signed signed (test for errors, line 515)
FAIL: gcc.dg/typespec-1.c long int signed unsigned (test for errors, line 516)
FAIL: gcc.dg/typespec-1.c long int signed _Bool (test for errors, line 517)
FAIL: gcc.dg/typespec-1.c long int unsigned void (test for errors, line 518)
FAIL: gcc.dg/typespec-1.c long int unsigned char (test for errors, line 519)
FAIL: gcc.dg/typespec-1.c long int unsigned short (test for errors, line 520)
FAIL: gcc.dg/typespec-1.c long int unsigned int (test for errors, line 521)
FAIL: gcc.dg/typespec-1.c long int unsigned float (test for errors, line 523)
FAIL: gcc.dg/typespec-1.c long int unsigned double (test for errors, line 524)
FAIL: gcc.dg/typespec-1.c long int unsigned signed (test for errors, line 525)
FAIL: gcc.dg/typespec-1.c long int unsigned unsigned (test for errors, line 526)
FAIL: gcc.dg/typespec-1.c long int unsigned _Bool (test for errors, line 527)
FAIL: gcc.dg/typespec-1.c long long int void (test for errors, line 528)
FAIL: gcc.dg/typespec-1.c long long int char (test for errors, line 529)
FAIL: gcc.dg/typespec-1.c long long int short (test for errors, line 530)
FAIL: gcc.dg/typespec-1.c long long int int (test for errors, line 531)
FAIL: gcc.dg/typespec-1.c long long int long (test for errors, line 532)
FAIL: gcc.dg/typespec-1.c long long int float (test for errors, line 533)
FAIL: gcc.dg/typespec-1.c long long int double (test for errors, line 534)
FAIL: gcc.dg/typespec-1.c long long int _Bool (test for errors, line 537)
FAIL: gcc.dg/typespec-1.c long long signed void (test for errors, line 538)
FAIL: gcc.dg/typespec-1.c long long signed char (test for errors, line 539)
FAIL: gcc.dg/typespec-1.c long long signed short (test for errors, line 540)
FAIL: gcc.dg/typespec-1.c long long signed long (test for errors, line 542)
FAIL: gcc.dg/typespec-1.c long long signed float (test for errors, line 543)
FAIL: gcc.dg/typespec-1.c long long signed double (test for errors, line 544)
FAIL: gcc.dg/typespec-1.c long long signed signed (test for errors, line 545)
FAIL: gcc.dg/typespec-1.c long long signed unsigned (test for errors, line 546)
FAIL: gcc.dg/typespec-1.c long long signed _Bool (test for errors, line 547)
FAIL: gcc.dg/typespec-1.c long long unsigned void (test for errors, line 548)
FAIL: gcc.dg/typespec-1.c long long unsigned char (test for errors, line 549)
FAIL: gcc.dg/typespec-1.c long long unsigned short (test for errors, line 550)
FAIL: gcc.dg/format/gcc_diag-1.c  -DWIDE  extra arg (test for warnings, line 98)
FAIL: gcc.dg/format/gcc_diag-1.c  -DWIDE  extra arg (test for warnings, line 99)
FAIL: gcc.dg/format/gcc_diag-1.c  -DWIDE  extra arg (test for warnings, line 100)
FAIL: gcc.dg/format/gcc_diag-1.c  -DWIDE  extra arg (test for warnings, line 101)
FAIL: gcc.dg/format/gcc_diag-1.c  -DWIDE  bogus modifier (test for warnings, line 102)
FAIL: gcc.dg/format/gcc_diag-1.c  -DWIDE  bogus modifier (test for warnings, line 103)
FAIL: gcc.dg/format/gcc_diag-1.c  -DWIDE  bogus modifier (test for warnings, line 104)
FAIL: gcc.dg/format/gcc_diag-1.c  -DWIDE  bogus modifier (test for warnings, line 105)
FAIL: gcc.dg/format/gcc_diag-1.c  -DWIDE  bogus modifier (test for warnings, line 106)
FAIL: gcc.dg/format/gcc_diag-1.c  -DWIDE  bogus modifier (test for warnings, line 107)
FAIL: gcc.dg/format/gcc_diag-1.c  -DWIDE  bogus modifier (test for warnings, line 108)
FAIL: gcc.dg/format/gcc_diag-1.c  -DWIDE  bogus modifier (test for warnings, line 109)
FAIL: gcc.dg/format/gcc_diag-1.c  -DWIDE  missing arg (test for warnings, line 110)
FAIL: gcc.dg/format/gcc_diag-1.c  -DWIDE  missing arg (test for warnings, line 111)
FAIL: gcc.dg/format/gcc_diag-1.c  -DWIDE  missing arg (test for warnings, line 112)
FAIL: gcc.dg/format/gcc_diag-1.c  -DWIDE  missing arg (test for warnings, line 113)
FAIL: gcc.dg/format/gcc_diag-1.c  -DWIDE  missing arg (test for warnings, line 114)
FAIL: gcc.dg/format/gcc_diag-1.c  -DWIDE  missing arg (test for warnings, line 115)
FAIL: gcc.dg/format/gcc_diag-1.c  -DWIDE  missing arg (test for warnings, line 116)
FAIL: gcc.dg/format/gcc_diag-1.c  -DWIDE  missing arg (test for warnings, line 117)
FAIL: gcc.dg/format/gcc_diag-1.c  -DWIDE  wrong arg (test for warnings, line 118)
FAIL: gcc.dg/format/gcc_diag-1.c  -DWIDE  wrong arg (test for warnings, line 119)
FAIL: gcc.dg/format/gcc_diag-1.c  -DWIDE  wrong arg (test for warnings, line 120)
FAIL: gcc.dg/format/gcc_diag-1.c  -DWIDE  wrong arg (test for warnings, line 121)
FAIL: largefile.c -O0 -g (test for excess errors)
FAIL: gcc.dg/pch/largefile.c -O0 -g assembly comparison
FAIL: largefile.c  -O0  (test for excess errors)
FAIL: largefile.c  -O1  (test for excess errors)
FAIL: largefile.c  -O2  (test for excess errors)
FAIL: largefile.c  -O3 -fomit-frame-pointer  (test for excess errors)
FAIL: largefile.c  -O3 -g  (test for excess errors)
FAIL: gcc.dg/pch/largefile.c  -O3 -g  assembly comparison
FAIL: largefile.c  -Os  (test for excess errors)

		=== gcc Summary for unix ===

# of expected passes		48406
# of unexpected failures	707
# of expected failures		169
# of untested testcases		40
# of unsupported tests		295

Running target unix/-fstack-protector
FAIL: gcc.c-torture/compile/limits-blockid.c  -O0  (internal compiler error)
FAIL: gcc.c-torture/compile/limits-blockid.c  -O0  (test for excess errors)
WARNING: program timed out.
FAIL: gcc.dg/binary-constants-1.c (test for excess errors)
WARNING: program timed out.
FAIL: gcc.dg/c99-intconst-1.c (test for excess errors)
FAIL: gcc.dg/c99-vla-jump-1.c  (test for errors, line 81)
FAIL: gcc.dg/c99-vla-jump-1.c  (test for errors, line 83)
FAIL: gcc.dg/c99-vla-jump-1.c  (test for errors, line 87)
FAIL: gcc.dg/c99-vla-jump-1.c  (test for errors, line 91)
FAIL: gcc.dg/c99-vla-jump-1.c  (test for errors, line 93)
FAIL: gcc.dg/c99-vla-jump-1.c  (test for errors, line 94)
FAIL: gcc.dg/c99-vla-jump-1.c  (test for errors, line 95)
FAIL: gcc.dg/c99-vla-jump-1.c  (test for errors, line 96)
FAIL: gcc.dg/c99-vla-jump-1.c  (test for errors, line 97)
FAIL: gcc.dg/c99-vla-jump-1.c  (test for errors, line 98)
FAIL: gcc.dg/c99-vla-jump-1.c  (test for errors, line 100)
FAIL: gcc.dg/c99-vla-jump-1.c  (test for errors, line 104)
FAIL: gcc.dg/c99-vla-jump-1.c  (test for errors, line 106)
FAIL: gcc.dg/c99-vla-jump-1.c  (test for errors, line 108)
FAIL: gcc.dg/c99-vla-jump-1.c  (test for errors, line 110)
FAIL: gcc.dg/c99-vla-jump-1.c  (test for errors, line 111)
FAIL: gcc.dg/c99-vla-jump-1.c  (test for errors, line 112)
FAIL: gcc.dg/c99-vla-jump-1.c  (test for errors, line 113)
FAIL: gcc.dg/c99-vla-jump-1.c  (test for errors, line 114)
FAIL: gcc.dg/c99-vla-jump-1.c  (test for errors, line 115)
FAIL: gcc.dg/c99-vla-jump-1.c  (test for errors, line 117)
FAIL: gcc.dg/c99-vla-jump-1.c  (test for errors, line 121)
FAIL: gcc.dg/c99-vla-jump-1.c  (test for errors, line 123)
FAIL: gcc.dg/c99-vla-jump-1.c  (test for errors, line 127)
FAIL: gcc.dg/c99-vla-jump-1.c  (test for errors, line 128)
FAIL: gcc.dg/c99-vla-jump-1.c  (test for errors, line 129)
FAIL: gcc.dg/c99-vla-jump-1.c  (test for errors, line 130)
FAIL: gcc.dg/c99-vla-jump-1.c  (test for errors, line 131)
FAIL: gcc.dg/c99-vla-jump-1.c  (test for errors, line 132)
FAIL: gcc.dg/c99-vla-jump-1.c  (test for errors, line 134)
FAIL: gcc.dg/c99-vla-jump-1.c  (test for errors, line 137)
FAIL: gcc.dg/c99-vla-jump-1.c  (test for errors, line 138)
FAIL: gcc.dg/c99-vla-jump-1.c  (test for errors, line 139)
FAIL: gcc.dg/c99-vla-jump-1.c  (test for errors, line 140)
FAIL: gcc.dg/c99-vla-jump-1.c  (test for errors, line 141)
FAIL: gcc.dg/c99-vla-jump-1.c  (test for errors, line 142)
FAIL: gcc.dg/c99-vla-jump-1.c  (test for errors, line 144)
FAIL: gcc.dg/c99-vla-jump-1.c  (test for errors, line 145)
FAIL: gcc.dg/c99-vla-jump-3.c  (test for errors, line 93)
FAIL: gcc.dg/c99-vla-jump-3.c  (test for errors, line 94)
FAIL: gcc.dg/c99-vla-jump-3.c  (test for errors, line 95)
FAIL: gcc.dg/c99-vla-jump-3.c  (test for errors, line 96)
FAIL: gcc.dg/c99-vla-jump-3.c  (test for errors, line 97)
FAIL: gcc.dg/c99-vla-jump-3.c  (test for errors, line 98)
FAIL: gcc.dg/c99-vla-jump-3.c  (test for errors, line 100)
FAIL: gcc.dg/c99-vla-jump-3.c  (test for errors, line 104)
FAIL: gcc.dg/c99-vla-jump-3.c  (test for errors, line 106)
FAIL: gcc.dg/c99-vla-jump-3.c  (test for errors, line 108)
FAIL: gcc.dg/c99-vla-jump-3.c  (test for errors, line 110)
FAIL: gcc.dg/c99-vla-jump-3.c  (test for errors, line 111)
FAIL: gcc.dg/c99-vla-jump-3.c  (test for errors, line 112)
FAIL: gcc.dg/c99-vla-jump-3.c  (test for errors, line 113)
FAIL: gcc.dg/c99-vla-jump-3.c  (test for errors, line 114)
FAIL: gcc.dg/c99-vla-jump-3.c  (test for errors, line 115)
FAIL: gcc.dg/c99-vla-jump-3.c  (test for errors, line 117)
FAIL: gcc.dg/c99-vla-jump-3.c  (test for errors, line 121)
FAIL: gcc.dg/c99-vla-jump-3.c  (test for errors, line 123)
FAIL: gcc.dg/c99-vla-jump-3.c  (test for errors, line 127)
FAIL: gcc.dg/c99-vla-jump-3.c  (test for errors, line 128)
FAIL: gcc.dg/c99-vla-jump-3.c  (test for errors, line 129)
FAIL: gcc.dg/c99-vla-jump-3.c  (test for errors, line 130)
FAIL: gcc.dg/c99-vla-jump-3.c  (test for errors, line 131)
FAIL: gcc.dg/c99-vla-jump-3.c  (test for errors, line 132)
FAIL: gcc.dg/c99-vla-jump-3.c  (test for errors, line 134)
FAIL: gcc.dg/c99-vla-jump-3.c  (test for errors, line 137)
FAIL: gcc.dg/c99-vla-jump-3.c  (test for errors, line 138)
FAIL: gcc.dg/c99-vla-jump-3.c  (test for errors, line 139)
FAIL: gcc.dg/c99-vla-jump-3.c  (test for errors, line 140)
FAIL: gcc.dg/c99-vla-jump-3.c  (test for errors, line 141)
FAIL: gcc.dg/c99-vla-jump-3.c  (test for errors, line 142)
FAIL: gcc.dg/c99-vla-jump-3.c  (test for errors, line 144)
FAIL: gcc.dg/c99-vla-jump-3.c  (test for errors, line 145)
FAIL: gcc.dg/c99-vla-jump-3.c  (test for errors, line 146)
FAIL: gcc.dg/c99-vla-jump-3.c  (test for errors, line 147)
FAIL: gcc.dg/c99-vla-jump-3.c  (test for errors, line 148)
FAIL: gcc.dg/c99-vla-jump-3.c  (test for errors, line 149)
FAIL: gcc.dg/c99-vla-jump-4.c  (test for errors, line 108)
FAIL: gcc.dg/c99-vla-jump-4.c  (test for errors, line 110)
FAIL: gcc.dg/c99-vla-jump-4.c  (test for errors, line 111)
FAIL: gcc.dg/c99-vla-jump-4.c  (test for errors, line 112)
FAIL: gcc.dg/c99-vla-jump-4.c  (test for errors, line 113)
FAIL: gcc.dg/c99-vla-jump-4.c  (test for errors, line 114)
FAIL: gcc.dg/c99-vla-jump-4.c  (test for errors, line 115)
FAIL: gcc.dg/c99-vla-jump-4.c  (test for errors, line 117)
FAIL: gcc.dg/c99-vla-jump-4.c  (test for errors, line 121)
FAIL: gcc.dg/c99-vla-jump-4.c  (test for errors, line 123)
FAIL: gcc.dg/c99-vla-jump-4.c  (test for errors, line 127)
FAIL: gcc.dg/c99-vla-jump-4.c  (test for errors, line 128)
FAIL: gcc.dg/c99-vla-jump-4.c  (test for errors, line 129)
FAIL: gcc.dg/c99-vla-jump-4.c  (test for errors, line 130)
FAIL: gcc.dg/c99-vla-jump-4.c  (test for errors, line 131)
FAIL: gcc.dg/c99-vla-jump-4.c  (test for errors, line 132)
FAIL: gcc.dg/c99-vla-jump-4.c  (test for errors, line 134)
FAIL: gcc.dg/c99-vla-jump-4.c  (test for errors, line 137)
FAIL: gcc.dg/c99-vla-jump-4.c  (test for errors, line 138)
FAIL: gcc.dg/c99-vla-jump-4.c  (test for errors, line 139)
FAIL: gcc.dg/c99-vla-jump-4.c  (test for errors, line 140)
FAIL: gcc.dg/c99-vla-jump-4.c  (test for errors, line 141)
FAIL: gcc.dg/c99-vla-jump-4.c  (test for errors, line 142)
FAIL: gcc.dg/c99-vla-jump-4.c  (test for errors, line 144)
FAIL: gcc.dg/c99-vla-jump-4.c  (test for errors, line 145)
FAIL: gcc.dg/c99-vla-jump-4.c  (test for errors, line 146)
FAIL: gcc.dg/c99-vla-jump-4.c  (test for errors, line 147)
FAIL: gcc.dg/c99-vla-jump-4.c  (test for errors, line 148)
FAIL: gcc.dg/c99-vla-jump-4.c  (test for errors, line 149)
FAIL: gcc.dg/c99-vla-jump-4.c  (test for errors, line 151)
FAIL: gcc.dg/c99-vla-jump-4.c  (test for errors, line 154)
FAIL: gcc.dg/c99-vla-jump-4.c  (test for errors, line 155)
FAIL: gcc.dg/c99-vla-jump-4.c  (test for errors, line 156)
FAIL: gcc.dg/c99-vla-jump-4.c  (test for errors, line 157)
FAIL: gcc.dg/c99-vla-jump-4.c  (test for errors, line 158)
FAIL: gcc.dg/c99-vla-jump-4.c  (test for errors, line 159)
FAIL: gcc.dg/c99-vla-jump-4.c  (test for errors, line 162)
FAIL: gcc.dg/c99-vla-jump-4.c  (test for errors, line 164)
FAIL: gcc.dg/stmt-expr-label-1.c  (test for errors, line 101)
FAIL: gcc.dg/stmt-expr-label-1.c  (test for errors, line 102)
FAIL: gcc.dg/stmt-expr-label-1.c  (test for errors, line 105)
FAIL: gcc.dg/stmt-expr-label-1.c  (test for errors, line 106)
FAIL: gcc.dg/stmt-expr-label-1.c  (test for errors, line 111)
FAIL: gcc.dg/stmt-expr-label-1.c  (test for errors, line 112)
FAIL: gcc.dg/stmt-expr-label-1.c  (test for errors, line 113)
FAIL: gcc.dg/stmt-expr-label-1.c  (test for errors, line 114)
FAIL: gcc.dg/stmt-expr-label-1.c  (test for errors, line 115)
FAIL: gcc.dg/stmt-expr-label-1.c  (test for errors, line 116)
FAIL: gcc.dg/stmt-expr-label-1.c  (test for errors, line 117)
FAIL: gcc.dg/stmt-expr-label-1.c  (test for errors, line 118)
FAIL: gcc.dg/stmt-expr-label-1.c  (test for errors, line 119)
FAIL: gcc.dg/stmt-expr-label-1.c  (test for errors, line 120)
FAIL: gcc.dg/stmt-expr-label-1.c  (test for errors, line 129)
FAIL: gcc.dg/stmt-expr-label-1.c  (test for errors, line 130)
FAIL: gcc.dg/stmt-expr-label-1.c  (test for errors, line 139)
FAIL: gcc.dg/stmt-expr-label-1.c  (test for errors, line 140)
FAIL: gcc.dg/stmt-expr-label-1.c  (test for errors, line 141)
FAIL: gcc.dg/stmt-expr-label-1.c  (test for errors, line 142)
FAIL: gcc.dg/stmt-expr-label-1.c  (test for errors, line 143)
FAIL: gcc.dg/stmt-expr-label-1.c  (test for errors, line 144)
FAIL: gcc.dg/stmt-expr-label-1.c  (test for errors, line 145)
FAIL: gcc.dg/stmt-expr-label-1.c  (test for errors, line 146)
FAIL: gcc.dg/stmt-expr-label-1.c  (test for errors, line 147)
FAIL: gcc.dg/stmt-expr-label-1.c  (test for errors, line 148)
FAIL: gcc.dg/stmt-expr-label-1.c  (test for errors, line 157)
FAIL: gcc.dg/stmt-expr-label-1.c  (test for errors, line 158)
FAIL: gcc.dg/stmt-expr-label-1.c  (test for errors, line 161)
FAIL: gcc.dg/stmt-expr-label-1.c  (test for errors, line 162)
FAIL: gcc.dg/stmt-expr-label-1.c  (test for errors, line 167)
FAIL: gcc.dg/stmt-expr-label-1.c  (test for errors, line 168)
FAIL: gcc.dg/stmt-expr-label-1.c  (test for errors, line 169)
FAIL: gcc.dg/stmt-expr-label-1.c  (test for errors, line 170)
FAIL: gcc.dg/stmt-expr-label-1.c  (test for errors, line 171)
FAIL: gcc.dg/stmt-expr-label-1.c  (test for errors, line 172)
FAIL: gcc.dg/stmt-expr-label-1.c  (test for errors, line 173)
FAIL: gcc.dg/stmt-expr-label-1.c  (test for errors, line 174)
FAIL: gcc.dg/stmt-expr-label-1.c  (test for errors, line 175)
FAIL: gcc.dg/stmt-expr-label-1.c  (test for errors, line 176)
FAIL: gcc.dg/stmt-expr-label-1.c  (test for errors, line 183)
FAIL: gcc.dg/format/ext-3.c   2-digit year (test for warnings, line 26)
FAIL: gcc.dg/format/ext-3.c   bad %a (test for warnings, line 28)
FAIL: gcc.dg/format/ext-3.c   bad %a (test for warnings, line 29)
FAIL: gcc.dg/format/ext-3.c   bad %a (test for warnings, line 30)
FAIL: gcc.dg/format/ext-3.c   bad %a (test for warnings, line 31)
FAIL: gcc.dg/format/ext-3.c   bad %A (test for warnings, line 32)
FAIL: gcc.dg/format/ext-3.c   bad %A (test for warnings, line 33)
FAIL: gcc.dg/format/ext-3.c   bad %A (test for warnings, line 34)
FAIL: gcc.dg/format/ext-3.c   bad %A (test for warnings, line 35)
FAIL: gcc.dg/format/ext-3.c   bad %b (test for warnings, line 36)
FAIL: gcc.dg/format/ext-3.c   bad %b (test for warnings, line 37)
FAIL: gcc.dg/format/ext-3.c   bad %b (test for warnings, line 38)
FAIL: gcc.dg/format/ext-3.c   bad %b (test for warnings, line 39)
FAIL: gcc.dg/format/ext-3.c   bad %B (test for warnings, line 40)
FAIL: gcc.dg/format/ext-3.c   bad %B (test for warnings, line 41)
FAIL: gcc.dg/format/ext-3.c   bad %B (test for warnings, line 42)
FAIL: gcc.dg/format/ext-3.c   bad %B (test for warnings, line 43)
FAIL: gcc.dg/format/ext-3.c   bad %F (test for warnings, line 44)
FAIL: gcc.dg/format/ext-3.c   bad %F (test for warnings, line 45)
FAIL: gcc.dg/format/ext-3.c   bad %F (test for warnings, line 46)
FAIL: gcc.dg/format/ext-3.c  -DWIDE  2-digit year (test for warnings, line 26)
FAIL: gcc.dg/format/ext-3.c  -DWIDE  bad %a (test for warnings, line 28)
FAIL: gcc.dg/format/ext-3.c  -DWIDE  bad %a (test for warnings, line 29)
FAIL: gcc.dg/format/ext-3.c  -DWIDE  bad %a (test for warnings, line 30)
FAIL: gcc.dg/format/ext-3.c  -DWIDE  bad %a (test for warnings, line 31)
FAIL: gcc.dg/format/ext-3.c  -DWIDE  bad %A (test for warnings, line 32)
FAIL: gcc.dg/format/ext-3.c  -DWIDE  bad %A (test for warnings, line 33)
FAIL: gcc.dg/format/ext-3.c  -DWIDE  bad %A (test for warnings, line 34)
FAIL: gcc.dg/format/ext-3.c  -DWIDE  bad %A (test for warnings, line 35)
FAIL: gcc.dg/format/ext-3.c  -DWIDE  bad %b (test for warnings, line 36)
FAIL: gcc.dg/format/ext-3.c  -DWIDE  bad %b (test for warnings, line 37)
FAIL: gcc.dg/format/ext-3.c  -DWIDE  bad %b (test for warnings, line 38)
FAIL: gcc.dg/format/ext-3.c  -DWIDE  bad %b (test for warnings, line 39)
FAIL: gcc.dg/format/ext-3.c  -DWIDE  bad %B (test for warnings, line 40)
FAIL: gcc.dg/format/ext-3.c  -DWIDE  bad %B (test for warnings, line 41)
FAIL: gcc.dg/format/ext-3.c  -DWIDE  bad %B (test for warnings, line 42)
FAIL: gcc.dg/format/ext-3.c  -DWIDE  bad %B (test for warnings, line 43)
FAIL: gcc.dg/format/ext-3.c  -DWIDE  bad %F (test for warnings, line 44)
FAIL: gcc.dg/format/ext-3.c  -DWIDE  bad %F (test for warnings, line 45)
FAIL: gcc.dg/format/ext-3.c  -DWIDE  bad %F (test for warnings, line 46)
FAIL: largefile.c -O0 -g (test for excess errors)
FAIL: gcc.dg/pch/largefile.c -O0 -g assembly comparison
FAIL: largefile.c  -O0  (test for excess errors)
FAIL: largefile.c  -O1  (test for excess errors)
FAIL: largefile.c  -O2  (test for excess errors)
FAIL: largefile.c  -O3 -fomit-frame-pointer  (test for excess errors)
FAIL: largefile.c  -O3 -g  (test for excess errors)
FAIL: gcc.dg/pch/largefile.c  -O3 -g  assembly comparison
FAIL: largefile.c  -Os  (test for excess errors)

		=== gcc Summary for unix/-fstack-protector ===

# of expected passes		48906
# of unexpected failures	208
# of expected failures		169
# of untested testcases		40
# of unsupported tests		295

		=== gcc Summary ===

# of expected passes		97312
# of unexpected failures	915
# of expected failures		338
# of untested testcases		80
# of unsupported tests		590
/build/buildd/gcc-4.3-4.3.3/build/gcc/xgcc  version 4.3.3 (Debian 4.3.3-5) 

		=== gfortran tests ===


Running target unix

		=== gfortran Summary for unix ===

# of expected passes		25371
# of expected failures		3
# of unsupported tests		24

Running target unix/-fstack-protector

		=== gfortran Summary for unix/-fstack-protector ===

# of expected passes		25371
# of expected failures		3
# of unsupported tests		24

		=== gfortran Summary ===

# of expected passes		50742
# of expected failures		6
# of unsupported tests		48
/build/buildd/gcc-4.3-4.3.3/build/gcc/testsuite/gfortran/../../gfortran  version 4.3.3 (Debian 4.3.3-5) 

		=== obj-c++ tests ===


Running target unix
UNRESOLVED: obj-c++.dg/lookup-2.mm compilation failed to produce executable
UNRESOLVED: obj-c++.dg/try-catch-2.mm compilation failed to produce executable
UNRESOLVED: obj-c++.dg/try-catch-9.mm compilation failed to produce executable

		=== obj-c++ Summary for unix ===

# of expected passes		437
# of expected failures		9
# of unresolved testcases	3
# of unsupported tests		13

Running target unix/-fstack-protector
UNRESOLVED: obj-c++.dg/lookup-2.mm compilation failed to produce executable
UNRESOLVED: obj-c++.dg/try-catch-2.mm compilation failed to produce executable
UNRESOLVED: obj-c++.dg/try-catch-9.mm compilation failed to produce executable

		=== obj-c++ Summary for unix/-fstack-protector ===

# of expected passes		437
# of expected failures		9
# of unresolved testcases	3
# of unsupported tests		13

		=== obj-c++ Summary ===

# of expected passes		874
# of expected failures		18
# of unresolved testcases	6
# of unsupported tests		26
/build/buildd/gcc-4.3-4.3.3/build/gcc/testsuite/obj-c++/../../g++  version 4.3.3 (Debian 4.3.3-5) 

		=== objc tests ===


Running target unix

		=== objc Summary for unix ===

# of expected passes		1812
# of expected failures		7
# of unsupported tests		24

Running target unix/-fstack-protector

		=== objc Summary for unix/-fstack-protector ===

# of expected passes		1812
# of expected failures		7
# of unsupported tests		24

		=== objc Summary ===

# of expected passes		3624
# of expected failures		14
# of unsupported tests		48
/build/buildd/gcc-4.3-4.3.3/build/gcc/xgcc  version 4.3.3 (Debian 4.3.3-5) 

		=== libgomp tests ===


Running target unix

		=== libgomp Summary for unix ===

# of expected passes		1763

Running target unix/-fstack-protector

		=== libgomp Summary for unix/-fstack-protector ===

# of expected passes		1763

		=== libgomp Summary ===

# of expected passes		3526
		=== libmudflap tests ===


Running target unix
FAIL: libmudflap.c++/pass41-frag.cxx execution test
FAIL: libmudflap.c++/pass41-frag.cxx (-static) execution test
FAIL: libmudflap.c++/pass41-frag.cxx ( -O) execution test
FAIL: libmudflap.c++/pass41-frag.cxx (-O2) execution test
FAIL: libmudflap.c++/pass41-frag.cxx (-O3) execution test
WARNING: program timed out.
FAIL: libmudflap.cth/pass40-frag.c execution test
FAIL: libmudflap.cth/pass40-frag.c output pattern test
FAIL: libmudflap.cth/pass37-frag.c (-static -DSTATIC) (test for excess errors)
WARNING: libmudflap.cth/pass37-frag.c (-static -DSTATIC) compilation failed to produce executable
FAIL: libmudflap.cth/pass39-frag.c (-static -DSTATIC) (test for excess errors)
WARNING: libmudflap.cth/pass39-frag.c (-static -DSTATIC) compilation failed to produce executable
FAIL: libmudflap.cth/pass40-frag.c (-static -DSTATIC) (test for excess errors)
WARNING: libmudflap.cth/pass40-frag.c (-static -DSTATIC) compilation failed to produce executable
FAIL: libmudflap.cth/pass59-frag.c (-static -DSTATIC) (test for excess errors)
WARNING: libmudflap.cth/pass59-frag.c (-static -DSTATIC) compilation failed to produce executable
WARNING: program timed out.
FAIL: libmudflap.cth/pass40-frag.c (-O2) execution test
FAIL: libmudflap.cth/pass40-frag.c (-O2) output pattern test
WARNING: program timed out.
FAIL: libmudflap.cth/pass40-frag.c (-O3) execution test
FAIL: libmudflap.cth/pass40-frag.c (-O3) output pattern test

		=== libmudflap Summary for unix ===

# of expected passes		1750
# of unexpected failures	15

Running target unix/-fstack-protector
FAIL: libmudflap.c++/pass41-frag.cxx execution test
FAIL: libmudflap.c++/pass41-frag.cxx (-static) execution test
FAIL: libmudflap.c++/pass41-frag.cxx ( -O) execution test
FAIL: libmudflap.c++/pass41-frag.cxx (-O2) execution test
FAIL: libmudflap.c++/pass41-frag.cxx (-O3) execution test
WARNING: program timed out.
FAIL: libmudflap.cth/pass40-frag.c execution test
FAIL: libmudflap.cth/pass40-frag.c output pattern test
FAIL: libmudflap.cth/pass37-frag.c (-static -DSTATIC) (test for excess errors)
WARNING: libmudflap.cth/pass37-frag.c (-static -DSTATIC) compilation failed to produce executable
FAIL: libmudflap.cth/pass39-frag.c (-static -DSTATIC) (test for excess errors)
WARNING: libmudflap.cth/pass39-frag.c (-static -DSTATIC) compilation failed to produce executable
FAIL: libmudflap.cth/pass40-frag.c (-static -DSTATIC) (test for excess errors)
WARNING: libmudflap.cth/pass40-frag.c (-static -DSTATIC) compilation failed to produce executable
FAIL: libmudflap.cth/pass59-frag.c (-static -DSTATIC) (test for excess errors)
WARNING: libmudflap.cth/pass59-frag.c (-static -DSTATIC) compilation failed to produce executable
WARNING: program timed out.
FAIL: libmudflap.cth/pass40-frag.c (-O2) execution test
FAIL: libmudflap.cth/pass40-frag.c (-O2) output pattern test
WARNING: program timed out.
FAIL: libmudflap.cth/pass40-frag.c (-O3) execution test
FAIL: libmudflap.cth/pass40-frag.c (-O3) output pattern test

		=== libmudflap Summary for unix/-fstack-protector ===

# of expected passes		1750
# of unexpected failures	15

		=== libmudflap Summary ===

# of expected passes		3500
# of unexpected failures	30
		=== libstdc++ tests ===


Running target unix

		=== libstdc++ Summary for unix ===

# of expected passes		4914
# of expected failures		59
# of unsupported tests		341

Running target unix/-fstack-protector

		=== libstdc++ Summary for unix/-fstack-protector ===

# of expected passes		4914
# of expected failures		59
# of unsupported tests		341

		=== libstdc++ Summary ===

# of expected passes		9828
# of expected failures		118
# of unsupported tests		682

Compiler version: 4.3.3 (Debian 4.3.3-5) 
Platform: i486-pc-kfreebsd-gnu
configure flags: -v --with-pkgversion='Debian 4.3.3-5' --with-bugurl=file:///usr/share/doc/gcc-4.3/README.Bugs --enable-languages=c,c++,fortran,objc,obj-c++ --prefix=/usr --enable-shared --with-system-zlib --libexecdir=/usr/lib --without-included-gettext --enable-threads=posix --enable-nls --with-gxx-include-dir=/usr/include/c++/4.3 --program-suffix=-4.3 --enable-clocale=gnu --enable-libstdcxx-debug --enable-objc-gc --enable-mpfr --with-tune=generic --enable-checking=release --build=i486-kfreebsd-gnu --host=i486-kfreebsd-gnu --target=i486-kfreebsd-gnu
BOOT_CFLAGS=


Build Dependencies:
Desired=Unknown/Install/Remove/Purge/Hold
| Status=Not/Inst/Cfg-files/Unpacked/Failed-cfg/Half-inst/trig-aWait/Trig-pend
|/ Err?=(none)/Hold/Reinst-required/X=both-problems (Status,Err: uppercase=bad)
||/ Name                                 Version               Description
+++-====================================-=====================-==============================================
ii  binutils                             2.19.1-1              The GNU assembler, linker and binary utilities
ii  libc0.1                              2.9-1                 GNU C Library: Shared libraries


Patches that Debian applied in this version:

svn-updates:
  updates from the 4.3 branch upto 20090301.

pr30740:
  PR ada/30740: Do not optimize X*(2**Y) in a modular context

gcc-textdomain:
  Set gettext's domain and textdomain to the versioned package name.

gcc-driver-extra-langs:
  Add options and specs for languages that are not built from a source
  (but built from separate sources).

gcc-hash-style-both:
  Link using --hash-style=both (alpha, amd64, ia64, i386, powerpc, ppc64, s390, sparc)

libstdc++-pic:
  Build and install libstdc++_pic.a library.

libstdc++-doclink:
  adjust hrefs to point to the local documentation

libobjc-gc-link:
  Link libobjc_gc with libgcjgc_convenience.la and needed thread flags
  and libraries.

libjava-stacktrace:
  libgcj: Lookup source file name and line number in separated
  debug files found in /usr/lib/debug

libjava-subdir:
  - Set the libjava sublibdir to /usr/lib/gcj-4.3
  - Set the default libgcj database dir to /var/lib/gcj-4.3

libjava-jnipath:
  - Add /usr/lib/jni to java.library.path.
  - When running the i386 binaries on amd64, look in
  - /usr/lib32/gcj-x.y and /usr/lib32/jni instead.

libjava-sjlj:
  Don't try to use _Unwind_Backtrace on SJLJ targets.
  See bug #387875, #388505, GCC PR 29206.

libjava-rpath:
  - Link ecjx with -rpath \$(dbexecdir)

libjava-file-support:
  libjava: @file support for gjavah & gjar

libjava-soname:
  Bump the libgcj soversion.

libjava-xulrunner1.9:
  Add configure check for xulrunner-1.9.

libjava-realloc-leak:
  Don't leak upon failed realloc (taken from the trunk).

pr28102:
  Apply proposed fix for PR target/28102.

alpha-no-ev4-directive:

boehm-gc-getnprocs:
  boehm-gc/pthread_support.c (GC_get_nprocs): Use sysconf as fallback.

note-gnu-stack:
  Add .note.GNU-stack sections for gcc's crt files, libffi and boehm-gc
  Taken from FC.

libjava-armel-ldflags:
  Adjust libjava extra_ldflags for armel.

libstdc++-symbols-hppa:
  Update libstdc++ baseline symbols for hppa.

pr10768:
  PR ada/10768: ICEs on compilation of ada support library for avr

pr15808:
  PR ada/15808: Illegal program not detected, RM 3.9.3(10)

pr15915:
  PR ada/15915: Illegal program not detected, RM 13.11(15)

pr16086:
  PR ada/16086: Legal program rejected, procedure of protected object should be visible

pr16087:
  PR ada/16087: Accept statically matching constraint in full view

pr16098:
  PR ada/16098: Illegal program not detected, RM 13.1(6)

pr17985:
  PR ada/17985: GNAT accepts extension aggregate where expected type is not extension

pr18680:
  PR ada/18680: pragma Linker_Section problems

pr22255:
  PR ada/22255: Reset on shared file causes Use_Error.

pr22387:
  PR ada/22387: Ada compiler crash when inheriting from a record with custom layout

pr24170:
  Fix PR libgcj/24170.

pr28305:
  PR ada/28305: GNAT bug when inlining instance of a generic subprogram

pr28322:
  Fix PR other/28322, GCC new warnings and compatibility.

pr28733:
  PR ada/28733: GNAT crash while compiling Ada-2005 code

pr29015:
  ada/29015: Do not ICE on incomplete type whose underlying type is known

pr30827:
  PR ada/30827: GNAT.compiler_version problem for official releases

pr33688:
  PR ada/33688: Ada package Gnat.Sockets missing constant for IP_PKTINFO

pr34466:
  PR ada/34466: s-tasinf.ads:81:42: "cpu_set_t" not declared in "OS_Interface"

pr35050:
  PR ada/35050: [4.1/4.2/4.3/4.4 regression] renames entities not in symbol table

pr35792:
  PR ada/35792: Illegal program not detected, RM 3.10.1(4/2)

gnalasup_to_lapack:
  Ada: Use liblapack and libblas instead of libgnalasup

gcc-m68k-pch:
  PR target/25343, fix gcc.dg/pch/pch for m68k.

pr35020:
  Fix PR libjava/35020, taken from the trunk.

libjava-extra-cflags:
  libjava/classpath: Set and use EXTRA_CFLAGS.

pr35965:
  Fix PIC + -fstack-protector (PR target/35965)

m68k-allow-gnu99:
  patch to allow gnu99 mode on m68k

libjava-javah-bridge-tgts:
  libjava: Fix naming of bridge targets in gjavah (class file updates)

pr37661:
  PR target/37661, fix SPARC64 int-to-TFmode conversions.

pr27880:
  PR target/27880: Restore static linking on ia64 with system libunwind
  by adding unwind-compat to the static libgcc.

hppa-atomic-builtins:
  Atomic builtins using kernel helpers for parisc.

armel-atomic-builtins:
  Atomic builtins using kernel helpers for ARM Linux/EABI.

pr38292:
  Fix PR gcov-profile/38292, taken from the trunk

arm-unbreak-eabi-armv4t:
  Fix armv4t build on ARM

libssp-gnu:
  GNU/k*BSD support

deb-protoize:
  build protoize/unprotoize binaries

kbsd-gnu:
  GNU/k*BSD support

kbsd-gnu-ada:

cpu-default-i486:
  set default 32bit ix86 architecture to i486

gcc-ice-hack:
  Retry the build on an ice, save the calling options and preprocessed
  source when the ice is reproducible.

gcc-ice-apport:
  Report an ICE to apport (if apport is available
  and the environment variable GCC_NOAPPORT is not set)

libjava-disable-static:
  Disable building the static libjava.

multiarch-include:
  biarch-include.dpatch
  
  Adds biarch include directories
  /usr/local/include/<arch>-linux-gnu
  /usr/include/<arch>-linux-gnu
  to the system include paths, depending on 32/64 bit mode.

Counting all warnings,
there are 0 warnings in stage3 of this bootstrap.

Number of warnings per file:

Number of warning types:


Index Nav: [Date Index] [Subject Index] [Author Index] [Thread Index]
Message Nav: [Date Prev] [Date Next] [Thread Prev] [Thread Next]