This is the mail archive of the gcc-testresults@gcc.gnu.org mailing list for the GCC project.


Index Nav: [Date Index] [Subject Index] [Author Index] [Thread Index]
Message Nav: [Date Prev] [Date Next] [Thread Prev] [Thread Next]
Other format: [Raw text]

Results for 4.5.0 20090406 (experimental) [trunk revision 145578] (GCC) testsuite on sh4-unknown-linux-gnu


Remote host: linux 2.6.22 sh4
GNU C Library version 2.7.90

LAST_UPDATED: Mon Apr  6 00:23:44 UTC 2009 (revision 145578)

Target is sh4-unknown-linux-gnu
Host   is i686-pc-linux-gnu

		=== g++ tests ===


Running target unix
WARNING: Assuming target board is the local machine (which is probably wrong).
FAIL: g++.dg/template/error39.C (test for excess errors)
FAIL: g++.dg/torture/pr36191.C  -O3 -fomit-frame-pointer  (test for excess errors)

		=== g++ Summary ===

# of expected passes		19056
# of unexpected failures	2
# of expected failures		142
# of unsupported tests		177
/exp/ldroot/dodes/xsh-gcc-orig/gcc/testsuite/g++/../../g++  version 4.5.0 20090406 (experimental) [trunk revision 145578] (GCC) 

Host   is i686-pc-linux-gnu

		=== gcc tests ===


Running target unix
WARNING: Assuming target board is the local machine (which is probably wrong).
FAIL: gcc.dg/pr39323-2.c scan-assembler .align[\\\\t ]*268435456
FAIL: gcc.dg/pr39323-3.c scan-assembler .align[\\\\t ]*268435456

		=== gcc Summary ===

# of expected passes		49957
# of unexpected failures	2
# of expected failures		76
# of unsupported tests		549
/exp/ldroot/dodes/xsh-gcc-orig/gcc/xgcc  version 4.5.0 20090406 (experimental) [trunk revision 145578] (GCC) 

Host   is i686-pc-linux-gnu

		=== gfortran tests ===


Running target unix
WARNING: Assuming target board is the local machine (which is probably wrong).
FAIL: gfortran.dg/common_5.f  -O   (test for warnings, line 6)
FAIL: gfortran.dg/common_align_2.f90  -O0   (test for warnings, line 22)
FAIL: gfortran.dg/common_align_2.f90  -O0  execution test
FAIL: gfortran.dg/common_align_2.f90  -O1   (test for warnings, line 22)
FAIL: gfortran.dg/common_align_2.f90  -O1  execution test
FAIL: gfortran.dg/common_align_2.f90  -O2   (test for warnings, line 22)
FAIL: gfortran.dg/common_align_2.f90  -O2  execution test
FAIL: gfortran.dg/common_align_2.f90  -O3 -fomit-frame-pointer   (test for warnings, line 22)
FAIL: gfortran.dg/common_align_2.f90  -O3 -fomit-frame-pointer  execution test
FAIL: gfortran.dg/common_align_2.f90  -O3 -fomit-frame-pointer -funroll-loops   (test for warnings, line 22)
FAIL: gfortran.dg/common_align_2.f90  -O3 -fomit-frame-pointer -funroll-loops  execution test
FAIL: gfortran.dg/common_align_2.f90  -O3 -fomit-frame-pointer -funroll-all-loops -finline-functions   (test for warnings, line 22)
FAIL: gfortran.dg/common_align_2.f90  -O3 -fomit-frame-pointer -funroll-all-loops -finline-functions  execution test
FAIL: gfortran.dg/common_align_2.f90  -O3 -g   (test for warnings, line 22)
FAIL: gfortran.dg/common_align_2.f90  -O3 -g  execution test
FAIL: gfortran.dg/common_align_2.f90  -Os   (test for warnings, line 22)
FAIL: gfortran.dg/common_align_2.f90  -Os  execution test
FAIL: gfortran.dg/nearest_1.f90  -O0  execution test
FAIL: gfortran.dg/nearest_1.f90  -O1  execution test
FAIL: gfortran.dg/nearest_1.f90  -O2  execution test
FAIL: gfortran.dg/nearest_1.f90  -O3 -fomit-frame-pointer  execution test
FAIL: gfortran.dg/nearest_1.f90  -O3 -fomit-frame-pointer -funroll-loops  execution test
FAIL: gfortran.dg/nearest_1.f90  -O3 -fomit-frame-pointer -funroll-all-loops -finline-functions  execution test
FAIL: gfortran.dg/nearest_1.f90  -O3 -g  execution test
FAIL: gfortran.dg/nearest_1.f90  -Os  execution test

		=== gfortran Summary ===

# of expected passes		28994
# of unexpected failures	25
# of expected failures		11
# of unsupported tests		263
/exp/ldroot/dodes/xsh-gcc-orig/gcc/testsuite/gfortran/../../gfortran  version 4.5.0 20090406 (experimental) [trunk revision 145578] (GCC) 

Host   is i686-pc-linux-gnu

		=== objc tests ===


Running target unix
WARNING: Assuming target board is the local machine (which is probably wrong).
FAIL: objc/execute/forward-1.m execution,  -O0 -fgnu-runtime
FAIL: objc/execute/forward-1.m execution,  -O1 -fgnu-runtime
FAIL: objc/execute/forward-1.m execution,  -O2 -fgnu-runtime
FAIL: objc/execute/forward-1.m execution,  -O3 -fomit-frame-pointer -fgnu-runtime
FAIL: objc/execute/forward-1.m execution,  -O3 -fomit-frame-pointer -funroll-loops -fgnu-runtime
FAIL: objc/execute/forward-1.m execution,  -O3 -fomit-frame-pointer -funroll-all-loops -finline-functions -fgnu-runtime
FAIL: objc/execute/forward-1.m execution,  -O3 -g -fgnu-runtime
FAIL: objc/execute/forward-1.m execution,  -Os -fgnu-runtime

		=== objc Summary ===

# of expected passes		1864
# of unexpected failures	8
# of expected failures		7
# of unsupported tests		24
/exp/ldroot/dodes/xsh-gcc-orig/gcc/xgcc  version 4.5.0 20090406 (experimental) [trunk revision 145578] (GCC) 

Host   is sh4-unknown-linux-gnu

		=== libffi tests ===


Running target unix
WARNING: Assuming target board is the local machine (which is probably wrong).

		=== libffi Summary ===

# of expected passes		1389
# of unsupported tests		10
Host   is sh4-unknown-linux-gnu

		=== libgomp tests ===


Running target unix
WARNING: Assuming target board is the local machine (which is probably wrong).

		=== libgomp Summary ===

# of expected passes		2376
# of unsupported tests		7
Host   is sh4-unknown-linux-gnu

		=== libjava tests ===


Running target unix
WARNING: Assuming target board is the local machine (which is probably wrong).

		=== libjava Summary ===

# of expected passes		2405
# of untested testcases		4
Host   is sh4-unknown-linux-gnu

		=== libmudflap tests ===


Running target unix
WARNING: Assuming target board is the local machine (which is probably wrong).
FAIL: libmudflap.c++/pass41-frag.cxx execution test
FAIL: libmudflap.c++/pass41-frag.cxx (-O2) execution test
FAIL: libmudflap.c++/pass41-frag.cxx (-O3) execution test

		=== libmudflap Summary ===

# of expected passes		1859
# of unexpected failures	3
Host   is sh4-unknown-linux-gnu

		=== libstdc++ tests ===


Running target unix
WARNING: Assuming target board is the local machine (which is probably wrong).
XPASS: 26_numerics/headers/cmath/c99_classification_macros_c.cc (test for excess errors)
FAIL: 26_numerics/random/knuth_b.cc execution test
FAIL: 26_numerics/random/ranlux48.cc execution test
FAIL: 26_numerics/random/ranlux48_base.cc execution test

		=== libstdc++ Summary ===

# of expected passes		6069
# of unexpected failures	3
# of unexpected successes	1
# of expected failures		82
# of unsupported tests		354

Compiler version: 4.5.0 20090406 (experimental) [trunk revision 145578] (GCC) 
Platform: sh4-unknown-linux-gnu
configure flags: --host=i686-pc-linux-gnu --target=sh4-unknown-linux-gnu --enable-shared --enable-threads=posix --enable-clocale=gnu --enable-libgcj --with-ld=/usr/local/bin/sh4-unknown-linux-gnu-ld --with-as=/usr/local/bin/sh4-unknown-linux-gnu-as --with-sysroot=/exp/ldroot --with-mpfr=/opt2/i686-pc-linux-gnu --with-gmp=/opt2/i686-pc-linux-gnu --enable-languages=c,c++,fortran,java,objc


Index Nav: [Date Index] [Subject Index] [Author Index] [Thread Index]
Message Nav: [Date Prev] [Date Next] [Thread Prev] [Thread Next]