This is the mail archive of the
gcc-testresults@gcc.gnu.org
mailing list for the GCC project.
Results for 4.5.0 20090403 (experimental) [trunk revision 145521] (GCC) gcc testsuite on mips-unknown-elf
- From: Mike Stein <mstein dot lists at googlemail dot com>
- To: gcc-testresults at gcc dot gnu dot org
- Date: Sat, 4 Apr 2009 23:55:13 +0200
- Subject: Results for 4.5.0 20090403 (experimental) [trunk revision 145521] (GCC) gcc testsuite on mips-unknown-elf
- Reply-to: gcc at gcc dot gnu dot org
Debian 4 on x86_64
cross tool versions:
GNU assembler (GNU Binutils) 2.18.50.20080419
GNU gdb 6.8.50.20080419-cvs
GNU ld (GNU Binutils) 2.18.50.20080419
GNU Make 3.81
expect version 5.43.0
host gcc version: gcc (GCC) 4.5.0 20090403 (experimental) [trunk revision 145521]
LAST_UPDATED: Fri Apr 3 22:06:23 UTC 2009 (revision 145521)
Target is mips-unknown-elf
Host is x86_64-unknown-linux-gnu
=== gcc tests ===
Running target mips-sim
FAIL: gcc.dg/20061124-1.c (test for excess errors)
UNRESOLVED: gcc.dg/20061124-1.c compilation failed to produce executable
FAIL: gcc.dg/ia64-sync-1.c (test for excess errors)
UNRESOLVED: gcc.dg/ia64-sync-1.c compilation failed to produce executable
FAIL: gcc.dg/ia64-sync-2.c (test for excess errors)
UNRESOLVED: gcc.dg/ia64-sync-2.c compilation failed to produce executable
FAIL: gcc.dg/ia64-sync-3.c (test for excess errors)
UNRESOLVED: gcc.dg/ia64-sync-3.c compilation failed to produce executable
FAIL: gcc.dg/pr37908.c (test for excess errors)
UNRESOLVED: gcc.dg/pr37908.c compilation failed to produce executable
FAIL: gcc.dg/sync-2.c (test for excess errors)
UNRESOLVED: gcc.dg/sync-2.c compilation failed to produce executable
FAIL: gcc.dg/sync-3.c (test for excess errors)
UNRESOLVED: gcc.dg/sync-3.c compilation failed to produce executable
FAIL: gcc.dg/fixed-point/addsub.c (test for warnings, line 6)
FAIL: gcc.dg/fixed-point/addsub.c (test for warnings, line 7)
FAIL: gcc.dg/fixed-point/addsub.c (test for warnings, line 11)
FAIL: gcc.dg/fixed-point/addsub.c (test for warnings, line 14)
FAIL: gcc.dg/fixed-point/addsub.c (test for warnings, line 16)
FAIL: gcc.dg/fixed-point/addsub.c (test for warnings, line 21)
FAIL: gcc.dg/fixed-point/addsub.c (test for warnings, line 22)
FAIL: gcc.dg/fixed-point/addsub.c (test for warnings, line 25)
FAIL: gcc.dg/fixed-point/addsub.c (test for warnings, line 26)
FAIL: gcc.dg/fixed-point/addsub.c (test for warnings, line 30)
FAIL: gcc.dg/fixed-point/muldiv-warning.c (test for warnings, line 6)
FAIL: gcc.dg/fixed-point/muldiv-warning.c (test for warnings, line 7)
FAIL: gcc.dg/fixed-point/muldiv-warning.c (test for warnings, line 8)
FAIL: gcc.dg/fixed-point/muldiv-warning.c (test for warnings, line 9)
FAIL: gcc.dg/fixed-point/muldiv-warning.c (test for warnings, line 14)
FAIL: gcc.dg/fixed-point/muldiv-warning.c (test for warnings, line 15)
FAIL: gcc.dg/fixed-point/muldiv-warning.c (test for warnings, line 16)
FAIL: gcc.dg/fixed-point/muldiv-warning.c (test for warnings, line 17)
FAIL: gcc.dg/fixed-point/muldiv-warning.c (test for warnings, line 31)
FAIL: gcc.dg/fixed-point/muldiv-warning.c (test for warnings, line 32)
FAIL: gcc.dg/fixed-point/muldiv-warning.c (test for warnings, line 33)
FAIL: gcc.dg/fixed-point/muldiv-warning.c (test for warnings, line 34)
FAIL: gcc.dg/fixed-point/muldiv-warning.c (test for warnings, line 40)
FAIL: gcc.dg/fixed-point/muldiv-warning.c (test for warnings, line 41)
FAIL: gcc.dg/fixed-point/muldiv-warning.c (test for warnings, line 42)
FAIL: gcc.dg/fixed-point/muldiv-warning.c (test for warnings, line 43)
FAIL: gcc.dg/fixed-point/muldiv-warning.c (test for warnings, line 48)
FAIL: gcc.dg/fixed-point/muldiv-warning.c (test for warnings, line 49)
FAIL: gcc.dg/fixed-point/muldiv-warning.c (test for warnings, line 50)
FAIL: gcc.dg/fixed-point/muldiv-warning.c (test for warnings, line 51)
FAIL: gcc.dg/fixed-point/muldiv-warning.c (test for warnings, line 61)
FAIL: gcc.dg/fixed-point/muldiv-warning.c (test for warnings, line 62)
FAIL: gcc.dg/fixed-point/muldiv-warning.c (test for warnings, line 63)
FAIL: gcc.dg/fixed-point/muldiv-warning.c (test for warnings, line 64)
FAIL: gcc.dg/fixed-point/muldiv-warning.c (test for warnings, line 65)
FAIL: gcc.dg/fixed-point/muldiv-warning.c (test for warnings, line 66)
FAIL: gcc.dg/fixed-point/muldiv-warning.c (test for warnings, line 67)
FAIL: gcc.dg/fixed-point/muldiv-warning.c (test for warnings, line 68)
FAIL: gcc.dg/torture/builtin-math-3.c -O1 (test for excess errors)
FAIL: gcc.target/mips/atomic-memory-1.c (test for warnings, line )
=== gcc Summary ===
# of expected passes 51002
# of unexpected failures 47
# of expected failures 68
# of unresolved testcases 7
# of unsupported tests 533
/home/mstein/sim/trunk/mips-elf/build/gcc/xgcc version 4.5.0 20090403 (experimental) [trunk revision 145521] (GCC)
Compiler version: 4.5.0 20090403 (experimental) [trunk revision 145521] (GCC) gcc
Platform: mips-unknown-elf
configure flags: --target=mips-elf --prefix=/home/mstein/cross-local/mips-elf --enable-languages=c --disable-nls --disable-build-warnings --with-sysroot=/home/mstein/cross-local/mips-elf --with-build-sysroot=/home/mstein/cross-local/mips-elf --with-ld=/home/mstein/cross-local/mips-elf/usr/bin/ld --with-as=/home/mstein/cross-local/mips-elf/usr/bin/as --disable-libssp --with-mpfr=/opt/cfarm/mpfr-2.3.1