This is the mail archive of the
gcc-testresults@gcc.gnu.org
mailing list for the GCC project.
Results for 4.5.0 20090404 (experimental) [trunk revision 145530] (GCC) testsuite on sh4-unknown-linux-gnu
- From: Kaz Kojima <kkojima at rr dot iij4u dot or dot jp>
- To: gcc-testresults at gcc dot gnu dot org
- Date: Sat, 4 Apr 2009 23:24:37 +0900
- Subject: Results for 4.5.0 20090404 (experimental) [trunk revision 145530] (GCC) testsuite on sh4-unknown-linux-gnu
Remote host: linux 2.6.22 sh4
GNU C Library version 2.7.90
LAST_UPDATED: Sat Apr 4 00:47:56 UTC 2009 (revision 145530)
Target is sh4-unknown-linux-gnu
Host is i686-pc-linux-gnu
=== g++ tests ===
Running target unix
WARNING: Assuming target board is the local machine (which is probably wrong).
FAIL: g++.dg/torture/pr36191.C -O3 -fomit-frame-pointer (test for excess errors)
=== g++ Summary ===
# of expected passes 19048
# of unexpected failures 1
# of expected failures 142
# of unsupported tests 177
/exp/ldroot/dodes/xsh-gcc-orig/gcc/testsuite/g++/../../g++ version 4.5.0 20090404 (experimental) [trunk revision 145530] (GCC)
Host is i686-pc-linux-gnu
=== gcc tests ===
Running target unix
WARNING: Assuming target board is the local machine (which is probably wrong).
FAIL: gcc.dg/pr39323-2.c scan-assembler .align[\\\\t ]*268435456
FAIL: gcc.dg/pr39323-3.c scan-assembler .align[\\\\t ]*268435456
=== gcc Summary ===
# of expected passes 49927
# of unexpected failures 2
# of expected failures 76
# of unsupported tests 549
/exp/ldroot/dodes/xsh-gcc-orig/gcc/xgcc version 4.5.0 20090404 (experimental) [trunk revision 145530] (GCC)
Host is i686-pc-linux-gnu
=== gfortran tests ===
Running target unix
WARNING: Assuming target board is the local machine (which is probably wrong).
FAIL: gfortran.dg/common_5.f -O (test for warnings, line 6)
FAIL: gfortran.dg/nearest_1.f90 -O0 execution test
FAIL: gfortran.dg/nearest_1.f90 -O1 execution test
FAIL: gfortran.dg/nearest_1.f90 -O2 execution test
FAIL: gfortran.dg/nearest_1.f90 -O3 -fomit-frame-pointer execution test
FAIL: gfortran.dg/nearest_1.f90 -O3 -fomit-frame-pointer -funroll-loops execution test
FAIL: gfortran.dg/nearest_1.f90 -O3 -fomit-frame-pointer -funroll-all-loops -finline-functions execution test
FAIL: gfortran.dg/nearest_1.f90 -O3 -g execution test
FAIL: gfortran.dg/nearest_1.f90 -Os execution test
=== gfortran Summary ===
# of expected passes 28816
# of unexpected failures 9
# of expected failures 11
# of unsupported tests 263
/exp/ldroot/dodes/xsh-gcc-orig/gcc/testsuite/gfortran/../../gfortran version 4.5.0 20090404 (experimental) [trunk revision 145530] (GCC)
Host is i686-pc-linux-gnu
=== objc tests ===
Running target unix
WARNING: Assuming target board is the local machine (which is probably wrong).
FAIL: objc/execute/forward-1.m execution, -O0 -fgnu-runtime
FAIL: objc/execute/forward-1.m execution, -O1 -fgnu-runtime
FAIL: objc/execute/forward-1.m execution, -O2 -fgnu-runtime
FAIL: objc/execute/forward-1.m execution, -O3 -fomit-frame-pointer -fgnu-runtime
FAIL: objc/execute/forward-1.m execution, -O3 -fomit-frame-pointer -funroll-loops -fgnu-runtime
FAIL: objc/execute/forward-1.m execution, -O3 -fomit-frame-pointer -funroll-all-loops -finline-functions -fgnu-runtime
FAIL: objc/execute/forward-1.m execution, -O3 -g -fgnu-runtime
FAIL: objc/execute/forward-1.m execution, -Os -fgnu-runtime
=== objc Summary ===
# of expected passes 1864
# of unexpected failures 8
# of expected failures 7
# of unsupported tests 24
/exp/ldroot/dodes/xsh-gcc-orig/gcc/xgcc version 4.5.0 20090404 (experimental) [trunk revision 145530] (GCC)
Host is sh4-unknown-linux-gnu
=== libffi tests ===
Running target unix
WARNING: Assuming target board is the local machine (which is probably wrong).
=== libffi Summary ===
# of expected passes 1389
# of unsupported tests 10
Host is sh4-unknown-linux-gnu
=== libgomp tests ===
Running target unix
WARNING: Assuming target board is the local machine (which is probably wrong).
=== libgomp Summary ===
# of expected passes 2376
# of unsupported tests 7
Host is sh4-unknown-linux-gnu
=== libjava tests ===
Running target unix
WARNING: Assuming target board is the local machine (which is probably wrong).
=== libjava Summary ===
# of expected passes 2405
# of untested testcases 4
Host is sh4-unknown-linux-gnu
=== libmudflap tests ===
Running target unix
WARNING: Assuming target board is the local machine (which is probably wrong).
FAIL: libmudflap.c++/pass41-frag.cxx execution test
FAIL: libmudflap.c++/pass41-frag.cxx (-O2) execution test
FAIL: libmudflap.c++/pass41-frag.cxx (-O3) execution test
=== libmudflap Summary ===
# of expected passes 1859
# of unexpected failures 3
Host is sh4-unknown-linux-gnu
=== libstdc++ tests ===
Running target unix
WARNING: Assuming target board is the local machine (which is probably wrong).
FAIL: 17_intro/headers/c++200x/all.cc (test for excess errors)
FAIL: 17_intro/headers/c++200x/all_multiple_inclusion.cc (test for excess errors)
FAIL: 17_intro/using_namespace_std_tr1_neg.cc (test for excess errors)
FAIL: 20_util/shared_ptr/thread/default_weaktoshared.cc (test for excess errors)
WARNING: 20_util/shared_ptr/thread/default_weaktoshared.cc compilation failed to produce executable
FAIL: 20_util/shared_ptr/thread/mutex_weaktoshared.cc (test for excess errors)
WARNING: 20_util/shared_ptr/thread/mutex_weaktoshared.cc compilation failed to produce executable
XPASS: 26_numerics/headers/cmath/c99_classification_macros_c.cc (test for excess errors)
FAIL: 26_numerics/headers/random/types_std_c++0x.cc (test for excess errors)
FAIL: 26_numerics/random/bernoulli_distribution/cons/default.cc (test for excess errors)
WARNING: 26_numerics/random/bernoulli_distribution/cons/default.cc compilation failed to produce executable
FAIL: 26_numerics/random/bernoulli_distribution/cons/parms.cc (test for excess errors)
WARNING: 26_numerics/random/bernoulli_distribution/cons/parms.cc compilation failed to produce executable
FAIL: 26_numerics/random/bernoulli_distribution/operators/serialize.cc (test for excess errors)
WARNING: 26_numerics/random/bernoulli_distribution/operators/serialize.cc compilation failed to produce executable
FAIL: 26_numerics/random/bernoulli_distribution/requirements/typedefs.cc (test for excess errors)
FAIL: 26_numerics/random/binomial_distribution/cons/default.cc (test for excess errors)
WARNING: 26_numerics/random/binomial_distribution/cons/default.cc compilation failed to produce executable
FAIL: 26_numerics/random/binomial_distribution/cons/parms.cc (test for excess errors)
WARNING: 26_numerics/random/binomial_distribution/cons/parms.cc compilation failed to produce executable
FAIL: 26_numerics/random/binomial_distribution/operators/serialize.cc (test for excess errors)
WARNING: 26_numerics/random/binomial_distribution/operators/serialize.cc compilation failed to produce executable
FAIL: 26_numerics/random/binomial_distribution/requirements/typedefs.cc (test for excess errors)
FAIL: 26_numerics/random/cauchy_distribution/cons/default.cc (test for excess errors)
WARNING: 26_numerics/random/cauchy_distribution/cons/default.cc compilation failed to produce executable
FAIL: 26_numerics/random/cauchy_distribution/cons/parms.cc (test for excess errors)
WARNING: 26_numerics/random/cauchy_distribution/cons/parms.cc compilation failed to produce executable
FAIL: 26_numerics/random/cauchy_distribution/operators/serialize.cc (test for excess errors)
WARNING: 26_numerics/random/cauchy_distribution/operators/serialize.cc compilation failed to produce executable
FAIL: 26_numerics/random/cauchy_distribution/requirements/typedefs.cc (test for excess errors)
FAIL: 26_numerics/random/chi_squared_distribution/cons/default.cc (test for excess errors)
WARNING: 26_numerics/random/chi_squared_distribution/cons/default.cc compilation failed to produce executable
FAIL: 26_numerics/random/chi_squared_distribution/cons/parms.cc (test for excess errors)
WARNING: 26_numerics/random/chi_squared_distribution/cons/parms.cc compilation failed to produce executable
FAIL: 26_numerics/random/chi_squared_distribution/operators/serialize.cc (test for excess errors)
WARNING: 26_numerics/random/chi_squared_distribution/operators/serialize.cc compilation failed to produce executable
FAIL: 26_numerics/random/chi_squared_distribution/requirements/typedefs.cc (test for excess errors)
FAIL: 26_numerics/random/default_random_engine.cc (test for excess errors)
WARNING: 26_numerics/random/default_random_engine.cc compilation failed to produce executable
FAIL: 26_numerics/random/discard_block_engine/cons/base_copy.cc (test for excess errors)
WARNING: 26_numerics/random/discard_block_engine/cons/base_copy.cc compilation failed to produce executable
FAIL: 26_numerics/random/discard_block_engine/cons/base_move.cc (test for excess errors)
WARNING: 26_numerics/random/discard_block_engine/cons/base_move.cc compilation failed to produce executable
FAIL: 26_numerics/random/discard_block_engine/cons/default.cc (test for excess errors)
WARNING: 26_numerics/random/discard_block_engine/cons/default.cc compilation failed to produce executable
FAIL: 26_numerics/random/discard_block_engine/cons/seed1.cc (test for excess errors)
WARNING: 26_numerics/random/discard_block_engine/cons/seed1.cc compilation failed to produce executable
FAIL: 26_numerics/random/discard_block_engine/cons/seed2.cc (test for excess errors)
WARNING: 26_numerics/random/discard_block_engine/cons/seed2.cc compilation failed to produce executable
FAIL: 26_numerics/random/discard_block_engine/cons/seed_seq.cc (test for excess errors)
WARNING: 26_numerics/random/discard_block_engine/cons/seed_seq.cc compilation failed to produce executable
FAIL: 26_numerics/random/discard_block_engine/operators/equal.cc (test for excess errors)
WARNING: 26_numerics/random/discard_block_engine/operators/equal.cc compilation failed to produce executable
FAIL: 26_numerics/random/discard_block_engine/operators/serialize.cc (test for excess errors)
WARNING: 26_numerics/random/discard_block_engine/operators/serialize.cc compilation failed to produce executable
FAIL: 26_numerics/random/discard_block_engine/requirements/typedefs.cc (test for excess errors)
FAIL: 26_numerics/random/discrete_distribution/cons/default.cc (test for excess errors)
WARNING: 26_numerics/random/discrete_distribution/cons/default.cc compilation failed to produce executable
FAIL: 26_numerics/random/discrete_distribution/cons/initlist.cc (test for excess errors)
WARNING: 26_numerics/random/discrete_distribution/cons/initlist.cc compilation failed to produce executable
FAIL: 26_numerics/random/discrete_distribution/cons/num_xbound_fun.cc (test for excess errors)
WARNING: 26_numerics/random/discrete_distribution/cons/num_xbound_fun.cc compilation failed to produce executable
FAIL: 26_numerics/random/discrete_distribution/cons/range.cc (test for excess errors)
WARNING: 26_numerics/random/discrete_distribution/cons/range.cc compilation failed to produce executable
FAIL: 26_numerics/random/discrete_distribution/operators/serialize.cc (test for excess errors)
WARNING: 26_numerics/random/discrete_distribution/operators/serialize.cc compilation failed to produce executable
FAIL: 26_numerics/random/discrete_distribution/requirements/typedefs.cc (test for excess errors)
FAIL: 26_numerics/random/exponential_distribution/cons/default.cc (test for excess errors)
WARNING: 26_numerics/random/exponential_distribution/cons/default.cc compilation failed to produce executable
FAIL: 26_numerics/random/exponential_distribution/cons/parms.cc (test for excess errors)
WARNING: 26_numerics/random/exponential_distribution/cons/parms.cc compilation failed to produce executable
FAIL: 26_numerics/random/exponential_distribution/operators/serialize.cc (test for excess errors)
WARNING: 26_numerics/random/exponential_distribution/operators/serialize.cc compilation failed to produce executable
FAIL: 26_numerics/random/exponential_distribution/requirements/typedefs.cc (test for excess errors)
FAIL: 26_numerics/random/extreme_value_distribution/cons/default.cc (test for excess errors)
WARNING: 26_numerics/random/extreme_value_distribution/cons/default.cc compilation failed to produce executable
FAIL: 26_numerics/random/extreme_value_distribution/cons/parms.cc (test for excess errors)
WARNING: 26_numerics/random/extreme_value_distribution/cons/parms.cc compilation failed to produce executable
FAIL: 26_numerics/random/extreme_value_distribution/operators/serialize.cc (test for excess errors)
WARNING: 26_numerics/random/extreme_value_distribution/operators/serialize.cc compilation failed to produce executable
FAIL: 26_numerics/random/extreme_value_distribution/requirements/typedefs.cc (test for excess errors)
FAIL: 26_numerics/random/fisher_f_distribution/cons/default.cc (test for excess errors)
WARNING: 26_numerics/random/fisher_f_distribution/cons/default.cc compilation failed to produce executable
FAIL: 26_numerics/random/fisher_f_distribution/cons/parms.cc (test for excess errors)
WARNING: 26_numerics/random/fisher_f_distribution/cons/parms.cc compilation failed to produce executable
FAIL: 26_numerics/random/fisher_f_distribution/operators/serialize.cc (test for excess errors)
WARNING: 26_numerics/random/fisher_f_distribution/operators/serialize.cc compilation failed to produce executable
FAIL: 26_numerics/random/fisher_f_distribution/requirements/typedefs.cc (test for excess errors)
FAIL: 26_numerics/random/gamma_distribution/cons/default.cc (test for excess errors)
WARNING: 26_numerics/random/gamma_distribution/cons/default.cc compilation failed to produce executable
FAIL: 26_numerics/random/gamma_distribution/cons/parms.cc (test for excess errors)
WARNING: 26_numerics/random/gamma_distribution/cons/parms.cc compilation failed to produce executable
FAIL: 26_numerics/random/gamma_distribution/operators/serialize.cc (test for excess errors)
WARNING: 26_numerics/random/gamma_distribution/operators/serialize.cc compilation failed to produce executable
FAIL: 26_numerics/random/gamma_distribution/requirements/typedefs.cc (test for excess errors)
FAIL: 26_numerics/random/geometric_distribution/cons/default.cc (test for excess errors)
WARNING: 26_numerics/random/geometric_distribution/cons/default.cc compilation failed to produce executable
FAIL: 26_numerics/random/geometric_distribution/cons/parms.cc (test for excess errors)
WARNING: 26_numerics/random/geometric_distribution/cons/parms.cc compilation failed to produce executable
FAIL: 26_numerics/random/geometric_distribution/operators/serialize.cc (test for excess errors)
WARNING: 26_numerics/random/geometric_distribution/operators/serialize.cc compilation failed to produce executable
FAIL: 26_numerics/random/geometric_distribution/requirements/typedefs.cc (test for excess errors)
FAIL: 26_numerics/random/independent_bits_engine/cons/base_copy.cc (test for excess errors)
WARNING: 26_numerics/random/independent_bits_engine/cons/base_copy.cc compilation failed to produce executable
FAIL: 26_numerics/random/independent_bits_engine/cons/base_move.cc (test for excess errors)
WARNING: 26_numerics/random/independent_bits_engine/cons/base_move.cc compilation failed to produce executable
FAIL: 26_numerics/random/independent_bits_engine/cons/default.cc (test for excess errors)
WARNING: 26_numerics/random/independent_bits_engine/cons/default.cc compilation failed to produce executable
FAIL: 26_numerics/random/independent_bits_engine/cons/seed1.cc (test for excess errors)
WARNING: 26_numerics/random/independent_bits_engine/cons/seed1.cc compilation failed to produce executable
FAIL: 26_numerics/random/independent_bits_engine/cons/seed2.cc (test for excess errors)
WARNING: 26_numerics/random/independent_bits_engine/cons/seed2.cc compilation failed to produce executable
FAIL: 26_numerics/random/independent_bits_engine/cons/seed_seq.cc (test for excess errors)
WARNING: 26_numerics/random/independent_bits_engine/cons/seed_seq.cc compilation failed to produce executable
FAIL: 26_numerics/random/independent_bits_engine/operators/equal.cc (test for excess errors)
WARNING: 26_numerics/random/independent_bits_engine/operators/equal.cc compilation failed to produce executable
FAIL: 26_numerics/random/independent_bits_engine/operators/serialize.cc (test for excess errors)
WARNING: 26_numerics/random/independent_bits_engine/operators/serialize.cc compilation failed to produce executable
FAIL: 26_numerics/random/independent_bits_engine/requirements/typedefs.cc (test for excess errors)
FAIL: 26_numerics/random/knuth_b.cc (test for excess errors)
WARNING: 26_numerics/random/knuth_b.cc compilation failed to produce executable
FAIL: 26_numerics/random/linear_congruential_engine/cons/default.cc (test for excess errors)
WARNING: 26_numerics/random/linear_congruential_engine/cons/default.cc compilation failed to produce executable
FAIL: 26_numerics/random/linear_congruential_engine/cons/seed1.cc (test for excess errors)
WARNING: 26_numerics/random/linear_congruential_engine/cons/seed1.cc compilation failed to produce executable
FAIL: 26_numerics/random/linear_congruential_engine/cons/seed2.cc (test for excess errors)
WARNING: 26_numerics/random/linear_congruential_engine/cons/seed2.cc compilation failed to produce executable
FAIL: 26_numerics/random/linear_congruential_engine/operators/equal.cc (test for excess errors)
WARNING: 26_numerics/random/linear_congruential_engine/operators/equal.cc compilation failed to produce executable
FAIL: 26_numerics/random/linear_congruential_engine/operators/serialize.cc (test for excess errors)
WARNING: 26_numerics/random/linear_congruential_engine/operators/serialize.cc compilation failed to produce executable
FAIL: 26_numerics/random/linear_congruential_engine/requirements/non_uint_neg.cc (test for excess errors)
FAIL: 26_numerics/random/linear_congruential_engine/requirements/typedefs.cc (test for excess errors)
FAIL: 26_numerics/random/lognormal_distribution/cons/default.cc (test for excess errors)
WARNING: 26_numerics/random/lognormal_distribution/cons/default.cc compilation failed to produce executable
FAIL: 26_numerics/random/lognormal_distribution/cons/parms.cc (test for excess errors)
WARNING: 26_numerics/random/lognormal_distribution/cons/parms.cc compilation failed to produce executable
FAIL: 26_numerics/random/lognormal_distribution/operators/serialize.cc (test for excess errors)
WARNING: 26_numerics/random/lognormal_distribution/operators/serialize.cc compilation failed to produce executable
FAIL: 26_numerics/random/lognormal_distribution/requirements/typedefs.cc (test for excess errors)
FAIL: 26_numerics/random/mersenne_twister_engine/cons/default.cc (test for excess errors)
WARNING: 26_numerics/random/mersenne_twister_engine/cons/default.cc compilation failed to produce executable
FAIL: 26_numerics/random/mersenne_twister_engine/cons/seed1.cc (test for excess errors)
WARNING: 26_numerics/random/mersenne_twister_engine/cons/seed1.cc compilation failed to produce executable
FAIL: 26_numerics/random/mersenne_twister_engine/cons/seed2.cc (test for excess errors)
WARNING: 26_numerics/random/mersenne_twister_engine/cons/seed2.cc compilation failed to produce executable
FAIL: 26_numerics/random/mersenne_twister_engine/operators/equal.cc (test for excess errors)
WARNING: 26_numerics/random/mersenne_twister_engine/operators/equal.cc compilation failed to produce executable
FAIL: 26_numerics/random/mersenne_twister_engine/operators/serialize.cc (test for excess errors)
WARNING: 26_numerics/random/mersenne_twister_engine/operators/serialize.cc compilation failed to produce executable
FAIL: 26_numerics/random/mersenne_twister_engine/requirements/typedefs.cc (test for excess errors)
FAIL: 26_numerics/random/minstd_rand.cc (test for excess errors)
WARNING: 26_numerics/random/minstd_rand.cc compilation failed to produce executable
FAIL: 26_numerics/random/minstd_rand0.cc (test for excess errors)
WARNING: 26_numerics/random/minstd_rand0.cc compilation failed to produce executable
FAIL: 26_numerics/random/mt19937.cc (test for excess errors)
WARNING: 26_numerics/random/mt19937.cc compilation failed to produce executable
FAIL: 26_numerics/random/mt19937_64.cc (test for excess errors)
WARNING: 26_numerics/random/mt19937_64.cc compilation failed to produce executable
FAIL: 26_numerics/random/negative_binomial_distribution/cons/default.cc (test for excess errors)
WARNING: 26_numerics/random/negative_binomial_distribution/cons/default.cc compilation failed to produce executable
FAIL: 26_numerics/random/negative_binomial_distribution/cons/parms.cc (test for excess errors)
WARNING: 26_numerics/random/negative_binomial_distribution/cons/parms.cc compilation failed to produce executable
FAIL: 26_numerics/random/negative_binomial_distribution/operators/serialize.cc (test for excess errors)
WARNING: 26_numerics/random/negative_binomial_distribution/operators/serialize.cc compilation failed to produce executable
FAIL: 26_numerics/random/negative_binomial_distribution/requirements/typedefs.cc (test for excess errors)
FAIL: 26_numerics/random/normal_distribution/cons/default.cc (test for excess errors)
WARNING: 26_numerics/random/normal_distribution/cons/default.cc compilation failed to produce executable
FAIL: 26_numerics/random/normal_distribution/cons/parms.cc (test for excess errors)
WARNING: 26_numerics/random/normal_distribution/cons/parms.cc compilation failed to produce executable
FAIL: 26_numerics/random/normal_distribution/operators/serialize.cc (test for excess errors)
WARNING: 26_numerics/random/normal_distribution/operators/serialize.cc compilation failed to produce executable
FAIL: 26_numerics/random/normal_distribution/requirements/typedefs.cc (test for excess errors)
FAIL: 26_numerics/random/piecewise_constant_distribution/cons/default.cc (test for excess errors)
WARNING: 26_numerics/random/piecewise_constant_distribution/cons/default.cc compilation failed to produce executable
FAIL: 26_numerics/random/piecewise_constant_distribution/cons/initlist_fun.cc (test for excess errors)
WARNING: 26_numerics/random/piecewise_constant_distribution/cons/initlist_fun.cc compilation failed to produce executable
FAIL: 26_numerics/random/piecewise_constant_distribution/cons/num_xbound_fun.cc (test for excess errors)
WARNING: 26_numerics/random/piecewise_constant_distribution/cons/num_xbound_fun.cc compilation failed to produce executable
FAIL: 26_numerics/random/piecewise_constant_distribution/cons/range.cc (test for excess errors)
WARNING: 26_numerics/random/piecewise_constant_distribution/cons/range.cc compilation failed to produce executable
FAIL: 26_numerics/random/piecewise_constant_distribution/operators/serialize.cc (test for excess errors)
WARNING: 26_numerics/random/piecewise_constant_distribution/operators/serialize.cc compilation failed to produce executable
FAIL: 26_numerics/random/piecewise_constant_distribution/requirements/typedefs.cc (test for excess errors)
FAIL: 26_numerics/random/piecewise_linear_distribution/cons/default.cc (test for excess errors)
WARNING: 26_numerics/random/piecewise_linear_distribution/cons/default.cc compilation failed to produce executable
FAIL: 26_numerics/random/piecewise_linear_distribution/cons/initlist_fun.cc (test for excess errors)
WARNING: 26_numerics/random/piecewise_linear_distribution/cons/initlist_fun.cc compilation failed to produce executable
FAIL: 26_numerics/random/piecewise_linear_distribution/cons/num_xbound_fun.cc (test for excess errors)
WARNING: 26_numerics/random/piecewise_linear_distribution/cons/num_xbound_fun.cc compilation failed to produce executable
FAIL: 26_numerics/random/piecewise_linear_distribution/cons/range.cc (test for excess errors)
WARNING: 26_numerics/random/piecewise_linear_distribution/cons/range.cc compilation failed to produce executable
FAIL: 26_numerics/random/piecewise_linear_distribution/operators/serialize.cc (test for excess errors)
WARNING: 26_numerics/random/piecewise_linear_distribution/operators/serialize.cc compilation failed to produce executable
FAIL: 26_numerics/random/piecewise_linear_distribution/requirements/typedefs.cc (test for excess errors)
FAIL: 26_numerics/random/poisson_distribution/cons/default.cc (test for excess errors)
WARNING: 26_numerics/random/poisson_distribution/cons/default.cc compilation failed to produce executable
FAIL: 26_numerics/random/poisson_distribution/cons/parms.cc (test for excess errors)
WARNING: 26_numerics/random/poisson_distribution/cons/parms.cc compilation failed to produce executable
FAIL: 26_numerics/random/poisson_distribution/operators/serialize.cc (test for excess errors)
WARNING: 26_numerics/random/poisson_distribution/operators/serialize.cc compilation failed to produce executable
FAIL: 26_numerics/random/poisson_distribution/requirements/typedefs.cc (test for excess errors)
FAIL: 26_numerics/random/random_device/cons/default.cc (test for excess errors)
WARNING: 26_numerics/random/random_device/cons/default.cc compilation failed to produce executable
FAIL: 26_numerics/random/random_device/cons/token.cc (test for excess errors)
WARNING: 26_numerics/random/random_device/cons/token.cc compilation failed to produce executable
FAIL: 26_numerics/random/random_device/requirements/typedefs.cc (test for excess errors)
FAIL: 26_numerics/random/ranlux24.cc (test for excess errors)
WARNING: 26_numerics/random/ranlux24.cc compilation failed to produce executable
FAIL: 26_numerics/random/ranlux24_base.cc (test for excess errors)
WARNING: 26_numerics/random/ranlux24_base.cc compilation failed to produce executable
FAIL: 26_numerics/random/ranlux48.cc (test for excess errors)
WARNING: 26_numerics/random/ranlux48.cc compilation failed to produce executable
FAIL: 26_numerics/random/ranlux48_base.cc (test for excess errors)
WARNING: 26_numerics/random/ranlux48_base.cc compilation failed to produce executable
FAIL: 26_numerics/random/seed_seq/cons/default.cc (test for excess errors)
WARNING: 26_numerics/random/seed_seq/cons/default.cc compilation failed to produce executable
FAIL: 26_numerics/random/seed_seq/cons/initlist.cc (test for excess errors)
WARNING: 26_numerics/random/seed_seq/cons/initlist.cc compilation failed to produce executable
FAIL: 26_numerics/random/seed_seq/cons/range.cc (test for excess errors)
WARNING: 26_numerics/random/seed_seq/cons/range.cc compilation failed to produce executable
FAIL: 26_numerics/random/seed_seq/requirements/typedefs.cc (test for excess errors)
FAIL: 26_numerics/random/shuffle_order_engine/cons/base_copy.cc (test for excess errors)
WARNING: 26_numerics/random/shuffle_order_engine/cons/base_copy.cc compilation failed to produce executable
FAIL: 26_numerics/random/shuffle_order_engine/cons/base_move.cc (test for excess errors)
WARNING: 26_numerics/random/shuffle_order_engine/cons/base_move.cc compilation failed to produce executable
FAIL: 26_numerics/random/shuffle_order_engine/cons/default.cc (test for excess errors)
WARNING: 26_numerics/random/shuffle_order_engine/cons/default.cc compilation failed to produce executable
FAIL: 26_numerics/random/shuffle_order_engine/cons/seed1.cc (test for excess errors)
WARNING: 26_numerics/random/shuffle_order_engine/cons/seed1.cc compilation failed to produce executable
FAIL: 26_numerics/random/shuffle_order_engine/cons/seed2.cc (test for excess errors)
WARNING: 26_numerics/random/shuffle_order_engine/cons/seed2.cc compilation failed to produce executable
FAIL: 26_numerics/random/shuffle_order_engine/cons/seed_seq.cc (test for excess errors)
WARNING: 26_numerics/random/shuffle_order_engine/cons/seed_seq.cc compilation failed to produce executable
FAIL: 26_numerics/random/shuffle_order_engine/operators/equal.cc (test for excess errors)
WARNING: 26_numerics/random/shuffle_order_engine/operators/equal.cc compilation failed to produce executable
FAIL: 26_numerics/random/shuffle_order_engine/operators/serialize.cc (test for excess errors)
WARNING: 26_numerics/random/shuffle_order_engine/operators/serialize.cc compilation failed to produce executable
FAIL: 26_numerics/random/shuffle_order_engine/requirements/typedefs.cc (test for excess errors)
FAIL: 26_numerics/random/student_t_distribution/cons/default.cc (test for excess errors)
WARNING: 26_numerics/random/student_t_distribution/cons/default.cc compilation failed to produce executable
FAIL: 26_numerics/random/student_t_distribution/cons/parms.cc (test for excess errors)
WARNING: 26_numerics/random/student_t_distribution/cons/parms.cc compilation failed to produce executable
FAIL: 26_numerics/random/student_t_distribution/operators/serialize.cc (test for excess errors)
WARNING: 26_numerics/random/student_t_distribution/operators/serialize.cc compilation failed to produce executable
FAIL: 26_numerics/random/student_t_distribution/requirements/typedefs.cc (test for excess errors)
FAIL: 26_numerics/random/subtract_with_carry_engine/cons/default.cc (test for excess errors)
WARNING: 26_numerics/random/subtract_with_carry_engine/cons/default.cc compilation failed to produce executable
FAIL: 26_numerics/random/subtract_with_carry_engine/cons/seed1.cc (test for excess errors)
WARNING: 26_numerics/random/subtract_with_carry_engine/cons/seed1.cc compilation failed to produce executable
FAIL: 26_numerics/random/subtract_with_carry_engine/cons/seed2.cc (test for excess errors)
WARNING: 26_numerics/random/subtract_with_carry_engine/cons/seed2.cc compilation failed to produce executable
FAIL: 26_numerics/random/subtract_with_carry_engine/operators/equal.cc (test for excess errors)
WARNING: 26_numerics/random/subtract_with_carry_engine/operators/equal.cc compilation failed to produce executable
FAIL: 26_numerics/random/subtract_with_carry_engine/operators/serialize.cc (test for excess errors)
WARNING: 26_numerics/random/subtract_with_carry_engine/operators/serialize.cc compilation failed to produce executable
FAIL: 26_numerics/random/subtract_with_carry_engine/requirements/typedefs.cc (test for excess errors)
FAIL: 26_numerics/random/uniform_int_distribution/cons/default.cc (test for excess errors)
WARNING: 26_numerics/random/uniform_int_distribution/cons/default.cc compilation failed to produce executable
FAIL: 26_numerics/random/uniform_int_distribution/cons/parms.cc (test for excess errors)
WARNING: 26_numerics/random/uniform_int_distribution/cons/parms.cc compilation failed to produce executable
FAIL: 26_numerics/random/uniform_int_distribution/cons/parms_neg.cc (test for excess errors)
WARNING: 26_numerics/random/uniform_int_distribution/cons/parms_neg.cc compilation failed to produce executable
FAIL: 26_numerics/random/uniform_int_distribution/operators/serialize.cc (test for excess errors)
WARNING: 26_numerics/random/uniform_int_distribution/operators/serialize.cc compilation failed to produce executable
FAIL: 26_numerics/random/uniform_int_distribution/requirements/typedefs.cc (test for excess errors)
FAIL: 26_numerics/random/uniform_real_distribution/cons/default.cc (test for excess errors)
WARNING: 26_numerics/random/uniform_real_distribution/cons/default.cc compilation failed to produce executable
FAIL: 26_numerics/random/uniform_real_distribution/cons/parms.cc (test for excess errors)
WARNING: 26_numerics/random/uniform_real_distribution/cons/parms.cc compilation failed to produce executable
FAIL: 26_numerics/random/uniform_real_distribution/cons/parms_neg.cc (test for excess errors)
WARNING: 26_numerics/random/uniform_real_distribution/cons/parms_neg.cc compilation failed to produce executable
FAIL: 26_numerics/random/uniform_real_distribution/operators/serialize.cc (test for excess errors)
WARNING: 26_numerics/random/uniform_real_distribution/operators/serialize.cc compilation failed to produce executable
FAIL: 26_numerics/random/uniform_real_distribution/requirements/typedefs.cc (test for excess errors)
FAIL: 26_numerics/random/weibull_distribution/cons/default.cc (test for excess errors)
WARNING: 26_numerics/random/weibull_distribution/cons/default.cc compilation failed to produce executable
FAIL: 26_numerics/random/weibull_distribution/cons/parms.cc (test for excess errors)
WARNING: 26_numerics/random/weibull_distribution/cons/parms.cc compilation failed to produce executable
FAIL: 26_numerics/random/weibull_distribution/operators/serialize.cc (test for excess errors)
WARNING: 26_numerics/random/weibull_distribution/operators/serialize.cc compilation failed to produce executable
FAIL: 26_numerics/random/weibull_distribution/requirements/typedefs.cc (test for excess errors)
=== libstdc++ Summary ===
# of expected passes 5793
# of unexpected failures 157
# of unexpected successes 1
# of expected failures 80
# of unsupported tests 354
Compiler version: 4.5.0 20090404 (experimental) [trunk revision 145530] (GCC)
Platform: sh4-unknown-linux-gnu
configure flags: --host=i686-pc-linux-gnu --target=sh4-unknown-linux-gnu --enable-shared --enable-threads=posix --enable-clocale=gnu --enable-libgcj --with-ld=/usr/local/bin/sh4-unknown-linux-gnu-ld --with-as=/usr/local/bin/sh4-unknown-linux-gnu-as --with-sysroot=/exp/ldroot --with-mpfr=/opt2/i686-pc-linux-gnu --with-gmp=/opt2/i686-pc-linux-gnu --enable-languages=c,c++,fortran,java,objc