This is the mail archive of the gcc-testresults@gcc.gnu.org mailing list for the GCC project.


Index Nav: [Date Index] [Subject Index] [Author Index] [Thread Index]
Message Nav: [Date Prev] [Date Next] [Thread Prev] [Thread Next]
Other format: [Raw text]

Results for 4.4.0 20090206 (experimental) [trunk revision 143992] (GCC) testsuite on powerpc-unknown-rtems4.10


LAST_UPDATED: Fri Feb  6 22:07:26 UTC 2009 (revision 143992)

Target is powerpc-unknown-rtems4.10
Host   is x86_64-unknown-linux-gnu

		=== gcc tests ===


Running target rtems-powerpc-psim
FAIL: gcc.c-torture/execute/nest-align-1.c execution,  -O0 
FAIL: gcc.c-torture/execute/nest-align-1.c execution,  -O1 
FAIL: gcc.c-torture/execute/nest-align-1.c execution,  -O2 
FAIL: gcc.c-torture/execute/nest-align-1.c execution,  -Os 
FAIL: gcc.c-torture/execute/ieee/inf-1.c execution,  -O0 
FAIL: gcc.dg/debug/20020220-1.c -gstabs1 execution test
FAIL: gcc.dg/debug/20020220-1.c -gstabs1 -O execution test
FAIL: gcc.dg/debug/20020220-1.c -gstabs1 -O3 execution test
FAIL: gcc.dg/debug/20020220-1.c -gstabs execution test
FAIL: gcc.dg/debug/20020220-1.c -gstabs -O execution test
FAIL: gcc.dg/debug/20020220-1.c -gstabs -O3 execution test
FAIL: gcc.dg/debug/20020220-1.c -gstabs3 execution test
FAIL: gcc.dg/debug/20020220-1.c -gstabs3 -O execution test
FAIL: gcc.dg/debug/20020220-1.c -gstabs3 -O3 execution test
FAIL: gcc.dg/debug/20020220-1.c -gstabs+1 execution test
FAIL: gcc.dg/debug/20020220-1.c -gstabs+1 -O execution test
FAIL: gcc.dg/debug/20020220-1.c -gstabs+1 -O3 execution test
FAIL: gcc.dg/debug/20020220-1.c -gstabs+ execution test
FAIL: gcc.dg/debug/20020220-1.c -gstabs+ -O execution test
FAIL: gcc.dg/debug/20020220-1.c -gstabs+ -O3 execution test
FAIL: gcc.dg/debug/20020220-1.c -gstabs+3 execution test
FAIL: gcc.dg/debug/20020220-1.c -gstabs+3 -O execution test
FAIL: gcc.dg/debug/20020220-1.c -gstabs+3 -O3 execution test
FAIL: gcc.dg/debug/pr29609-1.c -gstabs1 execution test
FAIL: gcc.dg/debug/pr29609-1.c -gstabs1 -O execution test
FAIL: gcc.dg/debug/pr29609-1.c -gstabs1 -O3 execution test
FAIL: gcc.dg/debug/pr29609-1.c -gstabs execution test
FAIL: gcc.dg/debug/pr29609-1.c -gstabs -O execution test
FAIL: gcc.dg/debug/pr29609-1.c -gstabs -O3 execution test
FAIL: gcc.dg/debug/pr29609-1.c -gstabs3 execution test
FAIL: gcc.dg/debug/pr29609-1.c -gstabs3 -O execution test
FAIL: gcc.dg/debug/pr29609-1.c -gstabs3 -O3 execution test
FAIL: gcc.dg/debug/pr29609-1.c -gstabs+1 execution test
FAIL: gcc.dg/debug/pr29609-1.c -gstabs+1 -O execution test
FAIL: gcc.dg/debug/pr29609-1.c -gstabs+1 -O3 execution test
FAIL: gcc.dg/debug/pr29609-1.c -gstabs+ execution test
FAIL: gcc.dg/debug/pr29609-1.c -gstabs+ -O execution test
FAIL: gcc.dg/debug/pr29609-1.c -gstabs+ -O3 execution test
FAIL: gcc.dg/debug/pr29609-1.c -gstabs+3 execution test
FAIL: gcc.dg/debug/pr29609-1.c -gstabs+3 -O execution test
FAIL: gcc.dg/debug/pr29609-1.c -gstabs+3 -O3 execution test
FAIL: gcc.dg/debug/pr29609-2.c -gstabs1 execution test
FAIL: gcc.dg/debug/pr29609-2.c -gstabs1 -O execution test
FAIL: gcc.dg/debug/pr29609-2.c -gstabs1 -O3 execution test
FAIL: gcc.dg/debug/pr29609-2.c -gstabs execution test
FAIL: gcc.dg/debug/pr29609-2.c -gstabs -O execution test
FAIL: gcc.dg/debug/pr29609-2.c -gstabs -O3 execution test
FAIL: gcc.dg/debug/pr29609-2.c -gstabs3 execution test
FAIL: gcc.dg/debug/pr29609-2.c -gstabs3 -O execution test
FAIL: gcc.dg/debug/pr29609-2.c -gstabs3 -O3 execution test
FAIL: gcc.dg/debug/pr29609-2.c -gstabs+1 execution test
FAIL: gcc.dg/debug/pr29609-2.c -gstabs+1 -O execution test
FAIL: gcc.dg/debug/pr29609-2.c -gstabs+1 -O3 execution test
FAIL: gcc.dg/debug/pr29609-2.c -gstabs+ execution test
FAIL: gcc.dg/debug/pr29609-2.c -gstabs+ -O execution test
FAIL: gcc.dg/debug/pr29609-2.c -gstabs+ -O3 execution test
FAIL: gcc.dg/debug/pr29609-2.c -gstabs+3 execution test
FAIL: gcc.dg/debug/pr29609-2.c -gstabs+3 -O execution test
FAIL: gcc.dg/debug/pr29609-2.c -gstabs+3 -O3 execution test
FAIL: gcc.dg/debug/pr36690-1.c -gstabs1 execution test
FAIL: gcc.dg/debug/pr36690-1.c -gstabs1 -O execution test
FAIL: gcc.dg/debug/pr36690-1.c -gstabs1 -O3 execution test
FAIL: gcc.dg/debug/pr36690-1.c -gstabs execution test
FAIL: gcc.dg/debug/pr36690-1.c -gstabs -O execution test
FAIL: gcc.dg/debug/pr36690-1.c -gstabs -O3 execution test
FAIL: gcc.dg/debug/pr36690-1.c -gstabs3 execution test
FAIL: gcc.dg/debug/pr36690-1.c -gstabs3 -O execution test
FAIL: gcc.dg/debug/pr36690-1.c -gstabs3 -O3 execution test
FAIL: gcc.dg/debug/pr36690-1.c -gstabs+1 execution test
FAIL: gcc.dg/debug/pr36690-1.c -gstabs+1 -O execution test
FAIL: gcc.dg/debug/pr36690-1.c -gstabs+1 -O3 execution test
FAIL: gcc.dg/debug/pr36690-1.c -gstabs+ execution test
FAIL: gcc.dg/debug/pr36690-1.c -gstabs+ -O execution test
FAIL: gcc.dg/debug/pr36690-1.c -gstabs+ -O3 execution test
FAIL: gcc.dg/debug/pr36690-1.c -gstabs+3 execution test
FAIL: gcc.dg/debug/pr36690-1.c -gstabs+3 -O execution test
FAIL: gcc.dg/debug/pr36690-1.c -gstabs+3 -O3 execution test
FAIL: gcc.dg/debug/pr36690-2.c -gstabs1 execution test
FAIL: gcc.dg/debug/pr36690-2.c -gstabs1 -O execution test
FAIL: gcc.dg/debug/pr36690-2.c -gstabs1 -O3 execution test
FAIL: gcc.dg/debug/pr36690-2.c -gstabs execution test
FAIL: gcc.dg/debug/pr36690-2.c -gstabs -O execution test
FAIL: gcc.dg/debug/pr36690-2.c -gstabs -O3 execution test
FAIL: gcc.dg/debug/pr36690-2.c -gstabs3 execution test
FAIL: gcc.dg/debug/pr36690-2.c -gstabs3 -O execution test
FAIL: gcc.dg/debug/pr36690-2.c -gstabs3 -O3 execution test
FAIL: gcc.dg/debug/pr36690-2.c -gstabs+1 execution test
FAIL: gcc.dg/debug/pr36690-2.c -gstabs+1 -O execution test
FAIL: gcc.dg/debug/pr36690-2.c -gstabs+1 -O3 execution test
FAIL: gcc.dg/debug/pr36690-2.c -gstabs+ execution test
FAIL: gcc.dg/debug/pr36690-2.c -gstabs+ -O execution test
FAIL: gcc.dg/debug/pr36690-2.c -gstabs+ -O3 execution test
FAIL: gcc.dg/debug/pr36690-2.c -gstabs+3 execution test
FAIL: gcc.dg/debug/pr36690-2.c -gstabs+3 -O execution test
FAIL: gcc.dg/debug/pr36690-2.c -gstabs+3 -O3 execution test
FAIL: gcc.dg/debug/pr36690-3.c -gstabs1 execution test
FAIL: gcc.dg/debug/pr36690-3.c -gstabs1 -O execution test
FAIL: gcc.dg/debug/pr36690-3.c -gstabs1 -O3 execution test
FAIL: gcc.dg/debug/pr36690-3.c -gstabs execution test
FAIL: gcc.dg/debug/pr36690-3.c -gstabs -O execution test
FAIL: gcc.dg/debug/pr36690-3.c -gstabs -O3 execution test
FAIL: gcc.dg/debug/pr36690-3.c -gstabs3 execution test
FAIL: gcc.dg/debug/pr36690-3.c -gstabs3 -O execution test
FAIL: gcc.dg/debug/pr36690-3.c -gstabs3 -O3 execution test
FAIL: gcc.dg/debug/pr36690-3.c -gstabs+1 execution test
FAIL: gcc.dg/debug/pr36690-3.c -gstabs+1 -O execution test
FAIL: gcc.dg/debug/pr36690-3.c -gstabs+1 -O3 execution test
FAIL: gcc.dg/debug/pr36690-3.c -gstabs+ execution test
FAIL: gcc.dg/debug/pr36690-3.c -gstabs+ -O execution test
FAIL: gcc.dg/debug/pr36690-3.c -gstabs+ -O3 execution test
FAIL: gcc.dg/debug/pr36690-3.c -gstabs+3 execution test
FAIL: gcc.dg/debug/pr36690-3.c -gstabs+3 -O execution test
FAIL: gcc.dg/debug/pr36690-3.c -gstabs+3 -O3 execution test
FAIL: gcc.dg/debug/pr37616.c -gstabs1 execution test
FAIL: gcc.dg/debug/pr37616.c -gstabs1 -O execution test
FAIL: gcc.dg/debug/pr37616.c -gstabs1 -O3 execution test
FAIL: gcc.dg/debug/pr37616.c -gstabs execution test
FAIL: gcc.dg/debug/pr37616.c -gstabs -O execution test
FAIL: gcc.dg/debug/pr37616.c -gstabs -O3 execution test
FAIL: gcc.dg/debug/pr37616.c -gstabs3 execution test
FAIL: gcc.dg/debug/pr37616.c -gstabs3 -O execution test
FAIL: gcc.dg/debug/pr37616.c -gstabs3 -O3 execution test
FAIL: gcc.dg/debug/pr37616.c -gstabs+1 execution test
FAIL: gcc.dg/debug/pr37616.c -gstabs+1 -O execution test
FAIL: gcc.dg/debug/pr37616.c -gstabs+1 -O3 execution test
FAIL: gcc.dg/debug/pr37616.c -gstabs+ execution test
FAIL: gcc.dg/debug/pr37616.c -gstabs+ -O execution test
FAIL: gcc.dg/debug/pr37616.c -gstabs+ -O3 execution test
FAIL: gcc.dg/debug/pr37616.c -gstabs+3 execution test
FAIL: gcc.dg/debug/pr37616.c -gstabs+3 -O execution test
FAIL: gcc.dg/debug/pr37616.c -gstabs+3 -O3 execution test
FAIL: gcc.dg/debug/trivial.c -gstabs1 execution test
FAIL: gcc.dg/debug/trivial.c -gstabs1 -O execution test
FAIL: gcc.dg/debug/trivial.c -gstabs1 -O3 execution test
FAIL: gcc.dg/debug/trivial.c -gstabs execution test
FAIL: gcc.dg/debug/trivial.c -gstabs -O execution test
FAIL: gcc.dg/debug/trivial.c -gstabs -O3 execution test
FAIL: gcc.dg/debug/trivial.c -gstabs3 execution test
FAIL: gcc.dg/debug/trivial.c -gstabs3 -O execution test
FAIL: gcc.dg/debug/trivial.c -gstabs3 -O3 execution test
FAIL: gcc.dg/debug/trivial.c -gstabs+1 execution test
FAIL: gcc.dg/debug/trivial.c -gstabs+1 -O execution test
FAIL: gcc.dg/debug/trivial.c -gstabs+1 -O3 execution test
FAIL: gcc.dg/debug/trivial.c -gstabs+ execution test
FAIL: gcc.dg/debug/trivial.c -gstabs+ -O execution test
FAIL: gcc.dg/debug/trivial.c -gstabs+ -O3 execution test
FAIL: gcc.dg/debug/trivial.c -gstabs+3 execution test
FAIL: gcc.dg/debug/trivial.c -gstabs+3 -O execution test
FAIL: gcc.dg/debug/trivial.c -gstabs+3 -O3 execution test
FAIL: gcc.dg/and-1.c scan-assembler-not nand
FAIL: gcc.dg/initpri1.c (test for excess errors)
WARNING: gcc.dg/initpri1.c compilation failed to produce executable
FAIL: gcc.dg/memcpy-1.c scan-tree-dump-times optimized "nasty_local" 0
WARNING: program timed out.
FAIL: gcc.dg/tree-ssa/vrp47.c scan-tree-dump-times vrp1 "[xy][^ ]* !=" 0
FAIL: gcc.dg/tree-ssa/vrp47.c scan-tree-dump-times dom1 "x[^ ]* & y" 1
FAIL: gcc.target/powerpc/20020118-1.c execution test
FAIL: gcc.target/powerpc/440-dlmzb-strlen-1.c scan-assembler dlmzb\\\\. 
FAIL: gcc.target/powerpc/440-macchw-1.c scan-assembler macchw 
FAIL: gcc.target/powerpc/440-macchw-2.c scan-assembler macchw\\\\. 
FAIL: gcc.target/powerpc/440-macchwu-1.c scan-assembler macchwu 
FAIL: gcc.target/powerpc/440-macchwu-2.c scan-assembler macchwu\\\\. 
FAIL: gcc.target/powerpc/440-machhw-1.c scan-assembler machhw 
FAIL: gcc.target/powerpc/440-machhw-2.c scan-assembler machhw\\\\. 
FAIL: gcc.target/powerpc/440-machhwu-1.c scan-assembler machhwu 
FAIL: gcc.target/powerpc/440-machhwu-2.c scan-assembler machhwu\\\\. 
FAIL: gcc.target/powerpc/440-maclhw-1.c scan-assembler maclhw 
FAIL: gcc.target/powerpc/440-maclhw-2.c scan-assembler maclhw\\\\. 
FAIL: gcc.target/powerpc/440-maclhwu-1.c scan-assembler maclhwu 
FAIL: gcc.target/powerpc/440-maclhwu-2.c scan-assembler maclhwu\\\\. 
FAIL: gcc.target/powerpc/440-mulchw-1.c scan-assembler mulchw 
FAIL: gcc.target/powerpc/440-mulchw-2.c scan-assembler mulchw\\\\. 
FAIL: gcc.target/powerpc/440-mulchwu-1.c scan-assembler mulchwu 
FAIL: gcc.target/powerpc/440-mulchwu-2.c scan-assembler mulchwu\\\\. 
FAIL: gcc.target/powerpc/440-mulhhw-1.c scan-assembler mulhhw 
FAIL: gcc.target/powerpc/440-mulhhw-2.c scan-assembler mulhhw\\\\. 
FAIL: gcc.target/powerpc/440-mulhhwu-1.c scan-assembler mulhhwu 
FAIL: gcc.target/powerpc/440-mulhhwu-2.c scan-assembler mulhhwu\\\\. 
FAIL: gcc.target/powerpc/440-mullhw-1.c scan-assembler mullhw 
FAIL: gcc.target/powerpc/440-mullhw-2.c scan-assembler mullhw\\\\. 
FAIL: gcc.target/powerpc/440-mullhwu-1.c scan-assembler mullhwu 
FAIL: gcc.target/powerpc/440-mullhwu-2.c scan-assembler mullhwu\\\\. 
FAIL: gcc.target/powerpc/440-nmacchw-1.c scan-assembler nmacchw 
FAIL: gcc.target/powerpc/440-nmacchw-2.c scan-assembler nmacchw\\\\. 
FAIL: gcc.target/powerpc/440-nmachhw-1.c scan-assembler nmachhw 
FAIL: gcc.target/powerpc/440-nmachhw-2.c scan-assembler nmachhw\\\\. 
FAIL: gcc.target/powerpc/440-nmaclhw-1.c scan-assembler nmaclhw 
FAIL: gcc.target/powerpc/440-nmaclhw-2.c scan-assembler nmaclhw\\\\. 
FAIL: gcc.target/powerpc/altivec-cell-6.c (test for excess errors)
FAIL: gcc.target/powerpc/altivec-cell-7.c (test for excess errors)
ERROR: gcc.target/powerpc/altivec-cell-7.c: error executing dg-final: couldn't open "altivec-cell-7.s": no such file or directory
UNRESOLVED: gcc.target/powerpc/altivec-cell-7.c: error executing dg-final: couldn't open "altivec-cell-7.s": no such file or directory
WARNING: program timed out.
FAIL: gcc.target/powerpc/altivec-cell-8.c (test for excess errors)
WARNING: program timed out.
FAIL: gcc.target/powerpc/parity-1.c scan-assembler popcntb
FAIL: gcc.target/powerpc/popcount-1.c scan-assembler popcntb
FAIL: gcc.target/powerpc/ppc-spe.c (internal compiler error)
FAIL: gcc.target/powerpc/ppc-spe.c (test for excess errors)
FAIL: gcc.target/powerpc/ppc64-double-1.c scan-assembler-not stfd
FAIL: gcc.target/powerpc/rs6000-power2-2.c scan-assembler-not lfd
FAIL: gcc.target/powerpc/rs6000-power2-2.c scan-assembler lfq
FAIL: gcc.target/powerpc/rs6000-power2-2.c scan-assembler stfq

		=== gcc Summary ===

# of expected passes		50522
# of unexpected failures	197
# of expected failures		201
# of unresolved testcases	1
# of unsupported tests		652
/home/joel/test-gcc/b-gcc1-powerpc/gcc/xgcc  version 4.4.0 20090206 (experimental) [trunk revision 143992] (GCC) 

Host   is x86_64-unknown-linux-gnu

		=== g++ tests ===


Running target rtems-powerpc-psim
WARNING: program timed out.
FAIL: g++.dg/eh/forced1.C execution test
WARNING: program timed out.
FAIL: g++.dg/eh/simd-2.C (test for excess errors)
WARNING: g++.dg/eh/simd-2.C compilation failed to produce executable
FAIL: g++.dg/init/ref15.C execution test
FAIL: g++.dg/other/opaque-1.C (test for excess errors)
WARNING: program timed out.
FAIL: g++.dg/other/opaque-1.C execution test
FAIL: g++.dg/special/conpr-1.C (test for excess errors)
WARNING: g++.dg/special/conpr-1.C compilation failed to produce executable
FAIL: g++.dg/special/conpr-2.C (test for excess errors)
WARNING: g++.dg/special/conpr-2.C compilation failed to produce executable
FAIL: g++.dg/special/conpr-3.C (test for excess errors)
WARNING: g++.dg/special/conpr-3.C compilation failed to produce executable
FAIL: g++.dg/special/conpr-4.C (test for excess errors)
WARNING: g++.dg/special/conpr-4.C compilation failed to produce executable
FAIL: g++.dg/special/initp1.C (test for excess errors)
WARNING: g++.dg/special/initp1.C compilation failed to produce executable
FAIL: g++.dg/special/initpri1.C (test for excess errors)
WARNING: g++.dg/special/initpri1.C compilation failed to produce executable
WARNING: program timed out.
WARNING: program timed out.
FAIL: g++.old-deja/g++.eh/terminate2.C execution test
XPASS: g++.old-deja/g++.other/init19.C execution test

		=== g++ Summary ===

# of expected passes		18765
# of unexpected failures	12
# of unexpected successes	1
# of expected failures		142
# of unsupported tests		161
/home/joel/test-gcc/b-gcc1-powerpc/gcc/testsuite/g++/../../g++  version 4.4.0 20090206 (experimental) [trunk revision 143992] (GCC) 


Compiler version: 4.4.0 20090206 (experimental) [trunk revision 143992] (GCC) 
Platform: powerpc-unknown-rtems4.10
configure flags: --enable-threads=rtems --with-gnu-as --enable-multilib --enable-newlib-mb --enable-newlib-iconv --with-gnu-ld --with-newlib --verbose --with-system-zlib --disable-nls --enable-version-specific-runtime-libs --enable-languages=c,c++ --target=powerpc-rtems4.10 --prefix=/home/joel/test-gcc/install


Index Nav: [Date Index] [Subject Index] [Author Index] [Thread Index]
Message Nav: [Date Prev] [Date Next] [Thread Prev] [Thread Next]