This is the mail archive of the gcc-testresults@gcc.gnu.org mailing list for the GCC project.


Index Nav: [Date Index] [Subject Index] [Author Index] [Thread Index]
Message Nav: [Date Prev] [Date Next] [Thread Prev] [Thread Next]
Other format: [Raw text]

Results for 4.5.0 20090403 (experimental) [trunk revision 145487] (GCC) testsuite on powerpc-unknown-linux-gnu


LAST_UPDATED: Fri Apr  3 00:58:28 UTC 2009 (revision 145487)

		=== acats tests ===

		=== acats Summary ===
# of expected passes		2315
# of unexpected failures	0
Native configuration is powerpc-unknown-linux-gnu

		=== gcc tests ===


Running target unix
FAIL: gcc.dg/and-1.c scan-assembler-not nand
FAIL: gcc.dg/c99-stdint-1.c (test for excess errors)
FAIL: gcc.dg/pr39323-2.c scan-assembler .align[\\\\t ]*268435456
FAIL: gcc.dg/pr39323-3.c scan-assembler .align[\\\\t ]*268435456
FAIL: gcc.dg/tree-ssa/vrp47.c scan-tree-dump-times vrp1 "[xy][^ ]* !=" 0
FAIL: gcc.dg/tree-ssa/vrp47.c scan-tree-dump-times dom1 "x[^ ]* & y" 1
FAIL: gcc.target/powerpc/ppc64-double-1.c scan-assembler-not stfd

		=== gcc Summary ===

# of expected passes		53812
# of unexpected failures	7
# of expected failures		150
# of unsupported tests		553
/home/guerby/build/gcc/xgcc  version 4.5.0 20090403 (experimental) [trunk revision 145487] (GCC) 

		=== gnat tests ===


Running target unix

		=== gnat Summary ===

# of expected passes		610
# of expected failures		6
		=== libgomp tests ===


Running target unix

		=== libgomp Summary ===

# of expected passes		260
		=== libmudflap tests ===


Running target unix

		=== libmudflap Summary ===

# of expected passes		1740
# of unsupported tests		2

Compiler version: 4.5.0 20090403 (experimental) [trunk revision 145487] (GCC) 
Platform: powerpc-unknown-linux-gnu
configure flags: --prefix=/n/53/guerby/install-trunk --enable-languages=c,ada --enable-__cxa_atexit --disable-nls --enable-threads=posix --with-mpfr=/opt/cfarm/mpfr-2.3.2 --enable-stage1-checking=release


Index Nav: [Date Index] [Subject Index] [Author Index] [Thread Index]
Message Nav: [Date Prev] [Date Next] [Thread Prev] [Thread Next]