This is the mail archive of the gcc-testresults@gcc.gnu.org mailing list for the GCC project.


Index Nav: [Date Index] [Subject Index] [Author Index] [Thread Index]
Message Nav: [Date Prev] [Date Next] [Thread Prev] [Thread Next]
Other format: [Raw text]

Results for 4.5.0 20090402 (experimental) [alias-improvements revision 145443] (SUSE Linux) testsuite on ia64-suse-linux-gnu


LAST_UPDATED: Thu Apr  2 11:46:46 UTC 2009 (revision 145443)

Native configuration is ia64-suse-linux-gnu

		=== g++ tests ===


Running target unix

		=== g++ Summary ===

# of expected passes		18356
# of expected failures		142
# of unsupported tests		153
/usr/src/packages/BUILD/gcc-4.5.0-20090402/obj-ia64-suse-linux/gcc/testsuite/g++/../../g++  version 4.5.0 20090402 (experimental) [alias-improvements revision 145443] (SUSE Linux) 

		=== gcc tests ===


Running target unix
FAIL: gcc.dg/builtin-apply4.c execution test
FAIL: gcc.dg/pr37106-1.c (internal compiler error)
FAIL: gcc.dg/pr37106-1.c (test for excess errors)
XPASS: gcc.dg/pr38984.c scan-tree-dump-not optimized "return 1"
XPASS: gcc.dg/tree-ssa/20070302-1.c (test for excess errors)
XPASS: gcc.dg/tree-ssa/alias-18.c scan-tree-dump fre "with 1"
XPASS: gcc.dg/tree-ssa/alias-18.c scan-tree-dump fre "with 3"
XPASS: gcc.dg/tree-ssa/alias-18.c scan-tree-dump fre "with 8"
XPASS: gcc.dg/tree-ssa/loop-1.c scan-assembler-times foo 5
FAIL: gcc.dg/tree-ssa/loop-31.c scan-tree-dump-times optimized " \\+ 2" 1
XPASS: gcc.dg/tree-ssa/sra-3.c scan-tree-dump-times optimized "link_error" 0
FAIL: gcc.dg/vect/vect-35.c scan-tree-dump-times vect "vectorized 2 loops" 1
FAIL: gcc.dg/vect/no-vfa-vect-43.c scan-tree-dump-times vect "Alignment of access forced using versioning" 1
XPASS: gcc.dg/vect/no-vfa-vect-49.c scan-tree-dump-times vect "vectorized 1 loops" 1
XPASS: gcc.dg/vect/no-vfa-vect-53.c scan-tree-dump-times vect "vectorized 1 loops" 1

		=== gcc Summary ===

# of expected passes		50349
# of unexpected failures	6
# of unexpected successes	9
# of expected failures		205
# of unsupported tests		490
/usr/src/packages/BUILD/gcc-4.5.0-20090402/obj-ia64-suse-linux/gcc/xgcc  version 4.5.0 20090402 (experimental) [alias-improvements revision 145443] (SUSE Linux) 

		=== gfortran tests ===


Running target unix
FAIL: gfortran.dg/vect/pr39318.f90  -O  (internal compiler error)
FAIL: gfortran.dg/vect/pr39318.f90  -O  (test for excess errors)
FAIL: gfortran.dg/vect/fast-math-pr38968.f90 scan-tree-dump vect "vectorized 1 loops"

		=== gfortran Summary ===

# of expected passes		29803
# of unexpected failures	3
# of expected failures		23
# of unsupported tests		29
/usr/src/packages/BUILD/gcc-4.5.0-20090402/obj-ia64-suse-linux/gcc/testsuite/gfortran/../../gfortran  version 4.5.0 20090402 (experimental) [alias-improvements revision 145443] (SUSE Linux) 

		=== objc tests ===


Running target unix
FAIL: objc/execute/forward-1.m execution,  -O0 -fgnu-runtime
FAIL: objc/execute/forward-1.m execution,  -O1 -fgnu-runtime
FAIL: objc/execute/forward-1.m execution,  -O2 -fgnu-runtime
FAIL: objc/execute/forward-1.m execution,  -O3 -fomit-frame-pointer -fgnu-runtime
FAIL: objc/execute/forward-1.m execution,  -O3 -fomit-frame-pointer -funroll-loops -fgnu-runtime
FAIL: objc/execute/forward-1.m execution,  -O3 -fomit-frame-pointer -funroll-all-loops -finline-functions -fgnu-runtime
FAIL: objc/execute/forward-1.m execution,  -O3 -g -fgnu-runtime
FAIL: objc/execute/forward-1.m execution,  -Os -fgnu-runtime
FAIL: objc.dg/try-catch-5.m (test for excess errors)

		=== objc Summary ===

# of expected passes		1845
# of unexpected failures	9
# of expected failures		7
# of unsupported tests		25
/usr/src/packages/BUILD/gcc-4.5.0-20090402/obj-ia64-suse-linux/gcc/xgcc  version 4.5.0 20090402 (experimental) [alias-improvements revision 145443] (SUSE Linux) 

		=== libffi tests ===


Running target unix

		=== libffi Summary ===

# of expected passes		1389
# of unsupported tests		10
		=== libgomp tests ===


Running target unix
FAIL: libgomp.c++/collapse-2.C  -O3 -fomit-frame-pointer -funroll-loops  (internal compiler error)
FAIL: libgomp.c++/collapse-2.C  -O3 -fomit-frame-pointer -funroll-loops  (test for excess errors)
WARNING: libgomp.c++/collapse-2.C  -O3 -fomit-frame-pointer -funroll-loops  compilation failed to produce executable
FAIL: libgomp.c++/collapse-2.C  -O3 -fomit-frame-pointer -funroll-all-loops -finline-functions  (internal compiler error)
FAIL: libgomp.c++/collapse-2.C  -O3 -fomit-frame-pointer -funroll-all-loops -finline-functions  (test for excess errors)
WARNING: libgomp.c++/collapse-2.C  -O3 -fomit-frame-pointer -funroll-all-loops -finline-functions  compilation failed to produce executable

		=== libgomp Summary ===

# of expected passes		2386
# of unexpected failures	4
		=== libjava tests ===


Running target unix
		=== libstdc++ tests ===


Running target unix

		=== libstdc++ Summary ===

# of expected passes		1
		=== libstdc++ tests ===


Running target unix
FAIL: 22_locale/codecvt/unshift/char/1.cc execution test
FAIL: 22_locale/codecvt/unshift/char/wrapped_env.cc execution test
FAIL: 22_locale/codecvt/unshift/char/wrapped_locale.cc execution test

		=== libstdc++ Summary ===

# of expected passes		6475
# of unexpected failures	3
# of expected failures		81
# of unsupported tests		15

Compiler version: 4.5.0 20090402 (experimental) [alias-improvements revision 145443] (SUSE Linux) 
Platform: ia64-suse-linux-gnu
configure flags: --prefix=/usr --infodir=/usr/share/info --mandir=/usr/share/man --libdir=/usr/lib --libexecdir=/usr/lib --enable-languages=c,c++,objc,fortran,java --enable-checking=yes --with-gxx-include-dir=/usr/include/c++/4.5 --enable-ssp --disable-libssp --with-bugurl=http://bugs.opensuse.org/ --with-pkgversion='SUSE Linux' --with-java-home=/usr/lib/jvm/java-1.5.0-gcj-4.5-1.5.0.0/jre --with-ecj-jar=/usr/lib/gcc/ia64-suse-linux/4.5/ecj.jar --enable-java-awt=gtk --enable-gtk-cairo --disable-libjava-multilib --disable-libmudflap --with-slibdir=/lib --with-system-zlib --enable-__cxa_atexit --enable-libstdcxx-allocator=new --disable-libstdcxx-pch --enable-version-specific-runtime-libs --program-suffix=-4.5 --enable-linux-futex --with-system-libunwind --build=ia64-suse-linux


Index Nav: [Date Index] [Subject Index] [Author Index] [Thread Index]
Message Nav: [Date Prev] [Date Next] [Thread Prev] [Thread Next]