This is the mail archive of the gcc-testresults@gcc.gnu.org mailing list for the GCC project.


Index Nav: [Date Index] [Subject Index] [Author Index] [Thread Index]
Message Nav: [Date Prev] [Date Next] [Thread Prev] [Thread Next]
Other format: [Raw text]

Results for 4.5.0 20090402 (experimental) [alias-improvements revision 145443] (SUSE Linux) testsuite on s390-ibm-linux-gnu


LAST_UPDATED: Thu Apr  2 11:46:46 UTC 2009 (revision 145443)

Native configuration is s390-ibm-linux-gnu

		=== g++ tests ===


Running target unix

		=== g++ Summary ===

# of expected passes		19091
# of expected failures		142
# of unsupported tests		156
/usr/src/packages/BUILD/gcc-4.5.0-20090402/obj-s390-suse-linux/gcc/testsuite/g++/../../g++  version 4.5.0 20090402 (experimental) [alias-improvements revision 145443] (SUSE Linux) 

		=== gcc tests ===


Running target unix
FAIL: gcc.dg/c99-stdint-1.c (test for excess errors)
XPASS: gcc.dg/pr38984.c scan-tree-dump-not optimized "return 1"
FAIL: gcc.dg/uninit-13.c unconditional (test for warnings, line 8)
FAIL: gcc.dg/uninit-13.c (test for excess errors)
FAIL: gcc.dg/tree-prof/bb-reorg.c compilation,  -fprofile-use -D_PROFILE_USE
UNRESOLVED: gcc.dg/tree-prof/bb-reorg.c execution,    -fprofile-use -D_PROFILE_USE
FAIL: gcc.dg/tree-prof/pr34999.c compilation,  -fprofile-use -D_PROFILE_USE
UNRESOLVED: gcc.dg/tree-prof/pr34999.c execution,    -fprofile-use -D_PROFILE_USE
XPASS: gcc.dg/tree-ssa/20040204-1.c scan-tree-dump-times optimized "link_error" 0
XPASS: gcc.dg/tree-ssa/20070302-1.c (test for excess errors)
XPASS: gcc.dg/tree-ssa/alias-18.c scan-tree-dump fre "with 1"
XPASS: gcc.dg/tree-ssa/alias-18.c scan-tree-dump fre "with 3"
XPASS: gcc.dg/tree-ssa/alias-18.c scan-tree-dump fre "with 8"
XPASS: gcc.dg/tree-ssa/sra-3.c scan-tree-dump-times optimized "link_error" 0
FAIL: gcc.dg/tree-ssa/vrp47.c scan-tree-dump-times vrp1 "[xy][^ ]* !=" 0
FAIL: gcc.dg/tree-ssa/vrp47.c scan-tree-dump-times dom1 "x[^ ]* & y" 1
FAIL: gcc.dg/tree-ssa/vrp47.c scan-tree-dump-times vrp1 "x[^ ]* [|] y" 1

		=== gcc Summary ===

# of expected passes		50049
# of unexpected failures	8
# of unexpected successes	7
# of expected failures		77
# of unresolved testcases	2
# of unsupported tests		502
/usr/src/packages/BUILD/gcc-4.5.0-20090402/obj-s390-suse-linux/gcc/xgcc  version 4.5.0 20090402 (experimental) [alias-improvements revision 145443] (SUSE Linux) 

		=== gfortran tests ===


Running target unix

		=== gfortran Summary ===

# of expected passes		29135
# of expected failures		15
# of unsupported tests		118
/usr/src/packages/BUILD/gcc-4.5.0-20090402/obj-s390-suse-linux/gcc/testsuite/gfortran/../../gfortran  version 4.5.0 20090402 (experimental) [alias-improvements revision 145443] (SUSE Linux) 

		=== objc tests ===


Running target unix
FAIL: objc/execute/forward-1.m execution,  -O0 -fgnu-runtime
FAIL: objc/execute/forward-1.m execution,  -O1 -fgnu-runtime
FAIL: objc/execute/forward-1.m execution,  -O2 -fgnu-runtime
FAIL: objc/execute/forward-1.m execution,  -O3 -fomit-frame-pointer -fgnu-runtime
FAIL: objc/execute/forward-1.m execution,  -O3 -fomit-frame-pointer -funroll-loops -fgnu-runtime
FAIL: objc/execute/forward-1.m execution,  -O3 -fomit-frame-pointer -funroll-all-loops -finline-functions -fgnu-runtime
FAIL: objc/execute/forward-1.m execution,  -O3 -g -fgnu-runtime
FAIL: objc/execute/forward-1.m execution,  -Os -fgnu-runtime
FAIL: objc.dg/try-catch-5.m (test for excess errors)

		=== objc Summary ===

# of expected passes		1847
# of unexpected failures	9
# of expected failures		7
# of unsupported tests		24
/usr/src/packages/BUILD/gcc-4.5.0-20090402/obj-s390-suse-linux/gcc/xgcc  version 4.5.0 20090402 (experimental) [alias-improvements revision 145443] (SUSE Linux) 

		=== libffi tests ===


Running target unix

		=== libffi Summary ===

# of expected passes		1389
# of unsupported tests		10
		=== libgomp tests ===


Running target unix

		=== libgomp Summary ===

# of expected passes		2390
		=== libjava tests ===


Running target unix
		=== libstdc++ tests ===


Running target unix

		=== libstdc++ Summary ===

# of expected passes		1
		=== libstdc++ tests ===


Running target unix
FAIL: 22_locale/codecvt/unshift/char/1.cc execution test
FAIL: 22_locale/codecvt/unshift/char/wrapped_env.cc execution test
FAIL: 22_locale/codecvt/unshift/char/wrapped_locale.cc execution test

		=== libstdc++ Summary ===

# of expected passes		6475
# of unexpected failures	3
# of expected failures		81
# of unsupported tests		15

Compiler version: 4.5.0 20090402 (experimental) [alias-improvements revision 145443] (SUSE Linux) 
Platform: s390-ibm-linux-gnu
configure flags: --prefix=/usr --infodir=/usr/share/info --mandir=/usr/share/man --libdir=/usr/lib --libexecdir=/usr/lib --enable-languages=c,c++,objc,fortran,java --enable-checking=yes --with-gxx-include-dir=/usr/include/c++/4.5 --enable-ssp --disable-libssp --with-bugurl=http://bugs.opensuse.org/ --with-pkgversion='SUSE Linux' --with-java-home=/usr/lib/jvm/java-1.5.0-gcj-4.5-1.5.0.0/jre --with-ecj-jar=/usr/lib/gcc/s390-suse-linux/4.5/ecj.jar --enable-java-awt=gtk --enable-gtk-cairo --disable-libjava-multilib --disable-libmudflap --with-slibdir=/lib --with-system-zlib --enable-__cxa_atexit --enable-libstdcxx-allocator=new --disable-libstdcxx-pch --enable-version-specific-runtime-libs --program-suffix=-4.5 --enable-linux-futex --without-system-libunwind --with-tune=z9-109 --with-arch=z900 --with-long-double-128 --build=s390-suse-linux


Index Nav: [Date Index] [Subject Index] [Author Index] [Thread Index]
Message Nav: [Date Prev] [Date Next] [Thread Prev] [Thread Next]