This is the mail archive of the
gcc-testresults@gcc.gnu.org
mailing list for the GCC project.
Results for 4.4.0 20090228 (experimental) [trunk revision 144484] (GCC) testsuite on i686-pc-linux-gnu
- From: dave at selway dot hia dot nrc dot ca (John David Anglin)
- To: dave at selway dot hia dot nrc dot ca, gcc-testresults at gcc dot gnu dot org
- Date: Sat, 28 Feb 2009 10:42:42 -0500
- Subject: Results for 4.4.0 20090228 (experimental) [trunk revision 144484] (GCC) testsuite on i686-pc-linux-gnu
LAST_UPDATED: Sat Feb 28 05:03:40 UTC 2009 (revision 144484)
=== acats tests ===
=== acats Summary ===
# of expected passes 2315
# of unexpected failures 0
Native configuration is i686-pc-linux-gnu
=== gcc tests ===
Running target unix
=== gcc Summary ===
# of expected passes 55599
# of expected failures 187
# of unsupported tests 884
/home/dave/gnu/gcc/objdir/gcc/xgcc version 4.4.0 20090228 (experimental) [trunk revision 144484] (GCC)
=== gfortran tests ===
Running target unix
=== gfortran Summary ===
# of expected passes 29230
# of expected failures 10
# of unsupported tests 97
/home/dave/gnu/gcc/objdir/gcc/testsuite/gfortran/../../gfortran version 4.4.0 20090228 (experimental) [trunk revision 144484] (GCC)
=== g++ tests ===
Running target unix
=== g++ Summary ===
# of expected passes 19558
# of expected failures 140
# of unsupported tests 100
/home/dave/gnu/gcc/objdir/gcc/testsuite/g++/../../g++ version 4.4.0 20090228 (experimental) [trunk revision 144484] (GCC)
=== gnat tests ===
Running target unix
=== gnat Summary ===
# of expected passes 607
# of expected failures 6
=== objc tests ===
Running target unix
=== objc Summary ===
# of expected passes 1830
# of expected failures 7
# of unsupported tests 24
/home/dave/gnu/gcc/objdir/gcc/xgcc version 4.4.0 20090228 (experimental) [trunk revision 144484] (GCC)
=== libffi tests ===
Running target unix
=== libffi Summary ===
# of expected passes 1389
# of unsupported tests 10
=== libgomp tests ===
Running target unix
=== libgomp Summary ===
# of expected passes 2346
=== libjava tests ===
Running target unix
=== libjava Summary ===
# of expected passes 2574
=== libmudflap tests ===
Running target unix
FAIL: libmudflap.c++/pass41-frag.cxx execution test
FAIL: libmudflap.c++/pass41-frag.cxx (-static) execution test
FAIL: libmudflap.c++/pass41-frag.cxx (-O2) execution test
FAIL: libmudflap.c++/pass41-frag.cxx (-O3) execution test
=== libmudflap Summary ===
# of expected passes 1890
# of unexpected failures 4
=== libstdc++ tests ===
Running target unix
XPASS: 26_numerics/headers/cmath/c99_classification_macros_c.cc (test for excess errors)
=== libstdc++ Summary ===
# of expected passes 6462
# of unexpected successes 1
# of expected failures 80
# of unsupported tests 18
Compiler version: 4.4.0 20090228 (experimental) [trunk revision 144484] (GCC)
Platform: i686-pc-linux-gnu
configure flags: --with-gnu-as --with-gnu-ld --enable-shared --prefix=/home/dave/opt/gnu/gcc/gcc-4.4.0 --with-local-prefix=/home/dave/opt/gnu --enable-threads=posix --enable-__cxa_atexit --enable-clocale=gnu --enable-java-gc=boehm --with-jacks --enable-java-awt=xlib --with-gmp=/home/dave/opt/gnu --enable-languages=c,c++,objc,fortran,java,ada