This is the mail archive of the gcc-testresults@gcc.gnu.org mailing list for the GCC project.


Index Nav: [Date Index] [Subject Index] [Author Index] [Thread Index]
Message Nav: [Date Prev] [Date Next] [Thread Prev] [Thread Next]
Other format: [Raw text]

Results for 4.4.0 20090226 (experimental) [stack revision 144456] (GCC) testsuite on x86_64-unknown-linux-gnu


LAST_UPDATED: Thu Feb 26 23:15:04 UTC 2009 (revision 144456)

Native configuration is x86_64-unknown-linux-gnu

		=== gcc tests ===


Running target unix/
FAIL: gcc.c-torture/compile/limits-structnest.c  -O2  (test for excess errors)
FAIL: gcc.c-torture/compile/limits-structnest.c  -O3 -fomit-frame-pointer  (test for excess errors)
FAIL: gcc.c-torture/compile/limits-structnest.c  -O3 -g  (test for excess errors)
FAIL: gcc.c-torture/compile/limits-structnest.c  -Os  (test for excess errors)
FAIL: gcc.dg/tree-prof/bb-reorg.c compilation,  -fprofile-use -D_PROFILE_USE
UNRESOLVED: gcc.dg/tree-prof/bb-reorg.c execution,    -fprofile-use -D_PROFILE_USE
FAIL: gcc.dg/tree-prof/pr34999.c compilation,  -fprofile-use -D_PROFILE_USE
UNRESOLVED: gcc.dg/tree-prof/pr34999.c execution,    -fprofile-use -D_PROFILE_USE

		=== gcc Summary ===

# of expected passes		54984
# of unexpected failures	6
# of expected failures		187
# of unresolved testcases	2
# of unsupported tests		1271
/home/mstein/obj/stack/gcc/xgcc  version 4.4.0 20090226 (experimental) [stack revision 144456] (GCC) 

		=== libgomp tests ===


Running target unix/

		=== libgomp Summary ===

# of expected passes		250
		=== libmudflap tests ===


Running target unix/

		=== libmudflap Summary ===

# of expected passes		1740
# of unsupported tests		2

Compiler version: 4.4.0 20090226 (experimental) [stack revision 144456] (GCC) 
Platform: x86_64-unknown-linux-gnu
configure flags: --enable-languages=c --disable-nls --prefix=/home/mstein/host-gcc/stack-2009-02-27 --enable-checking=yes,rtl --with-mpfr=/opt/cfarm/mpfr-2.3.1


Index Nav: [Date Index] [Subject Index] [Author Index] [Thread Index]
Message Nav: [Date Prev] [Date Next] [Thread Prev] [Thread Next]