This is the mail archive of the
gcc-testresults@gcc.gnu.org
mailing list for the GCC project.
Results for 4.2.5 20090226 (prerelease) gcc testsuite on cris-axis-elf
- From: Mike Stein <mstein dot lists at googlemail dot com>
- To: gcc-testresults at gcc dot gnu dot org
- Date: Fri, 27 Feb 2009 23:55:07 +0100
- Subject: Results for 4.2.5 20090226 (prerelease) gcc testsuite on cris-axis-elf
- Reply-to: gcc at gcc dot gnu dot org
Debian 4 on x86_64
cross tool versions:
GNU assembler (GNU Binutils) 2.18.50.20080419
GNU gdb 6.8.50.20080419-cvs
GNU ld (GNU Binutils) 2.18.50.20080419
GNU Make 3.81
expect version 5.43.0
host gcc version: gcc (GCC) 4.4.0 20090226 (experimental) [trunk revision 144455]
LAST_UPDATED: Thu Feb 26 23:05:59 UTC 2009 (revision 144455)
Target is cris-axis-elf
Host is x86_64-unknown-linux-gnu
=== gcc tests ===
Running target cris-sim
UNRESOLVED: gcc.c-torture/execute/mayalias-2.c execution, -O3 -g
FAIL: gcc.dg/cpp/_Pragma6.c (test for excess errors)
FAIL: gcc.dg/large-size-array-2.c (internal compiler error)
FAIL: gcc.dg/large-size-array-2.c (test for errors, line 6)
FAIL: gcc.dg/large-size-array-2.c (test for excess errors)
FAIL: gcc.dg/large-size-array-4.c (internal compiler error)
FAIL: gcc.dg/large-size-array-4.c (test for errors, line 6)
FAIL: gcc.dg/large-size-array-4.c (test for excess errors)
FAIL: gcc.dg/pr28243.c (test for excess errors)
FAIL: gcc.dg/pr30643.c scan-assembler-not undefined
FAIL: gcc.dg/setjmp-1.c spurious clobbered warning (test for bogus messages, line 16)
FAIL: gcc.dg/trampoline-1.c execution test
FAIL: gcc.dg/torture/pr26565.c -O0 (test for excess errors)
FAIL: gcc.dg/torture/pr26565.c -O1 (test for excess errors)
FAIL: gcc.dg/torture/pr26565.c -O2 (test for excess errors)
FAIL: gcc.dg/torture/pr26565.c -O3 -fomit-frame-pointer (test for excess errors)
FAIL: gcc.dg/torture/pr26565.c -O3 -g (test for excess errors)
FAIL: gcc.dg/torture/pr26565.c -Os (test for excess errors)
=== gcc Summary ===
# of expected passes 40695
# of unexpected failures 17
# of expected failures 80
# of unresolved testcases 1
# of untested testcases 28
# of unsupported tests 458
/home/mstein/sim/gcc-4_2-branch/cris-elf/build/gcc/xgcc version 4.2.5 20090226 (prerelease)
Compiler version: 4.2.5 20090226 (prerelease) gcc
Platform: cris-axis-elf
configure flags: --target=cris-elf --prefix=/home/mstein/cross-local/cris-elf --disable-nls --disable-build-warnings --with-sysroot=/home/mstein/cross-local/cris-elf --with-build-sysroot=/home/mstein/cross-local/cris-elf --with-ld=/home/mstein/cross-local/cris-elf/usr/bin/ld --with-as=/home/mstein/cross-local/cris-elf/usr/bin/as --disable-libssp --with-mpfr=/opt/cfarm/mpfr-2.3.1 --enable-languages=c