This is the mail archive of the
gcc-testresults@gcc.gnu.org
mailing list for the GCC project.
Results for 4.4.0 20090227 (experimental) [trunk revision 144472] (GCC) testsuite on i686-pc-linux-gnu
- From: hjl at gnu-31 dot sc dot intel dot com (H.J. Lu (ia32))
- To: gcc-testresults at gcc dot gnu dot org
- Date: Fri, 27 Feb 2009 12:51:40 -0800 (PST)
- Subject: Results for 4.4.0 20090227 (experimental) [trunk revision 144472] (GCC) testsuite on i686-pc-linux-gnu
LAST_UPDATED: Fri Feb 27 18:11:14 UTC 2009 (revision 144472)
Native configuration is i686-pc-linux-gnu
=== g++ tests ===
Running target unix
=== g++ Summary ===
# of expected passes 19563
# of expected failures 140
# of unsupported tests 99
/export/gnu/import/svn/gcc-test/bld/gcc/testsuite/g++/../../g++ version 4.4.0 20090227 (experimental) [trunk revision 144472] (GCC)
=== gcc tests ===
Running target unix
=== gcc Summary ===
# of expected passes 56516
# of expected failures 187
# of unsupported tests 430
/export/gnu/import/svn/gcc-test/bld/gcc/xgcc version 4.4.0 20090227 (experimental) [trunk revision 144472] (GCC)
=== gfortran tests ===
Running target unix
=== gfortran Summary ===
# of expected passes 29230
# of expected failures 10
# of unsupported tests 97
/export/gnu/import/svn/gcc-test/bld/gcc/testsuite/gfortran/../../gfortran version 4.4.0 20090227 (experimental) [trunk revision 144472] (GCC)
=== objc tests ===
Running target unix
=== objc Summary ===
# of expected passes 1830
# of expected failures 7
# of unsupported tests 24
/export/gnu/import/svn/gcc-test/bld/gcc/xgcc version 4.4.0 20090227 (experimental) [trunk revision 144472] (GCC)
=== libffi tests ===
Running target unix
=== libffi Summary ===
# of expected passes 1389
# of unsupported tests 10
=== libgomp tests ===
Running target unix
=== libgomp Summary ===
# of expected passes 2346
=== libjava tests ===
Running target unix
=== libjava Summary ===
# of expected passes 2574
=== libmudflap tests ===
Running target unix
FAIL: libmudflap.c++/pass41-frag.cxx execution test
FAIL: libmudflap.c++/pass41-frag.cxx (-static) execution test
FAIL: libmudflap.c++/pass41-frag.cxx (-O2) execution test
FAIL: libmudflap.c++/pass41-frag.cxx (-O3) execution test
=== libmudflap Summary ===
# of expected passes 1890
# of unexpected failures 4
=== libstdc++ tests ===
Running target unix
XPASS: 26_numerics/headers/cmath/c99_classification_macros_c.cc (test for excess errors)
=== libstdc++ Summary ===
# of expected passes 6462
# of unexpected successes 1
# of expected failures 80
# of unsupported tests 18
Compiler version: 4.4.0 20090227 (experimental) [trunk revision 144472] (GCC)
Platform: i686-pc-linux-gnu
configure flags: --enable-clocale=gnu --with-system-zlib --enable-shared --with-demangler-in-ld