This is the mail archive of the
gcc-testresults@gcc.gnu.org
mailing list for the GCC project.
Results for 4.4.0 20090224 (experimental) (GCC) testsuite on ia64-unknown-linux-gnu
- From: Laurent GUERBY gcc41 <guerby at gcc41 dot fsffrance dot org>
- To: gcc-testresults at gcc dot gnu dot org
- Date: Thu, 26 Feb 2009 17:31:00 +0100
- Subject: Results for 4.4.0 20090224 (experimental) (GCC) testsuite on ia64-unknown-linux-gnu
LAST_UPDATED:
=== acats tests ===
=== acats Summary ===
# of expected passes 2315
# of unexpected failures 0
Native configuration is ia64-unknown-linux-gnu
=== gcc tests ===
Running target unix
XPASS: gcc.c-torture/compile/pr11832.c -O3 -fomit-frame-pointer (test for excess errors)
XPASS: gcc.c-torture/compile/pr11832.c -O3 -fomit-frame-pointer -funroll-loops (test for excess errors)
XPASS: gcc.c-torture/compile/pr11832.c -O3 -fomit-frame-pointer -funroll-all-loops -finline-functions (test for excess errors)
XPASS: gcc.c-torture/compile/pr11832.c -O3 -g (test for excess errors)
XPASS: gcc.c-torture/compile/pr11832.c -Os (test for excess errors)
XPASS: gcc.c-torture/compile/pr33009.c -O1 (test for excess errors)
XPASS: gcc.c-torture/compile/pr33009.c -O2 (test for excess errors)
XPASS: gcc.c-torture/compile/pr33009.c -O3 -fomit-frame-pointer (test for excess errors)
XPASS: gcc.c-torture/compile/pr33009.c -O3 -fomit-frame-pointer -funroll-loops (test for excess errors)
XPASS: gcc.c-torture/compile/pr33009.c -O3 -fomit-frame-pointer -funroll-all-loops -finline-functions (test for excess errors)
XPASS: gcc.c-torture/compile/pr33009.c -O3 -g (test for excess errors)
XPASS: gcc.c-torture/compile/pr33009.c -Os (test for excess errors)
FAIL: gcc.dg/builtin-apply4.c execution test
FAIL: gcc.dg/pr37106-1.c (internal compiler error)
FAIL: gcc.dg/pr37106-1.c (test for excess errors)
XPASS: gcc.dg/tree-ssa/loop-1.c scan-assembler-times foo 5
=== gcc Summary ===
# of expected passes 49493
# of unexpected failures 3
# of unexpected successes 13
# of expected failures 246
# of unsupported tests 485
/home/guerby/build-144401/gcc/xgcc version 4.4.0 20090224 (experimental) (GCC)
=== gnat tests ===
Running target unix
=== gnat Summary ===
# of expected passes 608
# of expected failures 6
=== libgomp tests ===
Running target unix
=== libgomp Summary ===
# of expected passes 250
=== libmudflap tests ===
Running target unix
FAIL: libmudflap.cth/pass39-frag.c (rerun 2) execution test
FAIL: libmudflap.cth/pass39-frag.c (rerun 2) output pattern test
FAIL: libmudflap.cth/pass39-frag.c (-O3) (rerun 5) execution test
FAIL: libmudflap.cth/pass39-frag.c (-O3) (rerun 5) output pattern test
=== libmudflap Summary ===
# of expected passes 1736
# of unexpected failures 4
# of unsupported tests 2
Compiler version: 4.4.0 20090224 (experimental) (GCC)
Platform: ia64-unknown-linux-gnu
configure flags: --enable-languages=c,ada --enable-__cxa_atexit --disable-nls --with-mpfr=/opt/cfarm/mpfr-2.3.2 --prefix=/n/41/guerby/install-trunk-144401