This is the mail archive of the
gcc-testresults@gcc.gnu.org
mailing list for the GCC project.
Results for 4.4.0 20090224 (experimental) [trunk revision 144414] (GCC) testsuite on x86_64-suse-linux-gnu
- From: Andreas Jaeger <aj at suse dot de>
- To: gcc-testresults at gcc dot gnu dot org
- Date: Tue, 24 Feb 2009 23:41:12 UT
- Subject: Results for 4.4.0 20090224 (experimental) [trunk revision 144414] (GCC) testsuite on x86_64-suse-linux-gnu
Bootstrap and regtesting on x86_64-suse-linux-gnu.
SVN sources: mainline.
LAST_UPDATED: Tue Feb 24 19:41:23 UTC 2009 (revision 144414)
=== acats tests ===
=== acats Summary ===
# of expected passes 2315
# of unexpected failures 0
Native configuration is x86_64-suse-linux-gnu
=== gcc tests ===
Running target unix
FAIL: gcc.c-torture/compile/limits-structnest.c -O2 (test for excess errors)
FAIL: gcc.c-torture/compile/limits-structnest.c -O3 -fomit-frame-pointer (test for excess errors)
FAIL: gcc.c-torture/compile/limits-structnest.c -O3 -g (test for excess errors)
FAIL: gcc.c-torture/compile/limits-structnest.c -Os (test for excess errors)
FAIL: gcc.dg/tree-prof/bb-reorg.c compilation, -fprofile-use -D_PROFILE_USE
UNRESOLVED: gcc.dg/tree-prof/bb-reorg.c execution, -fprofile-use -D_PROFILE_USE
FAIL: gcc.dg/tree-prof/pr34999.c compilation, -fprofile-use -D_PROFILE_USE
UNRESOLVED: gcc.dg/tree-prof/pr34999.c execution, -fprofile-use -D_PROFILE_USE
FAIL: gcc.target/i386/avx-vmovntdq-256-1.c (test for excess errors)
WARNING: gcc.target/i386/avx-vmovntdq-256-1.c compilation failed to produce executable
FAIL: gcc.target/i386/avx-vmovntpd-256-1.c (test for excess errors)
WARNING: gcc.target/i386/avx-vmovntpd-256-1.c compilation failed to produce executable
FAIL: gcc.target/i386/avx-vmovntps-256-1.c (test for excess errors)
WARNING: gcc.target/i386/avx-vmovntps-256-1.c compilation failed to produce executable
=== gcc Summary for unix ===
# of expected passes 56167
# of unexpected failures 9
# of expected failures 187
# of unresolved testcases 2
# of unsupported tests 708
Running target unix/-m32
FAIL: gcc.c-torture/compile/limits-structnest.c -O2 (test for excess errors)
FAIL: gcc.c-torture/compile/limits-structnest.c -O3 -fomit-frame-pointer (test for excess errors)
FAIL: gcc.c-torture/compile/limits-structnest.c -O3 -g (test for excess errors)
FAIL: gcc.c-torture/compile/limits-structnest.c -Os (test for excess errors)
FAIL: gcc.target/i386/avx-vmovntdq-256-1.c (test for excess errors)
WARNING: gcc.target/i386/avx-vmovntdq-256-1.c compilation failed to produce executable
FAIL: gcc.target/i386/avx-vmovntpd-256-1.c (test for excess errors)
WARNING: gcc.target/i386/avx-vmovntpd-256-1.c compilation failed to produce executable
FAIL: gcc.target/i386/avx-vmovntps-256-1.c (test for excess errors)
WARNING: gcc.target/i386/avx-vmovntps-256-1.c compilation failed to produce executable
=== gcc Summary for unix/-m32 ===
# of expected passes 56504
# of unexpected failures 7
# of expected failures 187
# of unsupported tests 429
=== gcc Summary ===
# of expected passes 112671
# of unexpected failures 16
# of expected failures 374
# of unresolved testcases 2
# of unsupported tests 1137
/build/gcc/gcc/xgcc version 4.4.0 20090224 (experimental) [trunk revision 144414] (GCC)
=== gfortran tests ===
Running target unix
=== gfortran Summary for unix ===
# of expected passes 29324
# of expected failures 10
# of unsupported tests 44
Running target unix/-m32
=== gfortran Summary for unix/-m32 ===
# of expected passes 29211
# of expected failures 10
# of unsupported tests 97
=== gfortran Summary ===
# of expected passes 58535
# of expected failures 20
# of unsupported tests 141
/build/gcc/gcc/testsuite/gfortran/../../gfortran version 4.4.0 20090224 (experimental) [trunk revision 144414] (GCC)
=== g++ tests ===
Running target unix
=== g++ Summary for unix ===
# of expected passes 19243
# of expected failures 140
# of unsupported tests 249
Running target unix/-m32
=== g++ Summary for unix/-m32 ===
# of expected passes 19556
# of expected failures 140
# of unsupported tests 99
=== g++ Summary ===
# of expected passes 38799
# of expected failures 280
# of unsupported tests 348
/build/gcc/gcc/testsuite/g++/../../g++ version 4.4.0 20090224 (experimental) [trunk revision 144414] (GCC)
=== gnat tests ===
Running target unix/-m32
FAIL: gnat.dg/abstract_with_anonymous_result.adb (test for excess errors)
WARNING: gnat.dg/abstract_with_anonymous_result.adb compilation failed to produce executable
FAIL: gnat.dg/access1.adb (test for excess errors)
FAIL: gnat.dg/access4.adb (test for excess errors)
WARNING: gnat.dg/access4.adb compilation failed to produce executable
FAIL: gnat.dg/access_discr2.adb (test for excess errors)
WARNING: gnat.dg/access_discr2.adb compilation failed to produce executable
FAIL: gnat.dg/access_test.adb (test for excess errors)
WARNING: gnat.dg/access_test.adb compilation failed to produce executable
FAIL: gnat.dg/addr1.adb (test for excess errors)
FAIL: gnat.dg/addr2.adb (test for excess errors)
WARNING: gnat.dg/addr2.adb compilation failed to produce executable
FAIL: gnat.dg/address_conversion.adb (test for excess errors)
WARNING: gnat.dg/address_conversion.adb compilation failed to produce executable
FAIL: gnat.dg/aggr1.adb (test for excess errors)
WARNING: gnat.dg/aggr1.adb compilation failed to produce executable
FAIL: gnat.dg/aggr2.adb (test for excess errors)
FAIL: gnat.dg/aggr3.adb (test for excess errors)
WARNING: gnat.dg/aggr3.adb compilation failed to produce executable
FAIL: gnat.dg/aliased_prefix_accessibility.adb (test for excess errors)
WARNING: gnat.dg/aliased_prefix_accessibility.adb compilation failed to produce executable
FAIL: gnat.dg/aliasing3.adb (test for excess errors)
WARNING: gnat.dg/aliasing3.adb compilation failed to produce executable
FAIL: gnat.dg/align_check.adb (test for excess errors)
WARNING: gnat.dg/align_check.adb compilation failed to produce executable
FAIL: gnat.dg/aligned_vla.adb (test for excess errors)
WARNING: gnat.dg/aligned_vla.adb compilation failed to produce executable
FAIL: gnat.dg/alignment1.adb (test for excess errors)
WARNING: gnat.dg/alignment1.adb compilation failed to produce executable
FAIL: gnat.dg/alignment2.adb (test for excess errors)
WARNING: gnat.dg/alignment2.adb compilation failed to produce executable
FAIL: gnat.dg/alignment3.adb (test for excess errors)
FAIL: gnat.dg/allocator_maxalign1.adb (test for excess errors)
WARNING: gnat.dg/allocator_maxalign1.adb compilation failed to produce executable
FAIL: gnat.dg/array3.adb (test for excess errors)
WARNING: gnat.dg/array3.adb compilation failed to produce executable
FAIL: gnat.dg/array4.adb (test for excess errors)
WARNING: gnat.dg/array4.adb compilation failed to produce executable
FAIL: gnat.dg/array5.adb (test for excess errors)
WARNING: gnat.dg/array5.adb compilation failed to produce executable
FAIL: gnat.dg/assert1.adb (test for excess errors)
WARNING: gnat.dg/assert1.adb compilation failed to produce executable
FAIL: gnat.dg/assign_from_packed.adb (test for excess errors)
WARNING: gnat.dg/assign_from_packed.adb compilation failed to produce executable
FAIL: gnat.dg/asynch.adb (test for excess errors)
FAIL: gnat.dg/biased_uc.adb (test for excess errors)
WARNING: gnat.dg/biased_uc.adb compilation failed to produce executable
FAIL: gnat.dg/bip_aggregate_bug.adb (test for excess errors)
WARNING: gnat.dg/bip_aggregate_bug.adb compilation failed to produce executable
FAIL: gnat.dg/bit_packed_array3.adb (test for excess errors)
WARNING: gnat.dg/bit_packed_array3.adb compilation failed to produce executable
FAIL: gnat.dg/blkextract_from_reg.adb (test for excess errors)
WARNING: gnat.dg/blkextract_from_reg.adb compilation failed to produce executable
FAIL: gnat.dg/bltins.adb (test for excess errors)
WARNING: gnat.dg/bltins.adb compilation failed to produce executable
FAIL: gnat.dg/boolean_bitfield.adb (test for excess errors)
WARNING: gnat.dg/boolean_bitfield.adb compilation failed to produce executable
FAIL: gnat.dg/boolean_expr2.adb (test for excess errors)
WARNING: gnat.dg/boolean_expr2.adb compilation failed to produce executable
FAIL: gnat.dg/capture_value.adb (test for excess errors)
WARNING: gnat.dg/capture_value.adb compilation failed to produce executable
FAIL: gnat.dg/check_displace_generation.adb (test for excess errors)
WARNING: gnat.dg/check_displace_generation.adb compilation failed to produce executable
FAIL: gnat.dg/check_elaboration_code.adb (test for excess errors)
WARNING: gnat.dg/check_elaboration_code.adb compilation failed to produce executable
FAIL: gnat.dg/compose.adb (test for excess errors)
WARNING: gnat.dg/compose.adb compilation failed to produce executable
FAIL: gnat.dg/concat1.adb (test for excess errors)
WARNING: gnat.dg/concat1.adb compilation failed to produce executable
FAIL: gnat.dg/concat_length.adb (test for excess errors)
WARNING: gnat.dg/concat_length.adb compilation failed to produce executable
FAIL: gnat.dg/conv_bug.adb (test for excess errors)
WARNING: gnat.dg/conv_bug.adb compilation failed to produce executable
FAIL: gnat.dg/conv_decimal.adb (test for excess errors)
WARNING: gnat.dg/conv_decimal.adb compilation failed to produce executable
FAIL: gnat.dg/conv_real.adb (test for excess errors)
WARNING: gnat.dg/conv_real.adb compilation failed to produce executable
FAIL: gnat.dg/curr_task.adb (test for excess errors)
WARNING: gnat.dg/curr_task.adb compilation failed to produce executable
FAIL: gnat.dg/deferred_const2.adb (test for excess errors)
WARNING: gnat.dg/deferred_const2.adb compilation failed to produce executable
FAIL: gnat.dg/deferred_const3.adb (test for excess errors)
WARNING: gnat.dg/deferred_const3.adb compilation failed to produce executable
FAIL: gnat.dg/derived_aggregate.adb (test for excess errors)
WARNING: gnat.dg/derived_aggregate.adb compilation failed to produce executable
FAIL: gnat.dg/discr4.adb (test for excess errors)
WARNING: gnat.dg/discr4.adb compilation failed to produce executable
FAIL: gnat.dg/discr_range_check.adb (test for excess errors)
FAIL: gnat.dg/discr_test.adb (test for excess errors)
FAIL: gnat.dg/dispatch1.adb (test for excess errors)
WARNING: gnat.dg/dispatch1.adb compilation failed to produce executable
FAIL: gnat.dg/dispatch2.adb (test for excess errors)
WARNING: gnat.dg/dispatch2.adb compilation failed to produce executable
FAIL: gnat.dg/elim2.adb (test for excess errors)
WARNING: gnat.dg/elim2.adb compilation failed to produce executable
FAIL: gnat.dg/empty_vector_length.adb (test for excess errors)
WARNING: gnat.dg/empty_vector_length.adb compilation failed to produce executable
FAIL: gnat.dg/entry_queues.adb (test for excess errors)
WARNING: gnat.dg/entry_queues.adb compilation failed to produce executable
FAIL: gnat.dg/exp0_eval.adb (test for excess errors)
WARNING: gnat.dg/exp0_eval.adb compilation failed to produce executable
FAIL: gnat.dg/expect1.adb (test for excess errors)
WARNING: gnat.dg/expect1.adb compilation failed to produce executable
FAIL: gnat.dg/fixce.adb (test for excess errors)
WARNING: gnat.dg/fixce.adb compilation failed to produce executable
FAIL: gnat.dg/fixedpnt.adb (test for excess errors)
WARNING: gnat.dg/fixedpnt.adb compilation failed to produce executable
FAIL: gnat.dg/frame_overflow.adb (test for errors, line 14)
FAIL: gnat.dg/frame_overflow.adb (test for excess errors)
FAIL: gnat.dg/generic_dispatch.adb (test for excess errors)
WARNING: gnat.dg/generic_dispatch.adb compilation failed to produce executable
FAIL: gnat.dg/gnat_malloc.adb (test for excess errors)
WARNING: gnat.dg/gnat_malloc.adb compilation failed to produce executable
FAIL: gnat.dg/gnatg.adb (test for excess errors)
FAIL: gnat.dg/handle_raise_from_pure.adb (test for excess errors)
WARNING: gnat.dg/handle_raise_from_pure.adb compilation failed to produce executable
FAIL: gnat.dg/hyper_flat.adb (test for excess errors)
WARNING: gnat.dg/hyper_flat.adb compilation failed to produce executable
FAIL: gnat.dg/iface_test.adb (test for excess errors)
FAIL: gnat.dg/in_out_parameter.adb (test for excess errors)
WARNING: gnat.dg/in_out_parameter.adb compilation failed to produce executable
FAIL: gnat.dg/init_scalar1.adb (test for excess errors)
WARNING: gnat.dg/init_scalar1.adb compilation failed to produce executable
FAIL: gnat.dg/inline_tagged.adb (test for excess errors)
WARNING: gnat.dg/inline_tagged.adb compilation failed to produce executable
FAIL: gnat.dg/interface1.adb (test for excess errors)
WARNING: gnat.dg/interface1.adb compilation failed to produce executable
FAIL: gnat.dg/interface2.adb (test for excess errors)
WARNING: gnat.dg/interface2.adb compilation failed to produce executable
FAIL: gnat.dg/interface3.adb (test for excess errors)
WARNING: gnat.dg/interface3.adb compilation failed to produce executable
FAIL: gnat.dg/interface_conv.adb (test for excess errors)
WARNING: gnat.dg/interface_conv.adb compilation failed to produce executable
FAIL: gnat.dg/iprot_test.adb (test for excess errors)
WARNING: gnat.dg/iprot_test.adb compilation failed to produce executable
FAIL: gnat.dg/kill_value.adb (test for excess errors)
WARNING: gnat.dg/kill_value.adb compilation failed to produce executable
FAIL: gnat.dg/lhs_view_convert.adb (test for excess errors)
WARNING: gnat.dg/lhs_view_convert.adb compilation failed to produce executable
FAIL: gnat.dg/loop_address2.adb (test for excess errors)
FAIL: gnat.dg/loop_boolean.adb (test for excess errors)
WARNING: gnat.dg/loop_boolean.adb compilation failed to produce executable
FAIL: gnat.dg/loop_optimization2.adb (test for excess errors)
FAIL: gnat.dg/loop_optimization3.adb (test for excess errors)
WARNING: gnat.dg/loop_optimization3.adb compilation failed to produce executable
FAIL: gnat.dg/loop_optimization4.adb (test for excess errors)
WARNING: gnat.dg/loop_optimization4.adb compilation failed to produce executable
FAIL: gnat.dg/md5_test.adb (test for excess errors)
WARNING: gnat.dg/md5_test.adb compilation failed to produce executable
FAIL: gnat.dg/missing_acc_check.adb (test for excess errors)
WARNING: gnat.dg/missing_acc_check.adb compilation failed to produce executable
FAIL: gnat.dg/modular1.adb (test for excess errors)
WARNING: gnat.dg/modular1.adb compilation failed to produce executable
FAIL: gnat.dg/modular2.adb (test for excess errors)
WARNING: gnat.dg/modular2.adb compilation failed to produce executable
FAIL: gnat.dg/mutable1.adb (test for excess errors)
WARNING: gnat.dg/mutable1.adb compilation failed to produce executable
FAIL: gnat.dg/named_test.adb (test for excess errors)
WARNING: gnat.dg/named_test.adb compilation failed to produce executable
FAIL: gnat.dg/nat1r.adb (test for excess errors)
WARNING: gnat.dg/nat1r.adb compilation failed to produce executable
FAIL: gnat.dg/nested_controlled_alloc.adb (test for excess errors)
WARNING: gnat.dg/nested_controlled_alloc.adb compilation failed to produce executable
FAIL: gnat.dg/nested_return_test.adb (test for excess errors)
WARNING: gnat.dg/nested_return_test.adb compilation failed to produce executable
FAIL: gnat.dg/no_exc_prop.adb (test for excess errors)
FAIL: gnat.dg/no_final.adb (test for excess errors)
WARNING: gnat.dg/no_final.adb compilation failed to produce executable
FAIL: gnat.dg/not_null.adb (test for excess errors)
WARNING: gnat.dg/not_null.adb compilation failed to produce executable
FAIL: gnat.dg/outer_agg_bitfield_constructor.adb (test for excess errors)
WARNING: gnat.dg/outer_agg_bitfield_constructor.adb compilation failed to produce executable
FAIL: gnat.dg/overriding_ops.adb (test for excess errors)
FAIL: gnat.dg/pack10.adb (test for excess errors)
WARNING: gnat.dg/pack10.adb compilation failed to produce executable
FAIL: gnat.dg/pack11.adb (test for excess errors)
WARNING: gnat.dg/pack11.adb compilation failed to produce executable
FAIL: gnat.dg/pack3.adb (test for excess errors)
WARNING: gnat.dg/pack3.adb compilation failed to produce executable
FAIL: gnat.dg/pack4.adb (test for excess errors)
WARNING: gnat.dg/pack4.adb compilation failed to produce executable
FAIL: gnat.dg/packed_subtype.adb (test for excess errors)
WARNING: gnat.dg/packed_subtype.adb compilation failed to produce executable
FAIL: gnat.dg/pointer_conversion.adb (test for excess errors)
WARNING: gnat.dg/pointer_conversion.adb compilation failed to produce executable
FAIL: gnat.dg/profile_warning.adb (test for excess errors)
FAIL: gnat.dg/profile_warning_p.adb (test for excess errors)
FAIL: gnat.dg/prot1.adb (test for excess errors)
FAIL: gnat.dg/prot_def.adb (test for excess errors)
WARNING: gnat.dg/prot_def.adb compilation failed to produce executable
FAIL: gnat.dg/protected_self_ref1.adb (test for excess errors)
WARNING: gnat.dg/protected_self_ref1.adb compilation failed to produce executable
FAIL: gnat.dg/protected_self_ref2.adb (test for excess errors)
FAIL: gnat.dg/quote.adb (test for excess errors)
WARNING: gnat.dg/quote.adb compilation failed to produce executable
FAIL: gnat.dg/range_check.adb (test for excess errors)
WARNING: gnat.dg/range_check.adb compilation failed to produce executable
FAIL: gnat.dg/regpat1.adb (test for excess errors)
WARNING: gnat.dg/regpat1.adb compilation failed to produce executable
FAIL: gnat.dg/release_unc_maxalign.adb (test for excess errors)
WARNING: gnat.dg/release_unc_maxalign.adb compilation failed to produce executable
FAIL: gnat.dg/renaming2.adb (test for excess errors)
WARNING: gnat.dg/renaming2.adb compilation failed to produce executable
FAIL: gnat.dg/renaming3.adb (test for excess errors)
WARNING: gnat.dg/renaming3.adb compilation failed to produce executable
FAIL: gnat.dg/requeue1.adb (test for excess errors)
WARNING: gnat.dg/requeue1.adb compilation failed to produce executable
FAIL: gnat.dg/scalar_mode_agg_compare.adb (test for excess errors)
WARNING: gnat.dg/scalar_mode_agg_compare.adb compilation failed to produce executable
FAIL: gnat.dg/self_aggregate_with_array.adb (test for excess errors)
WARNING: gnat.dg/self_aggregate_with_array.adb compilation failed to produce executable
FAIL: gnat.dg/self_aggregate_with_call.adb (test for excess errors)
WARNING: gnat.dg/self_aggregate_with_call.adb compilation failed to produce executable
FAIL: gnat.dg/self_aggregate_with_pointer.adb (test for excess errors)
WARNING: gnat.dg/self_aggregate_with_pointer.adb compilation failed to produce executable
FAIL: gnat.dg/self_aggregate_with_zeros.adb (test for excess errors)
WARNING: gnat.dg/self_aggregate_with_zeros.adb compilation failed to produce executable
FAIL: gnat.dg/set_in_pproc.adb (test for excess errors)
FAIL: gnat.dg/sizetype.adb (test for excess errors)
WARNING: gnat.dg/sizetype.adb compilation failed to produce executable
FAIL: gnat.dg/slice3.adb (test for excess errors)
WARNING: gnat.dg/slice3.adb compilation failed to produce executable
FAIL: gnat.dg/slice4.adb (test for excess errors)
WARNING: gnat.dg/slice4.adb compilation failed to produce executable
FAIL: gnat.dg/small_alignment.adb (test for excess errors)
WARNING: gnat.dg/small_alignment.adb compilation failed to produce executable
FAIL: gnat.dg/socket1.adb (test for excess errors)
WARNING: gnat.dg/socket1.adb compilation failed to produce executable
FAIL: gnat.dg/sort2.adb (test for excess errors)
WARNING: gnat.dg/sort2.adb compilation failed to produce executable
FAIL: gnat.dg/spipaterr.adb (test for excess errors)
WARNING: gnat.dg/spipaterr.adb compilation failed to produce executable
FAIL: gnat.dg/string_slice.adb (test for excess errors)
WARNING: gnat.dg/string_slice.adb compilation failed to produce executable
FAIL: gnat.dg/sync1.adb (test for excess errors)
FAIL: gnat.dg/sync_iface_test.adb (test for excess errors)
FAIL: gnat.dg/tag1.adb (test for excess errors)
WARNING: gnat.dg/tag1.adb compilation failed to produce executable
FAIL: gnat.dg/tail_call.adb (test for excess errors)
WARNING: gnat.dg/tail_call.adb compilation failed to produce executable
FAIL: gnat.dg/task_name.adb (test for excess errors)
FAIL: gnat.dg/task_stack_align.adb (test for excess errors)
WARNING: gnat.dg/task_stack_align.adb compilation failed to produce executable
FAIL: gnat.dg/test_8bitlong_overflow.adb (test for excess errors)
WARNING: gnat.dg/test_8bitlong_overflow.adb compilation failed to produce executable
FAIL: gnat.dg/test_address_null_init.adb (test for excess errors)
WARNING: gnat.dg/test_address_null_init.adb compilation failed to produce executable
FAIL: gnat.dg/test_allocator_maxalign2.adb (test for excess errors)
WARNING: gnat.dg/test_allocator_maxalign2.adb compilation failed to produce executable
FAIL: gnat.dg/test_bounded.adb (test for excess errors)
WARNING: gnat.dg/test_bounded.adb compilation failed to produce executable
FAIL: gnat.dg/test_call.adb (test for excess errors)
FAIL: gnat.dg/test_delay.adb (test for excess errors)
WARNING: gnat.dg/test_delay.adb compilation failed to produce executable
FAIL: gnat.dg/test_direct_io.adb (test for excess errors)
WARNING: gnat.dg/test_direct_io.adb compilation failed to produce executable
FAIL: gnat.dg/test_enum_io.adb (test for excess errors)
WARNING: gnat.dg/test_enum_io.adb compilation failed to produce executable
FAIL: gnat.dg/test_fixed_io.adb (test for excess errors)
WARNING: gnat.dg/test_fixed_io.adb compilation failed to produce executable
FAIL: gnat.dg/test_iface_aggr.adb (test for excess errors)
WARNING: gnat.dg/test_iface_aggr.adb compilation failed to produce executable
FAIL: gnat.dg/test_ifaces.adb (test for excess errors)
WARNING: gnat.dg/test_ifaces.adb compilation failed to produce executable
FAIL: gnat.dg/test_image.adb (test for excess errors)
WARNING: gnat.dg/test_image.adb compilation failed to produce executable
FAIL: gnat.dg/test_image_p.adb (test for excess errors)
FAIL: gnat.dg/test_nested_subtype_byref.adb (test for excess errors)
WARNING: gnat.dg/test_nested_subtype_byref.adb compilation failed to produce executable
FAIL: gnat.dg/test_oalign.adb (test for excess errors)
WARNING: gnat.dg/test_oalign.adb compilation failed to produce executable
FAIL: gnat.dg/test_overflow_sum.adb (test for excess errors)
WARNING: gnat.dg/test_overflow_sum.adb compilation failed to produce executable
FAIL: gnat.dg/test_prefix1.adb (test for excess errors)
WARNING: gnat.dg/test_prefix1.adb compilation failed to produce executable
FAIL: gnat.dg/test_prio.adb (test for excess errors)
WARNING: gnat.dg/test_prio.adb compilation failed to produce executable
FAIL: gnat.dg/test_prio_p.adb (test for excess errors)
FAIL: gnat.dg/test_raise_from_pure.adb (test for excess errors)
WARNING: gnat.dg/test_raise_from_pure.adb compilation failed to produce executable
FAIL: gnat.dg/test_self.adb (test for excess errors)
WARNING: gnat.dg/test_self.adb compilation failed to produce executable
FAIL: gnat.dg/test_self_ref.adb (test for excess errors)
WARNING: gnat.dg/test_self_ref.adb compilation failed to produce executable
FAIL: gnat.dg/test_table1.adb (test for excess errors)
WARNING: gnat.dg/test_table1.adb compilation failed to produce executable
FAIL: gnat.dg/test_tamdt.adb (test for excess errors)
WARNING: gnat.dg/test_tamdt.adb compilation failed to produce executable
FAIL: gnat.dg/test_time_stamp.adb (test for excess errors)
WARNING: gnat.dg/test_time_stamp.adb compilation failed to produce executable
FAIL: gnat.dg/test_version.adb (test for excess errors)
WARNING: gnat.dg/test_version.adb compilation failed to produce executable
FAIL: gnat.dg/testint.adb (test for excess errors)
WARNING: gnat.dg/testint.adb compilation failed to produce executable
FAIL: gnat.dg/tfren.adb (test for excess errors)
WARNING: gnat.dg/tfren.adb compilation failed to produce executable
FAIL: gnat.dg/timing_events.adb (test for excess errors)
WARNING: gnat.dg/timing_events.adb compilation failed to produce executable
FAIL: gnat.dg/trampoline2.adb (test for excess errors)
WARNING: gnat.dg/trampoline2.adb compilation failed to produce executable
FAIL: gnat.dg/tree_static_use.adb (test for excess errors)
WARNING: gnat.dg/tree_static_use.adb compilation failed to produce executable
FAIL: gnat.dg/unc_memfree.adb (test for excess errors)
WARNING: gnat.dg/unc_memfree.adb compilation failed to produce executable
FAIL: gnat.dg/unchecked_convert1.adb (test for excess errors)
WARNING: gnat.dg/unchecked_convert1.adb compilation failed to produce executable
FAIL: gnat.dg/unchecked_convert2.adb (test for excess errors)
WARNING: gnat.dg/unchecked_convert2.adb compilation failed to produce executable
FAIL: gnat.dg/unchecked_convert3.adb (test for excess errors)
WARNING: gnat.dg/unchecked_convert3.adb compilation failed to produce executable
FAIL: gnat.dg/unchecked_union1.adb (test for excess errors)
WARNING: gnat.dg/unchecked_union1.adb compilation failed to produce executable
FAIL: gnat.dg/valid1.adb (test for excess errors)
WARNING: gnat.dg/valid1.adb compilation failed to produce executable
FAIL: gnat.dg/warn1.adb (test for excess errors)
WARNING: gnat.dg/warn1.adb compilation failed to produce executable
FAIL: gnat.dg/warn5.adb (test for excess errors)
FAIL: gnat.dg/wide_test.adb (test for excess errors)
WARNING: gnat.dg/wide_test.adb compilation failed to produce executable
FAIL: gnat.dg/specs/elab1.ads (test for excess errors)
=== gnat Summary for unix/-m32 ===
# of expected passes 287
# of unexpected failures 174
# of expected failures 6
Running target unix
=== gnat Summary for unix ===
# of expected passes 607
# of expected failures 6
=== gnat Summary ===
# of expected passes 894
# of unexpected failures 174
# of expected failures 12
=== objc tests ===
Running target unix/-m32
=== objc Summary for unix/-m32 ===
# of expected passes 1830
# of expected failures 7
# of unsupported tests 24
Running target unix
FAIL: objc/execute/forward-1.m execution, -O0 -fgnu-runtime
FAIL: objc/execute/forward-1.m execution, -O1 -fgnu-runtime
FAIL: objc/execute/forward-1.m execution, -O2 -fgnu-runtime
FAIL: objc/execute/forward-1.m execution, -O3 -fomit-frame-pointer -fgnu-runtime
FAIL: objc/execute/forward-1.m execution, -O3 -fomit-frame-pointer -funroll-loops -fgnu-runtime
FAIL: objc/execute/forward-1.m execution, -O3 -fomit-frame-pointer -funroll-all-loops -finline-functions -fgnu-runtime
FAIL: objc/execute/forward-1.m execution, -O3 -g -fgnu-runtime
FAIL: objc/execute/forward-1.m execution, -Os -fgnu-runtime
=== objc Summary for unix ===
# of expected passes 1822
# of unexpected failures 8
# of expected failures 7
# of unsupported tests 24
=== objc Summary ===
# of expected passes 3652
# of unexpected failures 8
# of expected failures 14
# of unsupported tests 48
/build/gcc/gcc/xgcc version 4.4.0 20090224 (experimental) [trunk revision 144414] (GCC)
=== libffi tests ===
Running target unix/-m32
=== libffi Summary for unix/-m32 ===
# of expected passes 1389
# of unsupported tests 10
Running target unix
=== libffi Summary for unix ===
# of expected passes 1389
# of unsupported tests 10
=== libffi Summary ===
# of expected passes 2778
# of unsupported tests 20
=== libgomp tests ===
Running target unix/-m32
=== libgomp Summary for unix/-m32 ===
# of expected passes 2346
Running target unix
=== libgomp Summary for unix ===
# of expected passes 2346
=== libgomp Summary ===
# of expected passes 4692
=== libjava tests ===
Running target unix/-m32
=== libjava Summary for unix/-m32 ===
# of expected passes 2574
Running target unix
=== libjava Summary for unix ===
# of expected passes 2574
=== libjava Summary ===
# of expected passes 5148
=== libmudflap tests ===
Running target unix/-m32
FAIL: libmudflap.c++/pass41-frag.cxx execution test
FAIL: libmudflap.c++/pass41-frag.cxx (-static) execution test
FAIL: libmudflap.c++/pass41-frag.cxx (-O2) execution test
FAIL: libmudflap.c++/pass41-frag.cxx (-O3) execution test
=== libmudflap Summary for unix/-m32 ===
# of expected passes 1890
# of unexpected failures 4
Running target unix
FAIL: libmudflap.c++/pass41-frag.cxx execution test
FAIL: libmudflap.c++/pass41-frag.cxx (-static) execution test
FAIL: libmudflap.c++/pass41-frag.cxx (-O2) execution test
FAIL: libmudflap.c++/pass41-frag.cxx (-O3) execution test
=== libmudflap Summary for unix ===
# of expected passes 1890
# of unexpected failures 4
=== libmudflap Summary ===
# of expected passes 3780
# of unexpected failures 8
=== libstdc++ tests ===
Running target unix
XPASS: 26_numerics/headers/cmath/c99_classification_macros_c.cc (test for excess errors)
=== libstdc++ Summary for unix ===
# of expected passes 6468
# of unexpected successes 1
# of expected failures 80
# of unsupported tests 15
Running target unix/-m32
XPASS: 26_numerics/headers/cmath/c99_classification_macros_c.cc (test for excess errors)
=== libstdc++ Summary for unix/-m32 ===
# of expected passes 6462
# of unexpected successes 1
# of expected failures 80
# of unsupported tests 18
=== libstdc++ Summary ===
# of expected passes 12930
# of unexpected successes 2
# of expected failures 160
# of unsupported tests 33
Compiler version: 4.4.0 20090224 (experimental) [trunk revision 144414] (GCC)
Platform: x86_64-suse-linux-gnu
configure flags: --prefix=/opt/gcc/4.4-devel --enable-checking=yes,rtl --enable-decimal-float --enable-threads=posix --enable-clocale=gnu --enable-ssp --disable-libssp --enable-libstdcxx-allocator=new --enable-__cxa_atexit --enable-shared --enable-languages=c,c++,ada,java,fortran,objc --with-system-zlib x86_64-suse-linux-gnu
Version of binutils: GNU ld (GNU Binutils; openSUSE 11.1) 2.19
Version of glibc (/lib/libc.so.6): 2.9 (20081117)
Version of glibc (/lib64/libc.so.6): 2.9 (20081117)