This is the mail archive of the
gcc-testresults@gcc.gnu.org
mailing list for the GCC project.
Results for 4.4.0 20090223 (experimental) [trunk revision 144395] (GCC) testsuite on powerpc64-unknown-linux-gnu
- From: Janis Johnson <janis187 at us dot ibm dot com>
- To: gcc-testresults at gcc dot gnu dot org
- Date: Mon, 23 Feb 2009 20:47:48 -0800
- Subject: Results for 4.4.0 20090223 (experimental) [trunk revision 144395] (GCC) testsuite on powerpc64-unknown-linux-gnu
Linux 2.6.5-7.252-pseries64 ppc64
GNU C Library stable release version 2.3.5 (20050720)
GNU ld (GNU Binutils) 2.18.50.20080905
GNU assembler (GNU Binutils) 2.18.50.20080905
GNU Make 3.80
DejaGnu:
Expect version is 5.43.0
Tcl version is 8.4
Framework version is 1.4.4
32-bit biarch default32
SVN branch: trunk
This hardware has VMX instructions.
LAST_UPDATED: Mon Feb 23 22:13:12 UTC 2009 (revision 144395)
Native configuration is powerpc64-unknown-linux-gnu
=== g++ tests ===
Running target unix/-m32
=== g++ Summary for unix/-m32 ===
# of expected passes 19854
# of expected failures 140
# of unsupported tests 130
Running target unix/-m64
FAIL: g++.dg/init/static-init1.C (test for excess errors)
=== g++ Summary for unix/-m64 ===
# of expected passes 19818
# of unexpected failures 1
# of expected failures 140
# of unsupported tests 133
=== g++ Summary ===
# of expected passes 39672
# of unexpected failures 1
# of expected failures 280
# of unsupported tests 263
/extra_space/gccbuild/build/nightly/build-gcc-trunk/gcc/testsuite/g++/../../g++ version 4.4.0 20090223 (experimental) [trunk revision 144395] (GCC)
=== gcc tests ===
Running target unix/-m32
FAIL: tmpdir-gcc.dg-struct-layout-1/t178 c_compat_x_tst.o compile
FAIL: tmpdir-gcc.dg-struct-layout-1/t178 c_compat_y_tst.o compile
FAIL: gcc.dg/and-1.c scan-assembler-not nand
FAIL: gcc.dg/memcpy-1.c scan-tree-dump-times optimized "nasty_local" 0
FAIL: gcc.dg/tree-ssa/vrp47.c scan-tree-dump-times vrp1 "[xy][^ ]* !=" 0
FAIL: gcc.dg/tree-ssa/vrp47.c scan-tree-dump-times dom1 "x[^ ]* & y" 1
=== gcc Summary for unix/-m32 ===
# of expected passes 53974
# of unexpected failures 6
# of expected failures 201
# of unsupported tests 546
Running target unix/-m64
FAIL: gcc.c-torture/execute/va-arg-trap-1.c compilation, -O2 (internal compiler error)
UNRESOLVED: gcc.c-torture/execute/va-arg-trap-1.c execution, -O2
FAIL: gcc.c-torture/execute/va-arg-trap-1.c compilation, -Os (internal compiler error)
UNRESOLVED: gcc.c-torture/execute/va-arg-trap-1.c execution, -Os
FAIL: tmpdir-gcc.dg-struct-layout-1/t178 c_compat_x_tst.o compile
FAIL: tmpdir-gcc.dg-struct-layout-1/t178 c_compat_y_tst.o compile
FAIL: gcc.dg/and-1.c scan-assembler-not nand
FAIL: gcc.dg/tree-ssa/vrp47.c scan-tree-dump-times vrp1 "[xy][^ ]* !=" 0
FAIL: gcc.dg/tree-ssa/vrp47.c scan-tree-dump-times dom1 "x[^ ]* & y" 1
FAIL: gcc.target/powerpc/ppc64-double-1.c scan-assembler-not stfd
=== gcc Summary for unix/-m64 ===
# of expected passes 53810
# of unexpected failures 8
# of expected failures 204
# of unresolved testcases 2
# of unsupported tests 614
=== gcc Summary ===
# of expected passes 107784
# of unexpected failures 14
# of expected failures 405
# of unresolved testcases 2
# of unsupported tests 1160
/extra_space/gccbuild/build/nightly/build-gcc-trunk/gcc/xgcc version 4.4.0 20090223 (experimental) [trunk revision 144395] (GCC)
=== gfortran tests ===
Running target unix/-m32
FAIL: gfortran.dg/csqrt_2.f -O0 execution test
FAIL: gfortran.dg/csqrt_2.f -O1 execution test
FAIL: gfortran.dg/csqrt_2.f -O2 execution test
FAIL: gfortran.dg/csqrt_2.f -O3 -fomit-frame-pointer execution test
FAIL: gfortran.dg/csqrt_2.f -O3 -fomit-frame-pointer -funroll-loops execution test
FAIL: gfortran.dg/csqrt_2.f -O3 -fomit-frame-pointer -funroll-all-loops -finline-functions execution test
FAIL: gfortran.dg/csqrt_2.f -O3 -g execution test
FAIL: gfortran.dg/csqrt_2.f -Os execution test
=== gfortran Summary for unix/-m32 ===
# of expected passes 28878
# of unexpected failures 8
# of expected failures 11
# of unsupported tests 256
Running target unix/-m64
FAIL: gfortran.dg/csqrt_2.f -O0 execution test
FAIL: gfortran.dg/csqrt_2.f -O1 execution test
FAIL: gfortran.dg/csqrt_2.f -O2 execution test
FAIL: gfortran.dg/csqrt_2.f -O3 -fomit-frame-pointer execution test
FAIL: gfortran.dg/csqrt_2.f -O3 -fomit-frame-pointer -funroll-loops execution test
FAIL: gfortran.dg/csqrt_2.f -O3 -fomit-frame-pointer -funroll-all-loops -finline-functions execution test
FAIL: gfortran.dg/csqrt_2.f -O3 -g execution test
FAIL: gfortran.dg/csqrt_2.f -Os execution test
=== gfortran Summary for unix/-m64 ===
# of expected passes 29027
# of unexpected failures 8
# of expected failures 11
# of unsupported tests 183
=== gfortran Summary ===
# of expected passes 57905
# of unexpected failures 16
# of expected failures 22
# of unsupported tests 439
/extra_space/gccbuild/build/nightly/build-gcc-trunk/gcc/testsuite/gfortran/../../gfortran version 4.4.0 20090223 (experimental) [trunk revision 144395] (GCC)
=== libgomp tests ===
Running target unix/-m32
=== libgomp Summary for unix/-m32 ===
# of expected passes 2346
Running target unix/-m64
=== libgomp Summary for unix/-m64 ===
# of expected passes 2346
=== libgomp Summary ===
# of expected passes 4692
=== libmudflap tests ===
Running target unix/-m32
FAIL: libmudflap.c++/pass41-frag.cxx execution test
FAIL: libmudflap.c++/pass41-frag.cxx (-static) execution test
FAIL: libmudflap.c++/pass41-frag.cxx (-O2) execution test
FAIL: libmudflap.c++/pass41-frag.cxx (-O3) execution test
WARNING: program timed out.
FAIL: libmudflap.cth/pass37-frag.c (-O3) (rerun 10) execution test
FAIL: libmudflap.cth/pass37-frag.c (-O3) (rerun 10) output pattern test
=== libmudflap Summary for unix/-m32 ===
# of expected passes 1888
# of unexpected failures 6
Running target unix/-m64
FAIL: libmudflap.c/fail27-frag.c output pattern test
FAIL: libmudflap.c/fail27-frag.c (-O2) output pattern test
FAIL: libmudflap.c/fail27-frag.c (-O3) output pattern test
FAIL: libmudflap.c++/pass41-frag.cxx execution test
FAIL: libmudflap.c++/pass41-frag.cxx (-static) execution test
FAIL: libmudflap.c++/pass41-frag.cxx (-O2) execution test
FAIL: libmudflap.c++/pass41-frag.cxx (-O3) execution test
WARNING: program timed out.
FAIL: libmudflap.cth/pass37-frag.c (rerun 1) execution test
FAIL: libmudflap.cth/pass37-frag.c (rerun 1) output pattern test
WARNING: program timed out.
FAIL: libmudflap.cth/pass37-frag.c (rerun 6) execution test
FAIL: libmudflap.cth/pass37-frag.c (rerun 6) output pattern test
WARNING: program timed out.
FAIL: libmudflap.cth/pass37-frag.c (rerun 16) execution test
FAIL: libmudflap.cth/pass37-frag.c (rerun 16) output pattern test
WARNING: program timed out.
FAIL: libmudflap.cth/pass39-frag.c (rerun 2) execution test
FAIL: libmudflap.cth/pass39-frag.c (rerun 2) output pattern test
WARNING: program timed out.
FAIL: libmudflap.cth/pass39-frag.c (rerun 5) execution test
FAIL: libmudflap.cth/pass39-frag.c (rerun 5) output pattern test
WARNING: program timed out.
FAIL: libmudflap.cth/pass39-frag.c (rerun 8) execution test
FAIL: libmudflap.cth/pass39-frag.c (rerun 8) output pattern test
WARNING: program timed out.
FAIL: libmudflap.cth/pass39-frag.c (rerun 9) execution test
FAIL: libmudflap.cth/pass39-frag.c (rerun 9) output pattern test
WARNING: program timed out.
FAIL: libmudflap.cth/pass39-frag.c (rerun 10) execution test
FAIL: libmudflap.cth/pass39-frag.c (rerun 10) output pattern test
WARNING: program timed out.
FAIL: libmudflap.cth/pass39-frag.c (rerun 11) execution test
FAIL: libmudflap.cth/pass39-frag.c (rerun 11) output pattern test
WARNING: program timed out.
FAIL: libmudflap.cth/pass39-frag.c (rerun 13) execution test
FAIL: libmudflap.cth/pass39-frag.c (rerun 13) output pattern test
WARNING: program timed out.
FAIL: libmudflap.cth/pass39-frag.c (rerun 18) execution test
WARNING: program timed out.
FAIL: libmudflap.cth/pass37-frag.c (-static -DSTATIC) execution test
FAIL: libmudflap.cth/pass37-frag.c (-static -DSTATIC) output pattern test
WARNING: program timed out.
FAIL: libmudflap.cth/pass37-frag.c (-static -DSTATIC) (rerun 7) execution test
FAIL: libmudflap.cth/pass37-frag.c (-static -DSTATIC) (rerun 7) output pattern test
WARNING: program timed out.
FAIL: libmudflap.cth/pass39-frag.c (-static -DSTATIC) (rerun 3) execution test
FAIL: libmudflap.cth/pass39-frag.c (-static -DSTATIC) (rerun 3) output pattern test
WARNING: program timed out.
FAIL: libmudflap.cth/pass37-frag.c (-O3) (rerun 5) execution test
FAIL: libmudflap.cth/pass37-frag.c (-O3) (rerun 5) output pattern test
WARNING: program timed out.
FAIL: libmudflap.cth/pass39-frag.c (-O3) (rerun 18) execution test
FAIL: libmudflap.cth/pass39-frag.c (-O3) (rerun 18) output pattern test
WARNING: program timed out.
FAIL: libmudflap.cth/pass39-frag.c (-O3) (rerun 19) execution test
FAIL: libmudflap.cth/pass39-frag.c (-O3) (rerun 19) output pattern test
=== libmudflap Summary for unix/-m64 ===
# of expected passes 1854
# of unexpected failures 40
=== libmudflap Summary ===
# of expected passes 3742
# of unexpected failures 46
=== libstdc++ tests ===
Running target unix/-m32
FAIL: abi_check
XPASS: 26_numerics/headers/cmath/c99_classification_macros_c.cc (test for excess errors)
=== libstdc++ Summary for unix/-m32 ===
# of expected passes 6467
# of unexpected successes 1
# of unexpected failures 1
# of expected failures 80
# of unsupported tests 15
Running target unix/-m64
FAIL: abi_check
XPASS: 26_numerics/complex/13450.cc execution test
XPASS: 26_numerics/complex/complex_value.cc execution test
XPASS: 26_numerics/complex/pow.cc execution test
XPASS: 26_numerics/headers/cmath/c99_classification_macros_c.cc (test for excess errors)
=== libstdc++ Summary for unix/-m64 ===
# of expected passes 6464
# of unexpected successes 4
# of unexpected failures 1
# of expected failures 80
# of unsupported tests 15
=== libstdc++ Summary ===
# of expected passes 12931
# of unexpected failures 2
# of unexpected successes 5
# of expected failures 160
# of unsupported tests 30
Compiler version: 4.4.0 20090223 (experimental) [trunk revision 144395] (GCC)
Platform: powerpc64-unknown-linux-gnu
configure flags: --prefix=/opt/gcc-nightly/trunk-20090223 --build=powerpc64-linux --host=powerpc64-linux --target=powerpc64-linux --with-cpu=default32 --with-as=/opt/gcc-nightly/binutils-20080904/bin/as --with-ld=/opt/gcc-nightly/binutils-20080904/bin/ld --enable-threads=posix --enable-shared --enable-__cxa_atexit --enable-languages=c,c++,fortran --enable-checking --disable-alsa --with-gmp=/opt/gcc-nightly/gmp-mpfr-static --with-mpfr=/opt/gcc-nightly/gmp-mpfr-static --enable-decimal-float
=== Test Framework Summary ===
# of expected passes 2531