This is the mail archive of the gcc-testresults@gcc.gnu.org mailing list for the GCC project.


Index Nav: [Date Index] [Subject Index] [Author Index] [Thread Index]
Message Nav: [Date Prev] [Date Next] [Thread Prev] [Thread Next]
Other format: [Raw text]

Results for 4.4.0 20090222 (experimental) [trunk revision 144372] (GCC) testsuite on powerpc-unknown-linux-gnu


LAST_UPDATED: Sun Feb 22 10:31:13 UTC 2009 (revision 144372)

		=== acats tests ===
FAIL:	c9a011a

		=== acats Summary ===
# of expected passes		2314
# of unexpected failures	1
Native configuration is powerpc-unknown-linux-gnu

		=== gcc tests ===


Running target unix
FAIL: gcc.dg/and-1.c scan-assembler-not nand
FAIL: gcc.dg/memcpy-1.c scan-tree-dump-times optimized "nasty_local" 0
FAIL: gcc.dg/tree-ssa/vrp47.c scan-tree-dump-times vrp1 "[xy][^ ]* !=" 0
FAIL: gcc.dg/tree-ssa/vrp47.c scan-tree-dump-times dom1 "x[^ ]* & y" 1
FAIL: gcc.target/powerpc/ppc64-double-1.c scan-assembler-not stfd

		=== gcc Summary ===

# of expected passes		53108
# of unexpected failures	5
# of expected failures		201
# of unsupported tests		547
/home/guerby/build-144372/gcc/xgcc  version 4.4.0 20090222 (experimental) [trunk revision 144372] (GCC) 

		=== gfortran tests ===


Running target unix

		=== gfortran Summary ===

# of expected passes		28886
# of expected failures		11
# of unsupported tests		256
/home/guerby/build-144372/gcc/testsuite/gfortran/../../gfortran  version 4.4.0 20090222 (experimental) [trunk revision 144372] (GCC) 

		=== g++ tests ===


Running target unix

		=== g++ Summary ===

# of expected passes		19066
# of expected failures		141
# of unsupported tests		130
/home/guerby/build-144372/gcc/testsuite/g++/../../g++  version 4.4.0 20090222 (experimental) [trunk revision 144372] (GCC) 

		=== gnat tests ===


Running target unix

		=== gnat Summary ===

# of expected passes		607
# of expected failures		6
		=== libgomp tests ===


Running target unix

		=== libgomp Summary ===

# of expected passes		2346
		=== libmudflap tests ===


Running target unix
FAIL: libmudflap.c++/pass41-frag.cxx execution test
FAIL: libmudflap.c++/pass41-frag.cxx (-static) execution test
FAIL: libmudflap.c++/pass41-frag.cxx (-O2) execution test
FAIL: libmudflap.c++/pass41-frag.cxx (-O3) execution test

		=== libmudflap Summary ===

# of expected passes		1890
# of unexpected failures	4
		=== libstdc++ tests ===


Running target unix
FAIL: abi_check
XPASS: 26_numerics/headers/cmath/c99_classification_macros_c.cc (test for excess errors)

		=== libstdc++ Summary ===

# of expected passes		5831
# of unexpected failures	1
# of unexpected successes	1
# of expected failures		80
# of unsupported tests		333

Compiler version: 4.4.0 20090222 (experimental) [trunk revision 144372] (GCC) 
Platform: powerpc-unknown-linux-gnu
configure flags: --enable-languages=c,ada,c++,fortran --enable-__cxa_atexit --enable-threads=posix --disable-nls --with-mpfr=/opt/cfarm/mpfr-2.3.2 --enable-stage1-checking=release --prefix=/n/53/guerby/install-trunk-144372


Index Nav: [Date Index] [Subject Index] [Author Index] [Thread Index]
Message Nav: [Date Prev] [Date Next] [Thread Prev] [Thread Next]