This is the mail archive of the
gcc-testresults@gcc.gnu.org
mailing list for the GCC project.
Results for 4.4.0 20090221 (experimental) [trunk revision 144359] (GCC) testsuite on i686-pc-linux-gnu
- From: hjl at gnu-31 dot sc dot intel dot com (H.J. Lu (ia32))
- To: gcc-testresults at gcc dot gnu dot org
- Date: Sat, 21 Feb 2009 13:53:03 -0800 (PST)
- Subject: Results for 4.4.0 20090221 (experimental) [trunk revision 144359] (GCC) testsuite on i686-pc-linux-gnu
LAST_UPDATED: Sat Feb 21 19:11:21 UTC 2009 (revision 144359)
Native configuration is i686-pc-linux-gnu
=== g++ tests ===
Running target unix
=== g++ Summary ===
# of expected passes 19548
# of expected failures 141
# of unsupported tests 99
/export/gnu/import/svn/gcc-test/bld/gcc/testsuite/g++/../../g++ version 4.4.0 20090221 (experimental) [trunk revision 144359] (GCC)
=== gcc tests ===
Running target unix
FAIL: gcc.target/i386/avx-set-v4di-4.c (internal compiler error)
FAIL: gcc.target/i386/avx-set-v4di-4.c (test for excess errors)
WARNING: gcc.target/i386/avx-set-v4di-4.c compilation failed to produce executable
FAIL: gcc.target/i386/avx-set-v4di-5.c (internal compiler error)
FAIL: gcc.target/i386/avx-set-v4di-5.c (test for excess errors)
WARNING: gcc.target/i386/avx-set-v4di-5.c compilation failed to produce executable
=== gcc Summary ===
# of expected passes 56489
# of unexpected failures 4
# of expected failures 187
# of unsupported tests 430
/export/gnu/import/svn/gcc-test/bld/gcc/xgcc version 4.4.0 20090221 (experimental) [trunk revision 144359] (GCC)
=== gfortran tests ===
Running target unix
=== gfortran Summary ===
# of expected passes 29194
# of expected failures 10
# of unsupported tests 97
/export/gnu/import/svn/gcc-test/bld/gcc/testsuite/gfortran/../../gfortran version 4.4.0 20090221 (experimental) [trunk revision 144359] (GCC)
=== objc tests ===
Running target unix
=== objc Summary ===
# of expected passes 1830
# of expected failures 7
# of unsupported tests 24
/export/gnu/import/svn/gcc-test/bld/gcc/xgcc version 4.4.0 20090221 (experimental) [trunk revision 144359] (GCC)
=== libffi tests ===
Running target unix
=== libffi Summary ===
# of expected passes 1389
# of unsupported tests 10
=== libgomp tests ===
Running target unix
=== libgomp Summary ===
# of expected passes 2346
=== libjava tests ===
Running target unix
=== libjava Summary ===
# of expected passes 2574
=== libmudflap tests ===
Running target unix
FAIL: libmudflap.c++/pass41-frag.cxx execution test
FAIL: libmudflap.c++/pass41-frag.cxx (-static) execution test
FAIL: libmudflap.c++/pass41-frag.cxx (-O2) execution test
FAIL: libmudflap.c++/pass41-frag.cxx (-O3) execution test
=== libmudflap Summary ===
# of expected passes 1890
# of unexpected failures 4
=== libstdc++ tests ===
Running target unix
XPASS: 26_numerics/headers/cmath/c99_classification_macros_c.cc (test for excess errors)
=== libstdc++ Summary ===
# of expected passes 6462
# of unexpected successes 1
# of expected failures 80
# of unsupported tests 18
Compiler version: 4.4.0 20090221 (experimental) [trunk revision 144359] (GCC)
Platform: i686-pc-linux-gnu
configure flags: --enable-clocale=gnu --with-system-zlib --enable-shared --with-demangler-in-ld