This is the mail archive of the gcc-testresults@gcc.gnu.org mailing list for the GCC project.


Index Nav: [Date Index] [Subject Index] [Author Index] [Thread Index]
Message Nav: [Date Prev] [Date Next] [Thread Prev] [Thread Next]
Other format: [Raw text]

Results for 4.4.0 20090216 (experimental) [trunk revision 144197] (GCC) testsuite on sh64-unknown-linux-gnu


Remote host: 2.4.23-pre3 sh64
GNU C Library version 2.2.5

LAST_UPDATED: Mon Feb 16 00:37:27 UTC 2009 (revision 144197)

Target is sh64-unknown-linux-gnu
Host   is i686-pc-linux-gnu

		=== g++ tests ===


Running target unix
WARNING: Assuming target board is the local machine (which is probably wrong).
FAIL: tmpdir-g++.dg-struct-layout-1/t024 cp_compat_x_tst.o-cp_compat_y_tst.o execute 
FAIL: g++.dg/abi/bitfield5.C  (test for warnings, line 11)
FAIL: g++.dg/eh/registers1.C execution test
FAIL: g++.dg/ext/attrib21.C (test for excess errors)
FAIL: g++.dg/ext/bitfield2.C (test for excess errors)
FAIL: g++.dg/ext/bitfield3.C (test for excess errors)
FAIL: g++.dg/ext/bitfield4.C (test for excess errors)
FAIL: g++.dg/ext/bitfield5.C (test for excess errors)
FAIL: g++.dg/ipa/iinline-1.C scan-ipa-dump inline "String::funcOne[^\\n]*inline copy in int main"
FAIL: g++.dg/torture/pr36191.C  -O3 -fomit-frame-pointer  (test for excess errors)
XPASS: g++.old-deja/g++.jason/thunk3.C execution test

		=== g++ Summary ===

# of expected passes		18788
# of unexpected failures	10
# of unexpected successes	1
# of expected failures		141
# of unsupported tests		180
/ext3/suzaku/home/kkojima/xsh-gcc-orig/gcc/testsuite/g++/../../g++  version 4.4.0 20090216 (experimental) [trunk revision 144197] (GCC) 

Host   is i686-pc-linux-gnu

		=== gcc tests ===


Running target unix
WARNING: Assuming target board is the local machine (which is probably wrong).
FAIL: gcc.c-torture/compile/limits-exprparen.c  -O0  (test for excess errors)
FAIL: gcc.c-torture/compile/limits-exprparen.c  -O1  (test for excess errors)
FAIL: gcc.c-torture/compile/limits-exprparen.c  -O2  (test for excess errors)
FAIL: gcc.c-torture/compile/limits-exprparen.c  -O3 -fomit-frame-pointer  (test for excess errors)
FAIL: gcc.c-torture/compile/limits-exprparen.c  -O3 -g  (test for excess errors)
FAIL: gcc.c-torture/compile/limits-exprparen.c  -Os  (test for excess errors)
FAIL: gcc.c-torture/execute/20050604-1.c execution,  -O0 
FAIL: gcc.c-torture/execute/20060420-1.c execution,  -O0 
FAIL: gcc.c-torture/execute/vector-2.c execution,  -O2 
FAIL: gcc.c-torture/execute/vector-2.c execution,  -O3 -g 
FAIL: gcc.c-torture/execute/vector-2.c execution,  -Os 
FAIL: gcc.dg/compat/vector-2 c_compat_x_tst.o-c_compat_y_tst.o execute 
FAIL: gcc.dg/cpp/direct2s.c -fno-show-column (test for excess errors)
FAIL: gcc.dg/20021029-1.c scan-assembler-not .data.rel.ro.local
FAIL: gcc.dg/Wpadded.c  (test for warnings, line 12)
FAIL: gcc.dg/bitfld-15.c (test for excess errors)
FAIL: gcc.dg/bitfld-16.c (test for excess errors)
FAIL: gcc.dg/bitfld-17.c (test for excess errors)
FAIL: gcc.dg/bitfld-18.c (test for excess errors)
FAIL: gcc.dg/lower-subreg-1.c scan-rtl-dump subreg1 "Splitting reg"
FAIL: gcc.dg/pack-test-5.c execution test
FAIL: gcc.dg/pr38245-3.c (internal compiler error)
FAIL: gcc.dg/pr38245-3.c (test for excess errors)
WARNING: gcc.dg/pr38245-3.c compilation failed to produce executable
FAIL: gcc.dg/sequence-pt-pr17880.c sequence point warning (test for warnings, line 50)
FAIL: gcc.dg/sequence-pt-pr17880.c (test for excess errors)
FAIL: gcc.dg/torture/pr27116.c  -O1  execution test
XPASS: gcc.dg/tree-ssa/20040204-1.c scan-tree-dump-times optimized "link_error" 0
FAIL: gcc.dg/tree-ssa/gen-vect-11c.c scan-tree-dump-times vect "vectorized 0 loops" 1
FAIL: gcc.dg/tree-ssa/loop-1.c scan-assembler-times jsr|bsrf|blink	tr?,r18 5
FAIL: gcc.dg/tree-ssa/ssa-fre-3.c scan-tree-dump fre "Replaced \\(int\\) aa_.*with a_"
FAIL: gcc.dg/tree-ssa/vrp47.c scan-tree-dump-times vrp1 "[xy][^ ]* !=" 0
FAIL: gcc.dg/tree-ssa/vrp47.c scan-tree-dump-times dom1 "x[^ ]* & y" 1
FAIL: gcc.dg/tree-ssa/vrp47.c scan-tree-dump-times vrp1 "x[^ ]* [|] y" 1

		=== gcc Summary ===

# of expected passes		48819
# of unexpected failures	32
# of unexpected successes	1
# of expected failures		127
# of unsupported tests		566
/ext3/suzaku/home/kkojima/xsh-gcc-orig/gcc/xgcc  version 4.4.0 20090216 (experimental) [trunk revision 144197] (GCC) 

Host   is i686-pc-linux-gnu

		=== gfortran tests ===


Running target unix
WARNING: Assuming target board is the local machine (which is probably wrong).
FAIL: gfortran.dg/array_constructor_8.f90  -O1  execution test
FAIL: gfortran.dg/csqrt_2.f  -O0  execution test
FAIL: gfortran.dg/csqrt_2.f  -O1  execution test
FAIL: gfortran.dg/csqrt_2.f  -O2  execution test
FAIL: gfortran.dg/csqrt_2.f  -O3 -fomit-frame-pointer  execution test
FAIL: gfortran.dg/csqrt_2.f  -O3 -fomit-frame-pointer -funroll-loops  execution test
FAIL: gfortran.dg/csqrt_2.f  -O3 -fomit-frame-pointer -funroll-all-loops -finline-functions  execution test
FAIL: gfortran.dg/csqrt_2.f  -O3 -g  execution test
FAIL: gfortran.dg/csqrt_2.f  -Os  execution test
FAIL: gfortran.dg/default_format_denormal_1.f90  -O0  execution test
FAIL: gfortran.dg/default_format_denormal_1.f90  -O1  execution test
FAIL: gfortran.dg/default_format_denormal_1.f90  -O2  execution test
FAIL: gfortran.dg/default_format_denormal_1.f90  -O3 -fomit-frame-pointer  execution test
FAIL: gfortran.dg/default_format_denormal_1.f90  -O3 -fomit-frame-pointer -funroll-loops  execution test
FAIL: gfortran.dg/default_format_denormal_1.f90  -O3 -fomit-frame-pointer -funroll-all-loops -finline-functions  execution test
FAIL: gfortran.dg/default_format_denormal_1.f90  -O3 -g  execution test
FAIL: gfortran.dg/default_format_denormal_1.f90  -Os  execution test
FAIL: gfortran.dg/dependency_3.f90  -O3 -fomit-frame-pointer -funroll-loops  execution test
FAIL: gfortran.dg/dependency_3.f90  -O3 -fomit-frame-pointer -funroll-all-loops -finline-functions  execution test
FAIL: gfortran.dg/direct_io_10.f  -O3 -fomit-frame-pointer -funroll-loops  execution test
FAIL: gfortran.dg/direct_io_10.f  -O3 -fomit-frame-pointer -funroll-all-loops -finline-functions  execution test
FAIL: gfortran.dg/f2c_2.f90  -O0  execution test
FAIL: gfortran.dg/f2c_2.f90  -O1  execution test
FAIL: gfortran.dg/f2c_2.f90  -O2  execution test
FAIL: gfortran.dg/f2c_2.f90  -O3 -fomit-frame-pointer  execution test
FAIL: gfortran.dg/f2c_2.f90  -O3 -fomit-frame-pointer -funroll-loops  execution test
FAIL: gfortran.dg/f2c_2.f90  -O3 -fomit-frame-pointer -funroll-all-loops -finline-functions  execution test
FAIL: gfortran.dg/f2c_2.f90  -O3 -g  execution test
FAIL: gfortran.dg/f2c_2.f90  -Os  execution test
FAIL: gfortran.dg/fmt_tab_1.f90  -O0  execution test
FAIL: gfortran.dg/integer_exponentiation_2.f90  -O0  execution test
FAIL: gfortran.dg/integer_exponentiation_2.f90  -O1  execution test
FAIL: gfortran.dg/integer_exponentiation_2.f90  -O2  execution test
FAIL: gfortran.dg/integer_exponentiation_2.f90  -O3 -fomit-frame-pointer  execution test
FAIL: gfortran.dg/integer_exponentiation_2.f90  -O3 -fomit-frame-pointer -funroll-loops  execution test
FAIL: gfortran.dg/integer_exponentiation_2.f90  -O3 -fomit-frame-pointer -funroll-all-loops -finline-functions  execution test
FAIL: gfortran.dg/integer_exponentiation_2.f90  -O3 -g  execution test
FAIL: gfortran.dg/integer_exponentiation_2.f90  -Os  execution test
FAIL: gfortran.dg/intrinsic_modulo_1.f90  -O3 -fomit-frame-pointer -funroll-loops  execution test
FAIL: gfortran.dg/intrinsic_modulo_1.f90  -O3 -fomit-frame-pointer -funroll-all-loops -finline-functions  execution test
FAIL: gfortran.dg/itime_idate_1.f  -O0  execution test
FAIL: gfortran.dg/itime_idate_1.f  -O1  execution test
FAIL: gfortran.dg/itime_idate_1.f  -O2  execution test
FAIL: gfortran.dg/itime_idate_1.f  -O3 -fomit-frame-pointer  execution test
FAIL: gfortran.dg/itime_idate_1.f  -O3 -fomit-frame-pointer -funroll-loops  execution test
FAIL: gfortran.dg/itime_idate_1.f  -O3 -fomit-frame-pointer -funroll-all-loops -finline-functions  execution test
FAIL: gfortran.dg/itime_idate_1.f  -O3 -g  execution test
FAIL: gfortran.dg/itime_idate_1.f  -Os  execution test
FAIL: gfortran.dg/itime_idate_2.f  -O0  execution test
FAIL: gfortran.dg/itime_idate_2.f  -O1  execution test
FAIL: gfortran.dg/itime_idate_2.f  -O2  execution test
FAIL: gfortran.dg/itime_idate_2.f  -O3 -fomit-frame-pointer  execution test
FAIL: gfortran.dg/itime_idate_2.f  -O3 -fomit-frame-pointer -funroll-loops  execution test
FAIL: gfortran.dg/itime_idate_2.f  -O3 -fomit-frame-pointer -funroll-all-loops -finline-functions  execution test
FAIL: gfortran.dg/itime_idate_2.f  -O3 -g  execution test
FAIL: gfortran.dg/itime_idate_2.f  -Os  execution test
FAIL: gfortran.dg/matmul_1.f90  -O0  execution test
FAIL: gfortran.dg/matmul_1.f90  -O1  execution test
FAIL: gfortran.dg/matmul_1.f90  -O2  execution test
FAIL: gfortran.dg/matmul_1.f90  -O3 -fomit-frame-pointer  execution test
FAIL: gfortran.dg/matmul_1.f90  -O3 -fomit-frame-pointer -funroll-loops  execution test
FAIL: gfortran.dg/matmul_1.f90  -O3 -fomit-frame-pointer -funroll-all-loops -finline-functions  execution test
FAIL: gfortran.dg/matmul_1.f90  -O3 -g  execution test
FAIL: gfortran.dg/matmul_1.f90  -Os  execution test
FAIL: gfortran.dg/matmul_bounds_3.f90  -O0  output pattern test, is , should match Fortran runtime error: Incorrect extent in return array in MATMUL intrinsic for dimension 1: is 2, should be 3
FAIL: gfortran.dg/matmul_bounds_3.f90  -O1  output pattern test, is , should match Fortran runtime error: Incorrect extent in return array in MATMUL intrinsic for dimension 1: is 2, should be 3
FAIL: gfortran.dg/matmul_bounds_3.f90  -O2  output pattern test, is , should match Fortran runtime error: Incorrect extent in return array in MATMUL intrinsic for dimension 1: is 2, should be 3
FAIL: gfortran.dg/matmul_bounds_3.f90  -O3 -fomit-frame-pointer  output pattern test, is , should match Fortran runtime error: Incorrect extent in return array in MATMUL intrinsic for dimension 1: is 2, should be 3
FAIL: gfortran.dg/matmul_bounds_3.f90  -O3 -fomit-frame-pointer -funroll-loops  output pattern test, is , should match Fortran runtime error: Incorrect extent in return array in MATMUL intrinsic for dimension 1: is 2, should be 3
FAIL: gfortran.dg/matmul_bounds_3.f90  -O3 -fomit-frame-pointer -funroll-all-loops -finline-functions  output pattern test, is , should match Fortran runtime error: Incorrect extent in return array in MATMUL intrinsic for dimension 1: is 2, should be 3
FAIL: gfortran.dg/matmul_bounds_3.f90  -O3 -g  output pattern test, is , should match Fortran runtime error: Incorrect extent in return array in MATMUL intrinsic for dimension 1: is 2, should be 3
FAIL: gfortran.dg/matmul_bounds_3.f90  -Os  output pattern test, is , should match Fortran runtime error: Incorrect extent in return array in MATMUL intrinsic for dimension 1: is 2, should be 3
FAIL: gfortran.dg/nearest_1.f90  -O0  execution test
FAIL: gfortran.dg/nearest_1.f90  -O1  execution test
FAIL: gfortran.dg/nearest_1.f90  -O2  execution test
FAIL: gfortran.dg/nearest_1.f90  -O3 -fomit-frame-pointer  execution test
FAIL: gfortran.dg/nearest_1.f90  -O3 -fomit-frame-pointer -funroll-loops  execution test
FAIL: gfortran.dg/nearest_1.f90  -O3 -fomit-frame-pointer -funroll-all-loops -finline-functions  execution test
FAIL: gfortran.dg/nearest_1.f90  -O3 -g  execution test
FAIL: gfortran.dg/nearest_1.f90  -Os  execution test
FAIL: gfortran.dg/nearest_3.f90  -O0  execution test
FAIL: gfortran.dg/nearest_3.f90  -O1  execution test
FAIL: gfortran.dg/nearest_3.f90  -O2  execution test
FAIL: gfortran.dg/nearest_3.f90  -O3 -fomit-frame-pointer  execution test
FAIL: gfortran.dg/nearest_3.f90  -O3 -fomit-frame-pointer -funroll-loops  execution test
FAIL: gfortran.dg/nearest_3.f90  -O3 -fomit-frame-pointer -funroll-all-loops -finline-functions  execution test
FAIL: gfortran.dg/nearest_3.f90  -O3 -g  execution test
FAIL: gfortran.dg/nearest_3.f90  -Os  execution test
FAIL: gfortran.dg/proc_ptr_5.f90  -O1  execution test
FAIL: gfortran.dg/proc_ptr_5.f90  -O2  execution test
FAIL: gfortran.dg/proc_ptr_5.f90  -O3 -fomit-frame-pointer  execution test
FAIL: gfortran.dg/proc_ptr_5.f90  -O3 -fomit-frame-pointer -funroll-loops  execution test
FAIL: gfortran.dg/proc_ptr_5.f90  -O3 -fomit-frame-pointer -funroll-all-loops -finline-functions  execution test
FAIL: gfortran.dg/proc_ptr_5.f90  -O3 -g  execution test
FAIL: gfortran.dg/proc_ptr_5.f90  -Os  execution test
FAIL: gfortran.dg/read_many_1.f  -O3 -g  execution test
FAIL: gfortran.dg/read_noadvance.f90  -O0  execution test
FAIL: gfortran.dg/scalarize_parameter_array_1.f90  -O3 -fomit-frame-pointer -funroll-loops  execution test
FAIL: gfortran.dg/scalarize_parameter_array_1.f90  -O3 -fomit-frame-pointer -funroll-all-loops -finline-functions  execution test
FAIL: gfortran.dg/specifics_1.f90  -O0  execution test
FAIL: gfortran.dg/specifics_1.f90  -O1  execution test
FAIL: gfortran.dg/specifics_1.f90  -O2  execution test
FAIL: gfortran.dg/specifics_1.f90  -O3 -fomit-frame-pointer  execution test
FAIL: gfortran.dg/specifics_1.f90  -O3 -fomit-frame-pointer -funroll-loops  execution test
FAIL: gfortran.dg/specifics_1.f90  -O3 -fomit-frame-pointer -funroll-all-loops -finline-functions  execution test
FAIL: gfortran.dg/specifics_1.f90  -O3 -g  execution test
FAIL: gfortran.dg/specifics_1.f90  -Os  execution test
FAIL: gfortran.dg/streamio_12.f90  -O3 -fomit-frame-pointer -funroll-loops  execution test
FAIL: gfortran.dg/streamio_5.f90  -O1  execution test
FAIL: gfortran.dg/streamio_5.f90  -O3 -fomit-frame-pointer -funroll-all-loops -finline-functions  execution test
FAIL: gfortran.dg/streamio_7.f90  -O1  execution test
FAIL: gfortran.dg/streamio_7.f90  -O3 -fomit-frame-pointer  execution test
FAIL: gfortran.dg/streamio_8.f90  -O0  execution test
FAIL: gfortran.dg/vector_subscript_5.f90  -O0  execution test
FAIL: gfortran.dg/vector_subscript_5.f90  -O1  execution test
FAIL: gfortran.dg/vector_subscript_5.f90  -O2  execution test
FAIL: gfortran.dg/vector_subscript_5.f90  -O3 -fomit-frame-pointer  execution test
FAIL: gfortran.dg/vector_subscript_5.f90  -O3 -fomit-frame-pointer -funroll-loops  execution test
FAIL: gfortran.dg/vector_subscript_5.f90  -O3 -fomit-frame-pointer -funroll-all-loops -finline-functions  execution test
FAIL: gfortran.dg/vector_subscript_5.f90  -O3 -g  execution test
FAIL: gfortran.dg/vector_subscript_5.f90  -Os  execution test
FAIL: gfortran.fortran-torture/execute/csqrt_1.f90 execution,  -O0 
FAIL: gfortran.fortran-torture/execute/csqrt_1.f90 execution,  -O1 
FAIL: gfortran.fortran-torture/execute/csqrt_1.f90 execution,  -O2 
FAIL: gfortran.fortran-torture/execute/csqrt_1.f90 execution,  -O2 -fomit-frame-pointer -finline-functions 
FAIL: gfortran.fortran-torture/execute/csqrt_1.f90 execution,  -O2 -fomit-frame-pointer -finline-functions -funroll-loops 
FAIL: gfortran.fortran-torture/execute/csqrt_1.f90 execution,  -O2 -fbounds-check 
FAIL: gfortran.fortran-torture/execute/csqrt_1.f90 execution,  -O3 -g 
FAIL: gfortran.fortran-torture/execute/csqrt_1.f90 execution,  -Os 
FAIL: gfortran.fortran-torture/execute/intrinsic_fraction_exponent.f90 execution,  -O0 
FAIL: gfortran.fortran-torture/execute/intrinsic_fraction_exponent.f90 execution,  -O1 
FAIL: gfortran.fortran-torture/execute/intrinsic_fraction_exponent.f90 execution,  -O2 
FAIL: gfortran.fortran-torture/execute/intrinsic_fraction_exponent.f90 execution,  -O2 -fomit-frame-pointer -finline-functions 
FAIL: gfortran.fortran-torture/execute/intrinsic_fraction_exponent.f90 execution,  -O2 -fomit-frame-pointer -finline-functions -funroll-loops 
FAIL: gfortran.fortran-torture/execute/intrinsic_fraction_exponent.f90 execution,  -O2 -fbounds-check 
FAIL: gfortran.fortran-torture/execute/intrinsic_fraction_exponent.f90 execution,  -O3 -g 
FAIL: gfortran.fortran-torture/execute/intrinsic_fraction_exponent.f90 execution,  -Os 
FAIL: gfortran.fortran-torture/execute/intrinsic_matmul.f90 execution,  -O0 
FAIL: gfortran.fortran-torture/execute/intrinsic_matmul.f90 execution,  -O2 
FAIL: gfortran.fortran-torture/execute/intrinsic_matmul.f90 execution,  -O2 -fomit-frame-pointer -finline-functions 
FAIL: gfortran.fortran-torture/execute/intrinsic_matmul.f90 execution,  -O2 -fomit-frame-pointer -finline-functions -funroll-loops 
FAIL: gfortran.fortran-torture/execute/intrinsic_matmul.f90 execution,  -O2 -fbounds-check 
FAIL: gfortran.fortran-torture/execute/intrinsic_matmul.f90 execution,  -O3 -g 
FAIL: gfortran.fortran-torture/execute/intrinsic_matmul.f90 execution,  -Os 
FAIL: gfortran.fortran-torture/execute/intrinsic_mod_ulo.f90 execution,  -O2 -fomit-frame-pointer -finline-functions -funroll-loops 
FAIL: gfortran.fortran-torture/execute/intrinsic_set_exponent.f90 execution,  -O0 
FAIL: gfortran.fortran-torture/execute/intrinsic_set_exponent.f90 execution,  -O1 
FAIL: gfortran.fortran-torture/execute/intrinsic_set_exponent.f90 execution,  -O2 
FAIL: gfortran.fortran-torture/execute/intrinsic_set_exponent.f90 execution,  -O2 -fomit-frame-pointer -finline-functions 
FAIL: gfortran.fortran-torture/execute/intrinsic_set_exponent.f90 execution,  -O2 -fomit-frame-pointer -finline-functions -funroll-loops 
FAIL: gfortran.fortran-torture/execute/intrinsic_set_exponent.f90 execution,  -O2 -fbounds-check 
FAIL: gfortran.fortran-torture/execute/intrinsic_set_exponent.f90 execution,  -O3 -g 
FAIL: gfortran.fortran-torture/execute/intrinsic_set_exponent.f90 execution,  -Os 
FAIL: gfortran.fortran-torture/execute/power.f90 execution,  -O0 
FAIL: gfortran.fortran-torture/execute/power.f90 execution,  -O1 
FAIL: gfortran.fortran-torture/execute/power.f90 execution,  -O2 
FAIL: gfortran.fortran-torture/execute/power.f90 execution,  -O2 -fomit-frame-pointer -finline-functions 
FAIL: gfortran.fortran-torture/execute/power.f90 execution,  -O2 -fomit-frame-pointer -finline-functions -funroll-loops 
FAIL: gfortran.fortran-torture/execute/power.f90 execution,  -O2 -fbounds-check 
FAIL: gfortran.fortran-torture/execute/power.f90 execution,  -O3 -g 
FAIL: gfortran.fortran-torture/execute/power.f90 execution,  -Os 
FAIL: gfortran.fortran-torture/execute/specifics.f90 execution,  -O0 
FAIL: gfortran.fortran-torture/execute/specifics.f90 execution,  -O1 
FAIL: gfortran.fortran-torture/execute/specifics.f90 execution,  -O2 
FAIL: gfortran.fortran-torture/execute/specifics.f90 execution,  -O2 -fomit-frame-pointer -finline-functions 
FAIL: gfortran.fortran-torture/execute/specifics.f90 execution,  -O2 -fomit-frame-pointer -finline-functions -funroll-loops 
FAIL: gfortran.fortran-torture/execute/specifics.f90 execution,  -O2 -fbounds-check 
FAIL: gfortran.fortran-torture/execute/specifics.f90 execution,  -O3 -g 
FAIL: gfortran.fortran-torture/execute/specifics.f90 execution,  -Os 

		=== gfortran Summary ===

# of expected passes		28096
# of unexpected failures	169
# of expected failures		10
# of unsupported tests		269
/ext3/suzaku/home/kkojima/xsh-gcc-orig/gcc/testsuite/gfortran/../../gfortran  version 4.4.0 20090216 (experimental) [trunk revision 144197] (GCC) 

Host   is i686-pc-linux-gnu

		=== objc tests ===


Running target unix
WARNING: Assuming target board is the local machine (which is probably wrong).
FAIL: objc/execute/bf-10.m execution,  -O0 -fgnu-runtime
FAIL: objc/execute/bf-10.m execution,  -O1 -fgnu-runtime
FAIL: objc/execute/bf-10.m execution,  -O2 -fgnu-runtime
FAIL: objc/execute/bf-10.m execution,  -O3 -fomit-frame-pointer -fgnu-runtime
FAIL: objc/execute/bf-10.m execution,  -O3 -g -fgnu-runtime
FAIL: objc/execute/bf-10.m execution,  -Os -fgnu-runtime
FAIL: objc/execute/bf-11.m execution,  -O0 -fgnu-runtime
FAIL: objc/execute/bf-11.m execution,  -O1 -fgnu-runtime
FAIL: objc/execute/bf-11.m execution,  -O2 -fgnu-runtime
FAIL: objc/execute/bf-11.m execution,  -O3 -fomit-frame-pointer -fgnu-runtime
FAIL: objc/execute/bf-11.m execution,  -O3 -g -fgnu-runtime
FAIL: objc/execute/bf-11.m execution,  -Os -fgnu-runtime
FAIL: objc/execute/bf-12.m execution,  -O0 -fgnu-runtime
FAIL: objc/execute/bf-12.m execution,  -O1 -fgnu-runtime
FAIL: objc/execute/bf-12.m execution,  -O2 -fgnu-runtime
FAIL: objc/execute/bf-12.m execution,  -O3 -fomit-frame-pointer -fgnu-runtime
FAIL: objc/execute/bf-12.m execution,  -O3 -g -fgnu-runtime
FAIL: objc/execute/bf-12.m execution,  -Os -fgnu-runtime
FAIL: objc/execute/bf-5.m execution,  -O0 -fgnu-runtime
FAIL: objc/execute/bf-5.m execution,  -O1 -fgnu-runtime
FAIL: objc/execute/bf-5.m execution,  -O2 -fgnu-runtime
FAIL: objc/execute/bf-5.m execution,  -O3 -fomit-frame-pointer -fgnu-runtime
FAIL: objc/execute/bf-5.m execution,  -O3 -g -fgnu-runtime
FAIL: objc/execute/bf-5.m execution,  -Os -fgnu-runtime
FAIL: objc/execute/bf-6.m execution,  -O0 -fgnu-runtime
FAIL: objc/execute/bf-6.m execution,  -O1 -fgnu-runtime
FAIL: objc/execute/bf-6.m execution,  -O2 -fgnu-runtime
FAIL: objc/execute/bf-6.m execution,  -O3 -fomit-frame-pointer -fgnu-runtime
FAIL: objc/execute/bf-6.m execution,  -O3 -g -fgnu-runtime
FAIL: objc/execute/bf-6.m execution,  -Os -fgnu-runtime
FAIL: objc/execute/bf-7.m execution,  -O0 -fgnu-runtime
FAIL: objc/execute/bf-7.m execution,  -O1 -fgnu-runtime
FAIL: objc/execute/bf-7.m execution,  -O2 -fgnu-runtime
FAIL: objc/execute/bf-7.m execution,  -O3 -fomit-frame-pointer -fgnu-runtime
FAIL: objc/execute/bf-7.m execution,  -O3 -g -fgnu-runtime
FAIL: objc/execute/bf-7.m execution,  -Os -fgnu-runtime
FAIL: objc/execute/bf-8.m execution,  -O0 -fgnu-runtime
FAIL: objc/execute/bf-8.m execution,  -O1 -fgnu-runtime
FAIL: objc/execute/bf-8.m execution,  -O2 -fgnu-runtime
FAIL: objc/execute/bf-8.m execution,  -O3 -fomit-frame-pointer -fgnu-runtime
FAIL: objc/execute/bf-8.m execution,  -O3 -g -fgnu-runtime
FAIL: objc/execute/bf-8.m execution,  -Os -fgnu-runtime
FAIL: objc/execute/bf-9.m execution,  -O0 -fgnu-runtime
FAIL: objc/execute/bf-9.m execution,  -O1 -fgnu-runtime
FAIL: objc/execute/bf-9.m execution,  -O2 -fgnu-runtime
FAIL: objc/execute/bf-9.m execution,  -O3 -fomit-frame-pointer -fgnu-runtime
FAIL: objc/execute/bf-9.m execution,  -O3 -g -fgnu-runtime
FAIL: objc/execute/bf-9.m execution,  -Os -fgnu-runtime
FAIL: objc/execute/forward-1.m execution,  -O0 -fgnu-runtime
FAIL: objc/execute/forward-1.m execution,  -O1 -fgnu-runtime
FAIL: objc/execute/forward-1.m execution,  -O2 -fgnu-runtime
FAIL: objc/execute/forward-1.m execution,  -O3 -fomit-frame-pointer -fgnu-runtime
FAIL: objc/execute/forward-1.m execution,  -O3 -fomit-frame-pointer -funroll-loops -fgnu-runtime
FAIL: objc/execute/forward-1.m execution,  -O3 -fomit-frame-pointer -funroll-all-loops -finline-functions -fgnu-runtime
FAIL: objc/execute/forward-1.m execution,  -O3 -g -fgnu-runtime
FAIL: objc/execute/forward-1.m execution,  -Os -fgnu-runtime
FAIL: objc.dg/bitfield-3.m  (test for warnings, line 21)
FAIL: objc.dg/bitfield-3.m  (test for warnings, line 28)
FAIL: objc.dg/bitfield-3.m  (test for warnings, line 33)
FAIL: objc.dg/bitfield-3.m  (test for warnings, line 34)
FAIL: objc.dg/bitfield-3.m execution test
FAIL: objc.dg/bitfield-5.m  (test for warnings, line 24)
FAIL: objc.dg/bitfield-5.m  (test for warnings, line 33)
FAIL: objc.dg/bitfield-5.m  (test for warnings, line 40)
FAIL: objc.dg/bitfield-5.m  (test for warnings, line 52)
FAIL: objc.dg/bitfield-5.m  (test for warnings, line 57)
FAIL: objc.dg/bitfield-5.m  (test for warnings, line 70)
FAIL: objc.dg/bitfield-5.m  (test for warnings, line 74)
FAIL: objc.dg/bitfield-5.m  (test for warnings, line 75)
FAIL: objc.dg/bitfield-5.m  (test for warnings, line 76)
FAIL: objc.dg/bitfield-5.m execution test
FAIL: objc.dg/stabs-1.m scan-assembler (.SUBSPA.*[\$]CODE[\$]|.text"?)\\n\\t.stabs.*100,0,0,([.\$])?L?L[\$]?etext[0-9]*\\n([.\$])?L?L[\$]?etext

		=== objc Summary ===

# of expected passes		1758
# of unexpected failures	72
# of expected failures		7
# of unsupported tests		24
/ext3/suzaku/home/kkojima/xsh-gcc-orig/gcc/xgcc  version 4.4.0 20090216 (experimental) [trunk revision 144197] (GCC) 

Host   is sh64-unknown-linux-gnu

		=== libmudflap tests ===


Running target unix
WARNING: Assuming target board is the local machine (which is probably wrong).
FAIL: libmudflap.c/pass47-frag.c execution test
FAIL: libmudflap.c/pass47-frag.c execution test
FAIL: libmudflap.c/pass47-frag.c (-static) execution test
FAIL: libmudflap.c/pass47-frag.c (-static) execution test
FAIL: libmudflap.c/pass47-frag.c (-O2) execution test
FAIL: libmudflap.c/pass47-frag.c (-O2) execution test
FAIL: libmudflap.c/pass47-frag.c (-O3) execution test
FAIL: libmudflap.c/pass47-frag.c (-O3) execution test
FAIL: libmudflap.c++/pass41-frag.cxx execution test
FAIL: libmudflap.c++/pass41-frag.cxx (-static) execution test
FAIL: libmudflap.c++/pass41-frag.cxx (-O2) execution test
FAIL: libmudflap.c++/pass41-frag.cxx (-O3) execution test

		=== libmudflap Summary ===

# of expected passes		1882
# of unexpected failures	12
Host   is sh64-unknown-linux-gnu

		=== libstdc++ tests ===


Running target unix
WARNING: Assuming target board is the local machine (which is probably wrong).
FAIL: 20_util/shared_ptr/thread/default_weaktoshared.cc execution test
FAIL: 20_util/shared_ptr/thread/mutex_weaktoshared.cc execution test
FAIL: 25_algorithms/rotate/1.cc execution test
FAIL: 25_algorithms/rotate/moveable.cc execution test
FAIL: 26_numerics/complex/13450.cc execution test
XPASS: 26_numerics/headers/cmath/c99_classification_macros_c.cc (test for excess errors)
FAIL: 27_io/basic_filebuf/close/char/4879.cc execution test
FAIL: 27_io/basic_filebuf/close/char/9964.cc execution test
FAIL: 27_io/basic_filebuf/seekoff/char/26777.cc execution test
FAIL: 27_io/basic_filebuf/underflow/char/10097.cc execution test
FAIL: 27_io/fpos/14775.cc execution test
FAIL: 27_io/objects/char/7.cc execution test
FAIL: 27_io/objects/char/9661-1.cc execution test
FAIL: 27_io/objects/wchar_t/7.cc execution test
FAIL: 27_io/objects/wchar_t/9661-1.cc execution test
FAIL: 30_threads/call_once/call_once1.cc (test for excess errors)
WARNING: 30_threads/call_once/call_once1.cc compilation failed to produce executable
FAIL: ext/pb_ds/example/priority_queue_split_join.cc execution test
FAIL: thread/18185.cc execution test
FAIL: tr1/2_general_utilities/shared_ptr/thread/default_weaktoshared.cc execution test
FAIL: tr1/2_general_utilities/shared_ptr/thread/mutex_weaktoshared.cc execution test

		=== libstdc++ Summary ===

# of expected passes		5801
# of unexpected failures	19
# of unexpected successes	1
# of expected failures		80
# of unsupported tests		338

Compiler version: 4.4.0 20090216 (experimental) [trunk revision 144197] (GCC) 
Platform: sh64-unknown-linux-gnu
configure flags: --host=i686-pc-linux-gnu --target=sh64-unknown-linux-gnu --enable-shared --enable-threads --with-ld=/usr/local/bin/sh64-unknown-linux-gnu-ld --with-sysroot=/ext3/suzaku/ --disable-multilib --disable-libgomp --enable-languages=c,c++,fortran,objc


Index Nav: [Date Index] [Subject Index] [Author Index] [Thread Index]
Message Nav: [Date Prev] [Date Next] [Thread Prev] [Thread Next]