This is the mail archive of the
gcc-testresults@gcc.gnu.org
mailing list for the GCC project.
Results for 4.4.0 20090212 (experimental) (GCC) testsuite on ia64-hp-hpux11.23
- From: Steve Ellcey <sje at cup dot hp dot com>
- To: gcc-testresults at gcc dot gnu dot org
- Date: Thu, 12 Feb 2009 05:17:34 -0800 (PST)
- Subject: Results for 4.4.0 20090212 (experimental) (GCC) testsuite on ia64-hp-hpux11.23
LAST_UPDATED:
Native configuration is ia64-hp-hpux11.23
=== g++ tests ===
Running target unix/-mlp64
=== g++ Summary for unix/-mlp64 ===
# of expected passes 18107
# of expected failures 147
# of unsupported tests 179
Running target unix/-milp32
=== g++ Summary for unix/-milp32 ===
# of expected passes 18141
# of expected failures 147
# of unsupported tests 177
=== g++ Summary ===
# of expected passes 36248
# of expected failures 294
# of unsupported tests 356
/proj/opensrc_nobackup/nightly2/build-ia64-hp-hpux11.23-trunk/obj_gcc/gcc/testsuite/g++/../../g++ version 4.4.0 20090212 (experimental) (GCC)
=== gcc tests ===
Running target unix/-mlp64
XPASS: gcc.c-torture/compile/pr11832.c -O3 -fomit-frame-pointer (test for excess errors)
XPASS: gcc.c-torture/compile/pr11832.c -O3 -fomit-frame-pointer -funroll-loops (test for excess errors)
XPASS: gcc.c-torture/compile/pr11832.c -O3 -fomit-frame-pointer -funroll-all-loops -finline-functions (test for excess errors)
XPASS: gcc.c-torture/compile/pr11832.c -O3 -g (test for excess errors)
XPASS: gcc.c-torture/compile/pr11832.c -Os (test for excess errors)
XPASS: gcc.c-torture/compile/pr33009.c -O1 (test for excess errors)
XPASS: gcc.c-torture/compile/pr33009.c -O2 (test for excess errors)
XPASS: gcc.c-torture/compile/pr33009.c -O3 -fomit-frame-pointer (test for excess errors)
XPASS: gcc.c-torture/compile/pr33009.c -O3 -fomit-frame-pointer -funroll-loops (test for excess errors)
XPASS: gcc.c-torture/compile/pr33009.c -O3 -fomit-frame-pointer -funroll-all-loops -finline-functions (test for excess errors)
XPASS: gcc.c-torture/compile/pr33009.c -O3 -g (test for excess errors)
XPASS: gcc.c-torture/compile/pr33009.c -Os (test for excess errors)
FAIL: gcc.dg/builtin-apply4.c execution test
FAIL: gcc.dg/pr37106-1.c (internal compiler error)
FAIL: gcc.dg/pr37106-1.c (test for excess errors)
XPASS: gcc.dg/torture/fp-int-convert-timode.c -O0 execution test
XPASS: gcc.dg/torture/fp-int-convert-timode.c -O1 execution test
XPASS: gcc.dg/torture/fp-int-convert-timode.c -O2 execution test
XPASS: gcc.dg/torture/fp-int-convert-timode.c -O3 -fomit-frame-pointer execution test
XPASS: gcc.dg/torture/fp-int-convert-timode.c -O3 -g execution test
XPASS: gcc.dg/torture/fp-int-convert-timode.c -Os execution test
=== gcc Summary for unix/-mlp64 ===
# of expected passes 49178
# of unexpected failures 3
# of unexpected successes 18
# of expected failures 247
# of unsupported tests 530
Running target unix/-milp32
XPASS: gcc.c-torture/compile/pr11832.c -O3 -fomit-frame-pointer (test for excess errors)
XPASS: gcc.c-torture/compile/pr11832.c -O3 -fomit-frame-pointer -funroll-loops (test for excess errors)
XPASS: gcc.c-torture/compile/pr11832.c -O3 -fomit-frame-pointer -funroll-all-loops -finline-functions (test for excess errors)
XPASS: gcc.c-torture/compile/pr11832.c -O3 -g (test for excess errors)
XPASS: gcc.c-torture/compile/pr11832.c -Os (test for excess errors)
XPASS: gcc.c-torture/compile/pr33009.c -O1 (test for excess errors)
XPASS: gcc.c-torture/compile/pr33009.c -O2 (test for excess errors)
XPASS: gcc.c-torture/compile/pr33009.c -O3 -fomit-frame-pointer (test for excess errors)
XPASS: gcc.c-torture/compile/pr33009.c -O3 -g (test for excess errors)
XPASS: gcc.c-torture/compile/pr33009.c -Os (test for excess errors)
FAIL: gcc.dg/builtin-apply4.c execution test
FAIL: gcc.dg/pr37106-1.c (internal compiler error)
FAIL: gcc.dg/pr37106-1.c (test for excess errors)
FAIL: gcc.dg/var-expand1.c scan-rtl-dump loop2_unroll "Expanding Accumulator"
=== gcc Summary for unix/-milp32 ===
# of expected passes 49169
# of unexpected failures 4
# of unexpected successes 10
# of expected failures 248
# of unsupported tests 540
=== gcc Summary ===
# of expected passes 98347
# of unexpected failures 7
# of unexpected successes 28
# of expected failures 495
# of unsupported tests 1070
/proj/opensrc_nobackup/nightly2/build-ia64-hp-hpux11.23-trunk/obj_gcc/gcc/xgcc version 4.4.0 20090212 (experimental) (GCC)
=== gfortran tests ===
Running target unix/-mlp64
=== gfortran Summary for unix/-mlp64 ===
# of expected passes 29230
# of expected failures 18
# of unsupported tests 44
Running target unix/-milp32
=== gfortran Summary for unix/-milp32 ===
# of expected passes 29230
# of expected failures 18
# of unsupported tests 44
=== gfortran Summary ===
# of expected passes 58460
# of expected failures 36
# of unsupported tests 88
/proj/opensrc_nobackup/nightly2/build-ia64-hp-hpux11.23-trunk/obj_gcc/gcc/testsuite/gfortran/../../gfortran version 4.4.0 20090212 (experimental) (GCC)
=== libgomp tests ===
Running target unix/-mlp64
=== libgomp Summary for unix/-mlp64 ===
# of expected passes 2342
# of unsupported tests 2
Running target unix/-milp32
=== libgomp Summary for unix/-milp32 ===
# of expected passes 2342
# of unsupported tests 2
=== libgomp Summary ===
# of expected passes 4684
# of unsupported tests 4
=== libstdc++ tests ===
Running target unix/-mlp64
XPASS: 22_locale/collate/hash/char/1.cc (test for excess errors)
XPASS: 22_locale/collate/requirements/base_classes.cc (test for excess errors)
XPASS: 22_locale/collate/transform/wchar_t/28277.cc (test for excess errors)
XPASS: 22_locale/collate_byname/requirements/base_classes.cc (test for excess errors)
FAIL: ext/codecvt/wchar_t.cc execution test
=== libstdc++ Summary for unix/-mlp64 ===
# of expected passes 5388
# of unexpected failures 1
# of unexpected successes 4
# of expected failures 72
# of unsupported tests 556
Running target unix/-milp32
XPASS: 22_locale/collate/hash/char/1.cc (test for excess errors)
XPASS: 22_locale/collate/requirements/base_classes.cc (test for excess errors)
XPASS: 22_locale/collate/transform/wchar_t/28277.cc (test for excess errors)
XPASS: 22_locale/collate_byname/requirements/base_classes.cc (test for excess errors)
FAIL: ext/codecvt/wchar_t.cc execution test
=== libstdc++ Summary for unix/-milp32 ===
# of expected passes 5388
# of unexpected failures 1
# of unexpected successes 4
# of expected failures 72
# of unsupported tests 556
=== libstdc++ Summary ===
# of expected passes 10776
# of unexpected failures 2
# of unexpected successes 8
# of expected failures 144
# of unsupported tests 1112
Compiler version: 4.4.0 20090212 (experimental) (GCC)
Platform: ia64-hp-hpux11.23
configure flags: --host=ia64-hp-hpux11.23 --build=ia64-hp-hpux11.23 --prefix=/proj/opensrc/nightly2/gcc-ia64-hp-hpux11.23-trunk --with-local-prefix=/proj/opensrc/nightly2/gcc-ia64-hp-hpux11.23-trunk --disable-nls --with-gmp=/proj/opensrc/be/ia64-hp-hpux11.23 --with-mpfr=/proj/opensrc/be/ia64-hp-hpux11.23 --enable-libunwind-exceptions --enable-languages=c,c++,fortran