This is the mail archive of the gcc-testresults@gcc.gnu.org mailing list for the GCC project.


Index Nav: [Date Index] [Subject Index] [Author Index] [Thread Index]
Message Nav: [Date Prev] [Date Next] [Thread Prev] [Thread Next]
Other format: [Raw text]

Results for 4.4.0 20090209 (experimental) [ revision ] (GCC) testsuite on alphaev56-unknown-linux-gnu


LAST_UPDATED: lundi 9 février 2009, 07:41:00 (UTC+0000) (revision )

Native configuration is alphaev56-unknown-linux-gnu

		=== libgomp tests ===


Running target unix

		=== libgomp Summary ===

# of expected passes		2345
		=== libmudflap tests ===


Running target unix
FAIL: libmudflap.c++/pass41-frag.cxx execution test
FAIL: libmudflap.c++/pass41-frag.cxx (-static) execution test
FAIL: libmudflap.c++/pass41-frag.cxx (-O2) execution test
FAIL: libmudflap.c++/pass41-frag.cxx (-O3) execution test

		=== libmudflap Summary ===

# of expected passes		1890
# of unexpected failures	4
		=== libstdc++ tests ===


Running target unix
FAIL: 22_locale/time_get/get_date/wchar_t/4.cc execution test
XPASS: 26_numerics/headers/cmath/c99_classification_macros_c.cc (test for excess errors)

		=== libstdc++ Summary ===

# of expected passes		6437
# of unexpected failures	1
# of unexpected successes	1
# of expected failures		80
# of unsupported tests		15
		=== gcc tests ===


Running target unix
FAIL: gcc.dg/cleanup-10.c execution test
FAIL: gcc.dg/cleanup-11.c execution test
FAIL: gcc.dg/cleanup-8.c execution test
FAIL: gcc.dg/cleanup-9.c execution test

		=== gcc Summary ===

# of expected passes		48984
# of unexpected failures	4
# of expected failures		129
# of unsupported tests		496
/home/uros/gcc-build/gcc/xgcc  version 4.4.0 20090209 (experimental) [ revision ] (GCC) 

		=== gfortran tests ===


Running target unix

		=== gfortran Summary ===

# of expected passes		28728
# of expected failures		18
# of unsupported tests		45
/home/uros/gcc-build/gcc/testsuite/gfortran/../../gfortran  version 4.4.0 20090209 (experimental) [ revision ] (GCC) 

		=== g++ tests ===


Running target unix
FAIL: g++.dg/ext/cleanup-10.C execution test
FAIL: g++.dg/ext/cleanup-11.C execution test
FAIL: g++.dg/ext/cleanup-8.C execution test
FAIL: g++.dg/ext/cleanup-9.C execution test

		=== g++ Summary ===

# of expected passes		18866
# of unexpected failures	4
# of expected failures		141
# of unsupported tests		157
/home/uros/gcc-build/gcc/testsuite/g++/../../g++  version 4.4.0 20090209 (experimental) [ revision ] (GCC) 


Compiler version: 4.4.0 20090209 (experimental) [ revision ] (GCC) 
Platform: alphaev56-unknown-linux-gnu
configure flags: --enable-languages=c,c++,fortran
BOOT_CFLAGS=-g -O2


Index Nav: [Date Index] [Subject Index] [Author Index] [Thread Index]
Message Nav: [Date Prev] [Date Next] [Thread Prev] [Thread Next]