This is the mail archive of the gcc-testresults@gcc.gnu.org mailing list for the GCC project.


Index Nav: [Date Index] [Subject Index] [Author Index] [Thread Index]
Message Nav: [Date Prev] [Date Next] [Thread Prev] [Thread Next]
Other format: [Raw text]

Results for 4.3.4 20090211 (prerelease) [gcc-4_3-branch revision 144096] (GCC) testsuite on m68k-unknown-linux-gnu


LAST_UPDATED: Wed Feb 11 17:23:23 UTC 2009 (revision 144096)

Target is m68k-unknown-linux-gnu
Host   is ia64-suse-linux-gnu

		=== g++ tests ===


Running target aranym

		=== g++ Summary ===

# of expected passes		17508
# of expected failures		82
# of unsupported tests		166
/usr/local/gcc/4.3/gcc-20090211/Build/gcc/testsuite/g++/../../g++  version 4.3.4 20090211 (prerelease) [gcc-4_3-branch revision 144096] (GCC) 

Host   is ia64-suse-linux-gnu

		=== gcc tests ===


Running target aranym
WARNING: program timed out.
FAIL: gcc.c-torture/compile/limits-externalid.c  -O3 -g  (test for excess errors)
FAIL: gcc.c-torture/execute/20040831-1.c execution,  -O0 
FAIL: gcc.c-torture/execute/990127-2.c execution,  -O2 
FAIL: gcc.c-torture/execute/990127-2.c execution,  -Os 
FAIL: gcc.c-torture/execute/conversion.c execution,  -O0 
FAIL: gcc.c-torture/execute/conversion.c execution,  -O1 
FAIL: gcc.c-torture/execute/ieee/compare-fp-1.c execution,  -O0 
FAIL: gcc.c-torture/execute/ieee/compare-fp-1.c execution,  -O1 
FAIL: gcc.c-torture/execute/ieee/compare-fp-1.c execution,  -O2 
FAIL: gcc.c-torture/execute/ieee/compare-fp-1.c execution,  -Os 
FAIL: gcc.c-torture/execute/ieee/compare-fp-4.c execution,  -O0 
FAIL: gcc.c-torture/execute/ieee/compare-fp-4.c execution,  -O1 
FAIL: gcc.c-torture/execute/ieee/compare-fp-4.c execution,  -O2 
FAIL: gcc.c-torture/execute/ieee/compare-fp-4.c execution,  -Os 
FAIL: gcc.c-torture/execute/ieee/copysign1.c execution,  -O0 
FAIL: gcc.c-torture/execute/ieee/copysign1.c execution,  -O1 
FAIL: gcc.c-torture/execute/ieee/copysign1.c execution,  -O2 
FAIL: gcc.c-torture/execute/ieee/copysign1.c execution,  -O3 -fomit-frame-pointer 
FAIL: gcc.c-torture/execute/ieee/copysign1.c execution,  -O3 -fomit-frame-pointer -funroll-loops 
FAIL: gcc.c-torture/execute/ieee/copysign1.c execution,  -O3 -fomit-frame-pointer -funroll-all-loops -finline-functions 
FAIL: gcc.c-torture/execute/ieee/copysign1.c execution,  -O3 -g 
FAIL: gcc.c-torture/execute/ieee/copysign1.c execution,  -Os 
FAIL: gcc.c-torture/execute/ieee/copysign2.c execution,  -O0 
FAIL: gcc.c-torture/execute/ieee/copysign2.c execution,  -O1 
FAIL: gcc.c-torture/execute/ieee/copysign2.c execution,  -O2 
FAIL: gcc.c-torture/execute/ieee/copysign2.c execution,  -O3 -fomit-frame-pointer 
FAIL: gcc.c-torture/execute/ieee/copysign2.c execution,  -O3 -fomit-frame-pointer -funroll-loops 
FAIL: gcc.c-torture/execute/ieee/copysign2.c execution,  -O3 -fomit-frame-pointer -funroll-all-loops -finline-functions 
FAIL: gcc.c-torture/execute/ieee/copysign2.c execution,  -O3 -g 
FAIL: gcc.c-torture/execute/ieee/copysign2.c execution,  -Os 
FAIL: gcc.dg/compat/struct-by-value-16 c_compat_x_tst.o-c_compat_y_tst.o execute 
FAIL: tmpdir-gcc.dg-struct-layout-1/t007 c_compat_x_tst.o-c_compat_y_tst.o execute 
FAIL: tmpdir-gcc.dg-struct-layout-1/t026 c_compat_x_tst.o-c_compat_y_tst.o execute 
FAIL: tmpdir-gcc.dg-struct-layout-1/t027 c_compat_x_tst.o-c_compat_y_tst.o execute 
FAIL: gcc.dg/pr37544.c execution test
FAIL: gcc.dg/torture/fp-int-convert-double.c  -O0  execution test
FAIL: gcc.dg/torture/fp-int-convert-double.c  -O1  execution test
FAIL: gcc.dg/torture/fp-int-convert-double.c  -O2  execution test
FAIL: gcc.dg/torture/fp-int-convert-double.c  -O3 -fomit-frame-pointer  execution test
FAIL: gcc.dg/torture/fp-int-convert-double.c  -O3 -g  execution test
FAIL: gcc.dg/torture/fp-int-convert-double.c  -Os  execution test
FAIL: gcc.dg/torture/fp-int-convert-float.c  -O0  execution test
FAIL: gcc.dg/torture/fp-int-convert-float.c  -O1  execution test
FAIL: gcc.dg/torture/fp-int-convert-float.c  -O2  execution test
FAIL: gcc.dg/torture/fp-int-convert-float.c  -O3 -fomit-frame-pointer  execution test
FAIL: gcc.dg/torture/fp-int-convert-float.c  -O3 -g  execution test
FAIL: gcc.dg/torture/fp-int-convert-float.c  -Os  execution test
FAIL: gcc.dg/torture/fp-int-convert-long-double.c  -O0  execution test
FAIL: gcc.dg/torture/fp-int-convert-long-double.c  -O1  execution test
FAIL: gcc.dg/torture/fp-int-convert-long-double.c  -O2  execution test
FAIL: gcc.dg/torture/fp-int-convert-long-double.c  -O3 -fomit-frame-pointer  execution test
FAIL: gcc.dg/torture/fp-int-convert-long-double.c  -O3 -g  execution test
FAIL: gcc.dg/torture/fp-int-convert-long-double.c  -Os  execution test
FAIL: gcc.dg/torture/fp-int-convert-timode.c  -O0  execution test
FAIL: gcc.dg/torture/fp-int-convert-timode.c  -O1  execution test
FAIL: gcc.dg/torture/fp-int-convert-timode.c  -O2  execution test
FAIL: gcc.dg/torture/fp-int-convert-timode.c  -O3 -fomit-frame-pointer  execution test
FAIL: gcc.dg/torture/fp-int-convert-timode.c  -O3 -g  execution test
FAIL: gcc.dg/torture/fp-int-convert-timode.c  -Os  execution test
XPASS: gcc.dg/tree-ssa/20040204-1.c scan-tree-dump-times optimized "link_error" 0

		=== gcc Summary ===

# of expected passes		46150
# of unexpected failures	59
# of unexpected successes	1
# of expected failures		91
# of untested testcases		35
# of unsupported tests		379
/usr/local/gcc/4.3/gcc-20090211/Build/gcc/xgcc  version 4.3.4 20090211 (prerelease) [gcc-4_3-branch revision 144096] (GCC) 

Host   is m68k-unknown-linux-gnu

		=== libgomp tests ===


Running target aranym
FAIL: libgomp.c/autopar-1.c execution test

		=== libgomp Summary ===

# of expected passes		569
# of unexpected failures	1
# of unsupported tests		16
Host   is m68k-unknown-linux-gnu

		=== libstdc++ tests ===


Running target aranym
FAIL: 22_locale/time_get/get_date/wchar_t/4.cc execution test
XPASS: 26_numerics/headers/cmath/c99_classification_macros_c.cc (test for excess errors)
FAIL: tr1/5_numerical_facilities/special_functions/14_ellint_3/check_value.cc execution test
FAIL: tr1/5_numerical_facilities/special_functions/17_hyperg/check_value.cc execution test

		=== libstdc++ Summary ===

# of expected passes		5542
# of unexpected failures	3
# of unexpected successes	1
# of expected failures		59
# of unsupported tests		25

Compiler version: 4.3.4 20090211 (prerelease) [gcc-4_3-branch revision 144096] (GCC) 
Platform: m68k-unknown-linux-gnu
configure flags: --prefix=/usr --build=ia64-suse-linux --host=ia64-suse-linux --enable-shared --enable-threads --enable-__cxa_atexit --with-system-zlib --target=m68k-linux --with-sysroot=/usr/local/m68k-linux/m68k-linux/sys-root --disable-multilib --enable-clocale=gnu --disable-libmudflap --enable-languages=c,c++


Index Nav: [Date Index] [Subject Index] [Author Index] [Thread Index]
Message Nav: [Date Prev] [Date Next] [Thread Prev] [Thread Next]