This is the mail archive of the
gcc-testresults@gcc.gnu.org
mailing list for the GCC project.
Results for 4.4.0 20090208 (experimental) (GCC) testsuite on powerpc64-unknown-linux-gnu
- From: Diego Novillo <dnovillo at acm dot org>
- To: gcc-testresults at gcc dot gnu dot org
- Date: Sun, 8 Feb 2009 04:18:14 -0500
- Subject: Results for 4.4.0 20090208 (experimental) (GCC) testsuite on powerpc64-unknown-linux-gnu
LAST_UPDATED:
Native configuration is powerpc64-unknown-linux-gnu
=== g++ tests ===
Running target unix
=== g++ Summary ===
# of expected passes 19004
# of expected failures 141
# of unsupported tests 132
/home/dnovillo/perf/sbox/gcc/local.ppc64/bld/gcc/testsuite/g++/../../g++ version 4.4.0 20090208 (experimental) (GCC)
=== gcc tests ===
Running target unix
FAIL: gcc.dg/and-1.c scan-assembler-not nand
FAIL: gcc.dg/tree-ssa/vrp47.c scan-tree-dump-times vrp1 "[xy][^ ]* !=" 0
FAIL: gcc.dg/tree-ssa/vrp47.c scan-tree-dump-times dom1 "x[^ ]* & y" 1
FAIL: gcc.target/powerpc/dfp-dd.c scan-assembler dadd
FAIL: gcc.target/powerpc/dfp-dd.c scan-assembler ddiv
FAIL: gcc.target/powerpc/dfp-dd.c scan-assembler dmul
FAIL: gcc.target/powerpc/dfp-dd.c scan-assembler dsub
FAIL: gcc.target/powerpc/dfp-dd.c scan-assembler-times dcmpu 6
FAIL: gcc.target/powerpc/dfp-dd.c scan-assembler-times dctfix 2
FAIL: gcc.target/powerpc/dfp-dd.c scan-assembler-times drintn 2
FAIL: gcc.target/powerpc/dfp-dd.c scan-assembler-times dcffixq 2
FAIL: gcc.target/powerpc/dfp-td.c scan-assembler daddq
FAIL: gcc.target/powerpc/dfp-td.c scan-assembler ddivq
FAIL: gcc.target/powerpc/dfp-td.c scan-assembler dmulq
FAIL: gcc.target/powerpc/dfp-td.c scan-assembler dsubq
FAIL: gcc.target/powerpc/dfp-td.c scan-assembler-times dcmpuq 6
FAIL: gcc.target/powerpc/dfp-td.c scan-assembler-times dctfixq 2
FAIL: gcc.target/powerpc/dfp-td.c scan-assembler-times drintnq 2
FAIL: gcc.target/powerpc/dfp-td.c scan-assembler-times dcffixq 2
FAIL: gcc.target/powerpc/ppc64-double-1.c scan-assembler-not stfd
FAIL: gcc.target/powerpc/ppu-intrinsics.c (test for excess errors)
=== gcc Summary ===
# of expected passes 52746
# of unexpected failures 21
# of expected failures 204
# of unsupported tests 608
/home/dnovillo/perf/sbox/gcc/local.ppc64/bld/gcc/xgcc version 4.4.0 20090208 (experimental) (GCC)
=== gfortran tests ===
Running target unix
=== gfortran Summary ===
# of expected passes 29256
# of expected failures 35
# of unsupported tests 45
/home/dnovillo/perf/sbox/gcc/local.ppc64/bld/gcc/testsuite/gfortran/../../gfortran version 4.4.0 20090208 (experimental) (GCC)
=== obj-c++ tests ===
Running target unix
XPASS: obj-c++.dg/comp-types-10.mm (test for excess errors)
WARNING: obj-c++.dg/lookup-2.mm compilation failed to produce executable
WARNING: obj-c++.dg/try-catch-2.mm compilation failed to produce executable
WARNING: obj-c++.dg/try-catch-9.mm compilation failed to produce executable
=== obj-c++ Summary ===
# of expected passes 425
# of unexpected successes 1
# of expected failures 20
# of unsupported tests 13
/home/dnovillo/perf/sbox/gcc/local.ppc64/bld/gcc/testsuite/obj-c++/../../g++ version 4.4.0 20090208 (experimental) (GCC)
=== objc tests ===
Running target unix
FAIL: objc/execute/forward-1.m execution, -O0 -fgnu-runtime
FAIL: objc/execute/forward-1.m execution, -O1 -fgnu-runtime
FAIL: objc/execute/forward-1.m execution, -O2 -fgnu-runtime
FAIL: objc/execute/forward-1.m execution, -O3 -fomit-frame-pointer -fgnu-runtime
FAIL: objc/execute/forward-1.m execution, -O3 -fomit-frame-pointer -funroll-loops -fgnu-runtime
FAIL: objc/execute/forward-1.m execution, -O3 -fomit-frame-pointer -funroll-all-loops -finline-functions -fgnu-runtime
FAIL: objc/execute/forward-1.m execution, -O3 -g -fgnu-runtime
FAIL: objc/execute/forward-1.m execution, -Os -fgnu-runtime
=== objc Summary ===
# of expected passes 1822
# of unexpected failures 8
# of expected failures 7
# of unsupported tests 24
/home/dnovillo/perf/sbox/gcc/local.ppc64/bld/gcc/xgcc version 4.4.0 20090208 (experimental) (GCC)
=== libgomp tests ===
Running target unix
=== libgomp Summary ===
# of expected passes 2345
=== libmudflap tests ===
Running target unix
FAIL: libmudflap.c/fail27-frag.c output pattern test
FAIL: libmudflap.c/fail27-frag.c (-static) output pattern test
FAIL: libmudflap.c/fail27-frag.c (-O2) output pattern test
FAIL: libmudflap.c/fail27-frag.c (-O3) output pattern test
FAIL: libmudflap.c++/pass41-frag.cxx execution test
FAIL: libmudflap.c++/pass41-frag.cxx (-static) execution test
FAIL: libmudflap.c++/pass41-frag.cxx (-O2) execution test
FAIL: libmudflap.c++/pass41-frag.cxx (-O3) execution test
=== libmudflap Summary ===
# of expected passes 1886
# of unexpected failures 8
=== libstdc++ tests ===
Running target unix
XPASS: 26_numerics/complex/13450.cc execution test
XPASS: 26_numerics/complex/complex_value.cc execution test
XPASS: 26_numerics/complex/pow.cc execution test
XPASS: 26_numerics/headers/cmath/c99_classification_macros_c.cc (test for excess errors)
=== libstdc++ Summary ===
# of expected passes 6429
# of unexpected successes 4
# of expected failures 80
# of unsupported tests 15
Compiler version: 4.4.0 20090208 (experimental) (GCC)
Platform: powerpc64-unknown-linux-gnu
configure flags: --prefix=/home/dnovillo/perf/sbox/gcc/local.ppc64/inst --srcdir=/home/dnovillo/perf/sbox/gcc/local.ppc64/src --enable-languages=c++,fortran,objc,obj-c++ --with-gmp=/home/dnovillo/ppc64 --with-mpfr=/home/dnovillo/ppc64 --enable-checking=release