This is the mail archive of the gcc-testresults@gcc.gnu.org mailing list for the GCC project.


Index Nav: [Date Index] [Subject Index] [Author Index] [Thread Index]
Message Nav: [Date Prev] [Date Next] [Thread Prev] [Thread Next]
Other format: [Raw text]

Results for 4.4.0 20090204 (experimental) [trunk revision 143942] (GCC) testsuite on mipsel-unknown-linux-gnu


LAST_UPDATED: Wed Feb  4 21:48:32 UTC 2009 (revision 143942)

		=== acats tests ===
FAIL:	c94020a
FAIL:	c974008
FAIL:	c974009
FAIL:	c9a009c
FAIL:	c9a009g
FAIL:	cxf3a01

		=== acats Summary ===
# of expected passes		2309
# of unexpected failures	6
Native configuration is mipsel-unknown-linux-gnu

		=== gcc tests ===


Running target unix
WARNING: program timed out.
FAIL: gcc.dg/cleanup-11.c execution test
FAIL: gcc.dg/cleanup-5.c execution test
FAIL: gcc.dg/cleanup-8.c execution test
FAIL: largefile.c -O0 -g -I. (test for excess errors)
FAIL: gcc.dg/pch/largefile.c -O0 -g assembly comparison
FAIL: largefile.c  -O0  -I. (test for excess errors)
FAIL: gcc.dg/pch/largefile.c  -O0  assembly comparison
FAIL: largefile.c  -O1  -I. (test for excess errors)
FAIL: gcc.dg/pch/largefile.c  -O1  assembly comparison
FAIL: largefile.c  -O2  -I. (test for excess errors)
FAIL: gcc.dg/pch/largefile.c  -O2  assembly comparison
FAIL: largefile.c  -O3 -fomit-frame-pointer  -I. (test for excess errors)
FAIL: gcc.dg/pch/largefile.c  -O3 -fomit-frame-pointer  assembly comparison
FAIL: largefile.c  -O3 -g  -I. (test for excess errors)
FAIL: gcc.dg/pch/largefile.c  -O3 -g  assembly comparison
FAIL: largefile.c  -Os  -I. (test for excess errors)
FAIL: gcc.dg/pch/largefile.c  -Os  assembly comparison
FAIL: gcc.dg/special/gcsec-1.c (test for excess errors)
WARNING: gcc.dg/special/gcsec-1.c compilation failed to produce executable
FAIL: gcc.target/mips/mips16-attributes.c (test for excess errors)

		=== gcc Summary ===

# of expected passes		50797
# of unexpected failures	19
# of expected failures		126
# of unsupported tests		473
/mnt/LG500/home/guerby/build-143942/gcc/xgcc  version 4.4.0 20090204 (experimental) [trunk revision 143942] (GCC) 

		=== gnat tests ===


Running target unix

		=== gnat Summary ===

# of expected passes		605
# of expected failures		6
		=== libgomp tests ===


Running target unix

		=== libgomp Summary ===

# of expected passes		249
		=== libmudflap tests ===


Running target unix

		=== libmudflap Summary ===

# of expected passes		1305
# of unsupported tests		2

Compiler version: 4.4.0 20090204 (experimental) [trunk revision 143942] (GCC) 
Platform: mipsel-unknown-linux-gnu
configure flags: --enable-languages=c,ada --disable-multilib --enable-__cxa_atexit --disable-nls --enable-threads=posix --build=mipsel-linux-gnu --host=mipsel-linux-gnu --target=mipsel-linux-gnu --with-mpfr=/opt/cfarm/mpfr-2.3.2 --prefix=/n/52/guerby/work2/install-trunk-143942 --enable-stage1-checking=release


Index Nav: [Date Index] [Subject Index] [Author Index] [Thread Index]
Message Nav: [Date Prev] [Date Next] [Thread Prev] [Thread Next]