This is the mail archive of the gcc-testresults@gcc.gnu.org mailing list for the GCC project.


Index Nav: [Date Index] [Subject Index] [Author Index] [Thread Index]
Message Nav: [Date Prev] [Date Next] [Thread Prev] [Thread Next]
Other format: [Raw text]

Results for 4.3.4 20090205 (prerelease) [gcc-4_3-branch revision 143949] (GCC) testsuite on x86_64-unknown-linux-gnu


LAST_UPDATED: Thu Feb  5 04:12:58 UTC 2009 (revision 143949)

Native configuration is x86_64-unknown-linux-gnu

		=== g++ tests ===


Running target unix/-m32

		=== g++ Summary for unix/-m32 ===

# of expected passes		6752
# of expected failures		30
# of unsupported tests		10

Running target unix

		=== g++ Summary for unix ===

# of expected passes		6704
# of expected failures		30
# of unsupported tests		20

		=== g++ Summary ===

# of expected passes		35378
# of expected failures		164
# of unsupported tests		211
/export/gnu/import/svn/gcc-test/bld/gcc/testsuite/g++/../../g++  version 4.3.4 20090205 (prerelease) [gcc-4_3-branch revision 143949] (GCC) 

		=== gcc tests ===


Running target unix/-m32

		=== gcc Summary for unix/-m32 ===


Running target unix

		=== gcc Summary for unix ===


		=== gcc Summary ===

# of expected passes		99747
# of expected failures		337
# of untested testcases		70
# of unsupported tests		637
/export/gnu/import/svn/gcc-test/bld/gcc/xgcc  version 4.3.4 20090205 (prerelease) [gcc-4_3-branch revision 143949] (GCC) 

		=== gfortran tests ===


Running target unix/-m32

		=== gfortran Summary for unix/-m32 ===

# of expected passes		3942

Running target unix

		=== gfortran Summary for unix ===

# of expected passes		3942

		=== gfortran Summary ===

# of expected passes		50740
# of expected failures		6
# of unsupported tests		34
/export/gnu/import/svn/gcc-test/bld/gcc/testsuite/gfortran/../../gfortran  version 4.3.4 20090205 (prerelease) [gcc-4_3-branch revision 143949] (GCC) 

		=== objc tests ===


Running target unix/-m32

		=== objc Summary for unix/-m32 ===

# of expected passes		2

Running target unix

		=== objc Summary for unix ===

# of expected passes		2

		=== objc Summary ===

# of expected passes		3624
# of expected failures		14
# of unsupported tests		48
/export/gnu/import/svn/gcc-test/bld/gcc/xgcc  version 4.3.4 20090205 (prerelease) [gcc-4_3-branch revision 143949] (GCC) 

		=== libffi tests ===


Running target unix/-m32

		=== libffi Summary for unix/-m32 ===

# of expected passes		24

Running target unix

		=== libffi Summary for unix ===

# of expected passes		24

		=== libffi Summary ===

# of expected passes		2778
# of unsupported tests		20
		=== libgomp tests ===


Running target unix/-m32

		=== libgomp Summary for unix/-m32 ===

# of expected passes		1161

Running target unix

		=== libgomp Summary for unix ===

# of expected passes		1161

		=== libgomp Summary ===

# of expected passes		3526
		=== libjava tests ===


Running target unix/-m32
FAIL: events output

		=== libjava Summary for unix/-m32 ===


Running target unix

		=== libjava Summary for unix ===


		=== libjava Summary ===

# of expected passes		5123
# of unexpected failures	1
		=== libmudflap tests ===


Running target unix/-m32
FAIL: libmudflap.c++/pass41-frag.cxx execution test
FAIL: libmudflap.c++/pass41-frag.cxx (-static) execution test
FAIL: libmudflap.c++/pass41-frag.cxx ( -O) execution test
FAIL: libmudflap.c++/pass41-frag.cxx (-O2) execution test
FAIL: libmudflap.c++/pass41-frag.cxx (-O3) execution test

		=== libmudflap Summary for unix/-m32 ===

# of expected passes		352

Running target unix
FAIL: libmudflap.c++/pass41-frag.cxx execution test
FAIL: libmudflap.c++/pass41-frag.cxx (-static) execution test
FAIL: libmudflap.c++/pass41-frag.cxx ( -O) execution test
FAIL: libmudflap.c++/pass41-frag.cxx (-O2) execution test
FAIL: libmudflap.c++/pass41-frag.cxx (-O3) execution test

		=== libmudflap Summary for unix ===

# of expected passes		352

		=== libmudflap Summary ===

# of expected passes		3688
# of unexpected failures	10
		=== libstdc++ tests ===


Running target unix/-m32
XPASS: 26_numerics/headers/cmath/c99_classification_macros_c.cc (test for excess errors)

		=== libstdc++ Summary for unix/-m32 ===

# of expected passes		5575
# of unexpected successes	1
# of expected failures		59
# of unsupported tests		10

Running target unix
XPASS: 26_numerics/headers/cmath/c99_classification_macros_c.cc (test for excess errors)

		=== libstdc++ Summary for unix ===

# of expected passes		5575
# of unexpected successes	1
# of expected failures		59
# of unsupported tests		10

		=== libstdc++ Summary ===

# of expected passes		11152
# of unexpected successes	2
# of expected failures		118
# of unsupported tests		20

Compiler version: 4.3.4 20090205 (prerelease) [gcc-4_3-branch revision 143949] (GCC) 
Platform: x86_64-unknown-linux-gnu
configure flags: --enable-clocale=gnu --with-system-zlib --enable-shared --with-demangler-in-ld


Index Nav: [Date Index] [Subject Index] [Author Index] [Thread Index]
Message Nav: [Date Prev] [Date Next] [Thread Prev] [Thread Next]