This is the mail archive of the
gcc-testresults@gcc.gnu.org
mailing list for the GCC project.
Results for 4.4.0 20090204 (experimental) [trunk revision 143933] (GCC) testsuite on i686-pc-linux-gnu
- From: Joey Ye <jye2 at shgcc-16 dot sh dot intel dot com>
- To: gcc-testresults at gcc dot gnu dot org
- Date: Thu, 5 Feb 2009 03:31:28 +0800
- Subject: Results for 4.4.0 20090204 (experimental) [trunk revision 143933] (GCC) testsuite on i686-pc-linux-gnu
LAST_UPDATED: Wed Feb 4 17:46:17 UTC 2009 (revision 143933)
Native configuration is i686-pc-linux-gnu
=== g++ tests ===
Running target unix
=== g++ Summary ===
# of expected passes 19504
# of expected failures 141
# of unsupported tests 99
/home/jye2/gcc/build-daily/gcc/testsuite/g++/../../g++ version 4.4.0 20090204 (experimental) [trunk revision 143933] (GCC)
=== gcc tests ===
Running target unix
=== gcc Summary ===
# of expected passes 55344
# of expected failures 187
# of unsupported tests 878
/home/jye2/gcc/build-daily/gcc/xgcc version 4.4.0 20090204 (experimental) [trunk revision 143933] (GCC)
=== gfortran tests ===
Running target unix
=== gfortran Summary ===
# of expected passes 29174
# of expected failures 10
# of unsupported tests 97
/home/jye2/gcc/build-daily/gcc/testsuite/gfortran/../../gfortran version 4.4.0 20090204 (experimental) [trunk revision 143933] (GCC)
=== objc tests ===
Running target unix
=== objc Summary ===
# of expected passes 1830
# of expected failures 7
# of unsupported tests 24
/home/jye2/gcc/build-daily/gcc/xgcc version 4.4.0 20090204 (experimental) [trunk revision 143933] (GCC)
=== libffi tests ===
Running target unix
=== libffi Summary ===
# of expected passes 1389
# of unsupported tests 10
=== libgomp tests ===
Running target unix
=== libgomp Summary ===
# of expected passes 2345
=== libjava tests ===
Running target unix
=== libjava Summary ===
# of expected passes 2574
=== libmudflap tests ===
Running target unix
FAIL: libmudflap.c++/pass41-frag.cxx execution test
FAIL: libmudflap.c++/pass41-frag.cxx (-static) execution test
FAIL: libmudflap.c++/pass41-frag.cxx (-O2) execution test
FAIL: libmudflap.c++/pass41-frag.cxx (-O3) execution test
=== libmudflap Summary ===
# of expected passes 1890
# of unexpected failures 4
=== libstdc++ tests ===
Running target unix
XPASS: 26_numerics/headers/cmath/c99_classification_macros_c.cc (test for excess errors)
=== libstdc++ Summary ===
# of expected passes 6418
# of unexpected successes 1
# of expected failures 79
# of unsupported tests 18
Compiler version: 4.4.0 20090204 (experimental) [trunk revision 143933] (GCC)
Platform: i686-pc-linux-gnu
configure flags: --enable-clocale=gnu --with-system-zlib --enable-decimal-float=bid --with-demangler-in-ld --enable-shared --enable-threads=posix --enable-haifa --enable-checking=assert