This is the mail archive of the
gcc-testresults@gcc.gnu.org
mailing list for the GCC project.
Results for 4.4.0 20090203 (experimental) [trunk revision 143898] (GCC) testsuite on i686-pc-linux-gnu
- From: hjl at gnu-19 dot sc dot intel dot com (H.J. Lu (ia32))
- To: gcc-testresults at gcc dot gnu dot org
- Date: Tue, 3 Feb 2009 14:31:11 -0800 (PST)
- Subject: Results for 4.4.0 20090203 (experimental) [trunk revision 143898] (GCC) testsuite on i686-pc-linux-gnu
LAST_UPDATED: Tue Feb 3 17:10:58 UTC 2009 (revision 143898)
Native configuration is i686-pc-linux-gnu
=== g++ tests ===
Running target unix
FAIL: g++.dg/debug/pr27657.C -gdwarf-23 (test for excess errors)
FAIL: g++.dg/debug/pr27657.C -gdwarf-23 -O2 (test for excess errors)
FAIL: g++.dg/debug/pr27657.C -gdwarf-23 -O3 (test for excess errors)
FAIL: g++.dg/debug/pr27657.C -gstabs1 (test for excess errors)
=== g++ Summary ===
# of expected passes 19497
# of unexpected failures 4
# of expected failures 141
# of unsupported tests 98
/export/gnu/import/svn/gcc-test/bld/gcc/testsuite/g++/../../g++ version 4.4.0 20090203 (experimental) [trunk revision 143898] (GCC)
=== gcc tests ===
Running target unix
FAIL: gcc.dg/compat/scalar-by-value-3 c_compat_x_tst.o compile
FAIL: gcc.dg/compat/scalar-by-value-3 c_compat_y_tst.o compile
UNRESOLVED: gcc.dg/compat/scalar-by-value-3 c_compat_x_tst.o-c_compat_y_tst.o link
UNRESOLVED: gcc.dg/compat/scalar-by-value-3 c_compat_x_tst.o-c_compat_y_tst.o execute
FAIL: gcc.dg/compat/scalar-by-value-4 c_compat_main_tst.o compile
FAIL: gcc.dg/compat/scalar-by-value-4 c_compat_x_tst.o compile
FAIL: gcc.dg/compat/scalar-by-value-4 c_compat_y_tst.o compile
UNRESOLVED: gcc.dg/compat/scalar-by-value-4 c_compat_x_tst.o-c_compat_y_tst.o link
UNRESOLVED: gcc.dg/compat/scalar-by-value-4 c_compat_x_tst.o-c_compat_y_tst.o execute
FAIL: gcc.dg/compat/scalar-by-value-dfp c_compat_x_tst.o-c_compat_y_tst.o link
UNRESOLVED: gcc.dg/compat/scalar-by-value-dfp c_compat_x_tst.o-c_compat_y_tst.o execute
=== gcc Summary ===
# of expected passes 56210
# of unexpected failures 6
# of expected failures 187
# of unresolved testcases 5
# of unsupported tests 433
/export/gnu/import/svn/gcc-test/bld/gcc/xgcc version 4.4.0 20090203 (experimental) [trunk revision 143898] (GCC)
=== gfortran tests ===
Running target unix
=== gfortran Summary ===
# of expected passes 29174
# of expected failures 10
# of unsupported tests 97
/export/gnu/import/svn/gcc-test/bld/gcc/testsuite/gfortran/../../gfortran version 4.4.0 20090203 (experimental) [trunk revision 143898] (GCC)
=== objc tests ===
Running target unix
=== objc Summary ===
# of expected passes 1830
# of expected failures 7
# of unsupported tests 24
/export/gnu/import/svn/gcc-test/bld/gcc/xgcc version 4.4.0 20090203 (experimental) [trunk revision 143898] (GCC)
=== libffi tests ===
Running target unix
=== libffi Summary ===
# of expected passes 1389
# of unsupported tests 10
=== libgomp tests ===
Running target unix
=== libgomp Summary ===
# of expected passes 2345
=== libjava tests ===
Running target unix
=== libjava Summary ===
# of expected passes 2574
=== libmudflap tests ===
Running target unix
FAIL: libmudflap.c++/pass41-frag.cxx execution test
FAIL: libmudflap.c++/pass41-frag.cxx (-static) execution test
FAIL: libmudflap.c++/pass41-frag.cxx (-O2) execution test
FAIL: libmudflap.c++/pass41-frag.cxx (-O3) execution test
FAIL: libmudflap.cth/pass39-frag.c (-O3) (rerun 9) execution test
FAIL: libmudflap.cth/pass39-frag.c (-O3) (rerun 9) output pattern test
=== libmudflap Summary ===
# of expected passes 1888
# of unexpected failures 6
=== libstdc++ tests ===
Running target unix
XPASS: 26_numerics/headers/cmath/c99_classification_macros_c.cc (test for excess errors)
=== libstdc++ Summary ===
# of expected passes 6418
# of unexpected successes 1
# of expected failures 79
# of unsupported tests 18
Compiler version: 4.4.0 20090203 (experimental) [trunk revision 143898] (GCC)
Platform: i686-pc-linux-gnu
configure flags: --enable-clocale=gnu --with-system-zlib --enable-shared --with-demangler-in-ld