This is the mail archive of the gcc-testresults@gcc.gnu.org mailing list for the GCC project.


Index Nav: [Date Index] [Subject Index] [Author Index] [Thread Index]
Message Nav: [Date Prev] [Date Next] [Thread Prev] [Thread Next]
Other format: [Raw text]

Results for 4.4.0 20090130 (experimental) (GCC) testsuite on i686-pc-cygwin


LAST_UPDATED: Obtained from SVN: trunk revision 143809

Native configuration is i686-pc-cygwin

		=== g++ tests ===


Running target unix
FAIL: g++.dg/abi/local1.C execution test
FAIL: g++.dg/abi/rtti3.C scan-assembler .weak[ \\t]_?_ZTSPP1A
FAIL: g++.dg/abi/thunk4.C scan-assembler .weak[ \\t]_?_ZThn._N7Derived3FooEv
WARNING: program timed out.
FAIL: g++.dg/eh/elide1.C (test for excess errors)
FAIL: g++.dg/eh/weak1.C execution test
FAIL: g++.dg/ext/dllimport7.C C++ specific error (test for errors, line 24)
FAIL: g++.dg/ext/selectany1.C scan-assembler-dem 
FAIL: g++.dg/init/cleanup3.C scan-assembler-not _tcf
FAIL: g++.dg/opt/vt1.C scan-assembler-not section[^\\n\\r]*_ZTV1S[^\\n\\r]*"[^w"\\n\\r]*"
FAIL: g++.dg/template/spec35.C scan-assembler .weak(_definition)?[\\t ]*_?_Z2f2IiEvT_
FAIL: g++.dg/tree-ssa/ssa-store-ccp-1.C scan-tree-dump-times optimized "conststaticvariable" 1
FAIL: g++.old-deja/g++.eh/badalloc1.C execution test
XPASS: g++.old-deja/g++.ext/attrib5.C execution test
FAIL: g++.old-deja/g++.other/init5.C execution test
WARNING: program timed out.
FAIL: g++.old-deja/g++.pt/explicit51.C (test for excess errors)
WARNING: program timed out.
FAIL: g++.old-deja/g++.pt/label1.C (test for excess errors)
WARNING: program timed out.
FAIL: g++.old-deja/g++.pt/memtemp41.C (test for excess errors)

		=== g++ Summary ===

# of expected passes		20573
# of unexpected failures	16
# of unexpected successes	1
# of expected failures		142
# of unsupported tests		223
/cygdrive/e/gnu/gcc-4.4-20090130/xp/gcc/testsuite/g++/../../g++  version 4.4.0 20090130 (experimental) (GCC) 

		=== gcc tests ===


Running target unix
FAIL: gcc.dg/20021014-1.c (test for excess errors)
WARNING: gcc.dg/20021014-1.c compilation failed to produce executable
FAIL: gcc.dg/alias-7.c execution test
FAIL: gcc.dg/dll-4.c scan-assembler (foo2:.*.comm[ \\t_]*foo1)
FAIL: gcc.dg/ssp-1.c (test for excess errors)
WARNING: gcc.dg/ssp-1.c compilation failed to produce executable
FAIL: gcc.dg/ssp-2.c (test for excess errors)
WARNING: gcc.dg/ssp-2.c compilation failed to produce executable
FAIL: gcc.dg/utf32-4.c  (test for warnings, line 18)

		=== gcc Summary ===

# of expected passes		10813
# of unexpected failures	6
# of expected failures		71
# of unsupported tests		122
/cygdrive/e/gnu/gcc-4.4-20090130/xp/gcc/xgcc  version 4.4.0 20090130 (experimental) (GCC) 


		=== gfortran tests ===


Running target unix
FAIL: gfortran.dg/chmod_1.f90 execution test
FAIL: gfortran.dg/chmod_1.f90 execution test
FAIL: gfortran.dg/chmod_1.f90 execution test
FAIL: gfortran.dg/chmod_1.f90 execution test
FAIL: gfortran.dg/chmod_1.f90 execution test
FAIL: gfortran.dg/chmod_1.f90 execution test
FAIL: gfortran.dg/chmod_1.f90 execution test
FAIL: gfortran.dg/chmod_1.f90 execution test
FAIL: gfortran.dg/chmod_2.f90 execution test
FAIL: gfortran.dg/chmod_2.f90 execution test
FAIL: gfortran.dg/chmod_2.f90 execution test
FAIL: gfortran.dg/chmod_2.f90 execution test
FAIL: gfortran.dg/chmod_2.f90 execution test
FAIL: gfortran.dg/chmod_2.f90 execution test
FAIL: gfortran.dg/chmod_2.f90 execution test
FAIL: gfortran.dg/chmod_2.f90 execution test
FAIL: gfortran.dg/chmod_3.f90 execution test
FAIL: gfortran.dg/chmod_3.f90 execution test
FAIL: gfortran.dg/chmod_3.f90 execution test
FAIL: gfortran.dg/chmod_3.f90 execution test
FAIL: gfortran.dg/chmod_3.f90 execution test
FAIL: gfortran.dg/chmod_3.f90 execution test
FAIL: gfortran.dg/chmod_3.f90 execution test
FAIL: gfortran.dg/chmod_3.f90 execution test
FAIL: gfortran.dg/default_format_denormal_1.f90 execution test
FAIL: gfortran.dg/default_format_denormal_1.f90 execution test
FAIL: gfortran.dg/default_format_denormal_1.f90 execution test
FAIL: gfortran.dg/default_format_denormal_1.f90 execution test
FAIL: gfortran.dg/default_format_denormal_1.f90 execution test
FAIL: gfortran.dg/default_format_denormal_1.f90 execution test
FAIL: gfortran.dg/default_format_denormal_1.f90 execution test
FAIL: gfortran.dg/default_format_denormal_1.f90 execution test
FAIL: gfortran.dg/open_errors.f90 execution test
FAIL: gfortran.dg/open_errors.f90 execution test
FAIL: gfortran.dg/open_errors.f90 execution test
FAIL: gfortran.dg/open_errors.f90 execution test
FAIL: gfortran.dg/open_errors.f90 execution test
FAIL: gfortran.dg/open_errors.f90 execution test
FAIL: gfortran.dg/open_errors.f90 execution test
FAIL: gfortran.dg/open_errors.f90 execution test
FAIL: gfortran.fortran-torture/execute/common.f90 execution, -O2 -ftree-vectorize -msse2 
FAIL: gfortran.fortran-torture/execute/common_size.f90 execution, -O2 -ftree-vectorize -msse2 
WARNING: program timed out.
WARNING: program timed out.
FAIL: gfortran.fortran-torture/execute/stack_varsize.f90 execution, -O2 -ftree-vectorize -msse2 

		=== gfortran Summary ===

# of expected passes		28785
# of unexpected failures	43
# of expected failures		10
# of unsupported tests		257
/cygdrive/e/gnu/gcc-4.4-20090130/xp/gcc/testsuite/gfortran/../../gfortran  version 4.4.0 20090130 (experimental) (GCC) 

		=== objc tests ===


Running target unix

		=== objc Summary ===

# of expected passes		1910
# of expected failures		7
# of unsupported tests		24
/cygdrive/e/gnu/gcc-4.4-20090130/xp/gcc/xgcc  version 4.4.0 20090130 (experimental) (GCC) 

		=== libstdc++ tests ===


Running target unix
FAIL: 20_util/shared_ptr/thread/default_weaktoshared.cc execution test
FAIL: 20_util/shared_ptr/thread/default_weaktoshared.cc execution test
FAIL: 20_util/shared_ptr/thread/mutex_weaktoshared.cc execution test
FAIL: 20_util/shared_ptr/thread/mutex_weaktoshared.cc execution test
FAIL: 22_locale/locale/cons/unicode.cc (test for excess errors)
WARNING: 22_locale/locale/cons/unicode.cc compilation failed to produce executable
FAIL: 22_locale/locale/cons/unicode.cc (test for excess errors)
WARNING: 22_locale/locale/cons/unicode.cc compilation failed to produce executable
FAIL: 23_containers/forward_list/operations/1.cc (test for excess errors)
FAIL: 23_containers/multiset/requirements/explicit_instantiation/2.cc (test for excess errors)
XPASS: 26_numerics/headers/cmath/c99_classification_macros_c.cc (test for excess errors)
XPASS: 26_numerics/headers/cmath/c99_classification_macros_c.cc (test for excess errors)
FAIL: 27_io/basic_filebuf/seekoff/char/1-io.cc execution test
FAIL: 27_io/basic_filebuf/seekoff/char/1-io.cc execution test
FAIL: 27_io/basic_filebuf/seekoff/char/2-io.cc execution test
FAIL: 27_io/basic_filebuf/seekoff/char/2-io.cc execution test
FAIL: 27_io/basic_filebuf/seekpos/char/1-io.cc execution test
FAIL: 27_io/basic_filebuf/seekpos/char/1-io.cc execution test
FAIL: 27_io/basic_filebuf/seekpos/char/2-io.cc execution test
FAIL: 27_io/basic_filebuf/seekpos/char/2-io.cc execution test
FAIL: 27_io/basic_filebuf/sgetn/char/1-in.cc execution test
FAIL: 27_io/basic_filebuf/sgetn/char/1-in.cc execution test
FAIL: 27_io/basic_filebuf/sgetn/char/1-in.cc execution test
FAIL: 27_io/basic_filebuf/sgetn/char/1-io.cc execution test
FAIL: 27_io/basic_filebuf/sgetn/char/1-io.cc execution test
FAIL: 27_io/basic_filebuf/sgetn/char/1-io.cc execution test
FAIL: 27_io/basic_filebuf/sgetn/char/2-in.cc execution test
FAIL: 27_io/basic_filebuf/sgetn/char/2-in.cc execution test
FAIL: 27_io/basic_filebuf/sgetn/char/2-in.cc execution test
FAIL: 27_io/basic_filebuf/sgetn/char/2-io.cc execution test
FAIL: 27_io/basic_filebuf/sgetn/char/2-io.cc execution test
FAIL: 27_io/basic_filebuf/sgetn/char/2-io.cc execution test
FAIL: 27_io/basic_istream/readsome/char/6746-2.cc execution test
FAIL: 27_io/basic_istream/readsome/char/6746-2.cc execution test
FAIL: 27_io/basic_istream/readsome/char/6746-2.cc execution test
FAIL: 27_io/basic_istringstream/cons/2020.cc (test for excess errors)
FAIL: 27_io/basic_stringstream/str/char/2.cc (test for excess errors)
FAIL: 27_io/headers/cstdio/macros.cc (test for excess errors)
FAIL: 27_io/objects/char/12048-1.cc (test for excess errors)
FAIL: ext/bitmap_allocator/variadic_construct.cc execution test
FAIL: ext/codecvt/1.cc (test for excess errors)
WARNING: ext/codecvt/1.cc compilation failed to produce executable
FAIL: ext/codecvt/char-1.cc (test for excess errors)
WARNING: ext/codecvt/char-1.cc compilation failed to produce executable
FAIL: ext/codecvt/char-2.cc (test for excess errors)
WARNING: ext/codecvt/char-2.cc compilation failed to produce executable
FAIL: ext/enc_filebuf/char/13189.cc (test for excess errors)
WARNING: ext/enc_filebuf/char/13189.cc compilation failed to produce executable
FAIL: ext/enc_filebuf/char/13189.cc (test for excess errors)
WARNING: ext/enc_filebuf/char/13189.cc compilation failed to produce executable
FAIL: ext/enc_filebuf/char/13598.cc (test for excess errors)
WARNING: ext/enc_filebuf/char/13598.cc compilation failed to produce executable
FAIL: ext/enc_filebuf/char/13598.cc (test for excess errors)
WARNING: ext/enc_filebuf/char/13598.cc compilation failed to produce executable
WARNING: program timed out.
WARNING: program timed out.
WARNING: program timed out.
WARNING: program timed out.
WARNING: program timed out.
WARNING: program timed out.
WARNING: program timed out.
WARNING: program timed out.
WARNING: program timed out.
WARNING: program timed out.
FAIL: thread/pthread7-rope.cc execution test
FAIL: tr1/2_general_utilities/shared_ptr/thread/default_weaktoshared.cc execution test
FAIL: tr1/2_general_utilities/shared_ptr/thread/default_weaktoshared.cc execution test
FAIL: tr1/2_general_utilities/shared_ptr/thread/default_weaktoshared.cc execution test
FAIL: tr1/2_general_utilities/shared_ptr/thread/mutex_weaktoshared.cc execution test
FAIL: tr1/2_general_utilities/shared_ptr/thread/mutex_weaktoshared.cc execution test
FAIL: tr1/5_numerical_facilities/special_functions/07_conf_hyperg/check_value.cc (test for excess errors)
WARNING: tr1/5_numerical_facilities/special_functions/07_conf_hyperg/check_value.cc compilation failed to produce executable

		=== libstdc++ Summary ===

# of expected passes		10371
# of unexpected failures	50
# of unexpected successes	2
# of expected failures		169
# of unsupported tests		795

		=== libstdc++ Summary ===


Compiler version: 4.4.0 20090130 (experimental) (GCC)
Platform: i686-pc-cygwin
configure flags: --prefix=/usr/local/gcc44 --enable-languages='c c++ fortran objc' --enable-threads=posix --disable-sjlj-exceptions --enable-maintainer-mode --disable-shared --disable-libmudflap

Tim Prince


Index Nav: [Date Index] [Subject Index] [Author Index] [Thread Index]
Message Nav: [Date Prev] [Date Next] [Thread Prev] [Thread Next]