This is the mail archive of the
gcc-testresults@gcc.gnu.org
mailing list for the GCC project.
Results for 4.4.0 20090125 (experimental) [trunk revision 143660] (GCC) testsuite on i386-pc-solaris2.11
- From: rob1weld at aol dot com
- To: gcc-testresults at gcc dot gnu dot org
- Date: Thu, 29 Jan 2009 17:54:28 -0500
- Subject: Results for 4.4.0 20090125 (experimental) [trunk revision 143660] (GCC) testsuite on i386-pc-solaris2.11
This Test result was made with additional "C" compiler tests enabled.
These tests compile, run, and make useful checks for conformance.
Unfortunately they were previously restricted to mingw or linux gcc .
You may see some unexpected FAILs in the "gcc tests" as a result.
LAST_UPDATED: Wed Jan 28 14:13:18 UTC 2009 (revision 143729)
=== acats tests ===
=== acats Summary ===
# of expected passes 2315
# of unexpected failures 0
Native configuration is i386-pc-solaris2.11
=== g++ tests ===
Running target unix
XPASS: g++.dg/other/ucnid-1.C (test for excess errors)
FAIL: g++.dg/tls/static-1.C execution test
XPASS: g++.old-deja/g++.oliva/dwarf2.C (test for excess errors)
XPASS: g++.old-deja/g++.oliva/dwarf3.C (test for excess errors)
XPASS: g++.old-deja/g++.other/init19.C execution test
=== g++ Summary ===
# of expected passes 19403
# of unexpected failures 1
# of unexpected successes 4
# of expected failures 142
# of unsupported tests 123
/usr/share/src/gcc_build/gcc/testsuite/g++/../../g++ version 4.4.0
20090128 (experimental) [trunk revision 143729] (GCC)
=== gcc tests ===
Running target unix
FAIL: gcc.dg/dfp/convert-dfp-round-thread.c (test for excess errors)
WARNING: gcc.dg/dfp/convert-dfp-round-thread.c compilation failed to
produce executable
FAIL: gcc.dg/dfp/func-vararg-mixed-2.c (test for excess errors)
WARNING: gcc.dg/dfp/func-vararg-mixed-2.c compilation failed to produce
executable
FAIL: gcc.dg/bf-no-ms-layout.c execution test
FAIL: gcc.dg/bf-spl1.c execution test
FAIL: gcc.dg/cleanup-10.c execution test
FAIL: gcc.dg/cleanup-11.c execution test
FAIL: gcc.dg/cleanup-8.c execution test
FAIL: gcc.dg/cleanup-9.c execution test
FAIL: gcc.dg/float-range-2.c (test for errors, line 12)
FAIL: gcc.dg/float-range-2.c (test for errors, line 13)
FAIL: gcc.dg/float-range-2.c (test for errors, line 14)
FAIL: gcc.dg/glibc-uclibc-1.c (test for warnings, line )
FAIL: gcc.dg/glibc-uclibc-1.c (test for excess errors)
FAIL: gcc.dg/glibc-uclibc-2.c (test for warnings, line )
FAIL: gcc.dg/glibc-uclibc-2.c (test for excess errors)
FAIL: gcc.dg/loop-7.c scan-rtl-dump-times loop2_invariant "Decided" 1
FAIL: gcc.dg/pack-test-1.c (test for excess errors)
FAIL: gcc.dg/pack-test-2.c (test for warnings, line 6)
FAIL: gcc.dg/pack-test-2.c (test for warnings, line 16)
FAIL: gcc.dg/pack-test-2.c (test for warnings, line 21)
FAIL: gcc.dg/pack-test-2.c (test for excess errors)
FAIL: gcc.dg/pragma-ms_struct.c (test for warnings, line 12)
FAIL: gcc.dg/pragma-ms_struct.c (test for warnings, line 14)
FAIL: gcc.dg/pragma-ms_struct.c (test for excess errors)
FAIL: gcc.dg/pragma-push_macro-1.c (test for excess errors)
XPASS: gcc.dg/ucnid-2.c (test for excess errors)
XPASS: gcc.dg/ucnid-3.c (test for excess errors)
XPASS: gcc.dg/ucnid-4.c (test for excess errors)
FAIL: gcc.dg/format/ms-format1.c (test for excess errors)
FAIL: gcc.dg/format/ms-format1.c -DWIDE (test for excess errors)
FAIL: gcc.dg/format/ms-warnI64-1.c printf %I64d (test for warnings,
line 14)
FAIL: gcc.dg/format/ms-warnI64-1.c printf %I64i (test for warnings,
line 15)
FAIL: gcc.dg/format/ms-warnI64-1.c printf %I64o (test for warnings,
line 16)
FAIL: gcc.dg/format/ms-warnI64-1.c printf %I64u (test for warnings,
line 17)
FAIL: gcc.dg/format/ms-warnI64-1.c printf %I64x (test for warnings,
line 18)
FAIL: gcc.dg/format/ms-warnI64-1.c printf %I64X (test for warnings,
line 19)
FAIL: gcc.dg/format/ms-warnI64-1.c printf %I64n (test for warnings,
line 20)
FAIL: gcc.dg/format/ms-warnI64-1.c scanf %I64d (test for warnings,
line 21)
FAIL: gcc.dg/format/ms-warnI64-1.c scanf %I64i (test for warnings,
line 22)
FAIL: gcc.dg/format/ms-warnI64-1.c scanf %I64o (test for warnings,
line 23)
FAIL: gcc.dg/format/ms-warnI64-1.c scanf %I64u (test for warnings,
line 24)
FAIL: gcc.dg/format/ms-warnI64-1.c scanf %I64x (test for warnings,
line 25)
FAIL: gcc.dg/format/ms-warnI64-1.c scanf %I64X (test for warnings,
line 26)
FAIL: gcc.dg/format/ms-warnI64-1.c scanf %I64n (test for warnings,
line 27)
FAIL: gcc.dg/format/ms-warnI64-1.c (test for excess errors)
FAIL: gcc.dg/format/ms-warnI64-1.c -DWIDE printf %I64d (test for
warnings, line 14)
FAIL: gcc.dg/format/ms-warnI64-1.c -DWIDE printf %I64i (test for
warnings, line 15)
FAIL: gcc.dg/format/ms-warnI64-1.c -DWIDE printf %I64o (test for
warnings, line 16)
FAIL: gcc.dg/format/ms-warnI64-1.c -DWIDE printf %I64u (test for
warnings, line 17)
FAIL: gcc.dg/format/ms-warnI64-1.c -DWIDE printf %I64x (test for
warnings, line 18)
FAIL: gcc.dg/format/ms-warnI64-1.c -DWIDE printf %I64X (test for
warnings, line 19)
FAIL: gcc.dg/format/ms-warnI64-1.c -DWIDE printf %I64n (test for
warnings, line 20)
FAIL: gcc.dg/format/ms-warnI64-1.c -DWIDE scanf %I64d (test for
warnings, line 21)
FAIL: gcc.dg/format/ms-warnI64-1.c -DWIDE scanf %I64i (test for
warnings, line 22)
FAIL: gcc.dg/format/ms-warnI64-1.c -DWIDE scanf %I64o (test for
warnings, line 23)
FAIL: gcc.dg/format/ms-warnI64-1.c -DWIDE scanf %I64u (test for
warnings, line 24)
FAIL: gcc.dg/format/ms-warnI64-1.c -DWIDE scanf %I64x (test for
warnings, line 25)
FAIL: gcc.dg/format/ms-warnI64-1.c -DWIDE scanf %I64X (test for
warnings, line 26)
FAIL: gcc.dg/format/ms-warnI64-1.c -DWIDE scanf %I64n (test for
warnings, line 27)
FAIL: gcc.dg/format/ms-warnI64-1.c -DWIDE (test for excess errors)
FAIL: gcc.dg/format/ms_attr-1.c strftime first_arg_num != 0 (test for
errors, line 11)
FAIL: gcc.dg/format/ms_attr-1.c (test for excess errors)
FAIL: gcc.dg/format/ms_attr-1.c -DWIDE strftime first_arg_num != 0
(test for errors, line 11)
FAIL: gcc.dg/format/ms_attr-1.c -DWIDE (test for excess errors)
FAIL: gcc.dg/format/ms_attr-2.c attribute format printf (test for
warnings, line 34)
FAIL: gcc.dg/format/ms_attr-2.c attribute format __printf__ (test for
warnings, line 36)
FAIL: gcc.dg/format/ms_attr-2.c attribute format scanf (test for
warnings, line 38)
FAIL: gcc.dg/format/ms_attr-2.c attribute format __scanf__ (test for
warnings, line 40)
FAIL: gcc.dg/format/ms_attr-2.c attribute format strftime (test for
warnings, line 42)
FAIL: gcc.dg/format/ms_attr-2.c attribute format __strftime__ (test
for warnings, line 44)
FAIL: gcc.dg/format/ms_attr-2.c attribute __format__ printf (test for
warnings, line 50)
FAIL: gcc.dg/format/ms_attr-2.c attribute __format__ __printf__ (test
for warnings, line 52)
FAIL: gcc.dg/format/ms_attr-2.c attribute __format__ scanf (test for
warnings, line 54)
FAIL: gcc.dg/format/ms_attr-2.c attribute __format__ __scanf__ (test
for warnings, line 56)
FAIL: gcc.dg/format/ms_attr-2.c attribute __format__ strftime (test
for warnings, line 58)
FAIL: gcc.dg/format/ms_attr-2.c attribute __format__ __strftime__
(test for warnings, line 60)
FAIL: gcc.dg/format/ms_attr-2.c attribute format_arg (test for
warnings, line 66)
FAIL: gcc.dg/format/ms_attr-2.c attribute __format_arg__ (test for
warnings, line 68)
FAIL: gcc.dg/format/ms_attr-2.c (test for excess errors)
FAIL: gcc.dg/format/ms_attr-2.c -DWIDE attribute format printf (test
for warnings, line 34)
FAIL: gcc.dg/format/ms_attr-2.c -DWIDE attribute format __printf__
(test for warnings, line 36)
FAIL: gcc.dg/format/ms_attr-2.c -DWIDE attribute format scanf (test
for warnings, line 38)
FAIL: gcc.dg/format/ms_attr-2.c -DWIDE attribute format __scanf__
(test for warnings, line 40)
FAIL: gcc.dg/format/ms_attr-2.c -DWIDE attribute format strftime
(test for warnings, line 42)
FAIL: gcc.dg/format/ms_attr-2.c -DWIDE attribute format __strftime__
(test for warnings, line 44)
FAIL: gcc.dg/format/ms_attr-2.c -DWIDE attribute __format__ printf
(test for warnings, line 50)
FAIL: gcc.dg/format/ms_attr-2.c -DWIDE attribute __format__
__printf__ (test for warnings, line 52)
FAIL: gcc.dg/format/ms_attr-2.c -DWIDE attribute __format__ scanf
(test for warnings, line 54)
FAIL: gcc.dg/format/ms_attr-2.c -DWIDE attribute __format__ __scanf__
(test for warnings, line 56)
FAIL: gcc.dg/format/ms_attr-2.c -DWIDE attribute __format__ strftime
(test for warnings, line 58)
FAIL: gcc.dg/format/ms_attr-2.c -DWIDE attribute __format__
__strftime__ (test for warnings, line 60)
FAIL: gcc.dg/format/ms_attr-2.c -DWIDE attribute format_arg (test for
warnings, line 66)
FAIL: gcc.dg/format/ms_attr-2.c -DWIDE attribute __format_arg__ (test
for warnings, line 68)
FAIL: gcc.dg/format/ms_attr-2.c -DWIDE (test for excess errors)
FAIL: gcc.dg/format/ms_attr-3.c bad number (test for errors, line 45)
FAIL: gcc.dg/format/ms_attr-3.c bad number (test for errors, line 46)
FAIL: gcc.dg/format/ms_attr-3.c bad number order (test for errors,
line 55)
FAIL: gcc.dg/format/ms_attr-3.c bad number order (test for errors,
line 56)
FAIL: gcc.dg/format/ms_attr-3.c format int string (test for errors,
line 60)
FAIL: gcc.dg/format/ms_attr-3.c signed char string (test for errors,
line 61)
FAIL: gcc.dg/format/ms_attr-3.c unsigned char string (test for
errors, line 62)
FAIL: gcc.dg/format/ms_attr-3.c not ... (test for errors, line 63)
FAIL: gcc.dg/format/ms_attr-3.c not ... (test for errors, line 64)
FAIL: gcc.dg/format/ms_attr-3.c (test for excess errors)
FAIL: gcc.dg/format/ms_attr-3.c -DWIDE bad number (test for errors,
line 45)
FAIL: gcc.dg/format/ms_attr-3.c -DWIDE bad number (test for errors,
line 46)
FAIL: gcc.dg/format/ms_attr-3.c -DWIDE bad number order (test for
errors, line 55)
FAIL: gcc.dg/format/ms_attr-3.c -DWIDE bad number order (test for
errors, line 56)
FAIL: gcc.dg/format/ms_attr-3.c -DWIDE format int string (test for
errors, line 60)
FAIL: gcc.dg/format/ms_attr-3.c -DWIDE signed char string (test for
errors, line 61)
FAIL: gcc.dg/format/ms_attr-3.c -DWIDE unsigned char string (test for
errors, line 62)
FAIL: gcc.dg/format/ms_attr-3.c -DWIDE not ... (test for errors, line
63)
FAIL: gcc.dg/format/ms_attr-3.c -DWIDE not ... (test for errors, line
64)
FAIL: gcc.dg/format/ms_attr-3.c -DWIDE (test for excess errors)
FAIL: gcc.dg/format/ms_attr-4.c attribute format printf case 0 (test
for warnings, line 20)
FAIL: gcc.dg/format/ms_attr-4.c attribute format printf case 1 (test
for warnings, line 22)
FAIL: gcc.dg/format/ms_attr-4.c attribute format printf case 2 (test
for warnings, line 24)
FAIL: gcc.dg/format/ms_attr-4.c attribute format printf case 3 (test
for warnings, line 26)
FAIL: gcc.dg/format/ms_attr-4.c (test for excess errors)
FAIL: gcc.dg/format/ms_attr-4.c -DWIDE attribute format printf case 0
(test for warnings, line 20)
FAIL: gcc.dg/format/ms_attr-4.c -DWIDE attribute format printf case 1
(test for warnings, line 22)
FAIL: gcc.dg/format/ms_attr-4.c -DWIDE attribute format printf case 2
(test for warnings, line 24)
FAIL: gcc.dg/format/ms_attr-4.c -DWIDE attribute format printf case 3
(test for warnings, line 26)
FAIL: gcc.dg/format/ms_attr-4.c -DWIDE (test for excess errors)
FAIL: gcc.dg/format/ms_attr-7.c prefix (test for warnings, line 22)
FAIL: gcc.dg/format/ms_attr-7.c prefix (test for warnings, line 23)
FAIL: gcc.dg/format/ms_attr-7.c postfix (test for warnings, line 26)
FAIL: gcc.dg/format/ms_attr-7.c postfix (test for warnings, line 27)
FAIL: gcc.dg/format/ms_attr-7.c nested (test for warnings, line 30)
FAIL: gcc.dg/format/ms_attr-7.c nested (test for warnings, line 31)
FAIL: gcc.dg/format/ms_attr-7.c nested 2 (test for warnings, line 34)
FAIL: gcc.dg/format/ms_attr-7.c nested 2 (test for warnings, line 35)
FAIL: gcc.dg/format/ms_attr-7.c (test for excess errors)
FAIL: gcc.dg/format/ms_attr-7.c -DWIDE prefix (test for warnings,
line 22)
FAIL: gcc.dg/format/ms_attr-7.c -DWIDE prefix (test for warnings,
line 23)
FAIL: gcc.dg/format/ms_attr-7.c -DWIDE postfix (test for warnings,
line 26)
FAIL: gcc.dg/format/ms_attr-7.c -DWIDE postfix (test for warnings,
line 27)
FAIL: gcc.dg/format/ms_attr-7.c -DWIDE nested (test for warnings,
line 30)
FAIL: gcc.dg/format/ms_attr-7.c -DWIDE nested (test for warnings,
line 31)
FAIL: gcc.dg/format/ms_attr-7.c -DWIDE nested 2 (test for warnings,
line 34)
FAIL: gcc.dg/format/ms_attr-7.c -DWIDE nested 2 (test for warnings,
line 35)
FAIL: gcc.dg/format/ms_attr-7.c -DWIDE (test for excess errors)
FAIL: gcc.dg/format/ms_bitfld-1.c (test for excess errors)
FAIL: gcc.dg/format/ms_bitfld-1.c -DWIDE (test for excess errors)
FAIL: gcc.dg/format/ms_c90-printf-1.c (test for excess errors)
FAIL: gcc.dg/format/ms_c90-printf-1.c -DWIDE (test for excess errors)
FAIL: gcc.dg/format/ms_c90-printf-2.c %hh is unsupported (test for
warnings, line 17)
FAIL: gcc.dg/format/ms_c90-printf-2.c %j is unsupported (test for
warnings, line 19)
FAIL: gcc.dg/format/ms_c90-printf-2.c %z is unsupported (test for
warnings, line 20)
FAIL: gcc.dg/format/ms_c90-printf-2.c %t is unsupported (test for
warnings, line 21)
FAIL: gcc.dg/format/ms_c90-printf-2.c (test for excess errors)
FAIL: gcc.dg/format/ms_c90-printf-2.c -DWIDE %hh is unsupported (test
for warnings, line 17)
FAIL: gcc.dg/format/ms_c90-printf-2.c -DWIDE %j is unsupported (test
for warnings, line 19)
FAIL: gcc.dg/format/ms_c90-printf-2.c -DWIDE %z is unsupported (test
for warnings, line 20)
FAIL: gcc.dg/format/ms_c90-printf-2.c -DWIDE %t is unsupported (test
for warnings, line 21)
FAIL: gcc.dg/format/ms_c90-printf-2.c -DWIDE (test for excess errors)
FAIL: gcc.dg/format/ms_c90-scanf-1.c %L is unsupported (test for
warnings, line 75)
FAIL: gcc.dg/format/ms_c90-scanf-1.c %L is unsupported (test for
warnings, line 76)
FAIL: gcc.dg/format/ms_c90-scanf-1.c %L is unsupported (test for
warnings, line 77)
FAIL: gcc.dg/format/ms_c90-scanf-1.c %L is unsupported (test for
warnings, line 78)
FAIL: gcc.dg/format/ms_c90-scanf-1.c %L is unsupported (test for
warnings, line 79)
FAIL: gcc.dg/format/ms_c90-scanf-1.c (test for excess errors)
FAIL: gcc.dg/format/ms_c90-scanf-1.c -DWIDE %L is unsupported (test
for warnings, line 75)
FAIL: gcc.dg/format/ms_c90-scanf-1.c -DWIDE %L is unsupported (test
for warnings, line 76)
FAIL: gcc.dg/format/ms_c90-scanf-1.c -DWIDE %L is unsupported (test
for warnings, line 77)
FAIL: gcc.dg/format/ms_c90-scanf-1.c -DWIDE %L is unsupported (test
for warnings, line 78)
FAIL: gcc.dg/format/ms_c90-scanf-1.c -DWIDE %L is unsupported (test
for warnings, line 79)
FAIL: gcc.dg/format/ms_c90-scanf-1.c -DWIDE (test for excess errors)
FAIL: gcc.dg/format/ms_c90-scanf-2.c %hh is unsupported (test for
warnings, line 18)
FAIL: gcc.dg/format/ms_c90-scanf-2.c %j is unsupported (test for
warnings, line 20)
FAIL: gcc.dg/format/ms_c90-scanf-2.c %z is unsupported (test for
warnings, line 21)
FAIL: gcc.dg/format/ms_c90-scanf-2.c %t is unsupported (test for
warnings, line 22)
FAIL: gcc.dg/format/ms_c90-scanf-2.c (test for excess errors)
FAIL: gcc.dg/format/ms_c90-scanf-2.c -DWIDE %hh is unsupported (test
for warnings, line 18)
FAIL: gcc.dg/format/ms_c90-scanf-2.c -DWIDE %j is unsupported (test
for warnings, line 20)
FAIL: gcc.dg/format/ms_c90-scanf-2.c -DWIDE %z is unsupported (test
for warnings, line 21)
FAIL: gcc.dg/format/ms_c90-scanf-2.c -DWIDE %t is unsupported (test
for warnings, line 22)
FAIL: gcc.dg/format/ms_c90-scanf-2.c -DWIDE (test for excess errors)
FAIL: gcc.dg/format/ms_c90-scanf-5.c %ms is unsupported (test for
warnings, line 16)
FAIL: gcc.dg/format/ms_c90-scanf-5.c %m is unsupported (test for
warnings, line 19)
FAIL: gcc.dg/format/ms_c90-scanf-5.c (test for excess errors)
FAIL: gcc.dg/format/ms_c90-scanf-5.c -DWIDE %ms is unsupported (test
for warnings, line 16)
FAIL: gcc.dg/format/ms_c90-scanf-5.c -DWIDE %m is unsupported (test
for warnings, line 19)
FAIL: gcc.dg/format/ms_c90-scanf-5.c -DWIDE (test for excess errors)
FAIL: gcc.dg/format/ms_c90-strftime-2.c (test for excess errors)
FAIL: gcc.dg/format/ms_c90-strftime-2.c -DWIDE (test for excess
errors)
FAIL: gcc.dg/format/ms_c99-printf-1.c bad use of %hF (test for
warnings, line 27)
FAIL: gcc.dg/format/ms_c99-printf-1.c bad use of %ha (test for
warnings, line 32)
FAIL: gcc.dg/format/ms_c99-printf-1.c bad use of %hA (test for
warnings, line 33)
FAIL: gcc.dg/format/ms_c99-printf-1.c (test for excess errors)
FAIL: gcc.dg/format/ms_c99-printf-1.c -DWIDE bad use of %hF (test for
warnings, line 27)
FAIL: gcc.dg/format/ms_c99-printf-1.c -DWIDE bad use of %ha (test for
warnings, line 32)
FAIL: gcc.dg/format/ms_c99-printf-1.c -DWIDE bad use of %hA (test for
warnings, line 33)
FAIL: gcc.dg/format/ms_c99-printf-1.c -DWIDE (test for excess errors)
FAIL: gcc.dg/format/ms_c99-printf-2.c %q length is unsupported (test
for warnings, line 18)
FAIL: gcc.dg/format/ms_c99-printf-2.c %Z length is unsupported (test
for warnings, line 20)
FAIL: gcc.dg/format/ms_c99-printf-2.c printf %m is unsupported (test
for warnings, line 24)
FAIL: gcc.dg/format/ms_c99-printf-2.c printf I format (test for
warnings, line 32)
FAIL: gcc.dg/format/ms_c99-printf-2.c (test for excess errors)
FAIL: gcc.dg/format/ms_c99-printf-2.c -DWIDE %q length is unsupported
(test for warnings, line 18)
FAIL: gcc.dg/format/ms_c99-printf-2.c -DWIDE %Z length is unsupported
(test for warnings, line 20)
FAIL: gcc.dg/format/ms_c99-printf-2.c -DWIDE printf %m is unsupported
(test for warnings, line 24)
FAIL: gcc.dg/format/ms_c99-printf-2.c -DWIDE printf I format (test
for warnings, line 32)
FAIL: gcc.dg/format/ms_c99-printf-2.c -DWIDE (test for excess errors)
FAIL: gcc.dg/format/ms_c99-scanf-1.c %hh is unsupported (test for
warnings, line 50)
FAIL: gcc.dg/format/ms_c99-scanf-1.c %j not supported (test for
warnings, line 57)
FAIL: gcc.dg/format/ms_c99-scanf-1.c %t not supported (test for
warnings, line 59)
FAIL: gcc.dg/format/ms_c99-scanf-1.c (test for excess errors)
FAIL: gcc.dg/format/ms_c99-scanf-1.c -DWIDE %hh is unsupported (test
for warnings, line 50)
FAIL: gcc.dg/format/ms_c99-scanf-1.c -DWIDE %j not supported (test
for warnings, line 57)
FAIL: gcc.dg/format/ms_c99-scanf-1.c -DWIDE %t not supported (test
for warnings, line 59)
FAIL: gcc.dg/format/ms_c99-scanf-1.c -DWIDE (test for excess errors)
FAIL: gcc.dg/format/ms_c99-scanf-2.c %q is unsupported (test for
warnings, line 18)
FAIL: gcc.dg/format/ms_c99-scanf-2.c (test for excess errors)
FAIL: gcc.dg/format/ms_c99-scanf-2.c -DWIDE %q is unsupported (test
for warnings, line 18)
FAIL: gcc.dg/format/ms_c99-scanf-2.c -DWIDE (test for excess errors)
FAIL: gcc.dg/format/ms_c99-scanf-4.c %ms is unsupported (test for
warnings, line 16)
FAIL: gcc.dg/format/ms_c99-scanf-4.c %mls is unsupported (test for
warnings, line 18)
FAIL: gcc.dg/format/ms_c99-scanf-4.c %m is unsupported (test for
warnings, line 19)
FAIL: gcc.dg/format/ms_c99-scanf-4.c %ml is unsupported (test for
warnings, line 20)
FAIL: gcc.dg/format/ms_c99-scanf-4.c (test for excess errors)
FAIL: gcc.dg/format/ms_c99-scanf-4.c -DWIDE %ms is unsupported (test
for warnings, line 16)
FAIL: gcc.dg/format/ms_c99-scanf-4.c -DWIDE %mls is unsupported (test
for warnings, line 18)
FAIL: gcc.dg/format/ms_c99-scanf-4.c -DWIDE %m is unsupported (test
for warnings, line 19)
FAIL: gcc.dg/format/ms_c99-scanf-4.c -DWIDE %ml is unsupported (test
for warnings, line 20)
FAIL: gcc.dg/format/ms_c99-scanf-4.c -DWIDE (test for excess errors)
FAIL: gcc.dg/format/ms_c99-strftime-2.c strftime %P (test for
warnings, line 14)
FAIL: gcc.dg/format/ms_c99-strftime-2.c strftime %k (test for
warnings, line 16)
FAIL: gcc.dg/format/ms_c99-strftime-2.c strftime %l (test for
warnings, line 18)
FAIL: gcc.dg/format/ms_c99-strftime-2.c strftime %s (test for
warnings, line 20)
FAIL: gcc.dg/format/ms_c99-strftime-2.c (test for excess errors)
FAIL: gcc.dg/format/ms_c99-strftime-2.c -DWIDE strftime %P (test for
warnings, line 14)
FAIL: gcc.dg/format/ms_c99-strftime-2.c -DWIDE strftime %k (test for
warnings, line 16)
FAIL: gcc.dg/format/ms_c99-strftime-2.c -DWIDE strftime %l (test for
warnings, line 18)
FAIL: gcc.dg/format/ms_c99-strftime-2.c -DWIDE strftime %s (test for
warnings, line 20)
FAIL: gcc.dg/format/ms_c99-strftime-2.c -DWIDE (test for excess
errors)
FAIL: gcc.dg/format/ms_miss-1.c (test for excess errors)
FAIL: gcc.dg/format/ms_miss-1.c -DWIDE (test for excess errors)
FAIL: gcc.dg/format/ms_miss-3.c initialization warning (test for
warnings, line 20)
FAIL: gcc.dg/format/ms_miss-3.c initialization warning (test for
warnings, line 25)
FAIL: gcc.dg/format/ms_miss-3.c (test for excess errors)
FAIL: gcc.dg/format/ms_miss-3.c -DWIDE initialization warning (test
for warnings, line 20)
FAIL: gcc.dg/format/ms_miss-3.c -DWIDE initialization warning (test
for warnings, line 25)
FAIL: gcc.dg/format/ms_miss-3.c -DWIDE (test for excess errors)
FAIL: gcc.dg/format/ms_miss-4.c assignment warning (test for
warnings, line 26)
FAIL: gcc.dg/format/ms_miss-4.c assignment warning (test for
warnings, line 31)
FAIL: gcc.dg/format/ms_miss-4.c (test for excess errors)
FAIL: gcc.dg/format/ms_miss-4.c -DWIDE assignment warning (test for
warnings, line 26)
FAIL: gcc.dg/format/ms_miss-4.c -DWIDE assignment warning (test for
warnings, line 31)
FAIL: gcc.dg/format/ms_miss-4.c -DWIDE (test for excess errors)
FAIL: gcc.dg/format/ms_miss-5.c return type warning (test for
warnings, line 22)
FAIL: gcc.dg/format/ms_miss-5.c return type warning (test for
warnings, line 40)
FAIL: gcc.dg/format/ms_miss-5.c (test for excess errors)
FAIL: gcc.dg/format/ms_miss-5.c -DWIDE return type warning (test for
warnings, line 22)
FAIL: gcc.dg/format/ms_miss-5.c -DWIDE return type warning (test for
warnings, line 40)
FAIL: gcc.dg/format/ms_miss-5.c -DWIDE (test for excess errors)
FAIL: gcc.dg/format/ms_miss-6.c parameter passing warning (test for
warnings, line 25)
FAIL: gcc.dg/format/ms_miss-6.c parameter passing warning (test for
warnings, line 30)
FAIL: gcc.dg/format/ms_miss-6.c (test for excess errors)
FAIL: gcc.dg/format/ms_miss-6.c -DWIDE parameter passing warning
(test for warnings, line 25)
FAIL: gcc.dg/format/ms_miss-6.c -DWIDE parameter passing warning
(test for warnings, line 30)
FAIL: gcc.dg/format/ms_miss-6.c -DWIDE (test for excess errors)
FAIL: gcc.dg/format/ms_multattr-1.c printf (test for warnings, line
38)
FAIL: gcc.dg/format/ms_multattr-1.c scanf (test for warnings, line 39)
FAIL: gcc.dg/format/ms_multattr-1.c printf (test for warnings, line
42)
FAIL: gcc.dg/format/ms_multattr-1.c scanf (test for warnings, line 43)
FAIL: gcc.dg/format/ms_multattr-1.c printf (test for warnings, line
46)
FAIL: gcc.dg/format/ms_multattr-1.c scanf (test for warnings, line 47)
FAIL: gcc.dg/format/ms_multattr-1.c printf (test for warnings, line
50)
FAIL: gcc.dg/format/ms_multattr-1.c scanf (test for warnings, line 51)
FAIL: gcc.dg/format/ms_multattr-1.c (test for excess errors)
FAIL: gcc.dg/format/ms_multattr-1.c -DWIDE printf (test for warnings,
line 38)
FAIL: gcc.dg/format/ms_multattr-1.c -DWIDE scanf (test for warnings,
line 39)
FAIL: gcc.dg/format/ms_multattr-1.c -DWIDE printf (test for warnings,
line 42)
FAIL: gcc.dg/format/ms_multattr-1.c -DWIDE scanf (test for warnings,
line 43)
FAIL: gcc.dg/format/ms_multattr-1.c -DWIDE printf (test for warnings,
line 46)
FAIL: gcc.dg/format/ms_multattr-1.c -DWIDE scanf (test for warnings,
line 47)
FAIL: gcc.dg/format/ms_multattr-1.c -DWIDE printf (test for warnings,
line 50)
FAIL: gcc.dg/format/ms_multattr-1.c -DWIDE scanf (test for warnings,
line 51)
FAIL: gcc.dg/format/ms_multattr-1.c -DWIDE (test for excess errors)
FAIL: gcc.dg/format/ms_multattr-2.c printf (test for warnings, line
31)
FAIL: gcc.dg/format/ms_multattr-2.c scanf (test for warnings, line 32)
FAIL: gcc.dg/format/ms_multattr-2.c printf (test for warnings, line
35)
FAIL: gcc.dg/format/ms_multattr-2.c scanf (test for warnings, line 36)
FAIL: gcc.dg/format/ms_multattr-2.c printf (test for warnings, line
39)
FAIL: gcc.dg/format/ms_multattr-2.c scanf (test for warnings, line 40)
FAIL: gcc.dg/format/ms_multattr-2.c (test for excess errors)
FAIL: gcc.dg/format/ms_multattr-2.c -DWIDE printf (test for warnings,
line 31)
FAIL: gcc.dg/format/ms_multattr-2.c -DWIDE scanf (test for warnings,
line 32)
FAIL: gcc.dg/format/ms_multattr-2.c -DWIDE printf (test for warnings,
line 35)
FAIL: gcc.dg/format/ms_multattr-2.c -DWIDE scanf (test for warnings,
line 36)
FAIL: gcc.dg/format/ms_multattr-2.c -DWIDE printf (test for warnings,
line 39)
FAIL: gcc.dg/format/ms_multattr-2.c -DWIDE scanf (test for warnings,
line 40)
FAIL: gcc.dg/format/ms_multattr-2.c -DWIDE (test for excess errors)
FAIL: gcc.dg/format/ms_null-1.c null format with arguments (test for
warnings, line 21)
FAIL: gcc.dg/format/ms_null-1.c null format_arg with arguments (test
for warnings, line 24)
FAIL: gcc.dg/format/ms_null-1.c (test for excess errors)
FAIL: gcc.dg/format/ms_null-1.c -DWIDE null format with arguments
(test for warnings, line 21)
FAIL: gcc.dg/format/ms_null-1.c -DWIDE null format_arg with arguments
(test for warnings, line 24)
FAIL: gcc.dg/format/ms_null-1.c -DWIDE (test for excess errors)
FAIL: gcc.dg/format/ms_unnamed-1.c constant (test for warnings, line
22)
FAIL: gcc.dg/format/ms_unnamed-1.c (test for excess errors)
FAIL: gcc.dg/format/ms_unnamed-1.c -DWIDE constant (test for
warnings, line 22)
FAIL: gcc.dg/format/ms_unnamed-1.c -DWIDE (test for excess errors)
FAIL: gcc.dg/format/ms_va-1.c format error (test for warnings, line
12)
FAIL: gcc.dg/format/ms_va-1.c (test for excess errors)
FAIL: gcc.dg/format/ms_va-1.c -DWIDE format error (test for warnings,
line 12)
FAIL: gcc.dg/format/ms_va-1.c -DWIDE (test for excess errors)
FAIL: largefile.c -O0 -g -I. (test for excess errors)
FAIL: gcc.dg/pch/largefile.c -O0 -g assembly comparison
FAIL: largefile.c -O0 -I. (test for excess errors)
FAIL: gcc.dg/pch/largefile.c -O0 assembly comparison
FAIL: largefile.c -O1 -I. (test for excess errors)
FAIL: gcc.dg/pch/largefile.c -O1 assembly comparison
FAIL: largefile.c -O2 -I. (test for excess errors)
FAIL: gcc.dg/pch/largefile.c -O2 assembly comparison
FAIL: largefile.c -O3 -fomit-frame-pointer -I. (test for excess
errors)
FAIL: gcc.dg/pch/largefile.c -O3 -fomit-frame-pointer assembly
comparison
FAIL: largefile.c -O3 -g -I. (test for excess errors)
FAIL: gcc.dg/pch/largefile.c -O3 -g assembly comparison
FAIL: largefile.c -Os -I. (test for excess errors)
FAIL: gcc.dg/pch/largefile.c -Os assembly comparison
FAIL: gcc.dg/tls/alpha-1.c scan-assembler gottprel
FAIL: gcc.dg/tls/emutls-1.c (test for excess errors)
WARNING: gcc.dg/tls/emutls-1.c compilation failed to produce executable
FAIL: gcc.dg/tls/section-2.c (test for errors, line 9)
FAIL: gcc.dg/torture/fp-int-convert-float128.c -O0 (test for excess
errors)
WARNING: gcc.dg/torture/fp-int-convert-float128.c -O0 compilation
failed to produce executable
FAIL: gcc.dg/torture/fp-int-convert-float128.c -O1 (test for excess
errors)
WARNING: gcc.dg/torture/fp-int-convert-float128.c -O1 compilation
failed to produce executable
FAIL: gcc.dg/torture/fp-int-convert-float128.c -O2 (test for excess
errors)
WARNING: gcc.dg/torture/fp-int-convert-float128.c -O2 compilation
failed to produce executable
FAIL: gcc.dg/torture/fp-int-convert-float128.c -O3
-fomit-frame-pointer (test for excess errors)
WARNING: gcc.dg/torture/fp-int-convert-float128.c -O3
-fomit-frame-pointer compilation failed to produce executable
FAIL: gcc.dg/torture/fp-int-convert-float128.c -O3 -g (test for
excess errors)
WARNING: gcc.dg/torture/fp-int-convert-float128.c -O3 -g compilation
failed to produce executable
FAIL: gcc.dg/torture/fp-int-convert-float128.c -Os (test for excess
errors)
WARNING: gcc.dg/torture/fp-int-convert-float128.c -Os compilation
failed to produce executable
FAIL: gcc.dg/torture/pr19683-1.c -O0 (test for excess errors)
FAIL: gcc.dg/torture/pr19683-1.c -O1 (test for excess errors)
FAIL: gcc.dg/torture/pr19683-1.c -O1 execution test
FAIL: gcc.dg/torture/pr19683-1.c -O2 (test for excess errors)
FAIL: gcc.dg/torture/pr19683-1.c -O2 execution test
FAIL: gcc.dg/torture/pr19683-1.c -O3 -fomit-frame-pointer (test for
excess errors)
FAIL: gcc.dg/torture/pr19683-1.c -O3 -fomit-frame-pointer execution
test
FAIL: gcc.dg/torture/pr19683-1.c -O3 -g (test for excess errors)
FAIL: gcc.dg/torture/pr19683-1.c -O3 -g execution test
FAIL: gcc.dg/torture/pr19683-1.c -Os (test for excess errors)
FAIL: gcc.dg/torture/pr19683-1.c -Os execution test
FAIL: gcc.dg/torture/pr35842.c -O0 (test for excess errors)
FAIL: gcc.dg/torture/pr35842.c -O1 (test for excess errors)
FAIL: gcc.dg/torture/pr35842.c -O2 (test for excess errors)
FAIL: gcc.dg/torture/pr35842.c -O3 -fomit-frame-pointer (test for
excess errors)
FAIL: gcc.dg/torture/pr35842.c -O3 -fomit-frame-pointer -funroll-loops
(test for excess errors)
FAIL: gcc.dg/torture/pr35842.c -O3 -fomit-frame-pointer
-funroll-all-loops -finline-functions (test for excess errors)
FAIL: gcc.dg/torture/pr35842.c -O3 -g (test for excess errors)
FAIL: gcc.dg/torture/pr35842.c -Os (test for excess errors)
FAIL: gcc.dg/torture/stackalign/builtin-apply-4.c -O0 execution test
FAIL: gcc.dg/torture/stackalign/builtin-apply-4.c -O1 execution test
FAIL: gcc.dg/torture/stackalign/builtin-apply-4.c -O2 execution test
FAIL: gcc.dg/torture/stackalign/builtin-apply-4.c -O3
-fomit-frame-pointer execution test
FAIL: gcc.dg/torture/stackalign/builtin-apply-4.c -O3 -g execution
test
FAIL: gcc.dg/torture/stackalign/builtin-apply-4.c -Os execution test
FAIL: gcc.dg/torture/stackalign/builtin-apply-4.c -O0 execution test
FAIL: gcc.dg/torture/stackalign/builtin-apply-4.c -O1 execution test
FAIL: gcc.dg/torture/stackalign/builtin-apply-4.c -O2 execution test
FAIL: gcc.dg/torture/stackalign/builtin-apply-4.c -O3
-fomit-frame-pointer execution test
FAIL: gcc.dg/torture/stackalign/builtin-apply-4.c -O3 -g execution
test
FAIL: gcc.dg/torture/stackalign/builtin-apply-4.c -Os execution test
FAIL: gcc.dg/torture/stackalign/builtin-apply-4.c -O0 execution test
FAIL: gcc.dg/torture/stackalign/builtin-apply-4.c -O1 execution test
FAIL: gcc.dg/torture/stackalign/builtin-apply-4.c -O2 execution test
FAIL: gcc.dg/torture/stackalign/builtin-apply-4.c -O3
-fomit-frame-pointer execution test
FAIL: gcc.dg/torture/stackalign/builtin-apply-4.c -O3 -g execution
test
FAIL: gcc.dg/torture/stackalign/builtin-apply-4.c -Os execution test
FAIL: gcc.dg/torture/stackalign/builtin-apply-4.c -O0 execution test
FAIL: gcc.dg/torture/stackalign/builtin-apply-4.c -O1 execution test
FAIL: gcc.dg/torture/stackalign/builtin-apply-4.c -O2 execution test
FAIL: gcc.dg/torture/stackalign/builtin-apply-4.c -O3
-fomit-frame-pointer execution test
FAIL: gcc.dg/torture/stackalign/builtin-apply-4.c -O3 -g execution
test
FAIL: gcc.dg/torture/stackalign/builtin-apply-4.c -Os execution test
FAIL: gcc.target/i386/avx-vmovntdq-256-1.c (test for excess errors)
WARNING: gcc.target/i386/avx-vmovntdq-256-1.c compilation failed to
produce executable
FAIL: gcc.target/i386/avx-vmovntpd-256-1.c (test for excess errors)
WARNING: gcc.target/i386/avx-vmovntpd-256-1.c compilation failed to
produce executable
FAIL: gcc.target/i386/avx-vmovntps-256-1.c (test for excess errors)
WARNING: gcc.target/i386/avx-vmovntps-256-1.c compilation failed to
produce executable
FAIL: gcc.target/i386/funcspec-3.c scan-assembler popcntq
FAIL: gcc.target/i386/funcspec-3.c scan-assembler call\t(.*)popcountdi2
FAIL: gcc.target/i386/pr22076.c scan-assembler-times movq 3
FAIL: gcc.target/i386/pr22076.c scan-assembler-not movl
FAIL: gcc.target/i386/pr32065-2.c (test for excess errors)
WARNING: gcc.target/i386/pr32065-2.c compilation failed to produce
executable
=== gcc Summary ===
# of expected passes 56854
# of unexpected failures 379
# of unexpected successes 3
# of expected failures 189
# of unsupported tests 300
/usr/share/src/gcc_build/gcc/xgcc version 4.4.0 20090128
(experimental) [trunk revision 143729] (GCC)
=== gfortran tests ===
Running target unix
FAIL: gfortran.dg/array_constructor_23.f -O3 -fomit-frame-pointer
execution test
FAIL: gfortran.dg/array_constructor_23.f -O3 -fomit-frame-pointer
-funroll-loops execution test
FAIL: gfortran.dg/array_constructor_23.f -O3 -fomit-frame-pointer
-funroll-all-loops -finline-functions execution test
FAIL: gfortran.dg/array_constructor_23.f -O3 -g execution test
FAIL: gfortran.dg/default_format_1.f90 -O0 execution test
FAIL: gfortran.dg/default_format_1.f90 -O1 execution test
FAIL: gfortran.dg/default_format_1.f90 -O2 execution test
FAIL: gfortran.dg/default_format_1.f90 -O3 -fomit-frame-pointer
execution test
FAIL: gfortran.dg/default_format_1.f90 -O3 -fomit-frame-pointer
-funroll-loops execution test
FAIL: gfortran.dg/default_format_1.f90 -O3 -fomit-frame-pointer
-funroll-all-loops -finline-functions execution test
FAIL: gfortran.dg/default_format_1.f90 -O3 -g execution test
FAIL: gfortran.dg/default_format_1.f90 -Os execution test
FAIL: gfortran.dg/default_format_2.f90 -O0 execution test
FAIL: gfortran.dg/default_format_2.f90 -O1 execution test
FAIL: gfortran.dg/default_format_2.f90 -O2 execution test
FAIL: gfortran.dg/default_format_2.f90 -O3 -fomit-frame-pointer
execution test
FAIL: gfortran.dg/default_format_2.f90 -O3 -fomit-frame-pointer
-funroll-loops execution test
FAIL: gfortran.dg/default_format_2.f90 -O3 -fomit-frame-pointer
-funroll-all-loops -finline-functions execution test
FAIL: gfortran.dg/default_format_2.f90 -O3 -g execution test
FAIL: gfortran.dg/default_format_2.f90 -Os execution test
FAIL: gfortran.dg/default_format_denormal_1.f90 -O0 execution test
FAIL: gfortran.dg/default_format_denormal_1.f90 -O1 execution test
FAIL: gfortran.dg/default_format_denormal_1.f90 -O2 execution test
FAIL: gfortran.dg/default_format_denormal_1.f90 -O3
-fomit-frame-pointer execution test
FAIL: gfortran.dg/default_format_denormal_1.f90 -O3
-fomit-frame-pointer -funroll-loops execution test
FAIL: gfortran.dg/default_format_denormal_1.f90 -O3
-fomit-frame-pointer -funroll-all-loops -finline-functions execution
test
FAIL: gfortran.dg/default_format_denormal_1.f90 -O3 -g execution test
FAIL: gfortran.dg/default_format_denormal_1.f90 -Os execution test
FAIL: gfortran.dg/default_format_denormal_2.f90 -O0 execution test
FAIL: gfortran.dg/default_format_denormal_2.f90 -O1 execution test
FAIL: gfortran.dg/default_format_denormal_2.f90 -O2 execution test
FAIL: gfortran.dg/default_format_denormal_2.f90 -O3
-fomit-frame-pointer execution test
FAIL: gfortran.dg/default_format_denormal_2.f90 -O3
-fomit-frame-pointer -funroll-loops execution test
FAIL: gfortran.dg/default_format_denormal_2.f90 -O3
-fomit-frame-pointer -funroll-all-loops -finline-functions execution
test
FAIL: gfortran.dg/default_format_denormal_2.f90 -O3 -g execution test
FAIL: gfortran.dg/default_format_denormal_2.f90 -Os execution test
FAIL: gfortran.dg/e_d_fmt.f90 -O0 execution test
FAIL: gfortran.dg/e_d_fmt.f90 -O1 execution test
FAIL: gfortran.dg/e_d_fmt.f90 -O2 execution test
FAIL: gfortran.dg/e_d_fmt.f90 -O3 -fomit-frame-pointer execution test
FAIL: gfortran.dg/e_d_fmt.f90 -O3 -fomit-frame-pointer -funroll-loops
execution test
FAIL: gfortran.dg/e_d_fmt.f90 -O3 -fomit-frame-pointer
-funroll-all-loops -finline-functions execution test
FAIL: gfortran.dg/e_d_fmt.f90 -O3 -g execution test
FAIL: gfortran.dg/e_d_fmt.f90 -Os execution test
FAIL: gfortran.dg/fmt_p_1.f90 -O0 execution test
FAIL: gfortran.dg/fmt_p_1.f90 -O1 execution test
FAIL: gfortran.dg/fmt_p_1.f90 -O2 execution test
FAIL: gfortran.dg/fmt_p_1.f90 -O3 -fomit-frame-pointer execution test
FAIL: gfortran.dg/fmt_p_1.f90 -O3 -fomit-frame-pointer -funroll-loops
execution test
FAIL: gfortran.dg/fmt_p_1.f90 -O3 -fomit-frame-pointer
-funroll-all-loops -finline-functions execution test
FAIL: gfortran.dg/fmt_p_1.f90 -O3 -g execution test
FAIL: gfortran.dg/fmt_p_1.f90 -Os execution test
FAIL: gfortran.dg/fmt_read_bz_bn.f90 -O0 execution test
FAIL: gfortran.dg/fmt_read_bz_bn.f90 -O1 execution test
FAIL: gfortran.dg/fmt_read_bz_bn.f90 -O2 execution test
FAIL: gfortran.dg/fmt_read_bz_bn.f90 -O3 -fomit-frame-pointer
execution test
FAIL: gfortran.dg/fmt_read_bz_bn.f90 -O3 -fomit-frame-pointer
-funroll-loops execution test
FAIL: gfortran.dg/fmt_read_bz_bn.f90 -O3 -fomit-frame-pointer
-funroll-all-loops -finline-functions execution test
FAIL: gfortran.dg/fmt_read_bz_bn.f90 -O3 -g execution test
FAIL: gfortran.dg/fmt_read_bz_bn.f90 -Os execution test
FAIL: gfortran.dg/fmt_zero_digits.f90 -O0 execution test
FAIL: gfortran.dg/fmt_zero_digits.f90 -O1 execution test
FAIL: gfortran.dg/fmt_zero_digits.f90 -O2 execution test
FAIL: gfortran.dg/fmt_zero_digits.f90 -O3 -fomit-frame-pointer
execution test
FAIL: gfortran.dg/fmt_zero_digits.f90 -O3 -fomit-frame-pointer
-funroll-loops execution test
FAIL: gfortran.dg/fmt_zero_digits.f90 -O3 -fomit-frame-pointer
-funroll-all-loops -finline-functions execution test
FAIL: gfortran.dg/fmt_zero_digits.f90 -O3 -g execution test
FAIL: gfortran.dg/fmt_zero_digits.f90 -Os execution test
FAIL: gfortran.dg/intrinsic_spread_1.f90 -O0 execution test
FAIL: gfortran.dg/intrinsic_spread_1.f90 -O1 execution test
FAIL: gfortran.dg/intrinsic_spread_1.f90 -O2 execution test
FAIL: gfortran.dg/intrinsic_spread_1.f90 -O3 -fomit-frame-pointer
execution test
FAIL: gfortran.dg/intrinsic_spread_1.f90 -O3 -fomit-frame-pointer
-funroll-loops execution test
FAIL: gfortran.dg/intrinsic_spread_1.f90 -O3 -fomit-frame-pointer
-funroll-all-loops -finline-functions execution test
FAIL: gfortran.dg/intrinsic_spread_1.f90 -O3 -g execution test
FAIL: gfortran.dg/intrinsic_spread_1.f90 -Os execution test
FAIL: gfortran.dg/intrinsic_spread_2.f90 -O0 execution test
FAIL: gfortran.dg/intrinsic_spread_2.f90 -O1 execution test
FAIL: gfortran.dg/intrinsic_spread_2.f90 -O2 execution test
FAIL: gfortran.dg/intrinsic_spread_2.f90 -O3 -fomit-frame-pointer
execution test
FAIL: gfortran.dg/intrinsic_spread_2.f90 -O3 -fomit-frame-pointer
-funroll-loops execution test
FAIL: gfortran.dg/intrinsic_spread_2.f90 -O3 -fomit-frame-pointer
-funroll-all-loops -finline-functions execution test
FAIL: gfortran.dg/intrinsic_spread_2.f90 -O3 -g execution test
FAIL: gfortran.dg/intrinsic_unpack_1.f90 -O0 execution test
FAIL: gfortran.dg/intrinsic_unpack_1.f90 -O1 execution test
FAIL: gfortran.dg/intrinsic_unpack_1.f90 -O2 execution test
FAIL: gfortran.dg/intrinsic_unpack_1.f90 -O3 -fomit-frame-pointer
execution test
FAIL: gfortran.dg/intrinsic_unpack_1.f90 -O3 -fomit-frame-pointer
-funroll-loops execution test
FAIL: gfortran.dg/intrinsic_unpack_1.f90 -O3 -fomit-frame-pointer
-funroll-all-loops -finline-functions execution test
FAIL: gfortran.dg/intrinsic_unpack_1.f90 -O3 -g execution test
FAIL: gfortran.dg/intrinsic_unpack_1.f90 -Os execution test
FAIL: gfortran.dg/intrinsic_unpack_2.f90 -O0 execution test
FAIL: gfortran.dg/intrinsic_unpack_2.f90 -O1 execution test
FAIL: gfortran.dg/intrinsic_unpack_2.f90 -O2 execution test
FAIL: gfortran.dg/intrinsic_unpack_2.f90 -O3 -fomit-frame-pointer
execution test
FAIL: gfortran.dg/intrinsic_unpack_2.f90 -O3 -fomit-frame-pointer
-funroll-loops execution test
FAIL: gfortran.dg/intrinsic_unpack_2.f90 -O3 -fomit-frame-pointer
-funroll-all-loops -finline-functions execution test
FAIL: gfortran.dg/intrinsic_unpack_2.f90 -O3 -g execution test
FAIL: gfortran.dg/large_real_kind_1.f90 -O0 execution test
FAIL: gfortran.dg/large_real_kind_1.f90 -O1 execution test
FAIL: gfortran.dg/large_real_kind_1.f90 -O2 execution test
FAIL: gfortran.dg/large_real_kind_1.f90 -O3 -fomit-frame-pointer
execution test
FAIL: gfortran.dg/large_real_kind_1.f90 -O3 -fomit-frame-pointer
-funroll-loops execution test
FAIL: gfortran.dg/large_real_kind_1.f90 -O3 -fomit-frame-pointer
-funroll-all-loops -finline-functions execution test
FAIL: gfortran.dg/large_real_kind_1.f90 -O3 -g execution test
FAIL: gfortran.dg/large_real_kind_1.f90 -Os execution test
FAIL: gfortran.dg/large_real_kind_form_io_2.f90 -O0 execution test
FAIL: gfortran.dg/large_real_kind_form_io_2.f90 -O1 execution test
FAIL: gfortran.dg/large_real_kind_form_io_2.f90 -O2 execution test
FAIL: gfortran.dg/large_real_kind_form_io_2.f90 -O3
-fomit-frame-pointer execution test
FAIL: gfortran.dg/large_real_kind_form_io_2.f90 -O3
-fomit-frame-pointer -funroll-loops execution test
FAIL: gfortran.dg/large_real_kind_form_io_2.f90 -O3
-fomit-frame-pointer -funroll-all-loops -finline-functions execution
test
FAIL: gfortran.dg/large_real_kind_form_io_2.f90 -O3 -g execution test
FAIL: gfortran.dg/large_real_kind_form_io_2.f90 -Os execution test
FAIL: gfortran.dg/namelist_16.f90 -O0 execution test
FAIL: gfortran.dg/namelist_16.f90 -O1 execution test
FAIL: gfortran.dg/namelist_16.f90 -O2 execution test
FAIL: gfortran.dg/namelist_16.f90 -O3 -fomit-frame-pointer execution
test
FAIL: gfortran.dg/namelist_16.f90 -O3 -fomit-frame-pointer
-funroll-loops execution test
FAIL: gfortran.dg/namelist_16.f90 -O3 -fomit-frame-pointer
-funroll-all-loops -finline-functions execution test
FAIL: gfortran.dg/namelist_16.f90 -O3 -g execution test
FAIL: gfortran.dg/namelist_16.f90 -Os execution test
FAIL: gfortran.dg/output_exponents_1.f90 -O0 execution test
FAIL: gfortran.dg/output_exponents_1.f90 -O1 execution test
FAIL: gfortran.dg/output_exponents_1.f90 -O2 execution test
FAIL: gfortran.dg/output_exponents_1.f90 -O3 -fomit-frame-pointer
execution test
FAIL: gfortran.dg/output_exponents_1.f90 -O3 -fomit-frame-pointer
-funroll-loops execution test
FAIL: gfortran.dg/output_exponents_1.f90 -O3 -fomit-frame-pointer
-funroll-all-loops -finline-functions execution test
FAIL: gfortran.dg/output_exponents_1.f90 -O3 -g execution test
FAIL: gfortran.dg/output_exponents_1.f90 -Os execution test
=== gfortran Summary ===
# of expected passes 29010
# of unexpected failures 130
# of expected failures 14
# of unsupported tests 113
/usr/share/src/gcc_build/gcc/testsuite/gfortran/../../gfortran version
4.4.0 20090128 (experimental) [trunk revision 143729] (GCC)
=== gnat tests ===
Running target unix
=== gnat Summary ===
# of expected passes 604
# of expected failures 6
=== obj-c++ tests ===
Running target unix
XPASS: obj-c++.dg/comp-types-10.mm (test for excess errors)
WARNING: obj-c++.dg/lookup-2.mm compilation failed to produce executable
WARNING: obj-c++.dg/try-catch-2.mm compilation failed to produce
executable
WARNING: obj-c++.dg/try-catch-9.mm compilation failed to produce
executable
=== obj-c++ Summary ===
# of expected passes 436
# of unexpected successes 1
# of expected failures 9
# of unsupported tests 13
/usr/share/src/gcc_build/gcc/testsuite/obj-c++/../../g++ version 4.4.0
20090125 (experimental) [trunk revision 143660] (GCC)
=== objc tests ===
Running target unix
=== objc Summary ===
# of expected passes 1830
# of expected failures 7
# of unsupported tests 24
/usr/share/src/gcc_build/gcc/xgcc version 4.4.0 20090125
(experimental) [trunk revision 143660] (GCC)
=== libffi tests ===
Running target unix
=== libffi Summary ===
# of expected passes 1389
# of unsupported tests 10
=== libgomp tests ===
Running target unix
FAIL: libgomp.c/copyin-1.c execution test
FAIL: libgomp.c/copyin-2.c execution test
FAIL: libgomp.c++/copyin-1.C -O0 execution test
FAIL: libgomp.c++/copyin-1.C -O1 execution test
FAIL: libgomp.c++/copyin-1.C -O2 execution test
FAIL: libgomp.c++/copyin-1.C -O3 -fomit-frame-pointer execution test
FAIL: libgomp.c++/copyin-1.C -O3 -fomit-frame-pointer -funroll-loops
execution test
FAIL: libgomp.c++/copyin-1.C -O3 -fomit-frame-pointer
-funroll-all-loops -finline-functions execution test
FAIL: libgomp.c++/copyin-1.C -O3 -g execution test
FAIL: libgomp.c++/copyin-1.C -Os execution test
FAIL: libgomp.c++/copyin-2.C -O0 execution test
FAIL: libgomp.c++/copyin-2.C -O1 execution test
FAIL: libgomp.c++/copyin-2.C -O2 execution test
FAIL: libgomp.c++/copyin-2.C -O3 -fomit-frame-pointer execution test
FAIL: libgomp.c++/copyin-2.C -O3 -fomit-frame-pointer -funroll-loops
execution test
FAIL: libgomp.c++/copyin-2.C -O3 -fomit-frame-pointer
-funroll-all-loops -finline-functions execution test
FAIL: libgomp.c++/copyin-2.C -O3 -g execution test
FAIL: libgomp.c++/copyin-2.C -Os execution test
=== libgomp Summary ===
# of expected passes 2323
# of unexpected failures 18
# of unsupported tests 2
=== libjava tests ===
Running target unix
FAIL:
/usr/share/src/gcc_trunk/libjava/testsuite/libjava.jar/TestClosureGC.jar
execution - gij test
FAIL: /usr/share/src/gcc_trunk/libjava/testsuite/libjava.jar/simple.jar
execution - gij test
FAIL: PR15133 execution - gij test
FAIL: PR18116 execution - gij test
FAIL: PR28178 execution - gij test
FAIL: bytebuffer execution - gij test
FAIL: calls execution - gij test
FAIL: cxxtest execution - gij test
FAIL: directbuffer execution - gij test
FAIL: field execution - gij test
FAIL: final_method execution - gij test
FAIL: findclass execution - gij test
FAIL: findclass2 execution - gij test
FAIL: iface execution - gij test
FAIL: init execution - gij test
FAIL: invoke execution - gij test
FAIL: jniutf execution - gij test
FAIL: martin execution - gij test
FAIL: noclass execution - gij test
FAIL: overload execution - gij test
FAIL: pr11951 execution - gij test
FAIL: pr18278 execution - gij test
FAIL: pr23739 execution - gij test
FAIL: register execution - gij test
FAIL: register2 execution - gij test
FAIL: simple_int execution - gij test
FAIL: throwit execution - gij test
FAIL: virtual execution - gij test
FAIL: PR16923 run
FAIL: pr29812 execution - gij test
FAIL: getargssize run
FAIL: getlocalvartable run
FAIL: getstacktrace run
FAIL: ExtraClassLoader execution - source compiled test
FAIL: ExtraClassLoader -findirect-dispatch execution - source compiled
test
FAIL: ExtraClassLoader -O3 execution - source compiled test
FAIL: ExtraClassLoader -O3 -findirect-dispatch execution - source
compiled test
FAIL: PR18699 execution - source compiled test
FAIL: PR18699 -O3 execution - source compiled test
FAIL: ProxyTest execution - source compiled test
FAIL: ProxyTest -findirect-dispatch execution - source compiled test
FAIL: ProxyTest -O3 execution - source compiled test
FAIL: ProxyTest -O3 -findirect-dispatch execution - source compiled test
FAIL: TestProxy execution - source compiled test
FAIL: TestProxy -findirect-dispatch execution - source compiled test
FAIL: TestProxy -O3 execution - source compiled test
FAIL: TestProxy -O3 -findirect-dispatch execution - source compiled test
FAIL: Throw_2 execution - source compiled test
FAIL: Throw_2 -findirect-dispatch execution - source compiled test
FAIL: Throw_2 -O3 execution - source compiled test
FAIL: Throw_2 -O3 -findirect-dispatch execution - source compiled test
FAIL:
/usr/share/src/gcc_build/i386-pc-solaris2.11/libjava/testsuite/TestEarlyG
C.exe execution -
/usr/share/src/gcc_build/i386-pc-solaris2.11/libjava/testsuite/TestEarlyG
C.exe
FAIL:
/usr/share/src/gcc_build/i386-pc-solaris2.11/libjava/testsuite/TestLeak.e
xe execution -
/usr/share/src/gcc_build/i386-pc-solaris2.11/libjava/testsuite/TestLeak.e
xe
FAIL:
/usr/share/src/gcc_build/i386-pc-solaris2.11/libjava/testsuite/TestMultip
le.exe execution -
/usr/share/src/gcc_build/i386-pc-solaris2.11/libjava/testsuite/TestMultip
le.exe
FAIL:
/usr/share/src/gcc_build/i386-pc-solaris2.11/libjava/testsuite/TestParent
.exe execution -
/usr/share/src/gcc_build/i386-pc-solaris2.11/libjava/testsuite/TestParent
.exe
=== libjava Summary ===
# of expected passes 2468
# of unexpected failures 55
# of untested testcases 55
=== libmudflap tests ===
Running target unix
FAIL: libmudflap.c/fail40-frag.c output pattern test
FAIL: libmudflap.c/heap-scalestress.c execution test
FAIL: libmudflap.c/heap-scalestress.c output pattern test
FAIL: libmudflap.c/pass-stratcliff.c (test for excess errors)
WARNING: libmudflap.c/pass-stratcliff.c compilation failed to produce
executable
FAIL: libmudflap.c/pass42-frag.c execution test
FAIL: libmudflap.c/pass42-frag.c output pattern test
FAIL: libmudflap.c/pass42-frag.c execution test
FAIL: libmudflap.c/pass42-frag.c output pattern test
FAIL: libmudflap.c/pass47-frag.c (test for excess errors)
FAIL: libmudflap.c/pass47-frag.c execution test
FAIL: libmudflap.c/pass47-frag.c (test for excess errors)
FAIL: libmudflap.c/pass47-frag.c execution test
FAIL: libmudflap.c/pass51-frag.c execution test
FAIL: libmudflap.c/pass51-frag.c execution test
FAIL: libmudflap.c/pass52-frag.c execution test
FAIL: libmudflap.c/pass52-frag.c execution test
FAIL: libmudflap.c/fail40-frag.c (-O2) output pattern test
FAIL: libmudflap.c/heap-scalestress.c (-O2) execution test
FAIL: libmudflap.c/heap-scalestress.c (-O2) output pattern test
FAIL: libmudflap.c/pass-stratcliff.c (-O2) (test for excess errors)
WARNING: libmudflap.c/pass-stratcliff.c (-O2) compilation failed to
produce executable
FAIL: libmudflap.c/pass42-frag.c (-O2) execution test
FAIL: libmudflap.c/pass42-frag.c (-O2) output pattern test
FAIL: libmudflap.c/pass42-frag.c (-O2) execution test
FAIL: libmudflap.c/pass42-frag.c (-O2) output pattern test
FAIL: libmudflap.c/pass47-frag.c (-O2) (test for excess errors)
FAIL: libmudflap.c/pass47-frag.c (-O2) (test for excess errors)
FAIL: libmudflap.c/pass51-frag.c (-O2) execution test
FAIL: libmudflap.c/pass51-frag.c (-O2) execution test
FAIL: libmudflap.c/pass52-frag.c (-O2) execution test
FAIL: libmudflap.c/pass52-frag.c (-O2) execution test
FAIL: libmudflap.c/fail40-frag.c (-O3) output pattern test
FAIL: libmudflap.c/heap-scalestress.c (-O3) execution test
FAIL: libmudflap.c/heap-scalestress.c (-O3) output pattern test
FAIL: libmudflap.c/pass-stratcliff.c (-O3) (test for excess errors)
WARNING: libmudflap.c/pass-stratcliff.c (-O3) compilation failed to
produce executable
FAIL: libmudflap.c/pass42-frag.c (-O3) execution test
FAIL: libmudflap.c/pass42-frag.c (-O3) output pattern test
FAIL: libmudflap.c/pass42-frag.c (-O3) execution test
FAIL: libmudflap.c/pass42-frag.c (-O3) output pattern test
FAIL: libmudflap.c/pass47-frag.c (-O3) (test for excess errors)
FAIL: libmudflap.c/pass47-frag.c (-O3) (test for excess errors)
FAIL: libmudflap.c/pass51-frag.c (-O3) execution test
FAIL: libmudflap.c/pass51-frag.c (-O3) execution test
FAIL: libmudflap.c/pass52-frag.c (-O3) execution test
FAIL: libmudflap.c/pass52-frag.c (-O3) execution test
FAIL: externs-12 linkage
FAIL: externs-21 linkage
WARNING: program timed out.
FAIL: externs-12 execution
WARNING: program timed out.
FAIL: externs-21 execution
FAIL: externs-12 linkage -O2
FAIL: externs-21 linkage -O2
WARNING: program timed out.
FAIL: externs-12 execution -O2
WARNING: program timed out.
FAIL: externs-21 execution -O2
FAIL: externs-12 linkage -O3
FAIL: externs-21 linkage -O3
WARNING: program timed out.
FAIL: externs-12 execution -O3
WARNING: program timed out.
FAIL: externs-21 execution -O3
FAIL: libmudflap.c++/pass41-frag.cxx execution test
FAIL: libmudflap.c++/pass41-frag.cxx (-O2) execution test
FAIL: libmudflap.c++/pass41-frag.cxx (-O3) execution test
FAIL: ctors-12 linkage
FAIL: ctors-21 linkage
WARNING: program timed out.
FAIL: ctors-12 execution
WARNING: program timed out.
FAIL: ctors-21 execution
FAIL: ctors-12 linkage -O2
FAIL: ctors-21 linkage -O2
WARNING: program timed out.
FAIL: ctors-12 execution -O2
WARNING: program timed out.
FAIL: ctors-21 execution -O2
FAIL: ctors-12 linkage -O3
FAIL: ctors-21 linkage -O3
WARNING: program timed out.
FAIL: ctors-12 execution -O3
WARNING: program timed out.
FAIL: ctors-21 execution -O3
FAIL: libmudflap.cth/pass37-frag.c execution test
FAIL: libmudflap.cth/pass37-frag.c output pattern test
FAIL: libmudflap.cth/pass37-frag.c (rerun 1) execution test
FAIL: libmudflap.cth/pass37-frag.c (rerun 1) output pattern test
FAIL: libmudflap.cth/pass37-frag.c (rerun 2) execution test
FAIL: libmudflap.cth/pass37-frag.c (rerun 2) output pattern test
FAIL: libmudflap.cth/pass37-frag.c (rerun 3) execution test
FAIL: libmudflap.cth/pass37-frag.c (rerun 3) output pattern test
FAIL: libmudflap.cth/pass37-frag.c (rerun 4) execution test
FAIL: libmudflap.cth/pass37-frag.c (rerun 4) output pattern test
FAIL: libmudflap.cth/pass37-frag.c (rerun 5) execution test
FAIL: libmudflap.cth/pass37-frag.c (rerun 5) output pattern test
FAIL: libmudflap.cth/pass37-frag.c (rerun 6) execution test
FAIL: libmudflap.cth/pass37-frag.c (rerun 6) output pattern test
FAIL: libmudflap.cth/pass37-frag.c (rerun 7) execution test
FAIL: libmudflap.cth/pass37-frag.c (rerun 7) output pattern test
FAIL: libmudflap.cth/pass37-frag.c (rerun 8) execution test
FAIL: libmudflap.cth/pass37-frag.c (rerun 8) output pattern test
FAIL: libmudflap.cth/pass37-frag.c (rerun 9) execution test
FAIL: libmudflap.cth/pass37-frag.c (rerun 9) output pattern test
FAIL: libmudflap.cth/pass37-frag.c (rerun 10) execution test
FAIL: libmudflap.cth/pass37-frag.c (rerun 10) output pattern test
FAIL: libmudflap.cth/pass37-frag.c (rerun 11) execution test
FAIL: libmudflap.cth/pass37-frag.c (rerun 11) output pattern test
FAIL: libmudflap.cth/pass37-frag.c (rerun 12) execution test
FAIL: libmudflap.cth/pass37-frag.c (rerun 12) output pattern test
FAIL: libmudflap.cth/pass37-frag.c (rerun 13) execution test
FAIL: libmudflap.cth/pass37-frag.c (rerun 13) output pattern test
FAIL: libmudflap.cth/pass37-frag.c (rerun 14) execution test
FAIL: libmudflap.cth/pass37-frag.c (rerun 14) output pattern test
FAIL: libmudflap.cth/pass37-frag.c (rerun 15) execution test
FAIL: libmudflap.cth/pass37-frag.c (rerun 15) output pattern test
FAIL: libmudflap.cth/pass37-frag.c (rerun 16) execution test
FAIL: libmudflap.cth/pass37-frag.c (rerun 16) output pattern test
FAIL: libmudflap.cth/pass37-frag.c (rerun 17) execution test
FAIL: libmudflap.cth/pass37-frag.c (rerun 17) output pattern test
FAIL: libmudflap.cth/pass37-frag.c (rerun 18) execution test
FAIL: libmudflap.cth/pass37-frag.c (rerun 18) output pattern test
FAIL: libmudflap.cth/pass37-frag.c (rerun 19) execution test
FAIL: libmudflap.cth/pass37-frag.c (rerun 19) output pattern test
FAIL: libmudflap.cth/pass39-frag.c execution test
FAIL: libmudflap.cth/pass39-frag.c output pattern test
FAIL: libmudflap.cth/pass39-frag.c (rerun 1) execution test
FAIL: libmudflap.cth/pass39-frag.c (rerun 1) output pattern test
FAIL: libmudflap.cth/pass39-frag.c (rerun 2) execution test
FAIL: libmudflap.cth/pass39-frag.c (rerun 2) output pattern test
FAIL: libmudflap.cth/pass39-frag.c (rerun 3) execution test
FAIL: libmudflap.cth/pass39-frag.c (rerun 3) output pattern test
FAIL: libmudflap.cth/pass39-frag.c (rerun 4) execution test
FAIL: libmudflap.cth/pass39-frag.c (rerun 4) output pattern test
FAIL: libmudflap.cth/pass39-frag.c (rerun 5) execution test
FAIL: libmudflap.cth/pass39-frag.c (rerun 5) output pattern test
FAIL: libmudflap.cth/pass39-frag.c (rerun 6) execution test
FAIL: libmudflap.cth/pass39-frag.c (rerun 6) output pattern test
FAIL: libmudflap.cth/pass39-frag.c (rerun 7) execution test
FAIL: libmudflap.cth/pass39-frag.c (rerun 7) output pattern test
FAIL: libmudflap.cth/pass39-frag.c (rerun 8) execution test
FAIL: libmudflap.cth/pass39-frag.c (rerun 8) output pattern test
FAIL: libmudflap.cth/pass39-frag.c (rerun 9) execution test
FAIL: libmudflap.cth/pass39-frag.c (rerun 9) output pattern test
FAIL: libmudflap.cth/pass39-frag.c (rerun 10) execution test
FAIL: libmudflap.cth/pass39-frag.c (rerun 10) output pattern test
FAIL: libmudflap.cth/pass39-frag.c (rerun 11) execution test
FAIL: libmudflap.cth/pass39-frag.c (rerun 11) output pattern test
FAIL: libmudflap.cth/pass39-frag.c (rerun 12) execution test
FAIL: libmudflap.cth/pass39-frag.c (rerun 12) output pattern test
FAIL: libmudflap.cth/pass39-frag.c (rerun 13) execution test
FAIL: libmudflap.cth/pass39-frag.c (rerun 13) output pattern test
FAIL: libmudflap.cth/pass39-frag.c (rerun 14) execution test
FAIL: libmudflap.cth/pass39-frag.c (rerun 14) output pattern test
FAIL: libmudflap.cth/pass39-frag.c (rerun 15) execution test
FAIL: libmudflap.cth/pass39-frag.c (rerun 15) output pattern test
FAIL: libmudflap.cth/pass39-frag.c (rerun 16) execution test
FAIL: libmudflap.cth/pass39-frag.c (rerun 16) output pattern test
FAIL: libmudflap.cth/pass39-frag.c (rerun 17) execution test
FAIL: libmudflap.cth/pass39-frag.c (rerun 17) output pattern test
FAIL: libmudflap.cth/pass39-frag.c (rerun 18) execution test
FAIL: libmudflap.cth/pass39-frag.c (rerun 18) output pattern test
FAIL: libmudflap.cth/pass39-frag.c (rerun 19) execution test
FAIL: libmudflap.cth/pass39-frag.c (rerun 19) output pattern test
FAIL: libmudflap.cth/pass40-frag.c execution test
FAIL: libmudflap.cth/pass40-frag.c output pattern test
FAIL: libmudflap.cth/pass37-frag.c (-O2) execution test
FAIL: libmudflap.cth/pass37-frag.c (-O2) output pattern test
FAIL: libmudflap.cth/pass37-frag.c (-O2) (rerun 1) execution test
FAIL: libmudflap.cth/pass37-frag.c (-O2) (rerun 1) output pattern test
FAIL: libmudflap.cth/pass37-frag.c (-O2) (rerun 2) execution test
FAIL: libmudflap.cth/pass37-frag.c (-O2) (rerun 2) output pattern test
FAIL: libmudflap.cth/pass37-frag.c (-O2) (rerun 3) execution test
FAIL: libmudflap.cth/pass37-frag.c (-O2) (rerun 3) output pattern test
FAIL: libmudflap.cth/pass37-frag.c (-O2) (rerun 4) execution test
FAIL: libmudflap.cth/pass37-frag.c (-O2) (rerun 4) output pattern test
FAIL: libmudflap.cth/pass37-frag.c (-O2) (rerun 5) execution test
FAIL: libmudflap.cth/pass37-frag.c (-O2) (rerun 5) output pattern test
FAIL: libmudflap.cth/pass37-frag.c (-O2) (rerun 6) execution test
FAIL: libmudflap.cth/pass37-frag.c (-O2) (rerun 6) output pattern test
FAIL: libmudflap.cth/pass37-frag.c (-O2) (rerun 7) execution test
FAIL: libmudflap.cth/pass37-frag.c (-O2) (rerun 7) output pattern test
FAIL: libmudflap.cth/pass37-frag.c (-O2) (rerun 8) execution test
FAIL: libmudflap.cth/pass37-frag.c (-O2) (rerun 8) output pattern test
FAIL: libmudflap.cth/pass37-frag.c (-O2) (rerun 9) execution test
FAIL: libmudflap.cth/pass37-frag.c (-O2) (rerun 9) output pattern test
FAIL: libmudflap.cth/pass37-frag.c (-O2) (rerun 10) execution test
FAIL: libmudflap.cth/pass37-frag.c (-O2) (rerun 10) output pattern test
FAIL: libmudflap.cth/pass37-frag.c (-O2) (rerun 11) execution test
FAIL: libmudflap.cth/pass37-frag.c (-O2) (rerun 11) output pattern test
FAIL: libmudflap.cth/pass37-frag.c (-O2) (rerun 12) execution test
FAIL: libmudflap.cth/pass37-frag.c (-O2) (rerun 12) output pattern test
FAIL: libmudflap.cth/pass37-frag.c (-O2) (rerun 13) execution test
FAIL: libmudflap.cth/pass37-frag.c (-O2) (rerun 13) output pattern test
FAIL: libmudflap.cth/pass37-frag.c (-O2) (rerun 14) execution test
FAIL: libmudflap.cth/pass37-frag.c (-O2) (rerun 14) output pattern test
FAIL: libmudflap.cth/pass37-frag.c (-O2) (rerun 15) execution test
FAIL: libmudflap.cth/pass37-frag.c (-O2) (rerun 15) output pattern test
FAIL: libmudflap.cth/pass37-frag.c (-O2) (rerun 16) execution test
FAIL: libmudflap.cth/pass37-frag.c (-O2) (rerun 16) output pattern test
FAIL: libmudflap.cth/pass37-frag.c (-O2) (rerun 17) execution test
FAIL: libmudflap.cth/pass37-frag.c (-O2) (rerun 17) output pattern test
FAIL: libmudflap.cth/pass37-frag.c (-O2) (rerun 18) execution test
FAIL: libmudflap.cth/pass37-frag.c (-O2) (rerun 18) output pattern test
FAIL: libmudflap.cth/pass37-frag.c (-O2) (rerun 19) execution test
FAIL: libmudflap.cth/pass37-frag.c (-O2) (rerun 19) output pattern test
FAIL: libmudflap.cth/pass39-frag.c (-O2) execution test
FAIL: libmudflap.cth/pass39-frag.c (-O2) output pattern test
FAIL: libmudflap.cth/pass39-frag.c (-O2) (rerun 1) execution test
FAIL: libmudflap.cth/pass39-frag.c (-O2) (rerun 1) output pattern test
FAIL: libmudflap.cth/pass39-frag.c (-O2) (rerun 2) execution test
FAIL: libmudflap.cth/pass39-frag.c (-O2) (rerun 2) output pattern test
FAIL: libmudflap.cth/pass39-frag.c (-O2) (rerun 3) execution test
FAIL: libmudflap.cth/pass39-frag.c (-O2) (rerun 3) output pattern test
FAIL: libmudflap.cth/pass39-frag.c (-O2) (rerun 4) execution test
FAIL: libmudflap.cth/pass39-frag.c (-O2) (rerun 4) output pattern test
FAIL: libmudflap.cth/pass39-frag.c (-O2) (rerun 5) execution test
FAIL: libmudflap.cth/pass39-frag.c (-O2) (rerun 5) output pattern test
FAIL: libmudflap.cth/pass39-frag.c (-O2) (rerun 6) execution test
FAIL: libmudflap.cth/pass39-frag.c (-O2) (rerun 6) output pattern test
FAIL: libmudflap.cth/pass39-frag.c (-O2) (rerun 7) execution test
FAIL: libmudflap.cth/pass39-frag.c (-O2) (rerun 7) output pattern test
FAIL: libmudflap.cth/pass39-frag.c (-O2) (rerun 8) execution test
FAIL: libmudflap.cth/pass39-frag.c (-O2) (rerun 8) output pattern test
FAIL: libmudflap.cth/pass39-frag.c (-O2) (rerun 9) execution test
FAIL: libmudflap.cth/pass39-frag.c (-O2) (rerun 9) output pattern test
FAIL: libmudflap.cth/pass39-frag.c (-O2) (rerun 10) execution test
FAIL: libmudflap.cth/pass39-frag.c (-O2) (rerun 10) output pattern test
FAIL: libmudflap.cth/pass39-frag.c (-O2) (rerun 11) execution test
FAIL: libmudflap.cth/pass39-frag.c (-O2) (rerun 11) output pattern test
FAIL: libmudflap.cth/pass39-frag.c (-O2) (rerun 12) execution test
FAIL: libmudflap.cth/pass39-frag.c (-O2) (rerun 12) output pattern test
FAIL: libmudflap.cth/pass39-frag.c (-O2) (rerun 13) execution test
FAIL: libmudflap.cth/pass39-frag.c (-O2) (rerun 13) output pattern test
FAIL: libmudflap.cth/pass39-frag.c (-O2) (rerun 14) execution test
FAIL: libmudflap.cth/pass39-frag.c (-O2) (rerun 14) output pattern test
FAIL: libmudflap.cth/pass39-frag.c (-O2) (rerun 15) execution test
FAIL: libmudflap.cth/pass39-frag.c (-O2) (rerun 15) output pattern test
FAIL: libmudflap.cth/pass39-frag.c (-O2) (rerun 16) execution test
FAIL: libmudflap.cth/pass39-frag.c (-O2) (rerun 16) output pattern test
FAIL: libmudflap.cth/pass39-frag.c (-O2) (rerun 17) execution test
FAIL: libmudflap.cth/pass39-frag.c (-O2) (rerun 17) output pattern test
FAIL: libmudflap.cth/pass39-frag.c (-O2) (rerun 18) execution test
FAIL: libmudflap.cth/pass39-frag.c (-O2) (rerun 18) output pattern test
FAIL: libmudflap.cth/pass39-frag.c (-O2) (rerun 19) execution test
FAIL: libmudflap.cth/pass39-frag.c (-O2) (rerun 19) output pattern test
FAIL: libmudflap.cth/pass40-frag.c (-O2) execution test
FAIL: libmudflap.cth/pass40-frag.c (-O2) output pattern test
FAIL: libmudflap.cth/pass37-frag.c (-O3) execution test
FAIL: libmudflap.cth/pass37-frag.c (-O3) output pattern test
FAIL: libmudflap.cth/pass37-frag.c (-O3) (rerun 1) execution test
FAIL: libmudflap.cth/pass37-frag.c (-O3) (rerun 1) output pattern test
FAIL: libmudflap.cth/pass37-frag.c (-O3) (rerun 2) execution test
FAIL: libmudflap.cth/pass37-frag.c (-O3) (rerun 2) output pattern test
FAIL: libmudflap.cth/pass37-frag.c (-O3) (rerun 3) execution test
FAIL: libmudflap.cth/pass37-frag.c (-O3) (rerun 3) output pattern test
FAIL: libmudflap.cth/pass37-frag.c (-O3) (rerun 4) execution test
FAIL: libmudflap.cth/pass37-frag.c (-O3) (rerun 4) output pattern test
FAIL: libmudflap.cth/pass37-frag.c (-O3) (rerun 5) execution test
FAIL: libmudflap.cth/pass37-frag.c (-O3) (rerun 5) output pattern test
FAIL: libmudflap.cth/pass37-frag.c (-O3) (rerun 6) execution test
FAIL: libmudflap.cth/pass37-frag.c (-O3) (rerun 6) output pattern test
FAIL: libmudflap.cth/pass37-frag.c (-O3) (rerun 7) execution test
FAIL: libmudflap.cth/pass37-frag.c (-O3) (rerun 7) output pattern test
FAIL: libmudflap.cth/pass37-frag.c (-O3) (rerun 8) execution test
FAIL: libmudflap.cth/pass37-frag.c (-O3) (rerun 8) output pattern test
FAIL: libmudflap.cth/pass37-frag.c (-O3) (rerun 9) execution test
FAIL: libmudflap.cth/pass37-frag.c (-O3) (rerun 9) output pattern test
FAIL: libmudflap.cth/pass37-frag.c (-O3) (rerun 10) execution test
FAIL: libmudflap.cth/pass37-frag.c (-O3) (rerun 10) output pattern test
FAIL: libmudflap.cth/pass37-frag.c (-O3) (rerun 11) execution test
FAIL: libmudflap.cth/pass37-frag.c (-O3) (rerun 11) output pattern test
FAIL: libmudflap.cth/pass37-frag.c (-O3) (rerun 12) execution test
FAIL: libmudflap.cth/pass37-frag.c (-O3) (rerun 12) output pattern test
FAIL: libmudflap.cth/pass37-frag.c (-O3) (rerun 13) execution test
FAIL: libmudflap.cth/pass37-frag.c (-O3) (rerun 13) output pattern test
FAIL: libmudflap.cth/pass37-frag.c (-O3) (rerun 14) execution test
FAIL: libmudflap.cth/pass37-frag.c (-O3) (rerun 14) output pattern test
FAIL: libmudflap.cth/pass37-frag.c (-O3) (rerun 15) execution test
FAIL: libmudflap.cth/pass37-frag.c (-O3) (rerun 15) output pattern test
FAIL: libmudflap.cth/pass37-frag.c (-O3) (rerun 16) execution test
FAIL: libmudflap.cth/pass37-frag.c (-O3) (rerun 16) output pattern test
FAIL: libmudflap.cth/pass37-frag.c (-O3) (rerun 17) execution test
FAIL: libmudflap.cth/pass37-frag.c (-O3) (rerun 17) output pattern test
FAIL: libmudflap.cth/pass37-frag.c (-O3) (rerun 18) execution test
FAIL: libmudflap.cth/pass37-frag.c (-O3) (rerun 18) output pattern test
FAIL: libmudflap.cth/pass37-frag.c (-O3) (rerun 19) execution test
FAIL: libmudflap.cth/pass37-frag.c (-O3) (rerun 19) output pattern test
FAIL: libmudflap.cth/pass39-frag.c (-O3) execution test
FAIL: libmudflap.cth/pass39-frag.c (-O3) output pattern test
FAIL: libmudflap.cth/pass39-frag.c (-O3) (rerun 1) execution test
FAIL: libmudflap.cth/pass39-frag.c (-O3) (rerun 1) output pattern test
FAIL: libmudflap.cth/pass39-frag.c (-O3) (rerun 2) execution test
FAIL: libmudflap.cth/pass39-frag.c (-O3) (rerun 2) output pattern test
FAIL: libmudflap.cth/pass39-frag.c (-O3) (rerun 3) execution test
FAIL: libmudflap.cth/pass39-frag.c (-O3) (rerun 3) output pattern test
FAIL: libmudflap.cth/pass39-frag.c (-O3) (rerun 4) execution test
FAIL: libmudflap.cth/pass39-frag.c (-O3) (rerun 4) output pattern test
FAIL: libmudflap.cth/pass39-frag.c (-O3) (rerun 5) execution test
FAIL: libmudflap.cth/pass39-frag.c (-O3) (rerun 5) output pattern test
FAIL: libmudflap.cth/pass39-frag.c (-O3) (rerun 6) execution test
FAIL: libmudflap.cth/pass39-frag.c (-O3) (rerun 6) output pattern test
FAIL: libmudflap.cth/pass39-frag.c (-O3) (rerun 7) execution test
FAIL: libmudflap.cth/pass39-frag.c (-O3) (rerun 7) output pattern test
FAIL: libmudflap.cth/pass39-frag.c (-O3) (rerun 8) execution test
FAIL: libmudflap.cth/pass39-frag.c (-O3) (rerun 8) output pattern test
FAIL: libmudflap.cth/pass39-frag.c (-O3) (rerun 9) execution test
FAIL: libmudflap.cth/pass39-frag.c (-O3) (rerun 9) output pattern test
FAIL: libmudflap.cth/pass39-frag.c (-O3) (rerun 10) execution test
FAIL: libmudflap.cth/pass39-frag.c (-O3) (rerun 10) output pattern test
FAIL: libmudflap.cth/pass39-frag.c (-O3) (rerun 11) execution test
FAIL: libmudflap.cth/pass39-frag.c (-O3) (rerun 11) output pattern test
FAIL: libmudflap.cth/pass39-frag.c (-O3) (rerun 12) execution test
FAIL: libmudflap.cth/pass39-frag.c (-O3) (rerun 12) output pattern test
FAIL: libmudflap.cth/pass39-frag.c (-O3) (rerun 13) execution test
FAIL: libmudflap.cth/pass39-frag.c (-O3) (rerun 13) output pattern test
FAIL: libmudflap.cth/pass39-frag.c (-O3) (rerun 14) execution test
FAIL: libmudflap.cth/pass39-frag.c (-O3) (rerun 14) output pattern test
FAIL: libmudflap.cth/pass39-frag.c (-O3) (rerun 15) execution test
FAIL: libmudflap.cth/pass39-frag.c (-O3) (rerun 15) output pattern test
FAIL: libmudflap.cth/pass39-frag.c (-O3) (rerun 16) execution test
FAIL: libmudflap.cth/pass39-frag.c (-O3) (rerun 16) output pattern test
FAIL: libmudflap.cth/pass39-frag.c (-O3) (rerun 17) execution test
FAIL: libmudflap.cth/pass39-frag.c (-O3) (rerun 17) output pattern test
FAIL: libmudflap.cth/pass39-frag.c (-O3) (rerun 18) execution test
FAIL: libmudflap.cth/pass39-frag.c (-O3) (rerun 18) output pattern test
FAIL: libmudflap.cth/pass39-frag.c (-O3) (rerun 19) execution test
FAIL: libmudflap.cth/pass39-frag.c (-O3) (rerun 19) output pattern test
FAIL: libmudflap.cth/pass40-frag.c (-O3) execution test
FAIL: libmudflap.cth/pass40-frag.c (-O3) output pattern test
=== libmudflap Summary ===
# of expected passes 1107
# of unexpected failures 317
=== libstdc++ tests ===
Running target unix
FAIL: ext/enc_filebuf/char/13598.cc execution test
=== libstdc++ Summary ===
# of expected passes 5686
# of unexpected failures 1
# of expected failures 79
# of unsupported tests 383
Compiler version: 4.4.0 20090125 (experimental) [trunk revision 143660]
(GCC)
Platform: i386-pc-solaris2.11
configure flags: --enable-languages=ada,c,c++,fortran --enable-shared
--disable-static --enable-decimal-float --with-long-double-128
--with-included-gettext --enable-symvers
--enable-version-specific-runtime-libs --enable-libstdcxx-debug
--enable-stage1-checking --enable-checking=release --with-tune=k8
--with-cpu=k8 --with-arch=k8 --with-gnu-as --with-as=/usr/local/bin/as
--with-gnu-ld --with-ld=/usr/local/bin/ld